[INFO] fetching crate sigio 0.1.0...
[INFO] testing sigio-0.1.0 against nightly-2024-10-28 for randomize-layout
[INFO] extracting crate sigio 0.1.0 into /workspace/builds/worker-3-tc1/source
[INFO] validating manifest of crates.io crate sigio 0.1.0 on toolchain nightly-2024-10-28
[INFO] running `Command { std: CARGO_HOME="/workspace/cargo-home" RUSTUP_HOME="/workspace/rustup-home" "/workspace/cargo-home/bin/cargo" "+nightly-2024-10-28" "metadata" "--manifest-path" "Cargo.toml" "--no-deps", kill_on_drop: false }`
[INFO] started tweaking crates.io crate sigio 0.1.0
[INFO] finished tweaking crates.io crate sigio 0.1.0
[INFO] tweaked toml for crates.io crate sigio 0.1.0 written to /workspace/builds/worker-3-tc1/source/Cargo.toml
[INFO] running `Command { std: CARGO_HOME="/workspace/cargo-home" RUSTUP_HOME="/workspace/rustup-home" "/workspace/cargo-home/bin/cargo" "+nightly-2024-10-28" "generate-lockfile" "--manifest-path" "Cargo.toml", kill_on_drop: false }`
[INFO] [stderr]     Updating crates.io index
[INFO] [stderr]      Locking 66 packages to latest compatible versions
[INFO] running `Command { std: CARGO_HOME="/workspace/cargo-home" RUSTUP_HOME="/workspace/rustup-home" "/workspace/cargo-home/bin/cargo" "+nightly-2024-10-28" "fetch" "--manifest-path" "Cargo.toml", kill_on_drop: false }`
[INFO] [stderr]     Blocking waiting for file lock on package cache
[INFO] [stderr]     Blocking waiting for file lock on package cache
[INFO] running `Command { std: "docker" "create" "-v" "/var/lib/crater-agent-workspace/builds/worker-3-tc1/target:/opt/rustwide/target:rw,Z" "-v" "/var/lib/crater-agent-workspace/builds/worker-3-tc1/source:/opt/rustwide/workdir:ro,Z" "-v" "/var/lib/crater-agent-workspace/cargo-home:/opt/rustwide/cargo-home:ro,Z" "-v" "/var/lib/crater-agent-workspace/rustup-home:/opt/rustwide/rustup-home:ro,Z" "-e" "SOURCE_DIR=/opt/rustwide/workdir" "-e" "CARGO_TARGET_DIR=/opt/rustwide/target" "-e" "CARGO_HOME=/opt/rustwide/cargo-home" "-e" "RUSTUP_HOME=/opt/rustwide/rustup-home" "-w" "/opt/rustwide/workdir" "-m" "1610612736" "--user" "0:0" "--network" "none" "ghcr.io/rust-lang/crates-build-env/linux@sha256:4a844ea9eb2546a2d2c7022eacef16ef2e8229c7fbb2c7d4d55a9ceca922f72d" "/opt/rustwide/cargo-home/bin/cargo" "+nightly-2024-10-28" "metadata" "--no-deps" "--format-version=1", kill_on_drop: false }`
[INFO] [stdout] 141754a0832644230cebc82f34085b95bd72861490069f1f6418c1571d79b7ef
[INFO] running `Command { std: "docker" "start" "-a" "141754a0832644230cebc82f34085b95bd72861490069f1f6418c1571d79b7ef", kill_on_drop: false }`
[INFO] running `Command { std: "docker" "inspect" "141754a0832644230cebc82f34085b95bd72861490069f1f6418c1571d79b7ef", kill_on_drop: false }`
[INFO] running `Command { std: "docker" "rm" "-f" "141754a0832644230cebc82f34085b95bd72861490069f1f6418c1571d79b7ef", kill_on_drop: false }`
[INFO] [stdout] 141754a0832644230cebc82f34085b95bd72861490069f1f6418c1571d79b7ef
[INFO] running `Command { std: "docker" "create" "-v" "/var/lib/crater-agent-workspace/builds/worker-3-tc1/target:/opt/rustwide/target:rw,Z" "-v" "/var/lib/crater-agent-workspace/builds/worker-3-tc1/source:/opt/rustwide/workdir:ro,Z" "-v" "/var/lib/crater-agent-workspace/cargo-home:/opt/rustwide/cargo-home:ro,Z" "-v" "/var/lib/crater-agent-workspace/rustup-home:/opt/rustwide/rustup-home:ro,Z" "-e" "SOURCE_DIR=/opt/rustwide/workdir" "-e" "CARGO_TARGET_DIR=/opt/rustwide/target" "-e" "CARGO_INCREMENTAL=0" "-e" "RUST_BACKTRACE=full" "-e" "RUSTFLAGS=--cap-lints=forbid" "-e" "RUSTDOCFLAGS=--cap-lints=forbid" "-e" "CARGO_HOME=/opt/rustwide/cargo-home" "-e" "RUSTUP_HOME=/opt/rustwide/rustup-home" "-w" "/opt/rustwide/workdir" "-m" "1610612736" "--user" "0:0" "--network" "none" "ghcr.io/rust-lang/crates-build-env/linux@sha256:4a844ea9eb2546a2d2c7022eacef16ef2e8229c7fbb2c7d4d55a9ceca922f72d" "/opt/rustwide/cargo-home/bin/cargo" "+nightly-2024-10-28" "build" "--frozen" "--message-format=json", kill_on_drop: false }`
[INFO] [stdout] 7045bea9907904d0981d43ebbf401100b38c13db034833907592667c9159a808
[INFO] running `Command { std: "docker" "start" "-a" "7045bea9907904d0981d43ebbf401100b38c13db034833907592667c9159a808", kill_on_drop: false }`
[INFO] [stderr]    Compiling libc v0.2.161
[INFO] [stderr]    Compiling pin-project-lite v0.2.15
[INFO] [stderr]    Compiling log v0.4.22
[INFO] [stderr]    Compiling tokio v1.41.0
[INFO] [stderr]    Compiling sigio v0.1.0 (/opt/rustwide/workdir)
[INFO] [stdout] warning: unused import: `std::pin::Pin`
[INFO] [stdout]   --> src/lib.rs:20:5
[INFO] [stdout]    |
[INFO] [stdout] 20 | use std::pin::Pin;
[INFO] [stdout]    |     ^^^^^^^^^^^^^
[INFO] [stdout]    |
[INFO] [stdout]    = note: `#[warn(unused_imports)]` on by default
[INFO] [stdout] 
[INFO] [stdout] 
[INFO] [stdout] warning: unexpected `cfg` condition value: `futures-io`
[INFO] [stdout]  --> src/compat/mod.rs:3:7
[INFO] [stdout]   |
[INFO] [stdout] 3 | #[cfg(feature = "futures-io")]
[INFO] [stdout]   |       ^^^^^^^^^^^^^^^^^^^^^^
[INFO] [stdout]   |
[INFO] [stdout]   = note: expected values for `feature` are: `default` and `tokio`
[INFO] [stdout]   = help: consider adding `futures-io` as a feature in `Cargo.toml`
[INFO] [stdout]   = note: see <https://doc.rust-lang.org/nightly/rustc/check-cfg/cargo-specifics.html> for more information about checking conditional configuration
[INFO] [stdout]   = note: `#[warn(unexpected_cfgs)]` on by default
[INFO] [stdout] 
[INFO] [stdout] 
[INFO] [stdout] warning: unused import: `std::task::Waker`
[INFO] [stdout]  --> src/compat/tokio.rs:1:5
[INFO] [stdout]   |
[INFO] [stdout] 1 | use std::task::Waker;
[INFO] [stdout]   |     ^^^^^^^^^^^^^^^^
[INFO] [stdout] 
[INFO] [stdout] 
[INFO] [stdout] warning: unused import: `AsyncRead`
[INFO] [stdout]  --> src/compat/tokio.rs:6:26
[INFO] [stdout]   |
[INFO] [stdout] 6 | use tokio::io::{ReadBuf, AsyncRead, AsyncWrite};
[INFO] [stdout]   |                          ^^^^^^^^^
[INFO] [stdout] 
[INFO] [stdout] 
[INFO] [stdout] warning: unused import: `super::*`
[INFO] [stdout]  --> src/convert.rs:1:5
[INFO] [stdout]   |
[INFO] [stdout] 1 | use super::*;
[INFO] [stdout]   |     ^^^^^^^^
[INFO] [stdout] 
[INFO] [stdout] 
[INFO] [stdout] warning: unused import: `libc::*`
[INFO] [stdout]    --> src/lib.rs:161:43
[INFO] [stdout]     |
[INFO] [stdout] 161 |                     c_err(unsafe { libc::fcntl(fd, { use libc::*; $op }, $($args),*) })
[INFO] [stdout]     |                                                          ^^^^^^^
[INFO] [stdout] ...
[INFO] [stdout] 172 |         fcntl!(F_SETSIG, signo)?;
[INFO] [stdout]     |         ----------------------- in this macro invocation
[INFO] [stdout]     |
[INFO] [stdout]     = note: this warning originates in the macro `fcntl` (in Nightly builds, run with -Z macro-backtrace for more info)
[INFO] [stdout] 
[INFO] [stdout] 
[INFO] [stdout] warning: unused variable: `ctx`
[INFO] [stdout]   --> src/compat/tokio.rs:36:9
[INFO] [stdout]    |
[INFO] [stdout] 36 |         ctx: &mut Context<'_>
[INFO] [stdout]    |         ^^^ help: if this is intentional, prefix it with an underscore: `_ctx`
[INFO] [stdout]    |
[INFO] [stdout]    = note: `#[warn(unused_variables)]` on by default
[INFO] [stdout] 
[INFO] [stdout] 
[INFO] [stdout] warning: unused variable: `ctx`
[INFO] [stdout]   --> src/compat/tokio.rs:43:9
[INFO] [stdout]    |
[INFO] [stdout] 43 |         ctx: &mut Context<'_>
[INFO] [stdout]    |         ^^^ help: if this is intentional, prefix it with an underscore: `_ctx`
[INFO] [stdout] 
[INFO] [stdout] 
[INFO] [stdout] warning: associated function `from_fd` is never used
[INFO] [stdout]    --> src/lib.rs:152:5
[INFO] [stdout]     |
[INFO] [stdout] 150 | impl File {
[INFO] [stdout]     | --------- associated function in this implementation
[INFO] [stdout] 151 |     /// may cause unexpected results if fd has unusual flags set
[INFO] [stdout] 152 |     fn from_fd<FD: IntoRawFd>(fd: FD) -> io::Result<File> {
[INFO] [stdout]     |        ^^^^^^^
[INFO] [stdout]     |
[INFO] [stdout]     = note: `#[warn(dead_code)]` on by default
[INFO] [stdout] 
[INFO] [stdout] 
[INFO] [stderr]     Finished `dev` profile [unoptimized + debuginfo] target(s) in 1.72s
[INFO] running `Command { std: "docker" "inspect" "7045bea9907904d0981d43ebbf401100b38c13db034833907592667c9159a808", kill_on_drop: false }`
[INFO] running `Command { std: "docker" "rm" "-f" "7045bea9907904d0981d43ebbf401100b38c13db034833907592667c9159a808", kill_on_drop: false }`
[INFO] [stdout] 7045bea9907904d0981d43ebbf401100b38c13db034833907592667c9159a808
[INFO] running `Command { std: "docker" "create" "-v" "/var/lib/crater-agent-workspace/builds/worker-3-tc1/target:/opt/rustwide/target:rw,Z" "-v" "/var/lib/crater-agent-workspace/builds/worker-3-tc1/source:/opt/rustwide/workdir:ro,Z" "-v" "/var/lib/crater-agent-workspace/cargo-home:/opt/rustwide/cargo-home:ro,Z" "-v" "/var/lib/crater-agent-workspace/rustup-home:/opt/rustwide/rustup-home:ro,Z" "-e" "SOURCE_DIR=/opt/rustwide/workdir" "-e" "CARGO_TARGET_DIR=/opt/rustwide/target" "-e" "CARGO_INCREMENTAL=0" "-e" "RUST_BACKTRACE=full" "-e" "RUSTFLAGS=--cap-lints=forbid" "-e" "RUSTDOCFLAGS=--cap-lints=forbid" "-e" "CARGO_HOME=/opt/rustwide/cargo-home" "-e" "RUSTUP_HOME=/opt/rustwide/rustup-home" "-w" "/opt/rustwide/workdir" "-m" "1610612736" "--user" "0:0" "--network" "none" "ghcr.io/rust-lang/crates-build-env/linux@sha256:4a844ea9eb2546a2d2c7022eacef16ef2e8229c7fbb2c7d4d55a9ceca922f72d" "/opt/rustwide/cargo-home/bin/cargo" "+nightly-2024-10-28" "test" "--frozen" "--no-run" "--message-format=json", kill_on_drop: false }`
[INFO] [stdout] c831f5743322764723393fb2e443cc1085583d5eacb5c8dda3e91a4c98d468b2
[INFO] running `Command { std: "docker" "start" "-a" "c831f5743322764723393fb2e443cc1085583d5eacb5c8dda3e91a4c98d468b2", kill_on_drop: false }`
[INFO] [stderr]    Compiling proc-macro2 v1.0.89
[INFO] [stderr]    Compiling unicode-ident v1.0.13
[INFO] [stderr]    Compiling memchr v2.7.4
[INFO] [stderr]    Compiling regex-syntax v0.8.5
[INFO] [stderr]    Compiling libc v0.2.161
[INFO] [stderr]    Compiling log v0.4.22
[INFO] [stderr]    Compiling utf8parse v0.2.2
[INFO] [stderr]    Compiling is_terminal_polyfill v1.70.1
[INFO] [stderr]    Compiling colorchoice v1.0.3
[INFO] [stderr]    Compiling cfg_aliases v0.2.1
[INFO] [stderr]    Compiling anstyle v1.0.10
[INFO] [stderr]    Compiling anstyle-query v1.1.2
[INFO] [stderr]    Compiling humantime v2.1.0
[INFO] [stderr]    Compiling bytes v1.8.0
[INFO] [stderr]    Compiling bitflags v2.6.0
[INFO] [stderr]    Compiling anstyle-parse v0.2.6
[INFO] [stderr]    Compiling nix v0.29.0
[INFO] [stderr]    Compiling anstream v0.6.17
[INFO] [stderr]    Compiling aho-corasick v1.1.3
[INFO] [stderr]    Compiling quote v1.0.37
[INFO] [stderr]    Compiling syn v2.0.86
[INFO] [stderr]    Compiling regex-automata v0.4.8
[INFO] [stderr]    Compiling regex v1.11.1
[INFO] [stderr]    Compiling env_filter v0.1.2
[INFO] [stderr]    Compiling tokio-macros v2.4.0
[INFO] [stderr]    Compiling test-log-macros v0.2.16
[INFO] [stderr]    Compiling env_logger v0.11.5
[INFO] [stderr]    Compiling test-log v0.2.16
[INFO] [stderr]    Compiling tokio v1.41.0
[INFO] [stderr]    Compiling sigio v0.1.0 (/opt/rustwide/workdir)
[INFO] [stdout] warning: unused import: `std::pin::Pin`
[INFO] [stdout]   --> src/lib.rs:20:5
[INFO] [stdout]    |
[INFO] [stdout] 20 | use std::pin::Pin;
[INFO] [stdout]    |     ^^^^^^^^^^^^^
[INFO] [stdout]    |
[INFO] [stdout]    = note: `#[warn(unused_imports)]` on by default
[INFO] [stdout] 
[INFO] [stdout] 
[INFO] [stdout] warning: unexpected `cfg` condition value: `futures-io`
[INFO] [stdout]  --> src/compat/mod.rs:3:7
[INFO] [stdout]   |
[INFO] [stdout] 3 | #[cfg(feature = "futures-io")]
[INFO] [stdout]   |       ^^^^^^^^^^^^^^^^^^^^^^
[INFO] [stdout]   |
[INFO] [stdout]   = note: expected values for `feature` are: `default` and `tokio`
[INFO] [stdout]   = help: consider adding `futures-io` as a feature in `Cargo.toml`
[INFO] [stdout]   = note: see <https://doc.rust-lang.org/nightly/rustc/check-cfg/cargo-specifics.html> for more information about checking conditional configuration
[INFO] [stdout]   = note: `#[warn(unexpected_cfgs)]` on by default
[INFO] [stdout] 
[INFO] [stdout] 
[INFO] [stdout] warning: unused import: `std::task::Waker`
[INFO] [stdout]  --> src/compat/tokio.rs:1:5
[INFO] [stdout]   |
[INFO] [stdout] 1 | use std::task::Waker;
[INFO] [stdout]   |     ^^^^^^^^^^^^^^^^
[INFO] [stdout] 
[INFO] [stdout] 
[INFO] [stdout] warning: unused import: `AsyncRead`
[INFO] [stdout]  --> src/compat/tokio.rs:6:26
[INFO] [stdout]   |
[INFO] [stdout] 6 | use tokio::io::{ReadBuf, AsyncRead, AsyncWrite};
[INFO] [stdout]   |                          ^^^^^^^^^
[INFO] [stdout] 
[INFO] [stdout] 
[INFO] [stdout] warning: unused import: `super::*`
[INFO] [stdout]  --> src/convert.rs:1:5
[INFO] [stdout]   |
[INFO] [stdout] 1 | use super::*;
[INFO] [stdout]   |     ^^^^^^^^
[INFO] [stdout] 
[INFO] [stdout] 
[INFO] [stdout] warning: unused import: `libc::*`
[INFO] [stdout]    --> src/lib.rs:161:43
[INFO] [stdout]     |
[INFO] [stdout] 161 |                     c_err(unsafe { libc::fcntl(fd, { use libc::*; $op }, $($args),*) })
[INFO] [stdout]     |                                                          ^^^^^^^
[INFO] [stdout] ...
[INFO] [stdout] 172 |         fcntl!(F_SETSIG, signo)?;
[INFO] [stdout]     |         ----------------------- in this macro invocation
[INFO] [stdout]     |
[INFO] [stdout]     = note: this warning originates in the macro `fcntl` (in Nightly builds, run with -Z macro-backtrace for more info)
[INFO] [stdout] 
[INFO] [stdout] 
[INFO] [stdout] warning: unused variable: `ctx`
[INFO] [stdout]   --> src/compat/tokio.rs:36:9
[INFO] [stdout]    |
[INFO] [stdout] 36 |         ctx: &mut Context<'_>
[INFO] [stdout]    |         ^^^ help: if this is intentional, prefix it with an underscore: `_ctx`
[INFO] [stdout]    |
[INFO] [stdout]    = note: `#[warn(unused_variables)]` on by default
[INFO] [stdout] 
[INFO] [stdout] 
[INFO] [stdout] warning: unused variable: `ctx`
[INFO] [stdout]   --> src/compat/tokio.rs:43:9
[INFO] [stdout]    |
[INFO] [stdout] 43 |         ctx: &mut Context<'_>
[INFO] [stdout]    |         ^^^ help: if this is intentional, prefix it with an underscore: `_ctx`
[INFO] [stdout] 
[INFO] [stdout] 
[INFO] [stdout] warning: associated function `from_fd` is never used
[INFO] [stdout]    --> src/lib.rs:152:5
[INFO] [stdout]     |
[INFO] [stdout] 150 | impl File {
[INFO] [stdout]     | --------- associated function in this implementation
[INFO] [stdout] 151 |     /// may cause unexpected results if fd has unusual flags set
[INFO] [stdout] 152 |     fn from_fd<FD: IntoRawFd>(fd: FD) -> io::Result<File> {
[INFO] [stdout]     |        ^^^^^^^
[INFO] [stdout]     |
[INFO] [stdout]     = note: `#[warn(dead_code)]` on by default
[INFO] [stdout] 
[INFO] [stdout] 
[INFO] [stdout] warning: unused import: `std::pin::Pin`
[INFO] [stdout]   --> src/lib.rs:20:5
[INFO] [stdout]    |
[INFO] [stdout] 20 | use std::pin::Pin;
[INFO] [stdout]    |     ^^^^^^^^^^^^^
[INFO] [stdout]    |
[INFO] [stdout]    = note: `#[warn(unused_imports)]` on by default
[INFO] [stdout] 
[INFO] [stdout] 
[INFO] [stdout] warning: unexpected `cfg` condition value: `futures-io`
[INFO] [stdout]  --> src/compat/mod.rs:3:7
[INFO] [stdout]   |
[INFO] [stdout] 3 | #[cfg(feature = "futures-io")]
[INFO] [stdout]   |       ^^^^^^^^^^^^^^^^^^^^^^
[INFO] [stdout]   |
[INFO] [stdout]   = note: expected values for `feature` are: `default` and `tokio`
[INFO] [stdout]   = help: consider adding `futures-io` as a feature in `Cargo.toml`
[INFO] [stdout]   = note: see <https://doc.rust-lang.org/nightly/rustc/check-cfg/cargo-specifics.html> for more information about checking conditional configuration
[INFO] [stdout]   = note: `#[warn(unexpected_cfgs)]` on by default
[INFO] [stdout] 
[INFO] [stdout] 
[INFO] [stdout] warning: unused import: `std::task::Waker`
[INFO] [stdout]  --> src/compat/tokio.rs:1:5
[INFO] [stdout]   |
[INFO] [stdout] 1 | use std::task::Waker;
[INFO] [stdout]   |     ^^^^^^^^^^^^^^^^
[INFO] [stdout] 
[INFO] [stdout] 
[INFO] [stdout] warning: unused import: `AsyncRead`
[INFO] [stdout]  --> src/compat/tokio.rs:6:26
[INFO] [stdout]   |
[INFO] [stdout] 6 | use tokio::io::{ReadBuf, AsyncRead, AsyncWrite};
[INFO] [stdout]   |                          ^^^^^^^^^
[INFO] [stdout] 
[INFO] [stdout] 
[INFO] [stdout] warning: unused import: `super::*`
[INFO] [stdout]  --> src/convert.rs:1:5
[INFO] [stdout]   |
[INFO] [stdout] 1 | use super::*;
[INFO] [stdout]   |     ^^^^^^^^
[INFO] [stdout] 
[INFO] [stdout] 
[INFO] [stdout] warning: unused import: `libc::*`
[INFO] [stdout]    --> src/lib.rs:161:43
[INFO] [stdout]     |
[INFO] [stdout] 161 |                     c_err(unsafe { libc::fcntl(fd, { use libc::*; $op }, $($args),*) })
[INFO] [stdout]     |                                                          ^^^^^^^
[INFO] [stdout] ...
[INFO] [stdout] 172 |         fcntl!(F_SETSIG, signo)?;
[INFO] [stdout]     |         ----------------------- in this macro invocation
[INFO] [stdout]     |
[INFO] [stdout]     = note: this warning originates in the macro `fcntl` (in Nightly builds, run with -Z macro-backtrace for more info)
[INFO] [stdout] 
[INFO] [stdout] 
[INFO] [stdout] warning: unused variable: `ctx`
[INFO] [stdout]   --> src/compat/tokio.rs:36:9
[INFO] [stdout]    |
[INFO] [stdout] 36 |         ctx: &mut Context<'_>
[INFO] [stdout]    |         ^^^ help: if this is intentional, prefix it with an underscore: `_ctx`
[INFO] [stdout]    |
[INFO] [stdout]    = note: `#[warn(unused_variables)]` on by default
[INFO] [stdout] 
[INFO] [stdout] 
[INFO] [stdout] warning: unused variable: `ctx`
[INFO] [stdout]   --> src/compat/tokio.rs:43:9
[INFO] [stdout]    |
[INFO] [stdout] 43 |         ctx: &mut Context<'_>
[INFO] [stdout]    |         ^^^ help: if this is intentional, prefix it with an underscore: `_ctx`
[INFO] [stdout] 
[INFO] [stdout] 
[INFO] [stdout] warning: unused variable: `read_start`
[INFO] [stdout]    --> src/lib.rs:275:8
[INFO] [stdout]     |
[INFO] [stdout] 275 |             let read_start = Instant::now();
[INFO] [stdout]     |                 ^^^^^^^^^^ help: if this is intentional, prefix it with an underscore: `_read_start`
[INFO] [stdout] 
[INFO] [stdout] 
[INFO] [stdout] warning: unused variable: `read_end`
[INFO] [stdout]    --> src/lib.rs:277:8
[INFO] [stdout]     |
[INFO] [stdout] 277 |             let read_end = Instant::now();
[INFO] [stdout]     |                 ^^^^^^^^ help: if this is intentional, prefix it with an underscore: `_read_end`
[INFO] [stdout] 
[INFO] [stdout] 
[INFO] [stdout] warning: unused variable: `nw`
[INFO] [stdout]    --> src/lib.rs:307:8
[INFO] [stdout]     |
[INFO] [stdout] 307 |         let (nw, nr) = tokio::try_join!(
[INFO] [stdout]     |              ^^ help: if this is intentional, prefix it with an underscore: `_nw`
[INFO] [stdout] 
[INFO] [stdout] 
[INFO] [stderr]     Finished `test` profile [unoptimized + debuginfo] target(s) in 12.51s
[INFO] running `Command { std: "docker" "inspect" "c831f5743322764723393fb2e443cc1085583d5eacb5c8dda3e91a4c98d468b2", kill_on_drop: false }`
[INFO] running `Command { std: "docker" "rm" "-f" "c831f5743322764723393fb2e443cc1085583d5eacb5c8dda3e91a4c98d468b2", kill_on_drop: false }`
[INFO] [stdout] c831f5743322764723393fb2e443cc1085583d5eacb5c8dda3e91a4c98d468b2
[INFO] running `Command { std: "docker" "create" "-v" "/var/lib/crater-agent-workspace/builds/worker-3-tc1/target:/opt/rustwide/target:rw,Z" "-v" "/var/lib/crater-agent-workspace/builds/worker-3-tc1/source:/opt/rustwide/workdir:ro,Z" "-v" "/var/lib/crater-agent-workspace/cargo-home:/opt/rustwide/cargo-home:ro,Z" "-v" "/var/lib/crater-agent-workspace/rustup-home:/opt/rustwide/rustup-home:ro,Z" "-e" "SOURCE_DIR=/opt/rustwide/workdir" "-e" "CARGO_TARGET_DIR=/opt/rustwide/target" "-e" "CARGO_INCREMENTAL=0" "-e" "RUST_BACKTRACE=full" "-e" "RUSTFLAGS=--cap-lints=forbid" "-e" "RUSTDOCFLAGS=--cap-lints=forbid" "-e" "CARGO_HOME=/opt/rustwide/cargo-home" "-e" "RUSTUP_HOME=/opt/rustwide/rustup-home" "-w" "/opt/rustwide/workdir" "-m" "1610612736" "--user" "0:0" "--network" "none" "ghcr.io/rust-lang/crates-build-env/linux@sha256:4a844ea9eb2546a2d2c7022eacef16ef2e8229c7fbb2c7d4d55a9ceca922f72d" "/opt/rustwide/cargo-home/bin/cargo" "+nightly-2024-10-28" "test" "--frozen", kill_on_drop: false }`
[INFO] [stdout] 0e289715de9081b9fd18a5bd86c42fb604fb40373b4392b6796da95ea6208f04
[INFO] running `Command { std: "docker" "start" "-a" "0e289715de9081b9fd18a5bd86c42fb604fb40373b4392b6796da95ea6208f04", kill_on_drop: false }`
[INFO] [stderr] warning: unused import: `std::pin::Pin`
[INFO] [stderr]   --> src/lib.rs:20:5
[INFO] [stderr]    |
[INFO] [stderr] 20 | use std::pin::Pin;
[INFO] [stderr]    |     ^^^^^^^^^^^^^
[INFO] [stderr]    |
[INFO] [stderr]    = note: `#[warn(unused_imports)]` on by default
[INFO] [stderr] 
[INFO] [stderr] warning: unexpected `cfg` condition value: `futures-io`
[INFO] [stderr]  --> src/compat/mod.rs:3:7
[INFO] [stderr]   |
[INFO] [stderr] 3 | #[cfg(feature = "futures-io")]
[INFO] [stderr]   |       ^^^^^^^^^^^^^^^^^^^^^^
[INFO] [stderr]   |
[INFO] [stderr]   = note: expected values for `feature` are: `default` and `tokio`
[INFO] [stderr]   = help: consider adding `futures-io` as a feature in `Cargo.toml`
[INFO] [stderr]   = note: see <https://doc.rust-lang.org/nightly/rustc/check-cfg/cargo-specifics.html> for more information about checking conditional configuration
[INFO] [stderr]   = note: `#[warn(unexpected_cfgs)]` on by default
[INFO] [stderr] 
[INFO] [stderr] warning: unused import: `std::task::Waker`
[INFO] [stderr]  --> src/compat/tokio.rs:1:5
[INFO] [stderr]   |
[INFO] [stderr] 1 | use std::task::Waker;
[INFO] [stderr]   |     ^^^^^^^^^^^^^^^^
[INFO] [stderr] 
[INFO] [stderr] warning: unused import: `AsyncRead`
[INFO] [stderr]  --> src/compat/tokio.rs:6:26
[INFO] [stderr]   |
[INFO] [stderr] 6 | use tokio::io::{ReadBuf, AsyncRead, AsyncWrite};
[INFO] [stderr]   |                          ^^^^^^^^^
[INFO] [stderr] 
[INFO] [stderr] warning: unused import: `super::*`
[INFO] [stderr]  --> src/convert.rs:1:5
[INFO] [stderr]   |
[INFO] [stderr] 1 | use super::*;
[INFO] [stderr]   |     ^^^^^^^^
[INFO] [stderr] 
[INFO] [stderr] warning: unused import: `libc::*`
[INFO] [stderr]    --> src/lib.rs:161:43
[INFO] [stderr]     |
[INFO] [stderr] 161 |                     c_err(unsafe { libc::fcntl(fd, { use libc::*; $op }, $($args),*) })
[INFO] [stderr]     |                                                          ^^^^^^^
[INFO] [stderr] ...
[INFO] [stderr] 172 |         fcntl!(F_SETSIG, signo)?;
[INFO] [stderr]     |         ----------------------- in this macro invocation
[INFO] [stderr]     |
[INFO] [stderr]     = note: this warning originates in the macro `fcntl` (in Nightly builds, run with -Z macro-backtrace for more info)
[INFO] [stderr] 
[INFO] [stderr] warning: unused variable: `ctx`
[INFO] [stderr]   --> src/compat/tokio.rs:36:9
[INFO] [stderr]    |
[INFO] [stderr] 36 |         ctx: &mut Context<'_>
[INFO] [stderr]    |         ^^^ help: if this is intentional, prefix it with an underscore: `_ctx`
[INFO] [stderr]    |
[INFO] [stderr]    = note: `#[warn(unused_variables)]` on by default
[INFO] [stderr] 
[INFO] [stderr] warning: unused variable: `ctx`
[INFO] [stderr]   --> src/compat/tokio.rs:43:9
[INFO] [stderr]    |
[INFO] [stderr] 43 |         ctx: &mut Context<'_>
[INFO] [stderr]    |         ^^^ help: if this is intentional, prefix it with an underscore: `_ctx`
[INFO] [stderr] 
[INFO] [stderr] warning: associated function `from_fd` is never used
[INFO] [stderr]    --> src/lib.rs:152:5
[INFO] [stderr]     |
[INFO] [stderr] 150 | impl File {
[INFO] [stderr]     | --------- associated function in this implementation
[INFO] [stderr] 151 |     /// may cause unexpected results if fd has unusual flags set
[INFO] [stderr] 152 |     fn from_fd<FD: IntoRawFd>(fd: FD) -> io::Result<File> {
[INFO] [stderr]     |        ^^^^^^^
[INFO] [stderr]     |
[INFO] [stderr]     = note: `#[warn(dead_code)]` on by default
[INFO] [stderr] 
[INFO] [stderr] warning: `sigio` (lib) generated 9 warnings (run `cargo fix --lib -p sigio` to apply 5 suggestions)
[INFO] [stderr] warning: unused variable: `read_start`
[INFO] [stderr]    --> src/lib.rs:275:8
[INFO] [stderr]     |
[INFO] [stderr] 275 |             let read_start = Instant::now();
[INFO] [stderr]     |                 ^^^^^^^^^^ help: if this is intentional, prefix it with an underscore: `_read_start`
[INFO] [stderr] 
[INFO] [stderr] warning: unused variable: `read_end`
[INFO] [stderr]    --> src/lib.rs:277:8
[INFO] [stderr]     |
[INFO] [stderr] 277 |             let read_end = Instant::now();
[INFO] [stderr]     |                 ^^^^^^^^ help: if this is intentional, prefix it with an underscore: `_read_end`
[INFO] [stderr] 
[INFO] [stderr] warning: unused variable: `nw`
[INFO] [stderr]    --> src/lib.rs:307:8
[INFO] [stderr]     |
[INFO] [stderr] 307 |         let (nw, nr) = tokio::try_join!(
[INFO] [stderr]     |              ^^ help: if this is intentional, prefix it with an underscore: `_nw`
[INFO] [stderr] 
[INFO] [stderr] warning: `sigio` (lib test) generated 11 warnings (8 duplicates)
[INFO] [stderr]     Finished `test` profile [unoptimized + debuginfo] target(s) in 0.06s
[INFO] [stderr]      Running unittests src/lib.rs (/opt/rustwide/target/debug/deps/sigio-00692ff7f35bf14b)
[INFO] [stdout] 
[INFO] [stdout] running 66 tests
[INFO] [stdout] test gen::fcntl::bindgen_test_layout___fsid_t ... ok
[INFO] [stdout] test gen::fcntl::bindgen_test_layout_f_owner_ex ... ok
[INFO] [stdout] test gen::fcntl::bindgen_test_layout_file_handle ... ok
[INFO] [stdout] test gen::fcntl::bindgen_test_layout_flock ... ok
[INFO] [stdout] test gen::fcntl::bindgen_test_layout_flock64 ... ok
[INFO] [stdout] test gen::fcntl::bindgen_test_layout_iovec ... ok
[INFO] [stdout] test gen::fcntl::bindgen_test_layout_stat ... ok
[INFO] [stdout] test gen::fcntl::bindgen_test_layout_stat64 ... ok
[INFO] [stdout] test gen::fcntl::bindgen_test_layout_timespec ... ok
[INFO] [stdout] test gen::signal::bindgen_test_layout___atomic_wide_counter ... ok
[INFO] [stdout] test gen::signal::bindgen_test_layout___atomic_wide_counter__bindgen_ty_1 ... ok
[INFO] [stdout] test gen::signal::bindgen_test_layout___fsid_t ... ok
[INFO] [stdout] test gen::signal::bindgen_test_layout___once_flag ... ok
[INFO] [stdout] test gen::signal::bindgen_test_layout___pthread_cond_s ... ok
[INFO] [stdout] test gen::signal::bindgen_test_layout___pthread_internal_list ... ok
[INFO] [stdout] test gen::signal::bindgen_test_layout___pthread_internal_slist ... ok
[INFO] [stdout] test gen::signal::bindgen_test_layout___pthread_mutex_s ... ok
[INFO] [stdout] test gen::signal::bindgen_test_layout___pthread_rwlock_arch_t ... ok
[INFO] [stdout] test gen::signal::bindgen_test_layout___sigset_t ... ok
[INFO] [stdout] test gen::signal::bindgen_test_layout__fpreg ... ok
[INFO] [stdout] test gen::signal::bindgen_test_layout__fpstate ... ok
[INFO] [stdout] test gen::signal::bindgen_test_layout__fpxreg ... ok
[INFO] [stdout] test gen::signal::bindgen_test_layout__fpx_sw_bytes ... ok
[INFO] [stdout] test gen::signal::bindgen_test_layout__libc_fpstate ... ok
[INFO] [stdout] test gen::signal::bindgen_test_layout__libc_xmmreg ... ok
[INFO] [stdout] test gen::signal::bindgen_test_layout__libc_fpxreg ... ok
[INFO] [stdout] test gen::signal::bindgen_test_layout__xmmreg ... ok
[INFO] [stdout] test gen::signal::bindgen_test_layout__xsave_hdr ... ok
[INFO] [stdout] test gen::signal::bindgen_test_layout__ymmh_state ... ok
[INFO] [stdout] test gen::signal::bindgen_test_layout_mcontext_t ... ok
[INFO] [stdout] test gen::signal::bindgen_test_layout__xstate ... ok
[INFO] [stdout] test gen::signal::bindgen_test_layout_pthread_barrier_t ... ok
[INFO] [stdout] test gen::signal::bindgen_test_layout_pthread_cond_t ... ok
[INFO] [stdout] test gen::signal::bindgen_test_layout_pthread_attr_t ... ok
[INFO] [stdout] test gen::signal::bindgen_test_layout_pthread_barrierattr_t ... ok
[INFO] [stdout] test gen::signal::bindgen_test_layout_pthread_condattr_t ... ok
[INFO] [stdout] test gen::signal::bindgen_test_layout_pthread_mutex_t ... ok
[INFO] [stdout] test gen::signal::bindgen_test_layout_pthread_mutexattr_t ... ok
[INFO] [stdout] test gen::signal::bindgen_test_layout_sigevent__bindgen_ty_1__bindgen_ty_1 ... ok
[INFO] [stdout] test gen::signal::bindgen_test_layout_pthread_rwlockattr_t ... ok
[INFO] [stdout] test gen::signal::bindgen_test_layout_sigaction__bindgen_ty_1 ... ok
[INFO] [stdout] test gen::signal::bindgen_test_layout_siginfo_t__bindgen_ty_1 ... ok
[INFO] [stdout] test gen::signal::bindgen_test_layout_sigaction ... ok
[INFO] [stdout] test gen::signal::bindgen_test_layout_siginfo_t ... ok
[INFO] [stdout] test gen::signal::bindgen_test_layout_pthread_rwlock_t ... ok
[INFO] [stdout] test gen::signal::bindgen_test_layout_sigcontext ... ok
[INFO] [stdout] test gen::signal::bindgen_test_layout_siginfo_t__bindgen_ty_1__bindgen_ty_1 ... ok
[INFO] [stdout] test gen::signal::bindgen_test_layout_sigcontext__bindgen_ty_1 ... ok
[INFO] [stdout] test gen::signal::bindgen_test_layout_stack_t ... ok
[INFO] [stdout] test gen::signal::bindgen_test_layout_siginfo_t__bindgen_ty_1__bindgen_ty_2 ... ok
[INFO] [stdout] test gen::signal::bindgen_test_layout_sigevent ... ok
[INFO] [stdout] test gen::signal::bindgen_test_layout_timespec ... ok
[INFO] [stdout] test gen::signal::bindgen_test_layout_siginfo_t__bindgen_ty_1__bindgen_ty_3 ... ok
[INFO] [stdout] test gen::signal::bindgen_test_layout_siginfo_t__bindgen_ty_1__bindgen_ty_4 ... ok
[INFO] [stdout] test gen::signal::bindgen_test_layout_siginfo_t__bindgen_ty_1__bindgen_ty_5 ... ok
[INFO] [stdout] test gen::signal::bindgen_test_layout_siginfo_t__bindgen_ty_1__bindgen_ty_5__bindgen_ty_1 ... ok
[INFO] [stdout] test gen::signal::bindgen_test_layout_siginfo_t__bindgen_ty_1__bindgen_ty_5__bindgen_ty_1__bindgen_ty_1 ... ok
[INFO] [stdout] test gen::signal::bindgen_test_layout_siginfo_t__bindgen_ty_1__bindgen_ty_6 ... ok
[INFO] [stdout] test gen::signal::bindgen_test_layout_siginfo_t__bindgen_ty_1__bindgen_ty_7 ... ok
[INFO] [stdout] test gen::signal::bindgen_test_layout_sigstack ... ok
[INFO] [stdout] test gen::signal::bindgen_test_layout_sigevent__bindgen_ty_1 ... ok
[INFO] [stdout] test tests::it_works ... ok
[INFO] [stdout] test gen::signal::bindgen_test_layout_sigval ... ok
[INFO] [stdout] test gen::signal::bindgen_test_layout_ucontext_t ... ok
[INFO] [stdout] test tests::pipe_full_async ... FAILED
[INFO] [stdout] test tests::pipe_mixed ... ok
[INFO] [stdout] 
[INFO] [stdout] failures:
[INFO] [stdout] 
[INFO] [stdout] ---- tests::pipe_full_async stdout ----
[INFO] [stdout] thread 'tests::pipe_full_async' panicked at src/lib.rs:170:27:
[INFO] [stdout] not initialized, please call sigio::init()
[INFO] [stdout] stack backtrace:
[INFO] [stdout]    0:     0x58a4550c382a - std::backtrace_rs::backtrace::libunwind::trace::h207520d6e9873551
[INFO] [stdout]                                at /rustc/df4ca44d3fbc9301ee17f30f4d474e6ae4b05252/library/std/src/../../backtrace/src/backtrace/libunwind.rs:116:5
[INFO] [stdout]    1:     0x58a4550c382a - std::backtrace_rs::backtrace::trace_unsynchronized::h2ed7433f370e3eca
[INFO] [stdout]                                at /rustc/df4ca44d3fbc9301ee17f30f4d474e6ae4b05252/library/std/src/../../backtrace/src/backtrace/mod.rs:66:5
[INFO] [stdout]    2:     0x58a4550c382a - std::sys::backtrace::_print_fmt::h916fac51166b18d7
[INFO] [stdout]                                at /rustc/df4ca44d3fbc9301ee17f30f4d474e6ae4b05252/library/std/src/sys/backtrace.rs:66:9
[INFO] [stdout]    3:     0x58a4550c382a - <std::sys::backtrace::BacktraceLock::print::DisplayBacktrace as core::fmt::Display>::fmt::ha0a4c9b8ce3802e6
[INFO] [stdout]                                at /rustc/df4ca44d3fbc9301ee17f30f4d474e6ae4b05252/library/std/src/sys/backtrace.rs:39:26
[INFO] [stdout]    4:     0x58a4550eac83 - core::fmt::rt::Argument::fmt::h4cfc8587d52b3eb5
[INFO] [stdout]                                at /rustc/df4ca44d3fbc9301ee17f30f4d474e6ae4b05252/library/core/src/fmt/rt.rs:177:76
[INFO] [stdout]    5:     0x58a4550eac83 - core::fmt::write::h522cc39e5b36ae9f
[INFO] [stdout]                                at /rustc/df4ca44d3fbc9301ee17f30f4d474e6ae4b05252/library/core/src/fmt/mod.rs:1190:21
[INFO] [stdout]    6:     0x58a4550c0393 - std::io::Write::write_fmt::h7d3c26752da97734
[INFO] [stdout]                                at /rustc/df4ca44d3fbc9301ee17f30f4d474e6ae4b05252/library/std/src/io/mod.rs:1839:15
[INFO] [stdout]    7:     0x58a4550c3672 - std::sys::backtrace::BacktraceLock::print::h4b9e00b29e9c0942
[INFO] [stdout]                                at /rustc/df4ca44d3fbc9301ee17f30f4d474e6ae4b05252/library/std/src/sys/backtrace.rs:42:9
[INFO] [stdout]    8:     0x58a4550c4cba - std::panicking::default_hook::{{closure}}::hb59b88280d0324d9
[INFO] [stdout]                                at /rustc/df4ca44d3fbc9301ee17f30f4d474e6ae4b05252/library/std/src/panicking.rs:268:22
[INFO] [stdout]    9:     0x58a4550c4ac4 - std::panicking::default_hook::he1dd496665be4a29
[INFO] [stdout]                                at /rustc/df4ca44d3fbc9301ee17f30f4d474e6ae4b05252/library/std/src/panicking.rs:292:9
[INFO] [stdout]   10:     0x58a455029989 - <alloc::boxed::Box<F,A> as core::ops::function::Fn<Args>>::call::h4ff71de18744e1dc
[INFO] [stdout]                                at /rustc/df4ca44d3fbc9301ee17f30f4d474e6ae4b05252/library/alloc/src/boxed.rs:2468:9
[INFO] [stdout]   11:     0x58a455029989 - test::test_main::{{closure}}::hcf7c055ce117aa81
[INFO] [stdout]                                at /rustc/df4ca44d3fbc9301ee17f30f4d474e6ae4b05252/library/test/src/lib.rs:133:21
[INFO] [stdout]   12:     0x58a4550c53b8 - <alloc::boxed::Box<F,A> as core::ops::function::Fn<Args>>::call::h1d66c6bbd60c9692
[INFO] [stdout]                                at /rustc/df4ca44d3fbc9301ee17f30f4d474e6ae4b05252/library/alloc/src/boxed.rs:2468:9
[INFO] [stdout]   13:     0x58a4550c53b8 - std::panicking::rust_panic_with_hook::h2ff17fe8f26dfcf8
[INFO] [stdout]                                at /rustc/df4ca44d3fbc9301ee17f30f4d474e6ae4b05252/library/std/src/panicking.rs:809:13
[INFO] [stdout]   14:     0x58a4550c517a - std::panicking::begin_panic_handler::{{closure}}::h4fad77951c07e101
[INFO] [stdout]                                at /rustc/df4ca44d3fbc9301ee17f30f4d474e6ae4b05252/library/std/src/panicking.rs:674:13
[INFO] [stdout]   15:     0x58a4550c3d09 - std::sys::backtrace::__rust_end_short_backtrace::hb1a25b3da5d0ea08
[INFO] [stdout]                                at /rustc/df4ca44d3fbc9301ee17f30f4d474e6ae4b05252/library/std/src/sys/backtrace.rs:170:18
[INFO] [stdout]   16:     0x58a4550c4e0c - rust_begin_unwind
[INFO] [stdout]                                at /rustc/df4ca44d3fbc9301ee17f30f4d474e6ae4b05252/library/std/src/panicking.rs:665:5
[INFO] [stdout]   17:     0x58a4550e9250 - core::panicking::panic_fmt::ha9db07b529f9b256
[INFO] [stdout]                                at /rustc/df4ca44d3fbc9301ee17f30f4d474e6ae4b05252/library/core/src/panicking.rs:75:14
[INFO] [stdout]   18:     0x58a4550e922b - core::panicking::panic_display::h974ff3dec7c08c85
[INFO] [stdout]                                at /rustc/df4ca44d3fbc9301ee17f30f4d474e6ae4b05252/library/core/src/panicking.rs:273:5
[INFO] [stdout]   19:     0x58a4550e922b - core::option::expect_failed::h08d05c9ecb334afa
[INFO] [stdout]                                at /rustc/df4ca44d3fbc9301ee17f30f4d474e6ae4b05252/library/core/src/option.rs:2017:5
[INFO] [stdout]   20:     0x58a454d0e762 - core::option::Option<T>::expect::h6ff6031a7ba2895e
[INFO] [stdout]                                at /rustc/df4ca44d3fbc9301ee17f30f4d474e6ae4b05252/library/core/src/option.rs:932:21
[INFO] [stdout]   21:     0x58a454d2bea2 - sigio::File::from_raw::h4fd07b8804f6009c
[INFO] [stdout]                                at /opt/rustwide/workdir/src/lib.rs:170:5
[INFO] [stdout]   22:     0x58a454d2c5b3 - sigio::File::pipe::hbe2f6841122e2d23
[INFO] [stdout]                                at /opt/rustwide/workdir/src/lib.rs:190:7
[INFO] [stdout]   23:     0x58a454d35086 - sigio::tests::pipe_full_async::{{closure}}::he8fd49e258e4fc81
[INFO] [stdout]                                at /opt/rustwide/workdir/src/lib.rs:305:26
[INFO] [stdout]   24:     0x58a454d15675 - <core::pin::Pin<P> as core::future::future::Future>::poll::h4f542f013fd79a2c
[INFO] [stdout]                                at /rustc/df4ca44d3fbc9301ee17f30f4d474e6ae4b05252/library/core/src/future/future.rs:123:9
[INFO] [stdout]   25:     0x58a454d1582d - <core::pin::Pin<P> as core::future::future::Future>::poll::he3273342951a8755
[INFO] [stdout]                                at /rustc/df4ca44d3fbc9301ee17f30f4d474e6ae4b05252/library/core/src/future/future.rs:123:9
[INFO] [stdout]   26:     0x58a454d00a9f - tokio::runtime::scheduler::current_thread::CoreGuard::block_on::{{closure}}::{{closure}}::{{closure}}::h3ae5f9e42e50b0aa
[INFO] [stdout]                                at /opt/rustwide/cargo-home/registry/src/index.crates.io-6f17d22bba15001f/tokio-1.41.0/src/runtime/scheduler/current_thread/mod.rs:729:57
[INFO] [stdout]   27:     0x58a454d00976 - tokio::runtime::coop::with_budget::h5d434431ea5e8377
[INFO] [stdout]                                at /opt/rustwide/cargo-home/registry/src/index.crates.io-6f17d22bba15001f/tokio-1.41.0/src/runtime/coop.rs:107:5
[INFO] [stdout]   28:     0x58a454d00976 - tokio::runtime::coop::budget::hca7885c7117cad23
[INFO] [stdout]                                at /opt/rustwide/cargo-home/registry/src/index.crates.io-6f17d22bba15001f/tokio-1.41.0/src/runtime/coop.rs:73:5
[INFO] [stdout]   29:     0x58a454d00976 - tokio::runtime::scheduler::current_thread::CoreGuard::block_on::{{closure}}::{{closure}}::hf6a64b59b9d29ee0
[INFO] [stdout]                                at /opt/rustwide/cargo-home/registry/src/index.crates.io-6f17d22bba15001f/tokio-1.41.0/src/runtime/scheduler/current_thread/mod.rs:729:25
[INFO] [stdout]   30:     0x58a454cf7eaa - tokio::runtime::scheduler::current_thread::Context::enter::h428d05466163aa22
[INFO] [stdout]                                at /opt/rustwide/cargo-home/registry/src/index.crates.io-6f17d22bba15001f/tokio-1.41.0/src/runtime/scheduler/current_thread/mod.rs:428:19
[INFO] [stdout]   31:     0x58a454cfc9ab - tokio::runtime::scheduler::current_thread::CoreGuard::block_on::{{closure}}::h5a7ce7c25903f359
[INFO] [stdout]                                at /opt/rustwide/cargo-home/registry/src/index.crates.io-6f17d22bba15001f/tokio-1.41.0/src/runtime/scheduler/current_thread/mod.rs:728:36
[INFO] [stdout]   32:     0x58a454cfc45b - tokio::runtime::scheduler::current_thread::CoreGuard::enter::{{closure}}::h91cf9cbe60d2074d
[INFO] [stdout]                                at /opt/rustwide/cargo-home/registry/src/index.crates.io-6f17d22bba15001f/tokio-1.41.0/src/runtime/scheduler/current_thread/mod.rs:807:68
[INFO] [stdout]   33:     0x58a454d1987a - tokio::runtime::context::scoped::Scoped<T>::set::h4342d757f8553323
[INFO] [stdout]                                at /opt/rustwide/cargo-home/registry/src/index.crates.io-6f17d22bba15001f/tokio-1.41.0/src/runtime/context/scoped.rs:40:9
[INFO] [stdout]   34:     0x58a454d18f4a - tokio::runtime::context::set_scheduler::{{closure}}::h9bf260910a6cc5ad
[INFO] [stdout]                                at /opt/rustwide/cargo-home/registry/src/index.crates.io-6f17d22bba15001f/tokio-1.41.0/src/runtime/context.rs:180:26
[INFO] [stdout]   35:     0x58a454d07771 - std::thread::local::LocalKey<T>::try_with::hb68eb2ff002263ba
[INFO] [stdout]                                at /rustc/df4ca44d3fbc9301ee17f30f4d474e6ae4b05252/library/std/src/thread/local.rs:283:12
[INFO] [stdout]   36:     0x58a454d04a0d - std::thread::local::LocalKey<T>::with::h12f00a57c5125ec0
[INFO] [stdout]                                at /rustc/df4ca44d3fbc9301ee17f30f4d474e6ae4b05252/library/std/src/thread/local.rs:260:9
[INFO] [stdout]   37:     0x58a454d18d91 - tokio::runtime::context::set_scheduler::hb3bd25363b805878
[INFO] [stdout]                                at /opt/rustwide/cargo-home/registry/src/index.crates.io-6f17d22bba15001f/tokio-1.41.0/src/runtime/context.rs:180:9
[INFO] [stdout]   38:     0x58a454cfb3e9 - tokio::runtime::scheduler::current_thread::CoreGuard::enter::h651741121bfe9aaf
[INFO] [stdout]                                at /opt/rustwide/cargo-home/registry/src/index.crates.io-6f17d22bba15001f/tokio-1.41.0/src/runtime/scheduler/current_thread/mod.rs:807:27
[INFO] [stdout]   39:     0x58a454cfc533 - tokio::runtime::scheduler::current_thread::CoreGuard::block_on::h8c12c45c9bcaaed6
[INFO] [stdout]                                at /opt/rustwide/cargo-home/registry/src/index.crates.io-6f17d22bba15001f/tokio-1.41.0/src/runtime/scheduler/current_thread/mod.rs:716:19
[INFO] [stdout]   40:     0x58a454cf631e - tokio::runtime::scheduler::current_thread::CurrentThread::block_on::{{closure}}::hff244d1aece1eb5b
[INFO] [stdout]                                at /opt/rustwide/cargo-home/registry/src/index.crates.io-6f17d22bba15001f/tokio-1.41.0/src/runtime/scheduler/current_thread/mod.rs:196:28
[INFO] [stdout]   41:     0x58a454d0fb76 - tokio::runtime::context::runtime::enter_runtime::h956aae98ae9cfa7f
[INFO] [stdout]                                at /opt/rustwide/cargo-home/registry/src/index.crates.io-6f17d22bba15001f/tokio-1.41.0/src/runtime/context/runtime.rs:65:16
[INFO] [stdout]   42:     0x58a454cf4321 - tokio::runtime::scheduler::current_thread::CurrentThread::block_on::h5d4e1a73fdae7bfc
[INFO] [stdout]                                at /opt/rustwide/cargo-home/registry/src/index.crates.io-6f17d22bba15001f/tokio-1.41.0/src/runtime/scheduler/current_thread/mod.rs:184:9
[INFO] [stdout]   43:     0x58a454d0be39 - tokio::runtime::runtime::Runtime::block_on_inner::h36902dae6f07049f
[INFO] [stdout]                                at /opt/rustwide/cargo-home/registry/src/index.crates.io-6f17d22bba15001f/tokio-1.41.0/src/runtime/runtime.rs:368:47
[INFO] [stdout]   44:     0x58a454d0c740 - tokio::runtime::runtime::Runtime::block_on::h9e1a54fc2f0a46a4
[INFO] [stdout]                                at /opt/rustwide/cargo-home/registry/src/index.crates.io-6f17d22bba15001f/tokio-1.41.0/src/runtime/runtime.rs:342:13
[INFO] [stdout]   45:     0x58a454d34eb3 - sigio::tests::pipe_full_async::hdb638ae2a13ce2d1
[INFO] [stdout]                                at /opt/rustwide/workdir/src/lib.rs:313:3
[INFO] [stdout]   46:     0x58a454d34d57 - sigio::tests::pipe_full_async::{{closure}}::hf4d3dfbccffffb1d
[INFO] [stdout]                                at /opt/rustwide/workdir/src/lib.rs:303:32
[INFO] [stdout]   47:     0x58a454d22d26 - core::ops::function::FnOnce::call_once::he0111ff7474be2f4
[INFO] [stdout]                                at /rustc/df4ca44d3fbc9301ee17f30f4d474e6ae4b05252/library/core/src/ops/function.rs:250:5
[INFO] [stdout]   48:     0x58a45502e25b - core::ops::function::FnOnce::call_once::h22c3ba5715e93f05
[INFO] [stdout]                                at /rustc/df4ca44d3fbc9301ee17f30f4d474e6ae4b05252/library/core/src/ops/function.rs:250:5
[INFO] [stdout]   49:     0x58a45502e25b - test::__rust_begin_short_backtrace::h8e82d8113d0da17f
[INFO] [stdout]                                at /rustc/df4ca44d3fbc9301ee17f30f4d474e6ae4b05252/library/test/src/lib.rs:621:18
[INFO] [stdout]   50:     0x58a45502dbd7 - test::run_test_in_process::{{closure}}::h33235f4f20b7b7c7
[INFO] [stdout]                                at /rustc/df4ca44d3fbc9301ee17f30f4d474e6ae4b05252/library/test/src/lib.rs:644:60
[INFO] [stdout]   51:     0x58a45502dbd7 - <core::panic::unwind_safe::AssertUnwindSafe<F> as core::ops::function::FnOnce<()>>::call_once::hb5043206310c586f
[INFO] [stdout]                                at /rustc/df4ca44d3fbc9301ee17f30f4d474e6ae4b05252/library/core/src/panic/unwind_safe.rs:272:9
[INFO] [stdout]   52:     0x58a45502dbd7 - std::panicking::try::do_call::h9ad4731a60ab23e2
[INFO] [stdout]                                at /rustc/df4ca44d3fbc9301ee17f30f4d474e6ae4b05252/library/std/src/panicking.rs:557:40
[INFO] [stdout]   53:     0x58a45502dbd7 - std::panicking::try::h3824d23db772a716
[INFO] [stdout]                                at /rustc/df4ca44d3fbc9301ee17f30f4d474e6ae4b05252/library/std/src/panicking.rs:520:19
[INFO] [stdout]   54:     0x58a45502dbd7 - std::panic::catch_unwind::h5afd514605fde46b
[INFO] [stdout]                                at /rustc/df4ca44d3fbc9301ee17f30f4d474e6ae4b05252/library/std/src/panic.rs:358:14
[INFO] [stdout]   55:     0x58a45502dbd7 - test::run_test_in_process::h0d5cbfa7067d1720
[INFO] [stdout]                                at /rustc/df4ca44d3fbc9301ee17f30f4d474e6ae4b05252/library/test/src/lib.rs:644:27
[INFO] [stdout]   56:     0x58a45502dbd7 - test::run_test::{{closure}}::h708eb8872708115d
[INFO] [stdout]                                at /rustc/df4ca44d3fbc9301ee17f30f4d474e6ae4b05252/library/test/src/lib.rs:565:43
[INFO] [stdout]   57:     0x58a454ff12f4 - test::run_test::{{closure}}::h392c51cee94713ab
[INFO] [stdout]                                at /rustc/df4ca44d3fbc9301ee17f30f4d474e6ae4b05252/library/test/src/lib.rs:595:41
[INFO] [stdout]   58:     0x58a454ff12f4 - std::sys::backtrace::__rust_begin_short_backtrace::h2f40290710935a8b
[INFO] [stdout]                                at /rustc/df4ca44d3fbc9301ee17f30f4d474e6ae4b05252/library/std/src/sys/backtrace.rs:154:18
[INFO] [stdout]   59:     0x58a454ff4a9e - std::thread::Builder::spawn_unchecked_::{{closure}}::{{closure}}::h3fd968d89053a903
[INFO] [stdout]                                at /rustc/df4ca44d3fbc9301ee17f30f4d474e6ae4b05252/library/std/src/thread/mod.rs:541:17
[INFO] [stdout]   60:     0x58a454ff4a9e - <core::panic::unwind_safe::AssertUnwindSafe<F> as core::ops::function::FnOnce<()>>::call_once::h743f637ba4229880
[INFO] [stdout]                                at /rustc/df4ca44d3fbc9301ee17f30f4d474e6ae4b05252/library/core/src/panic/unwind_safe.rs:272:9
[INFO] [stdout]   61:     0x58a454ff4a9e - std::panicking::try::do_call::h07440897322525a6
[INFO] [stdout]                                at /rustc/df4ca44d3fbc9301ee17f30f4d474e6ae4b05252/library/std/src/panicking.rs:557:40
[INFO] [stdout]   62:     0x58a454ff4a9e - std::panicking::try::he5a2e00188156637
[INFO] [stdout]                                at /rustc/df4ca44d3fbc9301ee17f30f4d474e6ae4b05252/library/std/src/panicking.rs:520:19
[INFO] [stdout]   63:     0x58a454ff4a9e - std::panic::catch_unwind::hbaf3cae49b3c6433
[INFO] [stdout]                                at /rustc/df4ca44d3fbc9301ee17f30f4d474e6ae4b05252/library/std/src/panic.rs:358:14
[INFO] [stdout]   64:     0x58a454ff4a9e - std::thread::Builder::spawn_unchecked_::{{closure}}::h8e141ea224820bce
[INFO] [stdout]                                at /rustc/df4ca44d3fbc9301ee17f30f4d474e6ae4b05252/library/std/src/thread/mod.rs:540:30
[INFO] [stdout]   65:     0x58a454ff4a9e - core::ops::function::FnOnce::call_once{{vtable.shim}}::h90d312fedd7b8ea8
[INFO] [stdout]                                at /rustc/df4ca44d3fbc9301ee17f30f4d474e6ae4b05252/library/core/src/ops/function.rs:250:5
[INFO] [stdout]   66:     0x58a4550c91bb - <alloc::boxed::Box<F,A> as core::ops::function::FnOnce<Args>>::call_once::h69aa08ddb6adb8b6
[INFO] [stdout]                                at /rustc/df4ca44d3fbc9301ee17f30f4d474e6ae4b05252/library/alloc/src/boxed.rs:2454:9
[INFO] [stdout]   67:     0x58a4550c91bb - <alloc::boxed::Box<F,A> as core::ops::function::FnOnce<Args>>::call_once::h5aa36efdb79c806f
[INFO] [stdout]                                at /rustc/df4ca44d3fbc9301ee17f30f4d474e6ae4b05252/library/alloc/src/boxed.rs:2454:9
[INFO] [stdout]   68:     0x58a4550c91bb - std::sys::pal::unix::thread::Thread::new::thread_start::h6cd80a1b4be5158d
[INFO] [stdout]                                at /rustc/df4ca44d3fbc9301ee17f30f4d474e6ae4b05252/library/std/src/sys/pal/unix/thread.rs:105:17
[INFO] [stdout]   69:     0x7d16812d9ac3 - <unknown>
[INFO] [stdout]   70:     0x7d168136aa04 - clone
[INFO] [stdout]   71:                0x0 - <unknown>
[INFO] [stdout] 
[INFO] [stdout] 
[INFO] [stdout] failures:
[INFO] [stdout]     tests::pipe_full_async
[INFO] [stdout] 
[INFO] [stdout] test result: FAILED. 65 passed; 1 failed; 0 ignored; 0 measured; 0 filtered out; finished in 4.01s
[INFO] [stdout] 
[INFO] [stderr] error: test failed, to rerun pass `--lib`
[INFO] running `Command { std: "docker" "inspect" "0e289715de9081b9fd18a5bd86c42fb604fb40373b4392b6796da95ea6208f04", kill_on_drop: false }`
[INFO] running `Command { std: "docker" "rm" "-f" "0e289715de9081b9fd18a5bd86c42fb604fb40373b4392b6796da95ea6208f04", kill_on_drop: false }`
[INFO] [stdout] 0e289715de9081b9fd18a5bd86c42fb604fb40373b4392b6796da95ea6208f04
