[INFO] fetching crate rskin 1.5.0...
[INFO] testing rskin-1.5.0 against nightly-2024-10-28 for randomize-layout
[INFO] extracting crate rskin 1.5.0 into /workspace/builds/worker-1-tc1/source
[INFO] validating manifest of crates.io crate rskin 1.5.0 on toolchain nightly-2024-10-28
[INFO] running `Command { std: CARGO_HOME="/workspace/cargo-home" RUSTUP_HOME="/workspace/rustup-home" "/workspace/cargo-home/bin/cargo" "+nightly-2024-10-28" "metadata" "--manifest-path" "Cargo.toml" "--no-deps", kill_on_drop: false }`
[INFO] started tweaking crates.io crate rskin 1.5.0
[INFO] finished tweaking crates.io crate rskin 1.5.0
[INFO] tweaked toml for crates.io crate rskin 1.5.0 written to /workspace/builds/worker-1-tc1/source/Cargo.toml
[INFO] crate crates.io crate rskin 1.5.0 already has a lockfile, it will not be regenerated
[INFO] running `Command { std: CARGO_HOME="/workspace/cargo-home" RUSTUP_HOME="/workspace/rustup-home" "/workspace/cargo-home/bin/cargo" "+nightly-2024-10-28" "fetch" "--manifest-path" "Cargo.toml", kill_on_drop: false }`
[INFO] [stderr]     Updating crates.io index
[INFO] [stderr]  Downloading crates ...
[INFO] [stderr]   Downloaded clap v4.5.8
[INFO] [stderr]   Downloaded tinyvec v1.7.0
[INFO] [stderr]   Downloaded skin-builder v1.0.5
[INFO] [stderr]   Downloaded clap_builder v4.5.8
[INFO] [stderr]   Downloaded syn v2.0.69
[INFO] running `Command { std: "docker" "create" "-v" "/var/lib/crater-agent-workspace/builds/worker-1-tc1/target:/opt/rustwide/target:rw,Z" "-v" "/var/lib/crater-agent-workspace/builds/worker-1-tc1/source:/opt/rustwide/workdir:ro,Z" "-v" "/var/lib/crater-agent-workspace/cargo-home:/opt/rustwide/cargo-home:ro,Z" "-v" "/var/lib/crater-agent-workspace/rustup-home:/opt/rustwide/rustup-home:ro,Z" "-e" "SOURCE_DIR=/opt/rustwide/workdir" "-e" "CARGO_TARGET_DIR=/opt/rustwide/target" "-e" "CARGO_HOME=/opt/rustwide/cargo-home" "-e" "RUSTUP_HOME=/opt/rustwide/rustup-home" "-w" "/opt/rustwide/workdir" "-m" "1610612736" "--user" "0:0" "--network" "none" "ghcr.io/rust-lang/crates-build-env/linux@sha256:4a844ea9eb2546a2d2c7022eacef16ef2e8229c7fbb2c7d4d55a9ceca922f72d" "/opt/rustwide/cargo-home/bin/cargo" "+nightly-2024-10-28" "metadata" "--no-deps" "--format-version=1", kill_on_drop: false }`
[INFO] [stdout] c42ab3056c85e5e25939dd5dd7f4df053da0d7aa0738926383235be35340dbd0
[INFO] running `Command { std: "docker" "start" "-a" "c42ab3056c85e5e25939dd5dd7f4df053da0d7aa0738926383235be35340dbd0", kill_on_drop: false }`
[INFO] running `Command { std: "docker" "inspect" "c42ab3056c85e5e25939dd5dd7f4df053da0d7aa0738926383235be35340dbd0", kill_on_drop: false }`
[INFO] running `Command { std: "docker" "rm" "-f" "c42ab3056c85e5e25939dd5dd7f4df053da0d7aa0738926383235be35340dbd0", kill_on_drop: false }`
[INFO] [stdout] c42ab3056c85e5e25939dd5dd7f4df053da0d7aa0738926383235be35340dbd0
[INFO] running `Command { std: "docker" "create" "-v" "/var/lib/crater-agent-workspace/builds/worker-1-tc1/target:/opt/rustwide/target:rw,Z" "-v" "/var/lib/crater-agent-workspace/builds/worker-1-tc1/source:/opt/rustwide/workdir:ro,Z" "-v" "/var/lib/crater-agent-workspace/cargo-home:/opt/rustwide/cargo-home:ro,Z" "-v" "/var/lib/crater-agent-workspace/rustup-home:/opt/rustwide/rustup-home:ro,Z" "-e" "SOURCE_DIR=/opt/rustwide/workdir" "-e" "CARGO_TARGET_DIR=/opt/rustwide/target" "-e" "CARGO_INCREMENTAL=0" "-e" "RUST_BACKTRACE=full" "-e" "RUSTFLAGS=--cap-lints=forbid" "-e" "RUSTDOCFLAGS=--cap-lints=forbid" "-e" "CARGO_HOME=/opt/rustwide/cargo-home" "-e" "RUSTUP_HOME=/opt/rustwide/rustup-home" "-w" "/opt/rustwide/workdir" "-m" "1610612736" "--user" "0:0" "--network" "none" "ghcr.io/rust-lang/crates-build-env/linux@sha256:4a844ea9eb2546a2d2c7022eacef16ef2e8229c7fbb2c7d4d55a9ceca922f72d" "/opt/rustwide/cargo-home/bin/cargo" "+nightly-2024-10-28" "build" "--frozen" "--message-format=json", kill_on_drop: false }`
[INFO] [stdout] 3e402cfc097e82ee21cfb764237c5b01081233335f8b2acaa68c548bd6156472
[INFO] running `Command { std: "docker" "start" "-a" "3e402cfc097e82ee21cfb764237c5b01081233335f8b2acaa68c548bd6156472", kill_on_drop: false }`
[INFO] [stderr]    Compiling libc v0.2.155
[INFO] [stderr]    Compiling proc-macro2 v1.0.86
[INFO] [stderr]    Compiling unicode-ident v1.0.12
[INFO] [stderr]    Compiling autocfg v1.3.0
[INFO] [stderr]    Compiling once_cell v1.19.0
[INFO] [stderr]    Compiling vcpkg v0.2.15
[INFO] [stderr]    Compiling pkg-config v0.3.30
[INFO] [stderr]    Compiling pin-project-lite v0.2.14
[INFO] [stderr]    Compiling version_check v0.9.4
[INFO] [stderr]    Compiling bytes v1.6.0
[INFO] [stderr]    Compiling smallvec v1.13.2
[INFO] [stderr]    Compiling cc v1.0.105
[INFO] [stderr]    Compiling zerocopy v0.7.35
[INFO] [stderr]    Compiling futures-core v0.3.30
[INFO] [stderr]    Compiling bitflags v2.6.0
[INFO] [stderr]    Compiling futures-task v0.3.30
[INFO] [stderr]    Compiling memchr v2.7.4
[INFO] [stderr]    Compiling foreign-types-shared v0.1.1
[INFO] [stderr]    Compiling futures-sink v0.3.30
[INFO] [stderr]    Compiling futures-util v0.3.30
[INFO] [stderr]    Compiling tracing-core v0.1.32
[INFO] [stderr]    Compiling httparse v1.9.4
[INFO] [stderr]    Compiling openssl v0.10.64
[INFO] [stderr]    Compiling foreign-types v0.3.2
[INFO] [stderr]    Compiling atomic-waker v1.1.2
[INFO] [stderr]    Compiling native-tls v0.2.12
[INFO] [stderr]    Compiling ahash v0.8.11
[INFO] [stderr]    Compiling tinyvec v1.7.0
[INFO] [stderr]    Compiling futures-channel v0.3.30
[INFO] [stderr]    Compiling lock_api v0.4.12
[INFO] [stderr]    Compiling slab v0.4.9
[INFO] [stderr]    Compiling tower-service v0.3.2
[INFO] [stderr]    Compiling utf8parse v0.2.2
[INFO] [stderr]    Compiling http v1.1.0
[INFO] [stderr]    Compiling serde v1.0.204
[INFO] [stderr]    Compiling tracing v0.1.40
[INFO] [stderr]    Compiling openssl-probe v0.1.5
[INFO] [stderr]    Compiling hashbrown v0.14.5
[INFO] [stderr]    Compiling tower-layer v0.3.2
[INFO] [stderr]    Compiling quote v1.0.36
[INFO] [stderr]    Compiling anstyle-parse v0.2.4
[INFO] [stderr]    Compiling option-ext v0.2.0
[INFO] [stderr]    Compiling minimal-lexical v0.2.1
[INFO] [stderr]    Compiling colorchoice v1.0.1
[INFO] [stderr]    Compiling is_terminal_polyfill v1.70.0
[INFO] [stderr]    Compiling rustix v0.38.34
[INFO] [stderr]    Compiling syn v2.0.69
[INFO] [stderr]    Compiling unicode-bidi v0.3.15
[INFO] [stderr]    Compiling anstyle v1.0.7
[INFO] [stderr]    Compiling anstyle-query v1.1.0
[INFO] [stderr]    Compiling libsqlite3-sys v0.28.0
[INFO] [stderr]    Compiling parking_lot_core v0.9.10
[INFO] [stderr]    Compiling mio v0.8.11
[INFO] [stderr]    Compiling num_cpus v1.16.0
[INFO] [stderr]    Compiling signal-hook-registry v1.4.2
[INFO] [stderr]    Compiling socket2 v0.5.7
[INFO] [stderr]    Compiling anstream v0.6.14
[INFO] [stderr]    Compiling unicode-normalization v0.1.23
[INFO] [stderr]    Compiling nom v7.1.3
[INFO] [stderr]    Compiling dirs-sys v0.4.1
[INFO] [stderr]    Compiling parking_lot v0.12.3
[INFO] [stderr]    Compiling getrandom v0.2.15
[INFO] [stderr]    Compiling indexmap v2.2.6
[INFO] [stderr]    Compiling http-body v1.0.0
[INFO] [stderr]    Compiling aho-corasick v1.1.3
[INFO] [stderr]    Compiling num-traits v0.2.19
[INFO] [stderr]    Compiling strsim v0.11.1
[INFO] [stderr]    Compiling openssl-sys v0.9.102
[INFO] [stderr]    Compiling base64 v0.22.1
[INFO] [stderr]    Compiling idna v0.5.0
[INFO] [stderr]    Compiling ryu v1.0.18
[INFO] [stderr]    Compiling linux-raw-sys v0.4.14
[INFO] [stderr]    Compiling regex-syntax v0.8.4
[INFO] [stderr]    Compiling clap_lex v0.7.1
[INFO] [stderr]    Compiling heck v0.5.0
[INFO] [stderr]    Compiling rustls-pki-types v1.7.0
[INFO] [stderr]    Compiling clap_builder v4.5.8
[INFO] [stderr]    Compiling rand_core v0.6.4
[INFO] [stderr]    Compiling dirs v5.0.1
[INFO] [stderr]    Compiling encoding_rs v0.8.34
[INFO] [stderr]    Compiling fastrand v2.1.0
[INFO] [stderr]    Compiling rustls-pemfile v2.1.2
[INFO] [stderr]    Compiling sync_wrapper v1.0.1
[INFO] [stderr]    Compiling http-body-util v0.1.2
[INFO] [stderr]    Compiling url v2.5.2
[INFO] [stderr]    Compiling ipnet v2.9.0
[INFO] [stderr]    Compiling ppv-lite86 v0.2.17
[INFO] [stderr]    Compiling shellexpand v3.1.0
[INFO] [stderr]    Compiling hashlink v0.9.1
[INFO] [stderr]    Compiling iana-time-zone v0.1.60
[INFO] [stderr]    Compiling rand_chacha v0.3.1
[INFO] [stderr]    Compiling fallible-iterator v0.3.0
[INFO] [stderr]    Compiling fallible-streaming-iterator v0.1.9
[INFO] [stderr]    Compiling clean-path v0.2.1
[INFO] [stderr]    Compiling rand v0.8.5
[INFO] [stderr]    Compiling rusqlite v0.31.0
[INFO] [stderr]    Compiling chrono v0.4.38
[INFO] [stderr]    Compiling regex-automata v0.4.7
[INFO] [stderr]    Compiling tempfile v3.10.1
[INFO] [stderr]    Compiling tokio-macros v2.3.0
[INFO] [stderr]    Compiling pin-project-internal v1.1.5
[INFO] [stderr]    Compiling openssl-macros v0.1.1
[INFO] [stderr]    Compiling clap_derive v4.5.8
[INFO] [stderr]    Compiling color-print-proc-macro v0.3.6
[INFO] [stderr]    Compiling serde_urlencoded v0.7.1
[INFO] [stderr]    Compiling tokio v1.38.0
[INFO] [stderr]    Compiling color-print v0.3.6
[INFO] [stderr]    Compiling pin-project v1.1.5
[INFO] [stderr]    Compiling clap v4.5.8
[INFO] [stderr]    Compiling regex v1.10.5
[INFO] [stderr]    Compiling tokio-util v0.7.11
[INFO] [stderr]    Compiling tower v0.4.13
[INFO] [stderr]    Compiling tokio-native-tls v0.3.1
[INFO] [stderr]    Compiling h2 v0.4.5
[INFO] [stderr]    Compiling hyper v1.4.0
[INFO] [stderr]    Compiling hyper-util v0.1.6
[INFO] [stderr]    Compiling hyper-tls v0.6.0
[INFO] [stderr]    Compiling reqwest v0.12.5
[INFO] [stderr]    Compiling skin-builder v1.0.5
[INFO] [stderr]    Compiling rskin v1.5.0 (/opt/rustwide/workdir)
[INFO] [stderr]     Finished `dev` profile [unoptimized + debuginfo] target(s) in 16.90s
[INFO] running `Command { std: "docker" "inspect" "3e402cfc097e82ee21cfb764237c5b01081233335f8b2acaa68c548bd6156472", kill_on_drop: false }`
[INFO] running `Command { std: "docker" "rm" "-f" "3e402cfc097e82ee21cfb764237c5b01081233335f8b2acaa68c548bd6156472", kill_on_drop: false }`
[INFO] [stdout] 3e402cfc097e82ee21cfb764237c5b01081233335f8b2acaa68c548bd6156472
[INFO] running `Command { std: "docker" "create" "-v" "/var/lib/crater-agent-workspace/builds/worker-1-tc1/target:/opt/rustwide/target:rw,Z" "-v" "/var/lib/crater-agent-workspace/builds/worker-1-tc1/source:/opt/rustwide/workdir:ro,Z" "-v" "/var/lib/crater-agent-workspace/cargo-home:/opt/rustwide/cargo-home:ro,Z" "-v" "/var/lib/crater-agent-workspace/rustup-home:/opt/rustwide/rustup-home:ro,Z" "-e" "SOURCE_DIR=/opt/rustwide/workdir" "-e" "CARGO_TARGET_DIR=/opt/rustwide/target" "-e" "CARGO_INCREMENTAL=0" "-e" "RUST_BACKTRACE=full" "-e" "RUSTFLAGS=--cap-lints=forbid" "-e" "RUSTDOCFLAGS=--cap-lints=forbid" "-e" "CARGO_HOME=/opt/rustwide/cargo-home" "-e" "RUSTUP_HOME=/opt/rustwide/rustup-home" "-w" "/opt/rustwide/workdir" "-m" "1610612736" "--user" "0:0" "--network" "none" "ghcr.io/rust-lang/crates-build-env/linux@sha256:4a844ea9eb2546a2d2c7022eacef16ef2e8229c7fbb2c7d4d55a9ceca922f72d" "/opt/rustwide/cargo-home/bin/cargo" "+nightly-2024-10-28" "test" "--frozen" "--no-run" "--message-format=json", kill_on_drop: false }`
[INFO] [stdout] de95e8eb998bf1d2cb8451aa8c4aa9de42493d82dabae9f9ff6a1fc1468c82a3
[INFO] running `Command { std: "docker" "start" "-a" "de95e8eb998bf1d2cb8451aa8c4aa9de42493d82dabae9f9ff6a1fc1468c82a3", kill_on_drop: false }`
[INFO] [stderr]    Compiling rskin v1.5.0 (/opt/rustwide/workdir)
[INFO] [stderr]     Finished `test` profile [unoptimized + debuginfo] target(s) in 0.56s
[INFO] running `Command { std: "docker" "inspect" "de95e8eb998bf1d2cb8451aa8c4aa9de42493d82dabae9f9ff6a1fc1468c82a3", kill_on_drop: false }`
[INFO] running `Command { std: "docker" "rm" "-f" "de95e8eb998bf1d2cb8451aa8c4aa9de42493d82dabae9f9ff6a1fc1468c82a3", kill_on_drop: false }`
[INFO] [stdout] de95e8eb998bf1d2cb8451aa8c4aa9de42493d82dabae9f9ff6a1fc1468c82a3
[INFO] running `Command { std: "docker" "create" "-v" "/var/lib/crater-agent-workspace/builds/worker-1-tc1/target:/opt/rustwide/target:rw,Z" "-v" "/var/lib/crater-agent-workspace/builds/worker-1-tc1/source:/opt/rustwide/workdir:ro,Z" "-v" "/var/lib/crater-agent-workspace/cargo-home:/opt/rustwide/cargo-home:ro,Z" "-v" "/var/lib/crater-agent-workspace/rustup-home:/opt/rustwide/rustup-home:ro,Z" "-e" "SOURCE_DIR=/opt/rustwide/workdir" "-e" "CARGO_TARGET_DIR=/opt/rustwide/target" "-e" "CARGO_INCREMENTAL=0" "-e" "RUST_BACKTRACE=full" "-e" "RUSTFLAGS=--cap-lints=forbid" "-e" "RUSTDOCFLAGS=--cap-lints=forbid" "-e" "CARGO_HOME=/opt/rustwide/cargo-home" "-e" "RUSTUP_HOME=/opt/rustwide/rustup-home" "-w" "/opt/rustwide/workdir" "-m" "1610612736" "--user" "0:0" "--network" "none" "ghcr.io/rust-lang/crates-build-env/linux@sha256:4a844ea9eb2546a2d2c7022eacef16ef2e8229c7fbb2c7d4d55a9ceca922f72d" "/opt/rustwide/cargo-home/bin/cargo" "+nightly-2024-10-28" "test" "--frozen", kill_on_drop: false }`
[INFO] [stdout] 9f7352de275658cfd552e871955d84c7032b5d5a610bd76ba9cd3efeb0b395dd
[INFO] running `Command { std: "docker" "start" "-a" "9f7352de275658cfd552e871955d84c7032b5d5a610bd76ba9cd3efeb0b395dd", kill_on_drop: false }`
[INFO] [stderr]     Finished `test` profile [unoptimized + debuginfo] target(s) in 0.15s
[INFO] [stderr]      Running unittests src/lib.rs (/opt/rustwide/target/debug/deps/rskin-bb179f09a01d10bf)
[INFO] [stdout] 
[INFO] [stdout] running 0 tests
[INFO] [stdout] 
[INFO] [stdout] test result: ok. 0 passed; 0 failed; 0 ignored; 0 measured; 0 filtered out; finished in 0.00s
[INFO] [stdout] 
[INFO] [stderr]      Running unittests src/main.rs (/opt/rustwide/target/debug/deps/skin-c330154d96b01de5)
[INFO] [stdout] 
[INFO] [stdout] running 0 tests
[INFO] [stdout] 
[INFO] [stdout] test result: ok. 0 passed; 0 failed; 0 ignored; 0 measured; 0 filtered out; finished in 0.00s
[INFO] [stdout] 
[INFO] [stderr]      Running tests/test_command_module.rs (/opt/rustwide/target/debug/deps/test_command_module-be0277514bbd7fd8)
[INFO] [stdout] 
[INFO] [stdout] running 8 tests
[INFO] [stdout] test test_is_builtin_command ... ok
[INFO] [stdout] test test_setup_config_dir ... ok
[INFO] [stdout] test test_find_command_paths ... ok
[INFO] [stdout] test test_get_alias_non_existing_alias ... ok
[INFO] [stdout] test test_unalias_non_existing_alias ... ok
[INFO] [stdout] test test_get_alias_existing_alias ... ok
[INFO] [stdout] test test_unalias_existing_alias ... FAILED
[INFO] [stdout] test test_alias ... FAILED
[INFO] [stdout] 
[INFO] [stdout] failures:
[INFO] [stdout] 
[INFO] [stdout] ---- test_unalias_existing_alias stdout ----
[INFO] [stdout] thread 'test_unalias_existing_alias' panicked at tests/test_command_module.rs:60:5:
[INFO] [stdout] assertion failed: success
[INFO] [stdout] stack backtrace:
[INFO] [stdout]    0:     0x61f667a7ccea - std::backtrace_rs::backtrace::libunwind::trace::h207520d6e9873551
[INFO] [stdout]                                at /rustc/df4ca44d3fbc9301ee17f30f4d474e6ae4b05252/library/std/src/../../backtrace/src/backtrace/libunwind.rs:116:5
[INFO] [stdout]    1:     0x61f667a7ccea - std::backtrace_rs::backtrace::trace_unsynchronized::h2ed7433f370e3eca
[INFO] [stdout]                                at /rustc/df4ca44d3fbc9301ee17f30f4d474e6ae4b05252/library/std/src/../../backtrace/src/backtrace/mod.rs:66:5
[INFO] [stdout]    2:     0x61f667a7ccea - std::sys::backtrace::_print_fmt::h916fac51166b18d7
[INFO] [stdout]                                at /rustc/df4ca44d3fbc9301ee17f30f4d474e6ae4b05252/library/std/src/sys/backtrace.rs:66:9
[INFO] [stdout]    3:     0x61f667a7ccea - <std::sys::backtrace::BacktraceLock::print::DisplayBacktrace as core::fmt::Display>::fmt::ha0a4c9b8ce3802e6
[INFO] [stdout]                                at /rustc/df4ca44d3fbc9301ee17f30f4d474e6ae4b05252/library/std/src/sys/backtrace.rs:39:26
[INFO] [stdout]    4:     0x61f667aa3f63 - core::fmt::rt::Argument::fmt::h4cfc8587d52b3eb5
[INFO] [stdout]                                at /rustc/df4ca44d3fbc9301ee17f30f4d474e6ae4b05252/library/core/src/fmt/rt.rs:177:76
[INFO] [stdout]    5:     0x61f667aa3f63 - core::fmt::write::h522cc39e5b36ae9f
[INFO] [stdout]                                at /rustc/df4ca44d3fbc9301ee17f30f4d474e6ae4b05252/library/core/src/fmt/mod.rs:1190:21
[INFO] [stdout]    6:     0x61f667a796e3 - std::io::Write::write_fmt::h7d3c26752da97734
[INFO] [stdout]                                at /rustc/df4ca44d3fbc9301ee17f30f4d474e6ae4b05252/library/std/src/io/mod.rs:1839:15
[INFO] [stdout]    7:     0x61f667a7cb32 - std::sys::backtrace::BacktraceLock::print::h4b9e00b29e9c0942
[INFO] [stdout]                                at /rustc/df4ca44d3fbc9301ee17f30f4d474e6ae4b05252/library/std/src/sys/backtrace.rs:42:9
[INFO] [stdout]    8:     0x61f667a7e17a - std::panicking::default_hook::{{closure}}::hb59b88280d0324d9
[INFO] [stdout]                                at /rustc/df4ca44d3fbc9301ee17f30f4d474e6ae4b05252/library/std/src/panicking.rs:268:22
[INFO] [stdout]    9:     0x61f667a7df84 - std::panicking::default_hook::he1dd496665be4a29
[INFO] [stdout]                                at /rustc/df4ca44d3fbc9301ee17f30f4d474e6ae4b05252/library/std/src/panicking.rs:292:9
[INFO] [stdout]   10:     0x61f667a219f9 - <alloc::boxed::Box<F,A> as core::ops::function::Fn<Args>>::call::h4ff71de18744e1dc
[INFO] [stdout]                                at /rustc/df4ca44d3fbc9301ee17f30f4d474e6ae4b05252/library/alloc/src/boxed.rs:2468:9
[INFO] [stdout]   11:     0x61f667a219f9 - test::test_main::{{closure}}::hcf7c055ce117aa81
[INFO] [stdout]                                at /rustc/df4ca44d3fbc9301ee17f30f4d474e6ae4b05252/library/test/src/lib.rs:133:21
[INFO] [stdout]   12:     0x61f667a7e878 - <alloc::boxed::Box<F,A> as core::ops::function::Fn<Args>>::call::h1d66c6bbd60c9692
[INFO] [stdout]                                at /rustc/df4ca44d3fbc9301ee17f30f4d474e6ae4b05252/library/alloc/src/boxed.rs:2468:9
[INFO] [stdout]   13:     0x61f667a7e878 - std::panicking::rust_panic_with_hook::h2ff17fe8f26dfcf8
[INFO] [stdout]                                at /rustc/df4ca44d3fbc9301ee17f30f4d474e6ae4b05252/library/std/src/panicking.rs:809:13
[INFO] [stdout]   14:     0x61f667a7e606 - std::panicking::begin_panic_handler::{{closure}}::h4fad77951c07e101
[INFO] [stdout]                                at /rustc/df4ca44d3fbc9301ee17f30f4d474e6ae4b05252/library/std/src/panicking.rs:667:13
[INFO] [stdout]   15:     0x61f667a7d1c9 - std::sys::backtrace::__rust_end_short_backtrace::hb1a25b3da5d0ea08
[INFO] [stdout]                                at /rustc/df4ca44d3fbc9301ee17f30f4d474e6ae4b05252/library/std/src/sys/backtrace.rs:170:18
[INFO] [stdout]   16:     0x61f667a7e2cc - rust_begin_unwind
[INFO] [stdout]                                at /rustc/df4ca44d3fbc9301ee17f30f4d474e6ae4b05252/library/std/src/panicking.rs:665:5
[INFO] [stdout]   17:     0x61f667aa2960 - core::panicking::panic_fmt::ha9db07b529f9b256
[INFO] [stdout]                                at /rustc/df4ca44d3fbc9301ee17f30f4d474e6ae4b05252/library/core/src/panicking.rs:75:14
[INFO] [stdout]   18:     0x61f667aa29ec - core::panicking::panic::h993086813d94accc
[INFO] [stdout]                                at /rustc/df4ca44d3fbc9301ee17f30f4d474e6ae4b05252/library/core/src/panicking.rs:152:5
[INFO] [stdout]   19:     0x61f6679e7267 - test_command_module::test_unalias_existing_alias::h114df705a62cb1f7
[INFO] [stdout]                                at /opt/rustwide/workdir/tests/test_command_module.rs:60:2
[INFO] [stdout]   20:     0x61f6679e71c7 - test_command_module::test_unalias_existing_alias::{{closure}}::h2996c8d45be7cb74
[INFO] [stdout]                                at /opt/rustwide/workdir/tests/test_command_module.rs:54:33
[INFO] [stdout]   21:     0x61f6679e54d6 - core::ops::function::FnOnce::call_once::h8a18115d0dd3a690
[INFO] [stdout]                                at /rustc/df4ca44d3fbc9301ee17f30f4d474e6ae4b05252/library/core/src/ops/function.rs:250:5
[INFO] [stdout]   22:     0x61f667a262cb - core::ops::function::FnOnce::call_once::h22c3ba5715e93f05
[INFO] [stdout]                                at /rustc/df4ca44d3fbc9301ee17f30f4d474e6ae4b05252/library/core/src/ops/function.rs:250:5
[INFO] [stdout]   23:     0x61f667a262cb - test::__rust_begin_short_backtrace::h8e82d8113d0da17f
[INFO] [stdout]                                at /rustc/df4ca44d3fbc9301ee17f30f4d474e6ae4b05252/library/test/src/lib.rs:621:18
[INFO] [stdout]   24:     0x61f667a25c47 - test::run_test_in_process::{{closure}}::h33235f4f20b7b7c7
[INFO] [stdout]                                at /rustc/df4ca44d3fbc9301ee17f30f4d474e6ae4b05252/library/test/src/lib.rs:644:60
[INFO] [stdout]   25:     0x61f667a25c47 - <core::panic::unwind_safe::AssertUnwindSafe<F> as core::ops::function::FnOnce<()>>::call_once::hb5043206310c586f
[INFO] [stdout]                                at /rustc/df4ca44d3fbc9301ee17f30f4d474e6ae4b05252/library/core/src/panic/unwind_safe.rs:272:9
[INFO] [stdout]   26:     0x61f667a25c47 - std::panicking::try::do_call::h9ad4731a60ab23e2
[INFO] [stdout]                                at /rustc/df4ca44d3fbc9301ee17f30f4d474e6ae4b05252/library/std/src/panicking.rs:557:40
[INFO] [stdout]   27:     0x61f667a25c47 - std::panicking::try::h3824d23db772a716
[INFO] [stdout]                                at /rustc/df4ca44d3fbc9301ee17f30f4d474e6ae4b05252/library/std/src/panicking.rs:520:19
[INFO] [stdout]   28:     0x61f667a25c47 - std::panic::catch_unwind::h5afd514605fde46b
[INFO] [stdout]                                at /rustc/df4ca44d3fbc9301ee17f30f4d474e6ae4b05252/library/std/src/panic.rs:358:14
[INFO] [stdout]   29:     0x61f667a25c47 - test::run_test_in_process::h0d5cbfa7067d1720
[INFO] [stdout]                                at /rustc/df4ca44d3fbc9301ee17f30f4d474e6ae4b05252/library/test/src/lib.rs:644:27
[INFO] [stdout]   30:     0x61f667a25c47 - test::run_test::{{closure}}::h708eb8872708115d
[INFO] [stdout]                                at /rustc/df4ca44d3fbc9301ee17f30f4d474e6ae4b05252/library/test/src/lib.rs:565:43
[INFO] [stdout]   31:     0x61f6679e9364 - test::run_test::{{closure}}::h392c51cee94713ab
[INFO] [stdout]                                at /rustc/df4ca44d3fbc9301ee17f30f4d474e6ae4b05252/library/test/src/lib.rs:595:41
[INFO] [stdout]   32:     0x61f6679e9364 - std::sys::backtrace::__rust_begin_short_backtrace::h2f40290710935a8b
[INFO] [stdout]                                at /rustc/df4ca44d3fbc9301ee17f30f4d474e6ae4b05252/library/std/src/sys/backtrace.rs:154:18
[INFO] [stdout]   33:     0x61f6679ecb0e - std::thread::Builder::spawn_unchecked_::{{closure}}::{{closure}}::h3fd968d89053a903
[INFO] [stdout]                                at /rustc/df4ca44d3fbc9301ee17f30f4d474e6ae4b05252/library/std/src/thread/mod.rs:541:17
[INFO] [stdout]   34:     0x61f6679ecb0e - <core::panic::unwind_safe::AssertUnwindSafe<F> as core::ops::function::FnOnce<()>>::call_once::h743f637ba4229880
[INFO] [stdout]                                at /rustc/df4ca44d3fbc9301ee17f30f4d474e6ae4b05252/library/core/src/panic/unwind_safe.rs:272:9
[INFO] [stdout]   35:     0x61f6679ecb0e - std::panicking::try::do_call::h07440897322525a6
[INFO] [stdout]                                at /rustc/df4ca44d3fbc9301ee17f30f4d474e6ae4b05252/library/std/src/panicking.rs:557:40
[INFO] [stdout]   36:     0x61f6679ecb0e - std::panicking::try::he5a2e00188156637
[INFO] [stdout]                                at /rustc/df4ca44d3fbc9301ee17f30f4d474e6ae4b05252/library/std/src/panicking.rs:520:19
[INFO] [stdout]   37:     0x61f6679ecb0e - std::panic::catch_unwind::hbaf3cae49b3c6433
[INFO] [stdout]                                at /rustc/df4ca44d3fbc9301ee17f30f4d474e6ae4b05252/library/std/src/panic.rs:358:14
[INFO] [stdout]   38:     0x61f6679ecb0e - std::thread::Builder::spawn_unchecked_::{{closure}}::h8e141ea224820bce
[INFO] [stdout]                                at /rustc/df4ca44d3fbc9301ee17f30f4d474e6ae4b05252/library/std/src/thread/mod.rs:540:30
[INFO] [stdout]   39:     0x61f6679ecb0e - core::ops::function::FnOnce::call_once{{vtable.shim}}::h90d312fedd7b8ea8
[INFO] [stdout]                                at /rustc/df4ca44d3fbc9301ee17f30f4d474e6ae4b05252/library/core/src/ops/function.rs:250:5
[INFO] [stdout]   40:     0x61f667a8316b - <alloc::boxed::Box<F,A> as core::ops::function::FnOnce<Args>>::call_once::h69aa08ddb6adb8b6
[INFO] [stdout]                                at /rustc/df4ca44d3fbc9301ee17f30f4d474e6ae4b05252/library/alloc/src/boxed.rs:2454:9
[INFO] [stdout]   41:     0x61f667a8316b - <alloc::boxed::Box<F,A> as core::ops::function::FnOnce<Args>>::call_once::h5aa36efdb79c806f
[INFO] [stdout]                                at /rustc/df4ca44d3fbc9301ee17f30f4d474e6ae4b05252/library/alloc/src/boxed.rs:2454:9
[INFO] [stdout]   42:     0x61f667a8316b - std::sys::pal::unix::thread::Thread::new::thread_start::h6cd80a1b4be5158d
[INFO] [stdout]                                at /rustc/df4ca44d3fbc9301ee17f30f4d474e6ae4b05252/library/std/src/sys/pal/unix/thread.rs:105:17
[INFO] [stdout]   43:     0x71f5b547aac3 - <unknown>
[INFO] [stdout]   44:     0x71f5b550ba04 - clone
[INFO] [stdout]   45:                0x0 - <unknown>
[INFO] [stdout] 
[INFO] [stdout] ---- test_alias stdout ----
[INFO] [stdout] thread 'test_alias' panicked at tests/test_command_module.rs:50:5:
[INFO] [stdout] assertion `left == right` failed
[INFO] [stdout]   left: None
[INFO] [stdout]  right: Some("echo Test alias")
[INFO] [stdout] stack backtrace:
[INFO] [stdout]    0:     0x61f667a7ccea - std::backtrace_rs::backtrace::libunwind::trace::h207520d6e9873551
[INFO] [stdout]                                at /rustc/df4ca44d3fbc9301ee17f30f4d474e6ae4b05252/library/std/src/../../backtrace/src/backtrace/libunwind.rs:116:5
[INFO] [stdout]    1:     0x61f667a7ccea - std::backtrace_rs::backtrace::trace_unsynchronized::h2ed7433f370e3eca
[INFO] [stdout]                                at /rustc/df4ca44d3fbc9301ee17f30f4d474e6ae4b05252/library/std/src/../../backtrace/src/backtrace/mod.rs:66:5
[INFO] [stdout]    2:     0x61f667a7ccea - std::sys::backtrace::_print_fmt::h916fac51166b18d7
[INFO] [stdout]                                at /rustc/df4ca44d3fbc9301ee17f30f4d474e6ae4b05252/library/std/src/sys/backtrace.rs:66:9
[INFO] [stdout]    3:     0x61f667a7ccea - <std::sys::backtrace::BacktraceLock::print::DisplayBacktrace as core::fmt::Display>::fmt::ha0a4c9b8ce3802e6
[INFO] [stdout]                                at /rustc/df4ca44d3fbc9301ee17f30f4d474e6ae4b05252/library/std/src/sys/backtrace.rs:39:26
[INFO] [stdout]    4:     0x61f667aa3f63 - core::fmt::rt::Argument::fmt::h4cfc8587d52b3eb5
[INFO] [stdout]                                at /rustc/df4ca44d3fbc9301ee17f30f4d474e6ae4b05252/library/core/src/fmt/rt.rs:177:76
[INFO] [stdout]    5:     0x61f667aa3f63 - core::fmt::write::h522cc39e5b36ae9f
[INFO] [stdout]                                at /rustc/df4ca44d3fbc9301ee17f30f4d474e6ae4b05252/library/core/src/fmt/mod.rs:1190:21
[INFO] [stdout]    6:     0x61f667a796e3 - std::io::Write::write_fmt::h7d3c26752da97734
[INFO] [stdout]                                at /rustc/df4ca44d3fbc9301ee17f30f4d474e6ae4b05252/library/std/src/io/mod.rs:1839:15
[INFO] [stdout]    7:     0x61f667a7cb32 - std::sys::backtrace::BacktraceLock::print::h4b9e00b29e9c0942
[INFO] [stdout]                                at /rustc/df4ca44d3fbc9301ee17f30f4d474e6ae4b05252/library/std/src/sys/backtrace.rs:42:9
[INFO] [stdout]    8:     0x61f667a7e17a - std::panicking::default_hook::{{closure}}::hb59b88280d0324d9
[INFO] [stdout]                                at /rustc/df4ca44d3fbc9301ee17f30f4d474e6ae4b05252/library/std/src/panicking.rs:268:22
[INFO] [stdout]    9:     0x61f667a7df84 - std::panicking::default_hook::he1dd496665be4a29
[INFO] [stdout]                                at /rustc/df4ca44d3fbc9301ee17f30f4d474e6ae4b05252/library/std/src/panicking.rs:292:9
[INFO] [stdout]   10:     0x61f667a219f9 - <alloc::boxed::Box<F,A> as core::ops::function::Fn<Args>>::call::h4ff71de18744e1dc
[INFO] [stdout]                                at /rustc/df4ca44d3fbc9301ee17f30f4d474e6ae4b05252/library/alloc/src/boxed.rs:2468:9
[INFO] [stdout]   11:     0x61f667a219f9 - test::test_main::{{closure}}::hcf7c055ce117aa81
[INFO] [stdout]                                at /rustc/df4ca44d3fbc9301ee17f30f4d474e6ae4b05252/library/test/src/lib.rs:133:21
[INFO] [stdout]   12:     0x61f667a7e878 - <alloc::boxed::Box<F,A> as core::ops::function::Fn<Args>>::call::h1d66c6bbd60c9692
[INFO] [stdout]                                at /rustc/df4ca44d3fbc9301ee17f30f4d474e6ae4b05252/library/alloc/src/boxed.rs:2468:9
[INFO] [stdout]   13:     0x61f667a7e878 - std::panicking::rust_panic_with_hook::h2ff17fe8f26dfcf8
[INFO] [stdout]                                at /rustc/df4ca44d3fbc9301ee17f30f4d474e6ae4b05252/library/std/src/panicking.rs:809:13
[INFO] [stdout]   14:     0x61f667a7e63a - std::panicking::begin_panic_handler::{{closure}}::h4fad77951c07e101
[INFO] [stdout]                                at /rustc/df4ca44d3fbc9301ee17f30f4d474e6ae4b05252/library/std/src/panicking.rs:674:13
[INFO] [stdout]   15:     0x61f667a7d1c9 - std::sys::backtrace::__rust_end_short_backtrace::hb1a25b3da5d0ea08
[INFO] [stdout]                                at /rustc/df4ca44d3fbc9301ee17f30f4d474e6ae4b05252/library/std/src/sys/backtrace.rs:170:18
[INFO] [stdout]   16:     0x61f667a7e2cc - rust_begin_unwind
[INFO] [stdout]                                at /rustc/df4ca44d3fbc9301ee17f30f4d474e6ae4b05252/library/std/src/panicking.rs:665:5
[INFO] [stdout]   17:     0x61f667aa2960 - core::panicking::panic_fmt::ha9db07b529f9b256
[INFO] [stdout]                                at /rustc/df4ca44d3fbc9301ee17f30f4d474e6ae4b05252/library/core/src/panicking.rs:75:14
[INFO] [stdout]   18:     0x61f667aa2d2b - core::panicking::assert_failed_inner::h04f38944d74a80a8
[INFO] [stdout]   19:     0x61f6679e59f4 - core::panicking::assert_failed::h7dbc03c47095e6bb
[INFO] [stdout]                                at /rustc/df4ca44d3fbc9301ee17f30f4d474e6ae4b05252/library/core/src/panicking.rs:377:5
[INFO] [stdout]   20:     0x61f6679e716d - test_command_module::test_alias::h923abbe266fda567
[INFO] [stdout]                                at /opt/rustwide/workdir/tests/test_command_module.rs:50:2
[INFO] [stdout]   21:     0x61f6679e6fd7 - test_command_module::test_alias::{{closure}}::hb3b3409f0d55dfd5
[INFO] [stdout]                                at /opt/rustwide/workdir/tests/test_command_module.rs:42:16
[INFO] [stdout]   22:     0x61f6679e5316 - core::ops::function::FnOnce::call_once::h0c6ffa7c2fcffd16
[INFO] [stdout]                                at /rustc/df4ca44d3fbc9301ee17f30f4d474e6ae4b05252/library/core/src/ops/function.rs:250:5
[INFO] [stdout]   23:     0x61f667a262cb - core::ops::function::FnOnce::call_once::h22c3ba5715e93f05
[INFO] [stdout]                                at /rustc/df4ca44d3fbc9301ee17f30f4d474e6ae4b05252/library/core/src/ops/function.rs:250:5
[INFO] [stdout]   24:     0x61f667a262cb - test::__rust_begin_short_backtrace::h8e82d8113d0da17f
[INFO] [stdout]                                at /rustc/df4ca44d3fbc9301ee17f30f4d474e6ae4b05252/library/test/src/lib.rs:621:18
[INFO] [stdout]   25:     0x61f667a25c47 - test::run_test_in_process::{{closure}}::h33235f4f20b7b7c7
[INFO] [stdout]                                at /rustc/df4ca44d3fbc9301ee17f30f4d474e6ae4b05252/library/test/src/lib.rs:644:60
[INFO] [stdout]   26:     0x61f667a25c47 - <core::panic::unwind_safe::AssertUnwindSafe<F> as core::ops::function::FnOnce<()>>::call_once::hb5043206310c586f
[INFO] [stdout]                                at /rustc/df4ca44d3fbc9301ee17f30f4d474e6ae4b05252/library/core/src/panic/unwind_safe.rs:272:9
[INFO] [stdout]   27:     0x61f667a25c47 - std::panicking::try::do_call::h9ad4731a60ab23e2
[INFO] [stdout]                                at /rustc/df4ca44d3fbc9301ee17f30f4d474e6ae4b05252/library/std/src/panicking.rs:557:40
[INFO] [stdout]   28:     0x61f667a25c47 - std::panicking::try::h3824d23db772a716
[INFO] [stdout]                                at /rustc/df4ca44d3fbc9301ee17f30f4d474e6ae4b05252/library/std/src/panicking.rs:520:19
[INFO] [stdout]   29:     0x61f667a25c47 - std::panic::catch_unwind::h5afd514605fde46b
[INFO] [stdout]                                at /rustc/df4ca44d3fbc9301ee17f30f4d474e6ae4b05252/library/std/src/panic.rs:358:14
[INFO] [stdout]   30:     0x61f667a25c47 - test::run_test_in_process::h0d5cbfa7067d1720
[INFO] [stdout]                                at /rustc/df4ca44d3fbc9301ee17f30f4d474e6ae4b05252/library/test/src/lib.rs:644:27
[INFO] [stdout]   31:     0x61f667a25c47 - test::run_test::{{closure}}::h708eb8872708115d
[INFO] [stdout]                                at /rustc/df4ca44d3fbc9301ee17f30f4d474e6ae4b05252/library/test/src/lib.rs:565:43
[INFO] [stdout]   32:     0x61f6679e9364 - test::run_test::{{closure}}::h392c51cee94713ab
[INFO] [stdout]                                at /rustc/df4ca44d3fbc9301ee17f30f4d474e6ae4b05252/library/test/src/lib.rs:595:41
[INFO] [stdout]   33:     0x61f6679e9364 - std::sys::backtrace::__rust_begin_short_backtrace::h2f40290710935a8b
[INFO] [stdout]                                at /rustc/df4ca44d3fbc9301ee17f30f4d474e6ae4b05252/library/std/src/sys/backtrace.rs:154:18
[INFO] [stdout]   34:     0x61f6679ecb0e - std::thread::Builder::spawn_unchecked_::{{closure}}::{{closure}}::h3fd968d89053a903
[INFO] [stdout]                                at /rustc/df4ca44d3fbc9301ee17f30f4d474e6ae4b05252/library/std/src/thread/mod.rs:541:17
[INFO] [stdout]   35:     0x61f6679ecb0e - <core::panic::unwind_safe::AssertUnwindSafe<F> as core::ops::function::FnOnce<()>>::call_once::h743f637ba4229880
[INFO] [stdout]                                at /rustc/df4ca44d3fbc9301ee17f30f4d474e6ae4b05252/library/core/src/panic/unwind_safe.rs:272:9
[INFO] [stdout]   36:     0x61f6679ecb0e - std::panicking::try::do_call::h07440897322525a6
[INFO] [stdout]                                at /rustc/df4ca44d3fbc9301ee17f30f4d474e6ae4b05252/library/std/src/panicking.rs:557:40
[INFO] [stdout]   37:     0x61f6679ecb0e - std::panicking::try::he5a2e00188156637
[INFO] [stdout]                                at /rustc/df4ca44d3fbc9301ee17f30f4d474e6ae4b05252/library/std/src/panicking.rs:520:19
[INFO] [stdout]   38:     0x61f6679ecb0e - std::panic::catch_unwind::hbaf3cae49b3c6433
[INFO] [stdout]                                at /rustc/df4ca44d3fbc9301ee17f30f4d474e6ae4b05252/library/std/src/panic.rs:358:14
[INFO] [stdout]   39:     0x61f6679ecb0e - std::thread::Builder::spawn_unchecked_::{{closure}}::h8e141ea224820bce
[INFO] [stdout]                                at /rustc/df4ca44d3fbc9301ee17f30f4d474e6ae4b05252/library/std/src/thread/mod.rs:540:30
[INFO] [stdout]   40:     0x61f6679ecb0e - core::ops::function::FnOnce::call_once{{vtable.shim}}::h90d312fedd7b8ea8
[INFO] [stdout]                                at /rustc/df4ca44d3fbc9301ee17f30f4d474e6ae4b05252/library/core/src/ops/function.rs:250:5
[INFO] [stdout]   41:     0x61f667a8316b - <alloc::boxed::Box<F,A> as core::ops::function::FnOnce<Args>>::call_once::h69aa08ddb6adb8b6
[INFO] [stdout]                                at /rustc/df4ca44d3fbc9301ee17f30f4d474e6ae4b05252/library/alloc/src/boxed.rs:2454:9
[INFO] [stdout]   42:     0x61f667a8316b - <alloc::boxed::Box<F,A> as core::ops::function::FnOnce<Args>>::call_once::h5aa36efdb79c806f
[INFO] [stdout]                                at /rustc/df4ca44d3fbc9301ee17f30f4d474e6ae4b05252/library/alloc/src/boxed.rs:2454:9
[INFO] [stdout]   43:     0x61f667a8316b - std::sys::pal::unix::thread::Thread::new::thread_start::h6cd80a1b4be5158d
[INFO] [stdout]                                at /rustc/df4ca44d3fbc9301ee17f30f4d474e6ae4b05252/library/std/src/sys/pal/unix/thread.rs:105:17
[INFO] [stdout]   44:     0x71f5b547aac3 - <unknown>
[INFO] [stdout]   45:     0x71f5b550ba04 - clone
[INFO] [stdout]   46:                0x0 - <unknown>
[INFO] [stdout] 
[INFO] [stdout] 
[INFO] [stdout] failures:
[INFO] [stdout]     test_alias
[INFO] [stdout]     test_unalias_existing_alias
[INFO] [stdout] 
[INFO] [stdout] test result: FAILED. 6 passed; 2 failed; 0 ignored; 0 measured; 0 filtered out; finished in 0.12s
[INFO] [stdout] 
[INFO] [stderr] error: test failed, to rerun pass `--test test_command_module`
[INFO] running `Command { std: "docker" "inspect" "9f7352de275658cfd552e871955d84c7032b5d5a610bd76ba9cd3efeb0b395dd", kill_on_drop: false }`
[INFO] running `Command { std: "docker" "rm" "-f" "9f7352de275658cfd552e871955d84c7032b5d5a610bd76ba9cd3efeb0b395dd", kill_on_drop: false }`
[INFO] [stdout] 9f7352de275658cfd552e871955d84c7032b5d5a610bd76ba9cd3efeb0b395dd
