[INFO] fetching crate poisson-diskus 1.0.0...
[INFO] testing poisson-diskus-1.0.0 against nightly-2024-10-28 for randomize-layout
[INFO] extracting crate poisson-diskus 1.0.0 into /workspace/builds/worker-1-tc1/source
[INFO] validating manifest of crates.io crate poisson-diskus 1.0.0 on toolchain nightly-2024-10-28
[INFO] running `Command { std: CARGO_HOME="/workspace/cargo-home" RUSTUP_HOME="/workspace/rustup-home" "/workspace/cargo-home/bin/cargo" "+nightly-2024-10-28" "metadata" "--manifest-path" "Cargo.toml" "--no-deps", kill_on_drop: false }`
[INFO] started tweaking crates.io crate poisson-diskus 1.0.0
[INFO] finished tweaking crates.io crate poisson-diskus 1.0.0
[INFO] tweaked toml for crates.io crate poisson-diskus 1.0.0 written to /workspace/builds/worker-1-tc1/source/Cargo.toml
[INFO] crate crates.io crate poisson-diskus 1.0.0 already has a lockfile, it will not be regenerated
[INFO] running `Command { std: CARGO_HOME="/workspace/cargo-home" RUSTUP_HOME="/workspace/rustup-home" "/workspace/cargo-home/bin/cargo" "+nightly-2024-10-28" "fetch" "--manifest-path" "Cargo.toml", kill_on_drop: false }`
[INFO] [stderr]  Downloading crates ...
[INFO] [stderr]   Downloaded syn v1.0.68
[INFO] running `Command { std: "docker" "create" "-v" "/var/lib/crater-agent-workspace/builds/worker-1-tc1/target:/opt/rustwide/target:rw,Z" "-v" "/var/lib/crater-agent-workspace/builds/worker-1-tc1/source:/opt/rustwide/workdir:ro,Z" "-v" "/var/lib/crater-agent-workspace/cargo-home:/opt/rustwide/cargo-home:ro,Z" "-v" "/var/lib/crater-agent-workspace/rustup-home:/opt/rustwide/rustup-home:ro,Z" "-e" "SOURCE_DIR=/opt/rustwide/workdir" "-e" "CARGO_TARGET_DIR=/opt/rustwide/target" "-e" "CARGO_HOME=/opt/rustwide/cargo-home" "-e" "RUSTUP_HOME=/opt/rustwide/rustup-home" "-w" "/opt/rustwide/workdir" "-m" "1610612736" "--user" "0:0" "--network" "none" "ghcr.io/rust-lang/crates-build-env/linux@sha256:4a844ea9eb2546a2d2c7022eacef16ef2e8229c7fbb2c7d4d55a9ceca922f72d" "/opt/rustwide/cargo-home/bin/cargo" "+nightly-2024-10-28" "metadata" "--no-deps" "--format-version=1", kill_on_drop: false }`
[INFO] [stdout] e33adec2a985d7614bcca6cded7ce057144e227264dfa1b51dff6bdf301df8ac
[INFO] running `Command { std: "docker" "start" "-a" "e33adec2a985d7614bcca6cded7ce057144e227264dfa1b51dff6bdf301df8ac", kill_on_drop: false }`
[INFO] running `Command { std: "docker" "inspect" "e33adec2a985d7614bcca6cded7ce057144e227264dfa1b51dff6bdf301df8ac", kill_on_drop: false }`
[INFO] running `Command { std: "docker" "rm" "-f" "e33adec2a985d7614bcca6cded7ce057144e227264dfa1b51dff6bdf301df8ac", kill_on_drop: false }`
[INFO] [stdout] e33adec2a985d7614bcca6cded7ce057144e227264dfa1b51dff6bdf301df8ac
[INFO] running `Command { std: "docker" "create" "-v" "/var/lib/crater-agent-workspace/builds/worker-1-tc1/target:/opt/rustwide/target:rw,Z" "-v" "/var/lib/crater-agent-workspace/builds/worker-1-tc1/source:/opt/rustwide/workdir:ro,Z" "-v" "/var/lib/crater-agent-workspace/cargo-home:/opt/rustwide/cargo-home:ro,Z" "-v" "/var/lib/crater-agent-workspace/rustup-home:/opt/rustwide/rustup-home:ro,Z" "-e" "SOURCE_DIR=/opt/rustwide/workdir" "-e" "CARGO_TARGET_DIR=/opt/rustwide/target" "-e" "CARGO_INCREMENTAL=0" "-e" "RUST_BACKTRACE=full" "-e" "RUSTFLAGS=--cap-lints=forbid" "-e" "RUSTDOCFLAGS=--cap-lints=forbid" "-e" "CARGO_HOME=/opt/rustwide/cargo-home" "-e" "RUSTUP_HOME=/opt/rustwide/rustup-home" "-w" "/opt/rustwide/workdir" "-m" "1610612736" "--user" "0:0" "--network" "none" "ghcr.io/rust-lang/crates-build-env/linux@sha256:4a844ea9eb2546a2d2c7022eacef16ef2e8229c7fbb2c7d4d55a9ceca922f72d" "/opt/rustwide/cargo-home/bin/cargo" "+nightly-2024-10-28" "build" "--frozen" "--message-format=json", kill_on_drop: false }`
[INFO] [stdout] a960f812a0ce6fac05d82e3d526e36bbad010a01291508dabf4195f9b067b854
[INFO] running `Command { std: "docker" "start" "-a" "a960f812a0ce6fac05d82e3d526e36bbad010a01291508dabf4195f9b067b854", kill_on_drop: false }`
[INFO] [stderr]    Compiling libc v0.2.86
[INFO] [stderr]    Compiling getrandom v0.2.2
[INFO] [stderr]    Compiling autocfg v1.0.1
[INFO] [stderr]    Compiling libm v0.2.1
[INFO] [stderr]    Compiling ppv-lite86 v0.2.10
[INFO] [stderr]    Compiling num-traits v0.2.14
[INFO] [stderr]    Compiling rand_core v0.6.2
[INFO] [stderr]    Compiling rand_chacha v0.3.0
[INFO] [stderr]    Compiling rand v0.8.3
[INFO] [stderr]    Compiling rand_distr v0.4.0
[INFO] [stderr]    Compiling poisson-diskus v1.0.0 (/opt/rustwide/workdir)
[INFO] [stdout] warning: method `get_position` is never used
[INFO] [stdout]   --> src/grid.rs:86:12
[INFO] [stdout]    |
[INFO] [stdout] 35 | impl<const D: usize> Grid<D> {
[INFO] [stdout]    | ---------------------------- method in this implementation
[INFO] [stdout] ...
[INFO] [stdout] 86 |     pub fn get_position(&self, index: usize) -> Option<Vec<isize>> {
[INFO] [stdout]    |            ^^^^^^^^^^^^
[INFO] [stdout]    |
[INFO] [stdout]    = note: `#[warn(dead_code)]` on by default
[INFO] [stdout] 
[INFO] [stdout] 
[INFO] [stderr]     Finished `dev` profile [unoptimized + debuginfo] target(s) in 1.66s
[INFO] running `Command { std: "docker" "inspect" "a960f812a0ce6fac05d82e3d526e36bbad010a01291508dabf4195f9b067b854", kill_on_drop: false }`
[INFO] running `Command { std: "docker" "rm" "-f" "a960f812a0ce6fac05d82e3d526e36bbad010a01291508dabf4195f9b067b854", kill_on_drop: false }`
[INFO] [stdout] a960f812a0ce6fac05d82e3d526e36bbad010a01291508dabf4195f9b067b854
[INFO] running `Command { std: "docker" "create" "-v" "/var/lib/crater-agent-workspace/builds/worker-1-tc1/target:/opt/rustwide/target:rw,Z" "-v" "/var/lib/crater-agent-workspace/builds/worker-1-tc1/source:/opt/rustwide/workdir:ro,Z" "-v" "/var/lib/crater-agent-workspace/cargo-home:/opt/rustwide/cargo-home:ro,Z" "-v" "/var/lib/crater-agent-workspace/rustup-home:/opt/rustwide/rustup-home:ro,Z" "-e" "SOURCE_DIR=/opt/rustwide/workdir" "-e" "CARGO_TARGET_DIR=/opt/rustwide/target" "-e" "CARGO_INCREMENTAL=0" "-e" "RUST_BACKTRACE=full" "-e" "RUSTFLAGS=--cap-lints=forbid" "-e" "RUSTDOCFLAGS=--cap-lints=forbid" "-e" "CARGO_HOME=/opt/rustwide/cargo-home" "-e" "RUSTUP_HOME=/opt/rustwide/rustup-home" "-w" "/opt/rustwide/workdir" "-m" "1610612736" "--user" "0:0" "--network" "none" "ghcr.io/rust-lang/crates-build-env/linux@sha256:4a844ea9eb2546a2d2c7022eacef16ef2e8229c7fbb2c7d4d55a9ceca922f72d" "/opt/rustwide/cargo-home/bin/cargo" "+nightly-2024-10-28" "test" "--frozen" "--no-run" "--message-format=json", kill_on_drop: false }`
[INFO] [stdout] 3615d4b65273315db15ad43d2cbcbc754d43868047b5f96b7315c2c8b5893d60
[INFO] running `Command { std: "docker" "start" "-a" "3615d4b65273315db15ad43d2cbcbc754d43868047b5f96b7315c2c8b5893d60", kill_on_drop: false }`
[INFO] [stderr]    Compiling lazy_static v1.4.0
[INFO] [stderr]    Compiling crossbeam-utils v0.8.3
[INFO] [stderr]    Compiling serde v1.0.125
[INFO] [stderr]    Compiling memoffset v0.6.3
[INFO] [stderr]    Compiling semver-parser v0.7.0
[INFO] [stderr]    Compiling ryu v1.0.5
[INFO] [stderr]    Compiling proc-macro2 v1.0.26
[INFO] [stderr]    Compiling memchr v2.3.4
[INFO] [stderr]    Compiling unicode-xid v0.2.1
[INFO] [stderr]    Compiling rayon-core v1.9.0
[INFO] [stderr]    Compiling bitflags v1.2.1
[INFO] [stderr]    Compiling syn v1.0.68
[INFO] [stderr]    Compiling serde_json v1.0.64
[INFO] [stderr]    Compiling byteorder v1.4.3
[INFO] [stderr]    Compiling itoa v0.4.7
[INFO] [stderr]    Compiling num_cpus v1.13.0
[INFO] [stderr]    Compiling rayon v1.5.0
[INFO] [stderr]    Compiling unicode-width v0.1.8
[INFO] [stderr]    Compiling plotters-backend v0.3.0
[INFO] [stderr]    Compiling serde_derive v1.0.125
[INFO] [stderr]    Compiling semver v0.9.0
[INFO] [stderr]    Compiling regex-automata v0.1.9
[INFO] [stderr]    Compiling textwrap v0.11.0
[INFO] [stderr]    Compiling itertools v0.9.0
[INFO] [stderr]    Compiling half v1.7.1
[INFO] [stderr]    Compiling regex-syntax v0.6.23
[INFO] [stderr]    Compiling walkdir v2.3.2
[INFO] [stderr]    Compiling atty v0.2.14
[INFO] [stderr]    Compiling rustc_version v0.2.3
[INFO] [stderr]    Compiling plotters-svg v0.3.0
[INFO] [stderr]    Compiling clap v2.33.3
[INFO] [stderr]    Compiling csv-core v0.1.10
[INFO] [stderr]    Compiling itertools v0.10.0
[INFO] [stderr]    Compiling oorandom v11.1.3
[INFO] [stdout] warning: method `get_position` is never used
[INFO] [stdout]   --> src/grid.rs:86:12
[INFO] [stdout]    |
[INFO] [stdout] 35 | impl<const D: usize> Grid<D> {
[INFO] [stdout]    | ---------------------------- method in this implementation
[INFO] [stdout] ...
[INFO] [stdout] 86 |     pub fn get_position(&self, index: usize) -> Option<Vec<isize>> {
[INFO] [stdout]    |            ^^^^^^^^^^^^
[INFO] [stdout]    |
[INFO] [stdout]    = note: `#[warn(dead_code)]` on by default
[INFO] [stdout] 
[INFO] [stdout] 
[INFO] [stderr]    Compiling plotters v0.3.0
[INFO] [stderr]    Compiling cast v0.2.3
[INFO] [stderr]    Compiling crossbeam-epoch v0.9.3
[INFO] [stderr]    Compiling crossbeam-channel v0.5.0
[INFO] [stderr]    Compiling quote v1.0.9
[INFO] [stderr]    Compiling crossbeam-deque v0.8.0
[INFO] [stderr]    Compiling criterion-plot v0.4.3
[INFO] [stderr]    Compiling regex v1.4.5
[INFO] [stderr]    Compiling bstr v0.2.15
[INFO] [stderr]    Compiling serde_cbor v0.11.1
[INFO] [stderr]    Compiling csv v1.1.6
[INFO] [stderr]    Compiling tinytemplate v1.2.1
[INFO] [stderr]    Compiling criterion v0.3.4
[INFO] [stderr]    Compiling poisson-diskus v1.0.0 (/opt/rustwide/workdir)
[INFO] [stdout] warning: unused import: `std::time::Instant`
[INFO] [stdout]  --> examples/rdf.rs:2:5
[INFO] [stdout]   |
[INFO] [stdout] 2 | use std::time::Instant;
[INFO] [stdout]   |     ^^^^^^^^^^^^^^^^^^
[INFO] [stdout]   |
[INFO] [stdout]   = note: `#[warn(unused_imports)]` on by default
[INFO] [stdout] 
[INFO] [stdout] 
[INFO] [stdout] warning: unused variable: `coords`
[INFO] [stdout]   --> examples/rdf.rs:25:9
[INFO] [stdout]    |
[INFO] [stdout] 25 |     let coords = bridson(&box_size, rmin, num_attempts, use_pbc).unwrap();
[INFO] [stdout]    |         ^^^^^^ help: if this is intentional, prefix it with an underscore: `_coords`
[INFO] [stdout]    |
[INFO] [stdout]    = note: `#[warn(unused_variables)]` on by default
[INFO] [stdout] 
[INFO] [stdout] 
[INFO] [stdout] warning: function `calc_distance` is never used
[INFO] [stdout]  --> examples/rdf.rs:4:4
[INFO] [stdout]   |
[INFO] [stdout] 4 | fn calc_distance(x0: &[f64], x1: &[f64], box_size: &[f64], inv_box: &[f64]) -> f64 {
[INFO] [stdout]   |    ^^^^^^^^^^^^^
[INFO] [stdout]   |
[INFO] [stdout]   = note: `#[warn(dead_code)]` on by default
[INFO] [stdout] 
[INFO] [stdout] 
[INFO] [stderr]     Finished `test` profile [unoptimized + debuginfo] target(s) in 9.49s
[INFO] [stderr] warning: the following packages contain code that will be rejected by a future version of Rust: criterion v0.3.4
[INFO] [stderr] note: to see what the problems were, use the option `--future-incompat-report`, or run `cargo report future-incompatibilities --id 1`
[INFO] running `Command { std: "docker" "inspect" "3615d4b65273315db15ad43d2cbcbc754d43868047b5f96b7315c2c8b5893d60", kill_on_drop: false }`
[INFO] running `Command { std: "docker" "rm" "-f" "3615d4b65273315db15ad43d2cbcbc754d43868047b5f96b7315c2c8b5893d60", kill_on_drop: false }`
[INFO] [stdout] 3615d4b65273315db15ad43d2cbcbc754d43868047b5f96b7315c2c8b5893d60
[INFO] running `Command { std: "docker" "create" "-v" "/var/lib/crater-agent-workspace/builds/worker-1-tc1/target:/opt/rustwide/target:rw,Z" "-v" "/var/lib/crater-agent-workspace/builds/worker-1-tc1/source:/opt/rustwide/workdir:ro,Z" "-v" "/var/lib/crater-agent-workspace/cargo-home:/opt/rustwide/cargo-home:ro,Z" "-v" "/var/lib/crater-agent-workspace/rustup-home:/opt/rustwide/rustup-home:ro,Z" "-e" "SOURCE_DIR=/opt/rustwide/workdir" "-e" "CARGO_TARGET_DIR=/opt/rustwide/target" "-e" "CARGO_INCREMENTAL=0" "-e" "RUST_BACKTRACE=full" "-e" "RUSTFLAGS=--cap-lints=forbid" "-e" "RUSTDOCFLAGS=--cap-lints=forbid" "-e" "CARGO_HOME=/opt/rustwide/cargo-home" "-e" "RUSTUP_HOME=/opt/rustwide/rustup-home" "-w" "/opt/rustwide/workdir" "-m" "1610612736" "--user" "0:0" "--network" "none" "ghcr.io/rust-lang/crates-build-env/linux@sha256:4a844ea9eb2546a2d2c7022eacef16ef2e8229c7fbb2c7d4d55a9ceca922f72d" "/opt/rustwide/cargo-home/bin/cargo" "+nightly-2024-10-28" "test" "--frozen", kill_on_drop: false }`
[INFO] [stdout] 7aea21339739245589faf4891a21d02f573202daf0d956822dcc6cad64bc8712
[INFO] running `Command { std: "docker" "start" "-a" "7aea21339739245589faf4891a21d02f573202daf0d956822dcc6cad64bc8712", kill_on_drop: false }`
[INFO] [stderr] warning: method `get_position` is never used
[INFO] [stderr]   --> src/grid.rs:86:12
[INFO] [stderr]    |
[INFO] [stderr] 35 | impl<const D: usize> Grid<D> {
[INFO] [stderr]    | ---------------------------- method in this implementation
[INFO] [stderr] ...
[INFO] [stderr] 86 |     pub fn get_position(&self, index: usize) -> Option<Vec<isize>> {
[INFO] [stderr]    |            ^^^^^^^^^^^^
[INFO] [stderr]    |
[INFO] [stderr]    = note: `#[warn(dead_code)]` on by default
[INFO] [stderr] 
[INFO] [stderr] warning: `poisson-diskus` (lib) generated 1 warning
[INFO] [stderr] warning: unused import: `std::time::Instant`
[INFO] [stderr]  --> examples/rdf.rs:2:5
[INFO] [stderr]   |
[INFO] [stderr] 2 | use std::time::Instant;
[INFO] [stderr]   |     ^^^^^^^^^^^^^^^^^^
[INFO] [stderr]   |
[INFO] [stderr]   = note: `#[warn(unused_imports)]` on by default
[INFO] [stderr] 
[INFO] [stderr] warning: unused variable: `coords`
[INFO] [stderr]   --> examples/rdf.rs:25:9
[INFO] [stderr]    |
[INFO] [stderr] 25 |     let coords = bridson(&box_size, rmin, num_attempts, use_pbc).unwrap();
[INFO] [stderr]    |         ^^^^^^ help: if this is intentional, prefix it with an underscore: `_coords`
[INFO] [stderr]    |
[INFO] [stderr]    = note: `#[warn(unused_variables)]` on by default
[INFO] [stderr] 
[INFO] [stderr] warning: function `calc_distance` is never used
[INFO] [stderr]  --> examples/rdf.rs:4:4
[INFO] [stderr]   |
[INFO] [stderr] 4 | fn calc_distance(x0: &[f64], x1: &[f64], box_size: &[f64], inv_box: &[f64]) -> f64 {
[INFO] [stderr]   |    ^^^^^^^^^^^^^
[INFO] [stderr]   |
[INFO] [stderr]   = note: `#[warn(dead_code)]` on by default
[INFO] [stderr] 
[INFO] [stderr] warning: `poisson-diskus` (example "rdf") generated 3 warnings (run `cargo fix --example "rdf"` to apply 1 suggestion)
[INFO] [stderr]     Finished `test` profile [unoptimized + debuginfo] target(s) in 0.05s
[INFO] [stderr] warning: the following packages contain code that will be rejected by a future version of Rust: criterion v0.3.4
[INFO] [stderr] note: to see what the problems were, use the option `--future-incompat-report`, or run `cargo report future-incompatibilities --id 1`
[INFO] [stderr]      Running unittests src/lib.rs (/opt/rustwide/target/debug/deps/poisson_diskus-f9e8b604001dfcbf)
[INFO] [stdout] 
[INFO] [stdout] running 41 tests
[INFO] [stdout] test bridson::tests::checking_coordinate_in_empty_grid_returns_true ... ok
[INFO] [stdout] test bridson::tests::checking_coordinate_in_grid_with_close_coord_returns_false ... ok
[INFO] [stdout] test bridson::tests::checking_coordinate_in_grid_with_distant_coord_returns_true ... ok
[INFO] [stdout] test bridson::tests::checking_coordinate_in_grid_with_coord_in_adjacent_box_but_not_within_rmin_returns_true ... ok
[INFO] [stdout] test bridson::tests::checking_coordinates_works_over_pbc_connected_cells ... ok
[INFO] [stdout] test bridson::tests::checking_coordinate_uses_num_adjacent_for_its_search_space ... ok
[INFO] [stdout] test bridson::tests::empty_box_size_yields_no_coords ... ok
[INFO] [stdout] test coord::tests::add_coords_works_as_expected_0_dims ... ok
[INFO] [stdout] test coord::tests::add_coords_works_as_expected_2_dims ... ok
[INFO] [stdout] test coord::tests::add_coords_works_as_expected_6_dims ... ok
[INFO] [stdout] test coord::tests::calc_distance_with_pbc_works_as_expected ... ok
[INFO] [stdout] test coord::tests::calc_distance_works_as_expected_0_dims ... ok
[INFO] [stdout] test coord::tests::calc_distance_works_as_expected_2_dims ... ok
[INFO] [stdout] test coord::tests::calc_distance_works_as_expected_6_dims ... ok
[INFO] [stdout] test grid::tests::dimension_multipliers_correspond_to_last_to_first_order ... ok
[INFO] [stdout] test grid::tests::getting_position_from_coordinate_works_for_in_box_coords ... ok
[INFO] [stdout] test grid::tests::getting_index_from_coordinate_is_consistent_with_from_position ... ok
[INFO] [stdout] test grid::tests::getting_position_from_out_of_box_coordinate_yields_none ... ok
[INFO] [stdout] test grid::tests::grid_indexing_is_last_to_first_order ... ok
[INFO] [stdout] test grid::tests::grid_is_initialized_with_none_in_bins ... ok
[INFO] [stdout] test grid::tests::indexing_out_of_shape_uses_pbc_to_get_bin_if_use_pbc_is_set ... ok
[INFO] [stdout] test grid::tests::grid_is_initialized_with_correct_number_of_bins_for_each_dimension ... ok
[INFO] [stdout] test grid::tests::position_from_out_of_bounds_index_yields_none ... ok
[INFO] [stdout] test grid::tests::spacing_is_set_from_size_and_shape ... ok
[INFO] [stdout] test bridson::tests::non_positive_rmin_yields_error ... ok
[INFO] [stdout] test grid::tests::indexing_outside_of_shape_yields_none_if_use_pbc_not_set ... ok
[INFO] [stdout] test sample::tests::generating_initial_point_uses_box_size ... ok
[INFO] [stdout] test grid::tests::grid_with_shape_is_consistent_with_new ... ok
[INFO] [stdout] test grid::tests::grid_is_initialized_with_correct_shape ... ok
[INFO] [stdout] test bridson::tests::non_positive_num_attempts_works ... ok
[INFO] [stdout] test grid::tests::position_to_index_is_consistent_with_index_to_position ... ok
[INFO] [stdout] test sample::tests::sample_const_values_works_for_0_dim ... ok
[INFO] [stdout] test grid::tests::num_adjacent_bins_is_square_root_of_dims ... ok
[INFO] [stdout] test bridson::tests::non_positive_box_size_yields_error ... ok
[INFO] [stdout] test sample::tests::n_ball_samples_points_from_annulus_in_1_dim ... ok
[INFO] [stdout] test sample::tests::n_ball_samples_points_from_annulus_in_2_dims ... ok
[INFO] [stdout] test sample::tests::n_ball_samples_points_from_annulus_in_3_dims ... ok
[INFO] [stdout] test sample::tests::n_ball_samples_points_from_annulus_in_4_dims ... ok
[INFO] [stdout] test sample::tests::n_ball_samples_points_from_annulus_in_5_dims ... ok
[INFO] [stdout] test sample::tests::n_ball_samples_points_from_annulus_in_6_dims ... ok
[INFO] [stdout] test sample::tests::sample_const_values_works_for_32_dim ... ok
[INFO] [stdout] 
[INFO] [stdout] test result: ok. 41 passed; 0 failed; 0 ignored; 0 measured; 0 filtered out; finished in 0.02s
[INFO] [stdout] 
[INFO] [stderr]      Running tests/minimum_distance.rs (/opt/rustwide/target/debug/deps/minimum_distance-efd92bcc4a938517)
[INFO] [stdout] 
[INFO] [stdout] running 8 tests
[INFO] [stdout] test one_dimension ... ok
[INFO] [stdout] test two_dimensions_skewed ... ok
[INFO] [stdout] test two_dimensions ... ok
[INFO] [stdout] test four_dimensions ... FAILED
[INFO] [stdout] test three_dimensions ... ok
[INFO] [stdout] test three_dimensions_skewed ... ok
[INFO] [stdout] test five_dimensions ... ok
[INFO] [stdout] test six_dimensions ... ok
[INFO] [stdout] 
[INFO] [stdout] failures:
[INFO] [stdout] 
[INFO] [stdout] ---- four_dimensions stdout ----
[INFO] [stdout] num_coords: 45
[INFO] [stdout] num_coords: 42
[INFO] [stdout] num_coords: 39
[INFO] [stdout] num_coords: 43
[INFO] [stdout] num_coords: 42
[INFO] [stdout] num_coords: 44
[INFO] [stdout] num_coords: 43
[INFO] [stdout] num_coords: 36
[INFO] [stdout] num_coords: 1
[INFO] [stdout] thread 'four_dimensions' panicked at tests/minimum_distance.rs:16:5:
[INFO] [stdout] assertion failed: coords.len() > 2
[INFO] [stdout] stack backtrace:
[INFO] [stdout]    0:     0x586d1778442a - std::backtrace_rs::backtrace::libunwind::trace::h207520d6e9873551
[INFO] [stdout]                                at /rustc/df4ca44d3fbc9301ee17f30f4d474e6ae4b05252/library/std/src/../../backtrace/src/backtrace/libunwind.rs:116:5
[INFO] [stdout]    1:     0x586d1778442a - std::backtrace_rs::backtrace::trace_unsynchronized::h2ed7433f370e3eca
[INFO] [stdout]                                at /rustc/df4ca44d3fbc9301ee17f30f4d474e6ae4b05252/library/std/src/../../backtrace/src/backtrace/mod.rs:66:5
[INFO] [stdout]    2:     0x586d1778442a - std::sys::backtrace::_print_fmt::h916fac51166b18d7
[INFO] [stdout]                                at /rustc/df4ca44d3fbc9301ee17f30f4d474e6ae4b05252/library/std/src/sys/backtrace.rs:66:9
[INFO] [stdout]    3:     0x586d1778442a - <std::sys::backtrace::BacktraceLock::print::DisplayBacktrace as core::fmt::Display>::fmt::ha0a4c9b8ce3802e6
[INFO] [stdout]                                at /rustc/df4ca44d3fbc9301ee17f30f4d474e6ae4b05252/library/std/src/sys/backtrace.rs:39:26
[INFO] [stdout]    4:     0x586d177ab363 - core::fmt::rt::Argument::fmt::h4cfc8587d52b3eb5
[INFO] [stdout]                                at /rustc/df4ca44d3fbc9301ee17f30f4d474e6ae4b05252/library/core/src/fmt/rt.rs:177:76
[INFO] [stdout]    5:     0x586d177ab363 - core::fmt::write::h522cc39e5b36ae9f
[INFO] [stdout]                                at /rustc/df4ca44d3fbc9301ee17f30f4d474e6ae4b05252/library/core/src/fmt/mod.rs:1190:21
[INFO] [stdout]    6:     0x586d17781093 - std::io::Write::write_fmt::h7d3c26752da97734
[INFO] [stdout]                                at /rustc/df4ca44d3fbc9301ee17f30f4d474e6ae4b05252/library/std/src/io/mod.rs:1839:15
[INFO] [stdout]    7:     0x586d17784272 - std::sys::backtrace::BacktraceLock::print::h4b9e00b29e9c0942
[INFO] [stdout]                                at /rustc/df4ca44d3fbc9301ee17f30f4d474e6ae4b05252/library/std/src/sys/backtrace.rs:42:9
[INFO] [stdout]    8:     0x586d177858ba - std::panicking::default_hook::{{closure}}::hb59b88280d0324d9
[INFO] [stdout]                                at /rustc/df4ca44d3fbc9301ee17f30f4d474e6ae4b05252/library/std/src/panicking.rs:268:22
[INFO] [stdout]    9:     0x586d177856c4 - std::panicking::default_hook::he1dd496665be4a29
[INFO] [stdout]                                at /rustc/df4ca44d3fbc9301ee17f30f4d474e6ae4b05252/library/std/src/panicking.rs:292:9
[INFO] [stdout]   10:     0x586d17717209 - <alloc::boxed::Box<F,A> as core::ops::function::Fn<Args>>::call::h4ff71de18744e1dc
[INFO] [stdout]                                at /rustc/df4ca44d3fbc9301ee17f30f4d474e6ae4b05252/library/alloc/src/boxed.rs:2468:9
[INFO] [stdout]   11:     0x586d17717209 - test::test_main::{{closure}}::hcf7c055ce117aa81
[INFO] [stdout]                                at /rustc/df4ca44d3fbc9301ee17f30f4d474e6ae4b05252/library/test/src/lib.rs:133:21
[INFO] [stdout]   12:     0x586d17785fb8 - <alloc::boxed::Box<F,A> as core::ops::function::Fn<Args>>::call::h1d66c6bbd60c9692
[INFO] [stdout]                                at /rustc/df4ca44d3fbc9301ee17f30f4d474e6ae4b05252/library/alloc/src/boxed.rs:2468:9
[INFO] [stdout]   13:     0x586d17785fb8 - std::panicking::rust_panic_with_hook::h2ff17fe8f26dfcf8
[INFO] [stdout]                                at /rustc/df4ca44d3fbc9301ee17f30f4d474e6ae4b05252/library/std/src/panicking.rs:809:13
[INFO] [stdout]   14:     0x586d17785d46 - std::panicking::begin_panic_handler::{{closure}}::h4fad77951c07e101
[INFO] [stdout]                                at /rustc/df4ca44d3fbc9301ee17f30f4d474e6ae4b05252/library/std/src/panicking.rs:667:13
[INFO] [stdout]   15:     0x586d17784909 - std::sys::backtrace::__rust_end_short_backtrace::hb1a25b3da5d0ea08
[INFO] [stdout]                                at /rustc/df4ca44d3fbc9301ee17f30f4d474e6ae4b05252/library/std/src/sys/backtrace.rs:170:18
[INFO] [stdout]   16:     0x586d17785a0c - rust_begin_unwind
[INFO] [stdout]                                at /rustc/df4ca44d3fbc9301ee17f30f4d474e6ae4b05252/library/std/src/panicking.rs:665:5
[INFO] [stdout]   17:     0x586d177a9aa0 - core::panicking::panic_fmt::ha9db07b529f9b256
[INFO] [stdout]                                at /rustc/df4ca44d3fbc9301ee17f30f4d474e6ae4b05252/library/core/src/panicking.rs:75:14
[INFO] [stdout]   18:     0x586d177a9b2c - core::panicking::panic::h993086813d94accc
[INFO] [stdout]                                at /rustc/df4ca44d3fbc9301ee17f30f4d474e6ae4b05252/library/core/src/panicking.rs:152:5
[INFO] [stdout]   19:     0x586d176c7e3d - minimum_distance::check_coords::h4318caf7527cc1fa
[INFO] [stdout]                                at /opt/rustwide/workdir/tests/minimum_distance.rs:16:5
[INFO] [stdout]   20:     0x586d176c9662 - minimum_distance::four_dimensions::hd4b0acdd26f558f3
[INFO] [stdout]                                at /opt/rustwide/workdir/tests/minimum_distance.rs:85:9
[INFO] [stdout]   21:     0x586d176c94c7 - minimum_distance::four_dimensions::{{closure}}::h958294e96d37360b
[INFO] [stdout]                                at /opt/rustwide/workdir/tests/minimum_distance.rs:80:21
[INFO] [stdout]   22:     0x586d176c3816 - core::ops::function::FnOnce::call_once::h6287cac8082de37b
[INFO] [stdout]                                at /rustc/df4ca44d3fbc9301ee17f30f4d474e6ae4b05252/library/core/src/ops/function.rs:250:5
[INFO] [stdout]   23:     0x586d1771badb - core::ops::function::FnOnce::call_once::h22c3ba5715e93f05
[INFO] [stdout]                                at /rustc/df4ca44d3fbc9301ee17f30f4d474e6ae4b05252/library/core/src/ops/function.rs:250:5
[INFO] [stdout]   24:     0x586d1771badb - test::__rust_begin_short_backtrace::h8e82d8113d0da17f
[INFO] [stdout]                                at /rustc/df4ca44d3fbc9301ee17f30f4d474e6ae4b05252/library/test/src/lib.rs:621:18
[INFO] [stdout]   25:     0x586d1771b457 - test::run_test_in_process::{{closure}}::h33235f4f20b7b7c7
[INFO] [stdout]                                at /rustc/df4ca44d3fbc9301ee17f30f4d474e6ae4b05252/library/test/src/lib.rs:644:60
[INFO] [stdout]   26:     0x586d1771b457 - <core::panic::unwind_safe::AssertUnwindSafe<F> as core::ops::function::FnOnce<()>>::call_once::hb5043206310c586f
[INFO] [stdout]                                at /rustc/df4ca44d3fbc9301ee17f30f4d474e6ae4b05252/library/core/src/panic/unwind_safe.rs:272:9
[INFO] [stdout]   27:     0x586d1771b457 - std::panicking::try::do_call::h9ad4731a60ab23e2
[INFO] [stdout]                                at /rustc/df4ca44d3fbc9301ee17f30f4d474e6ae4b05252/library/std/src/panicking.rs:557:40
[INFO] [stdout]   28:     0x586d1771b457 - std::panicking::try::h3824d23db772a716
[INFO] [stdout]                                at /rustc/df4ca44d3fbc9301ee17f30f4d474e6ae4b05252/library/std/src/panicking.rs:520:19
[INFO] [stdout]   29:     0x586d1771b457 - std::panic::catch_unwind::h5afd514605fde46b
[INFO] [stdout]                                at /rustc/df4ca44d3fbc9301ee17f30f4d474e6ae4b05252/library/std/src/panic.rs:358:14
[INFO] [stdout]   30:     0x586d1771b457 - test::run_test_in_process::h0d5cbfa7067d1720
[INFO] [stdout]                                at /rustc/df4ca44d3fbc9301ee17f30f4d474e6ae4b05252/library/test/src/lib.rs:644:27
[INFO] [stdout]   31:     0x586d1771b457 - test::run_test::{{closure}}::h708eb8872708115d
[INFO] [stdout]                                at /rustc/df4ca44d3fbc9301ee17f30f4d474e6ae4b05252/library/test/src/lib.rs:565:43
[INFO] [stdout]   32:     0x586d176deb74 - test::run_test::{{closure}}::h392c51cee94713ab
[INFO] [stdout]                                at /rustc/df4ca44d3fbc9301ee17f30f4d474e6ae4b05252/library/test/src/lib.rs:595:41
[INFO] [stdout]   33:     0x586d176deb74 - std::sys::backtrace::__rust_begin_short_backtrace::h2f40290710935a8b
[INFO] [stdout]                                at /rustc/df4ca44d3fbc9301ee17f30f4d474e6ae4b05252/library/std/src/sys/backtrace.rs:154:18
[INFO] [stdout]   34:     0x586d176e231e - std::thread::Builder::spawn_unchecked_::{{closure}}::{{closure}}::h3fd968d89053a903
[INFO] [stdout]                                at /rustc/df4ca44d3fbc9301ee17f30f4d474e6ae4b05252/library/std/src/thread/mod.rs:541:17
[INFO] [stdout]   35:     0x586d176e231e - <core::panic::unwind_safe::AssertUnwindSafe<F> as core::ops::function::FnOnce<()>>::call_once::h743f637ba4229880
[INFO] [stdout]                                at /rustc/df4ca44d3fbc9301ee17f30f4d474e6ae4b05252/library/core/src/panic/unwind_safe.rs:272:9
[INFO] [stdout]   36:     0x586d176e231e - std::panicking::try::do_call::h07440897322525a6
[INFO] [stdout]                                at /rustc/df4ca44d3fbc9301ee17f30f4d474e6ae4b05252/library/std/src/panicking.rs:557:40
[INFO] [stdout]   37:     0x586d176e231e - std::panicking::try::he5a2e00188156637
[INFO] [stdout]                                at /rustc/df4ca44d3fbc9301ee17f30f4d474e6ae4b05252/library/std/src/panicking.rs:520:19
[INFO] [stdout]   38:     0x586d176e231e - std::panic::catch_unwind::hbaf3cae49b3c6433
[INFO] [stdout]                                at /rustc/df4ca44d3fbc9301ee17f30f4d474e6ae4b05252/library/std/src/panic.rs:358:14
[INFO] [stdout]   39:     0x586d176e231e - std::thread::Builder::spawn_unchecked_::{{closure}}::h8e141ea224820bce
[INFO] [stdout]                                at /rustc/df4ca44d3fbc9301ee17f30f4d474e6ae4b05252/library/std/src/thread/mod.rs:540:30
[INFO] [stdout]   40:     0x586d176e231e - core::ops::function::FnOnce::call_once{{vtable.shim}}::h90d312fedd7b8ea8
[INFO] [stdout]                                at /rustc/df4ca44d3fbc9301ee17f30f4d474e6ae4b05252/library/core/src/ops/function.rs:250:5
[INFO] [stdout]   41:     0x586d17789dab - <alloc::boxed::Box<F,A> as core::ops::function::FnOnce<Args>>::call_once::h69aa08ddb6adb8b6
[INFO] [stdout]                                at /rustc/df4ca44d3fbc9301ee17f30f4d474e6ae4b05252/library/alloc/src/boxed.rs:2454:9
[INFO] [stdout]   42:     0x586d17789dab - <alloc::boxed::Box<F,A> as core::ops::function::FnOnce<Args>>::call_once::h5aa36efdb79c806f
[INFO] [stdout]                                at /rustc/df4ca44d3fbc9301ee17f30f4d474e6ae4b05252/library/alloc/src/boxed.rs:2454:9
[INFO] [stdout]   43:     0x586d17789dab - std::sys::pal::unix::thread::Thread::new::thread_start::h6cd80a1b4be5158d
[INFO] [stdout]                                at /rustc/df4ca44d3fbc9301ee17f30f4d474e6ae4b05252/library/std/src/sys/pal/unix/thread.rs:105:17
[INFO] [stdout]   44:     0x72dd6bd24ac3 - <unknown>
[INFO] [stdout]   45:     0x72dd6bdb5a04 - clone
[INFO] [stdout]   46:                0x0 - <unknown>
[INFO] [stdout] 
[INFO] [stdout] 
[INFO] [stdout] failures:
[INFO] [stdout]     four_dimensions
[INFO] [stdout] 
[INFO] [stdout] test result: FAILED. 7 passed; 1 failed; 0 ignored; 0 measured; 0 filtered out; finished in 29.22s
[INFO] [stdout] 
[INFO] [stderr] error: test failed, to rerun pass `--test minimum_distance`
[INFO] running `Command { std: "docker" "inspect" "7aea21339739245589faf4891a21d02f573202daf0d956822dcc6cad64bc8712", kill_on_drop: false }`
[INFO] running `Command { std: "docker" "rm" "-f" "7aea21339739245589faf4891a21d02f573202daf0d956822dcc6cad64bc8712", kill_on_drop: false }`
[INFO] [stdout] 7aea21339739245589faf4891a21d02f573202daf0d956822dcc6cad64bc8712
