[INFO] fetching crate ohcrab 0.7.5...
[INFO] testing ohcrab-0.7.5 against nightly-2024-10-28 for randomize-layout
[INFO] extracting crate ohcrab 0.7.5 into /workspace/builds/worker-6-tc1/source
[INFO] validating manifest of crates.io crate ohcrab 0.7.5 on toolchain nightly-2024-10-28
[INFO] running `Command { std: CARGO_HOME="/workspace/cargo-home" RUSTUP_HOME="/workspace/rustup-home" "/workspace/cargo-home/bin/cargo" "+nightly-2024-10-28" "metadata" "--manifest-path" "Cargo.toml" "--no-deps", kill_on_drop: false }`
[INFO] started tweaking crates.io crate ohcrab 0.7.5
[INFO] finished tweaking crates.io crate ohcrab 0.7.5
[INFO] tweaked toml for crates.io crate ohcrab 0.7.5 written to /workspace/builds/worker-6-tc1/source/Cargo.toml
[INFO] crate crates.io crate ohcrab 0.7.5 already has a lockfile, it will not be regenerated
[INFO] running `Command { std: CARGO_HOME="/workspace/cargo-home" RUSTUP_HOME="/workspace/rustup-home" "/workspace/cargo-home/bin/cargo" "+nightly-2024-10-28" "fetch" "--manifest-path" "Cargo.toml", kill_on_drop: false }`
[INFO] [stderr]     Updating crates.io index
[INFO] [stderr]  Downloading crates ...
[INFO] [stderr]   Downloaded zopfli v0.8.0
[INFO] [stderr]   Downloaded libz-ng-sys v1.1.15
[INFO] [stderr]   Downloaded mockall v0.12.0
[INFO] [stderr]   Downloaded fuzzt v0.3.1
[INFO] [stderr]   Downloaded mockall_derive v0.12.0
[INFO] [stderr]   Downloaded zip v1.1.3
[INFO] running `Command { std: "docker" "create" "-v" "/var/lib/crater-agent-workspace/builds/worker-6-tc1/target:/opt/rustwide/target:rw,Z" "-v" "/var/lib/crater-agent-workspace/builds/worker-6-tc1/source:/opt/rustwide/workdir:ro,Z" "-v" "/var/lib/crater-agent-workspace/cargo-home:/opt/rustwide/cargo-home:ro,Z" "-v" "/var/lib/crater-agent-workspace/rustup-home:/opt/rustwide/rustup-home:ro,Z" "-e" "SOURCE_DIR=/opt/rustwide/workdir" "-e" "CARGO_TARGET_DIR=/opt/rustwide/target" "-e" "CARGO_HOME=/opt/rustwide/cargo-home" "-e" "RUSTUP_HOME=/opt/rustwide/rustup-home" "-w" "/opt/rustwide/workdir" "-m" "1610612736" "--user" "0:0" "--network" "none" "ghcr.io/rust-lang/crates-build-env/linux@sha256:4a844ea9eb2546a2d2c7022eacef16ef2e8229c7fbb2c7d4d55a9ceca922f72d" "/opt/rustwide/cargo-home/bin/cargo" "+nightly-2024-10-28" "metadata" "--no-deps" "--format-version=1", kill_on_drop: false }`
[INFO] [stdout] ab3b40b152d476ed62de829b513ca2d66be3c3579ab6c24f3ff238da85b52d91
[INFO] running `Command { std: "docker" "start" "-a" "ab3b40b152d476ed62de829b513ca2d66be3c3579ab6c24f3ff238da85b52d91", kill_on_drop: false }`
[INFO] running `Command { std: "docker" "inspect" "ab3b40b152d476ed62de829b513ca2d66be3c3579ab6c24f3ff238da85b52d91", kill_on_drop: false }`
[INFO] running `Command { std: "docker" "rm" "-f" "ab3b40b152d476ed62de829b513ca2d66be3c3579ab6c24f3ff238da85b52d91", kill_on_drop: false }`
[INFO] [stdout] ab3b40b152d476ed62de829b513ca2d66be3c3579ab6c24f3ff238da85b52d91
[INFO] running `Command { std: "docker" "create" "-v" "/var/lib/crater-agent-workspace/builds/worker-6-tc1/target:/opt/rustwide/target:rw,Z" "-v" "/var/lib/crater-agent-workspace/builds/worker-6-tc1/source:/opt/rustwide/workdir:ro,Z" "-v" "/var/lib/crater-agent-workspace/cargo-home:/opt/rustwide/cargo-home:ro,Z" "-v" "/var/lib/crater-agent-workspace/rustup-home:/opt/rustwide/rustup-home:ro,Z" "-e" "SOURCE_DIR=/opt/rustwide/workdir" "-e" "CARGO_TARGET_DIR=/opt/rustwide/target" "-e" "CARGO_INCREMENTAL=0" "-e" "RUST_BACKTRACE=full" "-e" "RUSTFLAGS=--cap-lints=forbid" "-e" "RUSTDOCFLAGS=--cap-lints=forbid" "-e" "CARGO_HOME=/opt/rustwide/cargo-home" "-e" "RUSTUP_HOME=/opt/rustwide/rustup-home" "-w" "/opt/rustwide/workdir" "-m" "1610612736" "--user" "0:0" "--network" "none" "ghcr.io/rust-lang/crates-build-env/linux@sha256:4a844ea9eb2546a2d2c7022eacef16ef2e8229c7fbb2c7d4d55a9ceca922f72d" "/opt/rustwide/cargo-home/bin/cargo" "+nightly-2024-10-28" "build" "--frozen" "--message-format=json", kill_on_drop: false }`
[INFO] [stdout] 83064ad3213e1dc35aacf8ffff8729b9ec4e37f73a79a701c19b2ff8367252f2
[INFO] running `Command { std: "docker" "start" "-a" "83064ad3213e1dc35aacf8ffff8729b9ec4e37f73a79a701c19b2ff8367252f2", kill_on_drop: false }`
[INFO] [stderr]    Compiling libc v0.2.154
[INFO] [stderr]    Compiling utf8parse v0.2.1
[INFO] [stderr]    Compiling colorchoice v1.0.0
[INFO] [stderr]    Compiling memchr v2.6.4
[INFO] [stderr]    Compiling rustix v0.38.34
[INFO] [stderr]    Compiling anstyle v1.0.4
[INFO] [stderr]    Compiling anstyle-query v1.0.0
[INFO] [stderr]    Compiling strsim v0.10.0
[INFO] [stderr]    Compiling option-ext v0.2.0
[INFO] [stderr]    Compiling bitflags v2.4.1
[INFO] [stderr]    Compiling regex-syntax v0.8.2
[INFO] [stderr]    Compiling clap_lex v0.6.0
[INFO] [stderr]    Compiling linux-raw-sys v0.4.13
[INFO] [stderr]    Compiling either v1.9.0
[INFO] [stderr]    Compiling home v0.5.5
[INFO] [stderr]    Compiling lazy_static v1.4.0
[INFO] [stderr]    Compiling anstyle-parse v0.2.2
[INFO] [stderr]    Compiling unicode-width v0.1.11
[INFO] [stderr]    Compiling is_executable v1.0.1
[INFO] [stderr]    Compiling shlex v1.3.0
[INFO] [stderr]    Compiling fuzzt v0.3.1
[INFO] [stderr]    Compiling anstream v0.6.4
[INFO] [stderr]    Compiling clap_builder v4.4.7
[INFO] [stderr]    Compiling aho-corasick v1.1.2
[INFO] [stderr]    Compiling dirs-sys v0.4.1
[INFO] [stderr]    Compiling console v0.15.7
[INFO] [stderr]    Compiling dirs v5.0.1
[INFO] [stderr]    Compiling which v4.4.2
[INFO] [stderr]    Compiling regex-automata v0.4.3
[INFO] [stderr]    Compiling clap v4.4.7
[INFO] [stderr]    Compiling regex v1.10.2
[INFO] [stderr]    Compiling ohcrab v0.7.5 (/opt/rustwide/workdir)
[INFO] [stderr]     Finished `dev` profile [unoptimized + debuginfo] target(s) in 8.36s
[INFO] running `Command { std: "docker" "inspect" "83064ad3213e1dc35aacf8ffff8729b9ec4e37f73a79a701c19b2ff8367252f2", kill_on_drop: false }`
[INFO] running `Command { std: "docker" "rm" "-f" "83064ad3213e1dc35aacf8ffff8729b9ec4e37f73a79a701c19b2ff8367252f2", kill_on_drop: false }`
[INFO] [stdout] 83064ad3213e1dc35aacf8ffff8729b9ec4e37f73a79a701c19b2ff8367252f2
[INFO] running `Command { std: "docker" "create" "-v" "/var/lib/crater-agent-workspace/builds/worker-6-tc1/target:/opt/rustwide/target:rw,Z" "-v" "/var/lib/crater-agent-workspace/builds/worker-6-tc1/source:/opt/rustwide/workdir:ro,Z" "-v" "/var/lib/crater-agent-workspace/cargo-home:/opt/rustwide/cargo-home:ro,Z" "-v" "/var/lib/crater-agent-workspace/rustup-home:/opt/rustwide/rustup-home:ro,Z" "-e" "SOURCE_DIR=/opt/rustwide/workdir" "-e" "CARGO_TARGET_DIR=/opt/rustwide/target" "-e" "CARGO_INCREMENTAL=0" "-e" "RUST_BACKTRACE=full" "-e" "RUSTFLAGS=--cap-lints=forbid" "-e" "RUSTDOCFLAGS=--cap-lints=forbid" "-e" "CARGO_HOME=/opt/rustwide/cargo-home" "-e" "RUSTUP_HOME=/opt/rustwide/rustup-home" "-w" "/opt/rustwide/workdir" "-m" "1610612736" "--user" "0:0" "--network" "none" "ghcr.io/rust-lang/crates-build-env/linux@sha256:4a844ea9eb2546a2d2c7022eacef16ef2e8229c7fbb2c7d4d55a9ceca922f72d" "/opt/rustwide/cargo-home/bin/cargo" "+nightly-2024-10-28" "test" "--frozen" "--no-run" "--message-format=json", kill_on_drop: false }`
[INFO] [stdout] 2c6269a072cf99fc1f3b9136d547bd1df8785ee1d97511e8db06cd2ad886a165
[INFO] running `Command { std: "docker" "start" "-a" "2c6269a072cf99fc1f3b9136d547bd1df8785ee1d97511e8db06cd2ad886a165", kill_on_drop: false }`
[INFO] [stderr]    Compiling proc-macro2 v1.0.81
[INFO] [stderr]    Compiling unicode-ident v1.0.12
[INFO] [stderr]    Compiling semver v1.0.21
[INFO] [stderr]    Compiling autocfg v1.1.0
[INFO] [stderr]    Compiling futures-sink v0.3.30
[INFO] [stderr]    Compiling futures-core v0.3.30
[INFO] [stderr]    Compiling futures-task v0.3.30
[INFO] [stderr]    Compiling rustix v0.38.34
[INFO] [stderr]    Compiling futures-io v0.3.30
[INFO] [stderr]    Compiling pin-project-lite v0.2.13
[INFO] [stderr]    Compiling predicates-core v1.0.6
[INFO] [stderr]    Compiling itertools v0.11.0
[INFO] [stderr]    Compiling glob v0.3.1
[INFO] [stderr]    Compiling relative-path v1.9.2
[INFO] [stderr]    Compiling termtree v0.4.1
[INFO] [stderr]    Compiling fastrand v2.0.1
[INFO] [stderr]    Compiling downcast v0.11.0
[INFO] [stderr]    Compiling futures-timer v3.0.2
[INFO] [stderr]    Compiling futures-channel v0.3.30
[INFO] [stderr]    Compiling fragile v2.0.0
[INFO] [stderr]    Compiling predicates-tree v1.0.9
[INFO] [stderr]    Compiling slab v0.4.9
[INFO] [stderr]    Compiling rustc_version v0.4.0
[INFO] [stderr]    Compiling rstest_macros v0.18.2
[INFO] [stderr]    Compiling quote v1.0.36
[INFO] [stderr]    Compiling syn v2.0.60
[INFO] [stderr]    Compiling predicates v3.0.4
[INFO] [stderr]    Compiling which v4.4.2
[INFO] [stderr]    Compiling tempfile v3.10.1
[INFO] [stderr]    Compiling futures-macro v0.3.30
[INFO] [stderr]    Compiling mockall_derive v0.12.0
[INFO] [stderr]    Compiling futures-util v0.3.30
[INFO] [stderr]    Compiling mockall v0.12.0
[INFO] [stderr]    Compiling futures-executor v0.3.30
[INFO] [stderr]    Compiling futures v0.3.30
[INFO] [stderr]    Compiling rstest v0.18.2
[INFO] [stderr]    Compiling ohcrab v0.7.5 (/opt/rustwide/workdir)
[INFO] [stderr]     Finished `test` profile [unoptimized + debuginfo] target(s) in 19.92s
[INFO] running `Command { std: "docker" "inspect" "2c6269a072cf99fc1f3b9136d547bd1df8785ee1d97511e8db06cd2ad886a165", kill_on_drop: false }`
[INFO] running `Command { std: "docker" "rm" "-f" "2c6269a072cf99fc1f3b9136d547bd1df8785ee1d97511e8db06cd2ad886a165", kill_on_drop: false }`
[INFO] [stdout] 2c6269a072cf99fc1f3b9136d547bd1df8785ee1d97511e8db06cd2ad886a165
[INFO] running `Command { std: "docker" "create" "-v" "/var/lib/crater-agent-workspace/builds/worker-6-tc1/target:/opt/rustwide/target:rw,Z" "-v" "/var/lib/crater-agent-workspace/builds/worker-6-tc1/source:/opt/rustwide/workdir:ro,Z" "-v" "/var/lib/crater-agent-workspace/cargo-home:/opt/rustwide/cargo-home:ro,Z" "-v" "/var/lib/crater-agent-workspace/rustup-home:/opt/rustwide/rustup-home:ro,Z" "-e" "SOURCE_DIR=/opt/rustwide/workdir" "-e" "CARGO_TARGET_DIR=/opt/rustwide/target" "-e" "CARGO_INCREMENTAL=0" "-e" "RUST_BACKTRACE=full" "-e" "RUSTFLAGS=--cap-lints=forbid" "-e" "RUSTDOCFLAGS=--cap-lints=forbid" "-e" "CARGO_HOME=/opt/rustwide/cargo-home" "-e" "RUSTUP_HOME=/opt/rustwide/rustup-home" "-w" "/opt/rustwide/workdir" "-m" "1610612736" "--user" "0:0" "--network" "none" "ghcr.io/rust-lang/crates-build-env/linux@sha256:4a844ea9eb2546a2d2c7022eacef16ef2e8229c7fbb2c7d4d55a9ceca922f72d" "/opt/rustwide/cargo-home/bin/cargo" "+nightly-2024-10-28" "test" "--frozen", kill_on_drop: false }`
[INFO] [stdout] e72cb0ee314ad292cc58427a59e56ed91247845cbc3db57a5f2a3eb8427c5807
[INFO] running `Command { std: "docker" "start" "-a" "e72cb0ee314ad292cc58427a59e56ed91247845cbc3db57a5f2a3eb8427c5807", kill_on_drop: false }`
[INFO] [stderr]     Finished `test` profile [unoptimized + debuginfo] target(s) in 0.07s
[INFO] [stderr]      Running unittests src/main.rs (/opt/rustwide/target/debug/deps/ohcrab-b8f5ad973fbe9ce7)
[INFO] [stdout] 
[INFO] [stdout] running 963 tests
[INFO] [stdout] test cli::command::tests::test_shell_command ... ok
[INFO] [stdout] test cli::parser::tests::test_prepare_arguments ... ok
[INFO] [stdout] test rules::ag_literal::tests::test_get_new_command::case_1 ... ok
[INFO] [stdout] test rules::ag_literal::tests::test_match::case_1 ... ok
[INFO] [stdout] test rules::ag_literal::tests::test_match::case_2 ... ok
[INFO] [stdout] test rules::apt_get::tests::get_new_command_1 ... ok
[INFO] [stdout] test rules::apt_get::tests::get_new_command_2 ... ok
[INFO] [stdout] test rules::apt_get::tests::get_new_command_3 ... ok
[INFO] [stdout] test rules::apt_get::tests::get_new_command_4 ... ok
[INFO] [stdout] test rules::apt_get::tests::match_rule_2 ... ok
[INFO] [stdout] test rules::apt_get::tests::match_rule_1 ... ok
[INFO] [stdout] test rules::apt_get::tests::unmatch_rule_2 ... ok
[INFO] [stdout] test rules::apt_get::tests::match_rule_3 ... ok
[INFO] [stdout] test rules::apt_get::tests::unmatch_rule_4 ... ok
[INFO] [stdout] test rules::apt_get::tests::unmatch_rule_1 ... ok
[INFO] [stdout] test rules::apt_get_search::tests::match_rule_1 ... ok
[INFO] [stdout] test rules::apt_get::tests::unmatch_rule_5 ... ok
[INFO] [stdout] test rules::apt_get_search::tests::unmatch_rule_2 ... ok
[INFO] [stdout] test rules::apt_get_search::tests::unmatch_rule_4 ... ok
[INFO] [stdout] test rules::apt_get_search::tests::unmatch_rule_6 ... ok
[INFO] [stdout] test rules::apt_get_search::tests::get_new_command_1 ... ok
[INFO] [stdout] test rules::apt_get_search::tests::unmatch_rule_9 ... ok
[INFO] [stdout] test rules::apt_list_upgradable::tests::test_get_new_command::case_2 ... ok
[INFO] [stdout] test rules::apt_get_search::tests::unmatch_rule_3 ... ok
[INFO] [stdout] test rules::apt_list_upgradable::tests::test_get_new_command::case_3 ... ok
[INFO] [stdout] test rules::apt_get_search::tests::unmatch_rule_1 ... ok
[INFO] [stdout] test rules::apt_list_upgradable::tests::test_get_new_command::case_4 ... ok
[INFO] [stdout] test rules::apt_get_search::tests::unmatch_rule_5 ... ok
[INFO] [stdout] test rules::apt_list_upgradable::tests::test_match::case_01 ... ok
[INFO] [stdout] test rules::apt_list_upgradable::tests::test_match::case_02 ... ok
[INFO] [stdout] test rules::apt_get_search::tests::unmatch_rule_7 ... ok
[INFO] [stdout] test rules::apt_list_upgradable::tests::test_match::case_03 ... ok
[INFO] [stdout] test rules::apt_list_upgradable::tests::test_match::case_04 ... ok
[INFO] [stdout] test rules::apt_list_upgradable::tests::test_get_new_command::case_1 ... ok
[INFO] [stdout] test rules::apt_get_search::tests::unmatch_rule_8 ... ok
[INFO] [stdout] test rules::apt_list_upgradable::tests::test_match::case_05 ... ok
[INFO] [stdout] test rules::apt_list_upgradable::tests::test_match::case_08 ... ok
[INFO] [stdout] test rules::apt_list_upgradable::tests::test_match::case_09 ... ok
[INFO] [stdout] test rules::apt_list_upgradable::tests::test_match::case_10 ... ok
[INFO] [stdout] test rules::apt_list_upgradable::tests::test_match::case_06 ... ok
[INFO] [stdout] test rules::apt_list_upgradable::tests::test_match::case_11 ... ok
[INFO] [stdout] test rules::aws_cli::tests::test_match::case_1 ... ok
[INFO] [stdout] test rules::aws_cli::tests::test_match::case_2 ... ok
[INFO] [stdout] test rules::aws_cli::tests::test_match::case_3 ... ok
[INFO] [stdout] test rules::aws_cli::tests::test_match::case_4 ... ok
[INFO] [stdout] test rules::apt_upgrade::tests::test_match_rule ... ok
[INFO] [stdout] test rules::apt_list_upgradable::tests::test_match::case_07 ... ok
[INFO] [stdout] test rules::az_cli::tests::test_match::case_1 ... ok
[INFO] [stdout] test rules::az_cli::tests::test_match::case_2 ... ok
[INFO] [stdout] test rules::az_cli::tests::test_match::case_3 ... ok
[INFO] [stdout] test rules::brew_install::tests::match_rule_2 ... ok
[INFO] [stdout] test rules::brew_install::tests::match_rule_3 ... ok
[INFO] [stdout] test rules::brew_install::tests::match_rule_1 ... ok
[INFO] [stdout] test rules::brew_install::tests::test_suggestions ... ok
[INFO] [stdout] test rules::brew_install::tests::unmatch_rule_2 ... ok
[INFO] [stdout] test rules::brew_link::tests::test_get_new_command::case_1 ... ok
[INFO] [stdout] test cli::parser::tests::test_process_arguments ... ok
[INFO] [stdout] test cli::parser::tests::test_get_parser_alias_source ... ok
[INFO] [stdout] test rules::brew_install::tests::unmatch_rule_1 ... ok
[INFO] [stdout] test rules::brew_link::tests::test_match::case_1 ... ok
[INFO] [stdout] test rules::brew_link::tests::test_match::case_2 ... ok
[INFO] [stdout] test rules::brew_reinstall::tests::test_get_new_command::case_2 ... ok
[INFO] [stdout] test rules::brew_link::tests::test_match::case_3 ... ok
[INFO] [stdout] test rules::brew_reinstall::tests::test_get_new_command::case_1 ... ok
[INFO] [stdout] test rules::brew_uninstall::tests::test_get_new_command::case_1 ... ok
[INFO] [stdout] test rules::brew_uninstall::tests::test_match::case_1 ... ok
[INFO] [stdout] test rules::brew_install::tests::get_new_command_4 ... ok
[INFO] [stdout] test rules::brew_uninstall::tests::test_match::case_2 ... ok
[INFO] [stdout] test rules::brew_uninstall::tests::test_match::case_3 ... ok
[INFO] [stdout] test rules::brew_uninstall::tests::test_match::case_4 ... ok
[INFO] [stdout] test rules::brew_update_formula::tests::get_new_command_1 ... ok
[INFO] [stdout] test rules::brew_install::tests::get_new_command_1 ... ok
[INFO] [stdout] test rules::brew_install::tests::get_new_command_3 ... ok
[INFO] [stdout] test rules::brew_install::tests::get_new_command_2 ... ok
[INFO] [stdout] test rules::aws_cli::tests::test_get_new_command::case_2 ... ok
[INFO] [stdout] test rules::brew_update_formula::tests::get_new_command_2 ... ok
[INFO] [stdout] test rules::brew_reinstall::tests::test_match::case_2 ... ok
[INFO] [stdout] test rules::brew_update_formula::tests::match_rule_1 ... ok
[INFO] [stdout] test rules::brew_update_formula::tests::unmatch_rule_1 ... ok
[INFO] [stdout] test rules::brew_update_formula::tests::unmatch_rule_2 ... ok
[INFO] [stdout] test rules::cargo_no_command::tests::test_match::case_1 ... ok
[INFO] [stdout] test rules::cargo::tests::test_match_rule ... ok
[INFO] [stdout] test rules::az_cli::tests::test_get_new_command::case_2 ... ok
[INFO] [stdout] test rules::az_cli::tests::test_get_new_command::case_1 ... ok
[INFO] [stdout] test rules::aws_cli::tests::test_get_new_command::case_3 ... ok
[INFO] [stdout] test rules::cargo_no_command::tests::test_match::case_2 ... ok
[INFO] [stdout] test rules::cat_dir::tests::test_get_new_command::case_1 ... ok
[INFO] [stdout] test rules::cat_dir::tests::test_get_new_command::case_3 ... ok
[INFO] [stdout] test rules::cat_dir::tests::test_match::case_2 ... ok
[INFO] [stdout] test rules::cat_dir::tests::test_get_new_command::case_2 ... ok
[INFO] [stdout] test rules::cat_dir::tests::test_match::case_5 ... ok
[INFO] [stdout] test rules::cat_dir::tests::test_match::case_3 ... ok
[INFO] [stdout] test rules::cat_dir::tests::test_match::case_4 ... ok
[INFO] [stdout] test rules::cat_dir::tests::test_match::case_6 ... ok
[INFO] [stdout] test rules::cd_correction::tests::test_match::case_1 ... ok
[INFO] [stdout] test rules::cat_dir::tests::test_match::case_1 ... ok
[INFO] [stdout] test rules::cd_correction::tests::test_match::case_3 ... ok
[INFO] [stdout] test rules::brew_reinstall::tests::test_match::case_3 ... ok
[INFO] [stdout] test rules::cd_correction::tests::test_match::case_2 ... ok
[INFO] [stdout] test rules::cd_correction::tests::test_match::case_4 ... ok
[INFO] [stdout] test rules::cd_correction::tests::test_match::case_5 ... ok
[INFO] [stdout] test rules::cd_correction::tests::test_match::case_6 ... ok
[INFO] [stdout] test rules::cd_cs::tests::test_get_new_command ... ok
[INFO] [stdout] test rules::cd_cs::tests::test_match_rule ... ok
[INFO] [stdout] test rules::aws_cli::tests::test_get_new_command::case_1 ... ok
[INFO] [stdout] test rules::cd_mkdir::tests::test_match::case_2 ... ok
[INFO] [stdout] test rules::cd_mkdir::tests::test_match::case_4 ... ok
[INFO] [stdout] test rules::cd_mkdir::tests::test_match::case_1 ... ok
[INFO] [stdout] test rules::cd_mkdir::tests::test_match::case_3 ... ok
[INFO] [stdout] test rules::cd_mkdir::tests::test_match::case_5 ... ok
[INFO] [stdout] test rules::cd_mkdir::tests::test_match::case_6 ... ok
[INFO] [stdout] test rules::cd_parent::tests::get_new_command_1 ... ok
[INFO] [stdout] test rules::cd_parent::tests::match_rule_1 ... ok
[INFO] [stdout] test rules::cargo_no_command::tests::test_get_new_command::case_2 ... ok
[INFO] [stdout] test rules::chmod_x::tests::get_new_command_1 ... ok
[INFO] [stdout] test rules::cd_parent::tests::unmatch_rule_1 ... ok
[INFO] [stdout] test rules::chmod_x::tests::get_new_command_2 ... ok
[INFO] [stdout] test rules::chmod_x::tests::unmatch_rule_1 ... ok
[INFO] [stdout] test rules::chmod_x::tests::match_rule_2 ... ok
[INFO] [stdout] test rules::chmod_x::tests::match_rule_1 ... ok
[INFO] [stdout] test rules::chmod_x::tests::unmatch_rule_3 ... ok
[INFO] [stdout] test rules::chmod_x::tests::unmatch_rule_4 ... ok
[INFO] [stdout] test rules::chmod_x::tests::unmatch_rule_2 ... ok
[INFO] [stdout] test rules::cargo_no_command::tests::test_get_new_command::case_1 ... ok
[INFO] [stdout] test rules::choco_install::tests::get_new_command_1 ... ok
[INFO] [stdout] test rules::choco_install::tests::get_new_command_2 ... ok
[INFO] [stdout] test rules::choco_install::tests::get_new_command_3 ... ok
[INFO] [stdout] test rules::choco_install::tests::get_new_command_8 ... ok
[INFO] [stdout] test rules::choco_install::tests::get_new_command_9 ... ok
[INFO] [stdout] test rules::choco_install::tests::get_new_command_4 ... ok
[INFO] [stdout] test rules::choco_install::tests::get_new_command_5 ... ok
[INFO] [stdout] test rules::choco_install::tests::get_new_command_6 ... ok
[INFO] [stdout] test rules::choco_install::tests::match_rule_1 ... ok
[INFO] [stdout] test rules::choco_install::tests::get_new_command_7 ... ok
[INFO] [stdout] test rules::choco_install::tests::match_rule_2 ... ok
[INFO] [stdout] test rules::choco_install::tests::match_rule_3 ... ok
[INFO] [stdout] test rules::choco_install::tests::match_rule_10 ... ok
[INFO] [stdout] test rules::choco_install::tests::match_rule_4 ... ok
[INFO] [stdout] test rules::cd_mkdir::tests::test_get_new_command::case_1 ... ok
[INFO] [stdout] test rules::cd_mkdir::tests::test_get_new_command::case_2 ... ok
[INFO] [stdout] test rules::choco_install::tests::match_rule_6 ... ok
[INFO] [stdout] test rules::choco_install::tests::match_rule_5 ... ok
[INFO] [stdout] test rules::choco_install::tests::match_rule_8 ... ok
[INFO] [stdout] test rules::choco_install::tests::match_rule_9 ... ok
[INFO] [stdout] test rules::choco_install::tests::unmatch_rule_1 ... ok
[INFO] [stdout] test rules::choco_install::tests::unmatch_rule_10 ... ok
[INFO] [stdout] test rules::choco_install::tests::match_rule_7 ... ok
[INFO] [stdout] test rules::choco_install::tests::unmatch_rule_13 ... ok
[INFO] [stdout] test rules::choco_install::tests::unmatch_rule_14 ... ok
[INFO] [stdout] test rules::choco_install::tests::unmatch_rule_15 ... ok
[INFO] [stdout] test rules::choco_install::tests::unmatch_rule_11 ... ok
[INFO] [stdout] test rules::choco_install::tests::unmatch_rule_16 ... ok
[INFO] [stdout] test rules::choco_install::tests::unmatch_rule_17 ... ok
[INFO] [stdout] test rules::choco_install::tests::unmatch_rule_18 ... ok
[INFO] [stdout] test rules::choco_install::tests::unmatch_rule_19 ... ok
[INFO] [stdout] test rules::choco_install::tests::unmatch_rule_12 ... ok
[INFO] [stdout] test rules::choco_install::tests::unmatch_rule_3 ... ok
[INFO] [stdout] test rules::choco_install::tests::unmatch_rule_4 ... ok
[INFO] [stdout] test rules::choco_install::tests::unmatch_rule_5 ... ok
[INFO] [stdout] test rules::choco_install::tests::unmatch_rule_6 ... ok
[INFO] [stdout] test rules::choco_install::tests::unmatch_rule_20 ... ok
[INFO] [stdout] test rules::choco_install::tests::unmatch_rule_21 ... ok
[INFO] [stdout] test rules::choco_install::tests::unmatch_rule_7 ... ok
[INFO] [stdout] test rules::choco_install::tests::unmatch_rule_8 ... ok
[INFO] [stdout] test rules::brew_reinstall::tests::test_match::case_1 ... ok
[INFO] [stdout] test rules::choco_install::tests::unmatch_rule_9 ... ok
[INFO] [stdout] test rules::choco_install::tests::unmatch_rule_2 ... ok
[INFO] [stdout] test rules::composer_not_command::tests::test_match::case_1 ... ok
[INFO] [stdout] test rules::composer_not_command::tests::test_match::case_2 ... ok
[INFO] [stdout] test rules::composer_not_command::tests::test_match::case_3 ... ok
[INFO] [stdout] test rules::composer_not_command::tests::test_match::case_4 ... ok
[INFO] [stdout] test rules::conda_mistype::tests::test_match::case_1 ... ok
[INFO] [stdout] test rules::conda_mistype::tests::test_match::case_2 ... ok
[INFO] [stdout] test rules::cp_create_destination::tests::test_get_new_command::case_1 ... ok
[INFO] [stdout] test rules::cp_create_destination::tests::test_match::case_2 ... ok
[INFO] [stdout] test rules::cp_create_destination::tests::test_match::case_1 ... ok
[INFO] [stdout] test rules::cp_create_destination::tests::test_get_new_command::case_2 ... ok
[INFO] [stdout] test rules::cp_create_destination::tests::test_match::case_3 ... ok
[INFO] [stdout] test rules::cp_create_destination::tests::test_match::case_4 ... ok
[INFO] [stdout] test rules::cp_create_destination::tests::test_match::case_5 ... ok
[INFO] [stdout] test rules::cp_create_destination::tests::test_get_new_command::case_3 ... ok
[INFO] [stdout] test rules::cp_omitting_directory::tests::test_get_new_command::case_1 ... ok
[INFO] [stdout] test rules::cp_omitting_directory::tests::test_match::case_3 ... ok
[INFO] [stdout] test rules::cp_omitting_directory::tests::test_match::case_4 ... ok
[INFO] [stdout] test rules::cp_omitting_directory::tests::test_match::case_2 ... ok
[INFO] [stdout] test rules::cp_omitting_directory::tests::test_match::case_5 ... ok
[INFO] [stdout] test rules::cpp11::tests::test_get_new_command::case_1 ... ok
[INFO] [stdout] test rules::cp_omitting_directory::tests::test_match::case_1 ... ok
[INFO] [stdout] test rules::cpp11::tests::test_get_new_command::case_2 ... ok
[INFO] [stdout] test rules::cpp11::tests::test_match::case_1 ... ok
[INFO] [stdout] test rules::cpp11::tests::test_match::case_2 ... ok
[INFO] [stdout] test rules::cpp11::tests::test_match::case_3 ... ok
[INFO] [stdout] test rules::django_south_ghost::tests::test_get_new_command::case_1 ... ok
[INFO] [stdout] test rules::django_south_ghost::tests::test_match::case_1 ... ok
[INFO] [stdout] test rules::django_south_ghost::tests::test_match::case_3 ... ok
[INFO] [stdout] test rules::django_south_ghost::tests::test_match::case_5 ... ok
[INFO] [stdout] test rules::django_south_ghost::tests::test_match::case_2 ... ok
[INFO] [stdout] test rules::django_south_ghost::tests::test_match::case_4 ... ok
[INFO] [stdout] test rules::django_south_merge::tests::test_get_new_command::case_1 ... ok
[INFO] [stdout] test rules::django_south_merge::tests::test_match::case_2 ... ok
[INFO] [stdout] test rules::django_south_merge::tests::test_match::case_3 ... ok
[INFO] [stdout] test rules::django_south_merge::tests::test_match::case_1 ... ok
[INFO] [stdout] test rules::django_south_merge::tests::test_match::case_5 ... ok
[INFO] [stdout] test rules::django_south_merge::tests::test_match::case_4 ... ok
[INFO] [stdout] test rules::docker_image_being_used_by_container::tests::test_match::case_1 ... ok
[INFO] [stdout] test rules::conda_mistype::tests::test_get_new_command::case_1 ... ok
[INFO] [stdout] test rules::docker_image_being_used_by_container::tests::test_get_new_command::case_1 ... ok
[INFO] [stdout] test rules::docker_image_being_used_by_container::tests::test_match::case_2 ... ok
[INFO] [stdout] test rules::docker_image_being_used_by_container::tests::test_match::case_3 ... ok
[INFO] [stdout] test rules::docker_login::tests::test_get_new_command::case_2 ... ok
[INFO] [stdout] test rules::docker_login::tests::test_get_new_command::case_1 ... ok
[INFO] [stdout] test rules::docker_login::tests::test_match::case_1 ... ok
[INFO] [stdout] test rules::docker_login::tests::test_match::case_3 ... ok
[INFO] [stdout] test rules::dry::tests::test_get_new_command::case_1 ... ok
[INFO] [stdout] test cli::command::tests::test_run_command ... ok
[INFO] [stdout] test rules::fix_alt_space::tests::test_get_new_command::case_1 ... ok
[INFO] [stdout] test rules::fix_alt_space::tests::test_match::case_2 ... ok
[INFO] [stdout] test rules::docker_login::tests::test_match::case_2 ... ok
[INFO] [stdout] test rules::dry::tests::test_match::case_1 ... ok
[INFO] [stdout] test rules::fix_alt_space::tests::test_match::case_1 ... ok
[INFO] [stdout] test rules::fix_alt_space::tests::test_match::case_3 ... ok
[INFO] [stdout] test rules::dry::tests::test_match::case_2 ... ok
[INFO] [stdout] test rules::dry::tests::test_get_new_command::case_2 ... ok
[INFO] [stdout] test rules::git_add_force::tests::test_match::case_1 ... ok
[INFO] [stdout] test rules::git_add_force::tests::test_match::case_2 ... ok
[INFO] [stdout] test rules::git_bisect_usage::tests::test_match::case_1 ... ok
[INFO] [stdout] test rules::git_add_force::tests::test_get_new_command::case_1 ... ok
[INFO] [stdout] test rules::composer_not_command::tests::test_get_new_command::case_3 ... ok
[INFO] [stdout] test rules::git_add::tests::get_new_command_2 ... ok
[INFO] [stdout] test rules::git_bisect_usage::tests::test_match::case_2 ... ok
[INFO] [stdout] test rules::git_bisect_usage::tests::test_match::case_3 ... ok
[INFO] [stdout] test rules::git_bisect_usage::tests::test_match::case_4 ... ok
[INFO] [stdout] test rules::composer_not_command::tests::test_get_new_command::case_1 ... ok
[INFO] [stdout] test rules::git_bisect_usage::tests::test_match::case_5 ... ok
[INFO] [stdout] test rules::git_add::tests::get_new_command_1 ... ok
[INFO] [stdout] test rules::git_branch_0flag::tests::test_get_new_command::case_4 ... ok
[INFO] [stdout] test rules::git_add::tests::match_rule_1 ... ok
[INFO] [stdout] test rules::git_branch_0flag::tests::test_get_new_command::case_2 ... ok
[INFO] [stdout] test rules::git_branch_0flag::tests::test_get_new_command::case_1 ... ok
[INFO] [stdout] test rules::git_bisect_usage::tests::test_match::case_6 ... ok
[INFO] [stdout] test rules::git_add::tests::unmatch_rule_2 ... ok
[INFO] [stdout] test rules::git_branch_0flag::tests::test_get_new_command::case_3 ... ok
[INFO] [stdout] test rules::git_branch_0flag::tests::test_get_new_command::case_5 ... ok
[INFO] [stdout] test rules::git_branch_0flag::tests::test_get_new_command_not_valid_object::case_2 ... ok
[INFO] [stdout] test rules::git_branch_0flag::tests::test_get_new_command_not_valid_object::case_1 ... ok
[INFO] [stdout] test rules::git_branch_0flag::tests::test_match::case_02 ... ok
[INFO] [stdout] test rules::git_branch_0flag::tests::test_match::case_01 ... ok
[INFO] [stdout] test rules::git_branch_0flag::tests::test_match::case_03 ... ok
[INFO] [stdout] test rules::git_add::tests::unmatch_rule_1 ... ok
[INFO] [stdout] test rules::git_branch_0flag::tests::test_match::case_04 ... ok
[INFO] [stdout] test rules::git_branch_0flag::tests::test_match::case_05 ... ok
[INFO] [stdout] test rules::git_branch_0flag::tests::test_match::case_06 ... ok
[INFO] [stdout] test rules::git_branch_0flag::tests::test_get_new_command::case_6 ... ok
[INFO] [stdout] test rules::git_branch_0flag::tests::test_match::case_07 ... ok
[INFO] [stdout] test rules::git_branch_0flag::tests::test_match::case_10 ... ok
[INFO] [stdout] test rules::git_branch_0flag::tests::test_match::case_08 ... ok
[INFO] [stdout] test rules::git_branch_0flag::tests::test_match::case_11 ... ok
[INFO] [stdout] test rules::git_branch_0flag::tests::test_match::case_09 ... ok
[INFO] [stdout] test rules::git_add::tests::match_rule_2 ... ok
[INFO] [stdout] test rules::composer_not_command::tests::test_get_new_command::case_2 ... ok
[INFO] [stdout] test rules::git_branch_0flag::tests::test_match::case_12 ... ok
[INFO] [stdout] test rules::git_branch_delete::tests::test_get_new_command::case_1 ... ok
[INFO] [stdout] test rules::git_branch_delete::tests::test_match::case_2 ... ok
[INFO] [stdout] test rules::git_branch_delete::tests::test_match::case_3 ... ok
[INFO] [stdout] test rules::git_branch_delete_checked_out::tests::test_get_new_command::case_1 ... ok
[INFO] [stdout] test rules::git_branch_delete_checked_out::tests::test_match::case_1 ... ok
[INFO] [stdout] test rules::git_branch_delete_checked_out::tests::test_match::case_3 ... ok
[INFO] [stdout] test rules::git_branch_delete_checked_out::tests::test_get_new_command::case_2 ... ok
[INFO] [stdout] test rules::git_branch_delete_checked_out::tests::test_match::case_4 ... ok
[INFO] [stdout] test rules::git_branch_delete_checked_out::tests::test_match::case_2 ... ok
[INFO] [stdout] test rules::git_branch_delete::tests::test_match::case_1 ... ok
[INFO] [stdout] test rules::git_branch_exists::tests::test_not_match::case_1 ... ok
[INFO] [stdout] test rules::git_branch_exists::tests::test_not_match::case_2 ... ok
[INFO] [stdout] test rules::git_branch_exists::tests::test_not_match::case_3 ... ok
[INFO] [stdout] test rules::git_branch_list::tests::test_get_new_command::case_1 ... ok
[INFO] [stdout] test rules::git_branch_list::tests::test_match::case_3 ... ok
[INFO] [stdout] test rules::git_branch_exists::tests::test_match::case_1 ... ok
[INFO] [stdout] test rules::git_branch_list::tests::test_match::case_4 ... ok
[INFO] [stdout] test rules::git_branch_exists::tests::test_match::case_2 ... ok
[INFO] [stdout] test rules::git_branch_list::tests::test_match::case_5 ... ok
[INFO] [stdout] test rules::git_branch_list::tests::test_match::case_1 ... ok
[INFO] [stdout] test rules::git_branch_list::tests::test_match::case_2 ... ok
[INFO] [stdout] test rules::git_checkout::tests::test_get_branches::case_01 ... ok
[INFO] [stdout] test rules::git_branch_exists::tests::test_match::case_3 ... ok
[INFO] [stdout] test rules::git_checkout::tests::test_get_branches::case_05 ... ok
[INFO] [stdout] test rules::git_checkout::tests::test_get_branches::case_03 ... ok
[INFO] [stdout] test rules::git_checkout::tests::test_get_branches::case_07 ... ok
[INFO] [stdout] test rules::git_checkout::tests::test_get_branches::case_06 ... ok
[INFO] [stdout] test rules::git_checkout::tests::test_get_branches::case_02 ... ok
[INFO] [stdout] test rules::git_checkout::tests::test_get_branches::case_11 ... ok
[INFO] [stdout] test rules::git_checkout::tests::test_get_branches::case_08 ... ok
[INFO] [stdout] test rules::git_checkout::tests::test_get_branches::case_04 ... ok
[INFO] [stdout] test rules::git_checkout::tests::test_get_branches::case_09 ... ok
[INFO] [stdout] test rules::git_checkout::tests::test_get_branches::case_10 ... ok
[INFO] [stdout] test rules::git_bisect_usage::tests::test_get_new_command::case_2 ... ok
[INFO] [stdout] test rules::git_checkout::tests::test_not_match::case_2 ... ok
[INFO] [stdout] test rules::git_checkout::tests::test_match::case_1 ... ok
[INFO] [stdout] test rules::git_clone::tests::test_get_new_command::case_1 ... ok
[INFO] [stdout] test rules::git_checkout::tests::test_not_match::case_3 ... ok
[INFO] [stdout] test rules::git_clone::tests::test_match::case_1 ... ok
[INFO] [stdout] test rules::git_bisect_usage::tests::test_get_new_command::case_3 ... ok
[INFO] [stdout] test rules::git_checkout::tests::test_match::case_2 ... ok
[INFO] [stdout] test rules::git_checkout::tests::test_not_match::case_1 ... ok
[INFO] [stdout] test rules::git_clone::tests::test_match::case_2 ... ok
[INFO] [stdout] test rules::git_clone::tests::test_match::case_3 ... ok
[INFO] [stdout] test rules::git_clone::tests::test_match::case_4 ... ok
[INFO] [stdout] test rules::git_clone::tests::test_match::case_5 ... ok
[INFO] [stdout] test rules::git_bisect_usage::tests::test_get_new_command::case_1 ... ok
[INFO] [stdout] test rules::git_clone_missing::tests::get_new_command_01 ... ok
[INFO] [stdout] test rules::git_clone_missing::tests::get_new_command_02 ... ok
[INFO] [stdout] test rules::git_clone_missing::tests::get_new_command_03 ... ok
[INFO] [stdout] test rules::git_clone_missing::tests::get_new_command_08 ... ok
[INFO] [stdout] test rules::git_clone_missing::tests::get_new_command_04 ... ok
[INFO] [stdout] test rules::git_clone_missing::tests::get_new_command_05 ... ok
[INFO] [stdout] test rules::git_branch_exists::tests::test_get_new_command::case_1 ... ok
[INFO] [stdout] test rules::git_clone_missing::tests::get_new_command_06 ... ok
[INFO] [stdout] test rules::git_clone_missing::tests::get_new_command_07 ... ok
[INFO] [stdout] test rules::git_clone_missing::tests::get_new_command_09 ... ok
[INFO] [stdout] test rules::git_clone_missing::tests::get_new_command_11 ... ok
[INFO] [stdout] test rules::git_clone_missing::tests::get_new_command_13 ... ok
[INFO] [stdout] test rules::git_clone_missing::tests::get_new_command_12 ... ok
[INFO] [stdout] test rules::git_clone_missing::tests::get_new_command_14 ... ok
[INFO] [stdout] test rules::git_clone_missing::tests::get_new_command_15 ... ok
[INFO] [stdout] test rules::git_clone_missing::tests::get_new_command_17 ... ok
[INFO] [stdout] test rules::git_branch_exists::tests::test_get_new_command::case_2 ... ok
[INFO] [stdout] test rules::git_clone_missing::tests::get_new_command_16 ... ok
[INFO] [stdout] test rules::git_clone_missing::tests::get_new_command_18 ... ok
[INFO] [stdout] test rules::git_branch_exists::tests::test_get_new_command::case_3 ... ok
[INFO] [stdout] test rules::git_clone_missing::tests::get_new_command_10 ... ok
[INFO] [stdout] test rules::git_checkout::tests::test_get_new_command::case_1 ... ok
[INFO] [stdout] test rules::git_checkout::tests::test_get_new_command::case_2 ... ok
[INFO] [stdout] test rules::git_checkout::tests::test_get_new_command::case_4 ... ok
[INFO] [stdout] test rules::git_checkout::tests::test_get_new_command::case_3 ... ok
[INFO] [stdout] test rules::git_clone_missing::tests::match_rule_09 ... ok
[INFO] [stdout] test rules::git_clone_missing::tests::match_rule_10 ... ok
[INFO] [stdout] test rules::git_clone_missing::tests::match_rule_01 ... ok
[INFO] [stdout] test rules::git_clone_missing::tests::match_rule_03 ... ok
[INFO] [stdout] test rules::git_clone_missing::tests::match_rule_08 ... ok
[INFO] [stdout] test rules::git_clone_missing::tests::match_rule_02 ... ok
[INFO] [stdout] test rules::git_clone_missing::tests::match_rule_12 ... ok
[INFO] [stdout] test rules::git_clone_missing::tests::match_rule_04 ... ok
[INFO] [stdout] test rules::git_clone_missing::tests::unmatch_rule_03 ... ok
[INFO] [stdout] test rules::git_clone_missing::tests::match_rule_05 ... ok
[INFO] [stdout] test rules::git_clone_missing::tests::match_rule_11 ... ok
[INFO] [stdout] test rules::git_clone_missing::tests::unmatch_rule_02 ... ok
[INFO] [stdout] test rules::git_clone_missing::tests::unmatch_rule_01 ... ok
[INFO] [stdout] test rules::git_clone_missing::tests::unmatch_rule_04 ... ok
[INFO] [stdout] test rules::git_clone_missing::tests::match_rule_07 ... ok
[INFO] [stdout] test rules::git_clone_missing::tests::unmatch_rule_08 ... ok
[INFO] [stdout] test rules::git_clone_missing::tests::unmatch_rule_12 ... ok
[INFO] [stdout] test rules::git_clone_missing::tests::unmatch_rule_09 ... ok
[INFO] [stdout] test rules::git_clone_missing::tests::unmatch_rule_11 ... ok
[INFO] [stdout] test rules::git_clone_missing::tests::unmatch_rule_10 ... ok
[INFO] [stdout] test rules::git_clone_missing::tests::unmatch_rule_13 ... ok
[INFO] [stdout] test rules::git_clone_missing::tests::unmatch_rule_18 ... ok
[INFO] [stdout] test rules::git_clone_missing::tests::unmatch_rule_17 ... ok
[INFO] [stdout] test rules::git_clone_missing::tests::unmatch_rule_19 ... ok
[INFO] [stdout] test rules::git_clone_missing::tests::unmatch_rule_20 ... ok
[INFO] [stdout] test rules::git_clone_missing::tests::unmatch_rule_14 ... ok
[INFO] [stdout] test rules::git_clone_missing::tests::unmatch_rule_15 ... ok
[INFO] [stdout] test rules::git_clone_missing::tests::unmatch_rule_16 ... ok
[INFO] [stdout] test rules::git_clone_missing::tests::unmatch_rule_24 ... ok
[INFO] [stdout] test rules::git_clone_missing::tests::match_rule_06 ... ok
[INFO] [stdout] test rules::git_clone_missing::tests::unmatch_rule_28 ... ok
[INFO] [stdout] test rules::git_clone_missing::tests::unmatch_rule_29 ... ok
[INFO] [stdout] test rules::git_clone_missing::tests::match_rule_15 ... ok
[INFO] [stdout] test rules::git_clone_missing::tests::unmatch_rule_30 ... ok
[INFO] [stdout] test rules::git_clone_missing::tests::unmatch_rule_31 ... ok
[INFO] [stdout] test rules::git_clone_missing::tests::unmatch_rule_32 ... ok
[INFO] [stdout] test rules::git_commit_add::tests::test_get_new_command::case_1 ... ok
[INFO] [stdout] test rules::git_clone_missing::tests::match_rule_14 ... ok
[INFO] [stdout] test rules::git_clone_missing::tests::match_rule_13 ... ok
[INFO] [stdout] test rules::git_commit_add::tests::test_match::case_1 ... ok
[INFO] [stdout] test rules::git_commit_add::tests::test_match::case_2 ... ok
[INFO] [stdout] test rules::git_commit_add::tests::test_get_new_command::case_2 ... ok
[INFO] [stdout] test rules::git_commit_add::tests::test_not_match::case_1 ... ok
[INFO] [stdout] test rules::git_commit_add::tests::test_not_match::case_2 ... ok
[INFO] [stdout] test rules::git_commit_amend::tests::test_get_new_command::case_1 ... ok
[INFO] [stdout] test rules::git_commit_amend::tests::test_get_new_command::case_2 ... ok
[INFO] [stdout] test rules::git_commit_amend::tests::test_match::case_1 ... ok
[INFO] [stdout] test rules::git_commit_amend::tests::test_match::case_2 ... ok
[INFO] [stdout] test rules::git_commit_amend::tests::test_match::case_3 ... ok
[INFO] [stdout] test rules::git_commit_add::tests::test_not_match::case_4 ... ok
[INFO] [stdout] test rules::git_commit_amend::tests::test_match::case_4 ... ok
[INFO] [stdout] test rules::git_commit_amend::tests::test_match::case_5 ... ok
[INFO] [stdout] test rules::git_commit_add::tests::test_not_match::case_3 ... ok
[INFO] [stdout] test rules::git_commit_reset::tests::test_get_new_command::case_1 ... ok
[INFO] [stdout] test rules::git_clone_missing::tests::match_rule_16 ... ok
[INFO] [stdout] test rules::git_commit_reset::tests::test_get_new_command::case_2 ... ok
[INFO] [stdout] test rules::git_commit_reset::tests::test_match::case_2 ... ok
[INFO] [stdout] test rules::git_commit_reset::tests::test_match::case_4 ... ok
[INFO] [stdout] test rules::git_commit_reset::tests::test_match::case_3 ... ok
[INFO] [stdout] test rules::git_clone_missing::tests::match_rule_17 ... ok
[INFO] [stdout] test rules::git_commit_reset::tests::test_match::case_5 ... ok
[INFO] [stdout] test rules::git_commit_reset::tests::test_match::case_1 ... ok
[INFO] [stdout] test rules::git_diff_no_index::tests::test_match::case_1 ... ok
[INFO] [stdout] test rules::git_diff_no_index::tests::test_match::case_2 ... ok
[INFO] [stdout] test rules::git_diff_no_index::tests::test_match::case_3 ... ok
[INFO] [stdout] test rules::git_diff_no_index::tests::test_match::case_4 ... ok
[INFO] [stdout] test rules::git_clone_missing::tests::unmatch_rule_07 ... ok
[INFO] [stdout] test rules::git_clone_missing::tests::unmatch_rule_06 ... ok
[INFO] [stdout] test rules::git_diff_staged::tests::test_match::case_1 ... ok
[INFO] [stdout] test rules::git_diff_staged::tests::test_match::case_2 ... ok
[INFO] [stdout] test rules::git_diff_staged::tests::test_get_new_command::case_2 ... ok
[INFO] [stdout] test rules::git_diff_staged::tests::test_match::case_3 ... ok
[INFO] [stdout] test rules::git_diff_staged::tests::test_get_new_command::case_1 ... ok
[INFO] [stdout] test rules::git_diff_no_index::tests::test_get_new_command::case_1 ... ok
[INFO] [stdout] test rules::git_diff_staged::tests::test_match::case_4 ... ok
[INFO] [stdout] test rules::git_diff_staged::tests::test_match::case_6 ... ok
[INFO] [stdout] test rules::git_diff_staged::tests::test_match::case_5 ... ok
[INFO] [stdout] test rules::git_fix_stash::tests::test_get_new_command::case_2 ... ok
[INFO] [stdout] test rules::git_clone_missing::tests::unmatch_rule_21 ... ok
[INFO] [stdout] test rules::git_fix_stash::tests::test_get_new_command::case_1 ... ok
[INFO] [stdout] test rules::git_fix_stash::tests::test_match::case_1 ... ok
[INFO] [stdout] test rules::git_fix_stash::tests::test_match::case_3 ... ok
[INFO] [stdout] test rules::git_clone_missing::tests::unmatch_rule_25 ... ok
[INFO] [stdout] test rules::git_fix_stash::tests::test_get_new_command::case_3 ... ok
[INFO] [stdout] test rules::git_clone_missing::tests::unmatch_rule_22 ... ok
[INFO] [stdout] test rules::git_clone_missing::tests::unmatch_rule_26 ... ok
[INFO] [stdout] test rules::git_fix_stash::tests::test_match::case_4 ... ok
[INFO] [stdout] test rules::git_clone_missing::tests::unmatch_rule_27 ... ok
[INFO] [stdout] test rules::git_clone_missing::tests::unmatch_rule_05 ... ok
[INFO] [stdout] test rules::git_fix_stash::tests::test_match::case_2 ... ok
[INFO] [stdout] test rules::git_flag_after_filename::tests::test_get_new_command::case_4 ... ok
[INFO] [stdout] test rules::git_clone_missing::tests::unmatch_rule_23 ... ok
[INFO] [stdout] test rules::git_help_aliased::tests::test_get_new_command::case_1 ... ok
[INFO] [stdout] test rules::git_help_aliased::tests::test_match::case_1 ... ok
[INFO] [stdout] test rules::git_help_aliased::tests::test_match::case_2 ... ok
[INFO] [stdout] test rules::git_flag_after_filename::tests::test_match::case_1 ... ok
[INFO] [stdout] test rules::git_help_aliased::tests::test_match::case_3 ... ok
[INFO] [stdout] test rules::git_help_aliased::tests::test_match::case_4 ... ok
[INFO] [stdout] test rules::git_hook_bypass::tests::test_get_new_command::case_1 ... ok
[INFO] [stdout] test rules::git_hook_bypass::tests::test_get_new_command::case_2 ... ok
[INFO] [stdout] test rules::git_flag_after_filename::tests::test_get_new_command::case_2 ... ok
[INFO] [stdout] test rules::git_flag_after_filename::tests::test_match::case_2 ... ok
[INFO] [stdout] test rules::git_flag_after_filename::tests::test_get_new_command::case_1 ... ok
[INFO] [stdout] test rules::git_hook_bypass::tests::test_get_new_command::case_3 ... ok
[INFO] [stdout] test rules::git_flag_after_filename::tests::test_get_new_command::case_3 ... ok
[INFO] [stdout] test rules::git_hook_bypass::tests::test_get_new_command::case_4 ... ok
[INFO] [stdout] test rules::git_hook_bypass::tests::test_get_new_command::case_5 ... ok
[INFO] [stdout] test rules::git_help_aliased::tests::test_get_new_command::case_2 ... ok
[INFO] [stdout] test rules::git_hook_bypass::tests::test_match::case_1 ... ok
[INFO] [stdout] test rules::git_flag_after_filename::tests::test_get_new_command::case_6 ... ok
[INFO] [stdout] test rules::git_hook_bypass::tests::test_match::case_2 ... ok
[INFO] [stdout] test rules::git_hook_bypass::tests::test_match::case_7 ... ok
[INFO] [stdout] test rules::git_hook_bypass::tests::test_match::case_4 ... ok
[INFO] [stdout] test rules::git_hook_bypass::tests::test_match::case_5 ... ok
[INFO] [stdout] test rules::git_hook_bypass::tests::test_match::case_3 ... ok
[INFO] [stdout] test rules::git_hook_bypass::tests::test_match::case_8 ... ok
[INFO] [stdout] test rules::git_flag_after_filename::tests::test_get_new_command::case_5 ... ok
[INFO] [stdout] test rules::git_lfs_mistype::tests::test_match::case_1 ... ok
[INFO] [stdout] test rules::git_hook_bypass::tests::test_match::case_6 ... ok
[INFO] [stdout] test rules::git_lfs_mistype::tests::test_match::case_2 ... ok
[INFO] [stdout] test rules::git_lfs_mistype::tests::test_match::case_3 ... ok
[INFO] [stdout] test rules::git_main_master::tests::test_match::case_4 ... ok
[INFO] [stdout] test rules::git_main_master::tests::test_get_new_command::case_3 ... ok
[INFO] [stdout] test rules::git_main_master::tests::test_get_new_command::case_2 ... ok
[INFO] [stdout] test rules::git_main_master::tests::test_get_new_command::case_4 ... ok
[INFO] [stdout] test rules::git_main_master::tests::test_match::case_1 ... ok
[INFO] [stdout] test rules::git_main_master::tests::test_match::case_2 ... ok
[INFO] [stdout] test rules::git_main_master::tests::test_match::case_3 ... ok
[INFO] [stdout] test rules::git_main_master::tests::test_get_new_command::case_1 ... ok
[INFO] [stdout] test rules::git_merge::tests::match_rule_01 ... ok
[INFO] [stdout] test rules::git_main_master::tests::test_match::case_5 ... ok
[INFO] [stdout] test rules::git_flag_after_filename::tests::test_match::case_6 ... ok
[INFO] [stdout] test rules::git_merge::tests::unmatch_rule_02 ... ok
[INFO] [stdout] test rules::git_main_master::tests::test_match::case_6 ... ok
[INFO] [stdout] test rules::git_merge::tests::unmatch_rule_01 ... ok
[INFO] [stdout] test rules::git_flag_after_filename::tests::test_match::case_8 ... ok
[INFO] [stdout] test rules::git_merge_unrelated::tests::test_get_new_command::case_1 ... ok
[INFO] [stdout] test rules::git_merge_unrelated::tests::test_get_new_command::case_2 ... ok
[INFO] [stdout] test rules::git_merge_unrelated::tests::test_get_new_command::case_3 ... ok
[INFO] [stdout] test rules::git_merge_unrelated::tests::test_match::case_1 ... ok
[INFO] [stdout] test rules::git_merge_unrelated::tests::test_match::case_3 ... ok
[INFO] [stdout] test rules::git_not_command::tests::test_match::case_2 ... ok
[INFO] [stdout] test rules::git_merge_unrelated::tests::test_match::case_2 ... ok
[INFO] [stdout] test rules::git_not_command::tests::test_match::case_3 ... ok
[INFO] [stdout] test rules::git_flag_after_filename::tests::test_match::case_5 ... ok
[INFO] [stdout] test rules::git_flag_after_filename::tests::test_match::case_4 ... ok
[INFO] [stdout] test rules::git_flag_after_filename::tests::test_match::case_3 ... ok
[INFO] [stdout] test rules::git_not_command::tests::test_match::case_1 ... ok
[INFO] [stdout] test rules::git_not_command::tests::test_match::case_4 ... ok
[INFO] [stdout] test rules::git_pull::tests::test_match::case_2 ... ok
[INFO] [stdout] test rules::git_pull::tests::test_get_new_command::case_1 ... ok
[INFO] [stdout] test rules::git_pull::tests::test_match::case_1 ... ok
[INFO] [stdout] test rules::git_pull::tests::test_match::case_3 ... ok
[INFO] [stdout] test rules::git_pull_clone::tests::test_match::case_1 ... ok
[INFO] [stdout] test rules::git_pull_uncommitted_changes::tests::test_match::case_1 ... ok
[INFO] [stdout] test rules::git_pull_uncommitted_changes::tests::test_get_new_command::case_1 ... ok
[INFO] [stdout] test rules::git_pull_uncommitted_changes::tests::test_match::case_2 ... ok
[INFO] [stdout] test rules::git_pull_uncommitted_changes::tests::test_match::case_3 ... ok
[INFO] [stdout] test rules::git_pull_clone::tests::test_get_new_command::case_1 ... ok
[INFO] [stdout] test rules::git_lfs_mistype::tests::test_get_new_command::case_1 ... ok
[INFO] [stdout] test rules::git_flag_after_filename::tests::test_match::case_7 ... ok
[INFO] [stdout] test rules::git_not_command::tests::test_get_new_command::case_1 ... ok
[INFO] [stdout] test rules::git_not_command::tests::test_get_new_command::case_3 ... ok
[INFO] [stdout] test rules::git_not_command::tests::test_get_new_command::case_2 ... ok
[INFO] [stdout] test rules::git_merge::tests::get_new_command_2 ... ok
[INFO] [stdout] test rules::git_push::tests::get_new_command_11 ... ok
[INFO] [stdout] test rules::git_push::tests::get_new_command_2 ... ok
[INFO] [stdout] test rules::git_push::tests::get_new_command_3 ... ok
[INFO] [stdout] test rules::git_push::tests::get_new_command_12 ... ok
[INFO] [stdout] test rules::git_merge::tests::get_new_command_3 ... ok
[INFO] [stdout] test rules::git_push::tests::get_new_command_1 ... ok
[INFO] [stdout] test rules::git_merge::tests::get_new_command_1 ... ok
[INFO] [stdout] test rules::git_push::tests::match_rule_01 ... ok
[INFO] [stdout] test rules::git_push::tests::unmatch_rule_01 ... ok
[INFO] [stdout] test rules::git_push::tests::match_rule_02 ... ok
[INFO] [stdout] test rules::git_push::tests::unmatch_rule_03 ... ok
[INFO] [stdout] test rules::git_push::tests::get_new_command_10 ... ok
[INFO] [stdout] test rules::git_push::tests::unmatch_rule_02 ... ok
[INFO] [stdout] test rules::git_push_different_branch_names::tests::test_match::case_1 ... ok
[INFO] [stdout] test rules::git_push_different_branch_names::tests::test_match::case_3 ... ok
[INFO] [stdout] test rules::git_push::tests::get_new_command_4 ... ok
[INFO] [stdout] test rules::git_push_different_branch_names::tests::test_match::case_4 ... ok
[INFO] [stdout] test rules::git_push_different_branch_names::tests::test_match::case_2 ... ok
[INFO] [stdout] test rules::git_push_force::tests::test_get_new_command::case_1 ... ok
[INFO] [stdout] test rules::git_push_force::tests::test_get_new_command::case_2 ... ok
[INFO] [stdout] test rules::git_push_force::tests::test_get_new_command::case_3 ... ok
[INFO] [stdout] test rules::git_push_force::tests::test_match::case_1 ... ok
[INFO] [stdout] test rules::git_push_force::tests::test_match::case_2 ... ok
[INFO] [stdout] test rules::git_push_force::tests::test_match::case_3 ... ok
[INFO] [stdout] test rules::git_push::tests::get_new_command_6 ... ok
[INFO] [stdout] test rules::git_push_force::tests::test_match::case_4 ... ok
[INFO] [stdout] test rules::git_push_force::tests::test_match::case_7 ... ok
[INFO] [stdout] test rules::git_push_force::tests::test_match::case_5 ... ok
[INFO] [stdout] test rules::git_push_force::tests::test_match::case_6 ... ok
[INFO] [stdout] test rules::git_push_pull::tests::test_get_new_command::case_2 ... ok
[INFO] [stdout] test rules::git_push_pull::tests::test_get_new_command::case_1 ... ok
[INFO] [stdout] test rules::git_push_pull::tests::test_get_new_command::case_3 ... ok
[INFO] [stdout] test rules::git_push_pull::tests::test_match::case_04 ... ok
[INFO] [stdout] test rules::git_push_pull::tests::test_match::case_01 ... ok
[INFO] [stdout] test rules::git_push_pull::tests::test_match::case_06 ... ok
[INFO] [stdout] test rules::git_push_pull::tests::test_get_new_command::case_5 ... ok
[INFO] [stdout] test rules::git_push_pull::tests::test_get_new_command::case_6 ... ok
[INFO] [stdout] test rules::git_push::tests::get_new_command_5 ... ok
[INFO] [stdout] test rules::git_push_pull::tests::test_get_new_command::case_4 ... ok
[INFO] [stdout] test rules::git_push_pull::tests::test_match::case_03 ... ok
[INFO] [stdout] test rules::git_push_pull::tests::test_match::case_07 ... ok
[INFO] [stdout] test rules::git_push_pull::tests::test_match::case_08 ... ok
[INFO] [stdout] test rules::git_push_pull::tests::test_match::case_05 ... ok
[INFO] [stdout] test rules::git_push_pull::tests::test_match::case_02 ... ok
[INFO] [stdout] test rules::git_push_pull::tests::test_match::case_11 ... ok
[INFO] [stdout] test rules::git_push::tests::get_new_command_8 ... ok
[INFO] [stdout] test rules::git_push::tests::get_new_command_7 ... ok
[INFO] [stdout] test rules::git_push_pull::tests::test_match::case_10 ... ok
[INFO] [stdout] test rules::git_push_pull::tests::test_match::case_09 ... ok
[INFO] [stdout] test rules::git_push_without_commits::tests::test_get_new_command::case_1 ... ok
[INFO] [stdout] test rules::git_push::tests::get_new_command_9 ... ok
[INFO] [stdout] test rules::git_push_pull::tests::test_match::case_12 ... ok
[INFO] [stdout] test rules::git_rebase_merge_dir::tests::test_get_new_command::case_1 ... ok
[INFO] [stdout] test rules::git_rebase_merge_dir::tests::test_get_new_command::case_2 ... ok
[INFO] [stdout] test rules::git_push_different_branch_names::tests::test_get_new_command::case_1 ... ok
[INFO] [stdout] test rules::git_rebase_merge_dir::tests::test_get_new_command::case_3 ... ok
[INFO] [stdout] test rules::git_rebase_merge_dir::tests::test_match::case_1 ... ok
[INFO] [stdout] test rules::git_rebase_merge_dir::tests::test_match::case_3 ... ok
[INFO] [stdout] test rules::git_rebase_merge_dir::tests::test_match::case_2 ... ok
[INFO] [stdout] test rules::git_rebase_merge_dir::tests::test_match::case_4 ... ok
[INFO] [stdout] test rules::git_rebase_merge_dir::tests::test_match::case_5 ... ok
[INFO] [stdout] test rules::git_rebase_no_changes::tests::test_get_new_command::case_1 ... ok
[INFO] [stdout] test rules::git_rebase_no_changes::tests::test_match::case_2 ... ok
[INFO] [stdout] test rules::git_rebase_no_changes::tests::test_match::case_3 ... ok
[INFO] [stdout] test rules::git_rebase_no_changes::tests::test_match::case_1 ... ok
[INFO] [stdout] test rules::git_remote_delete::tests::test_match::case_1 ... ok
[INFO] [stdout] test rules::git_remote_delete::tests::test_match::case_2 ... ok
[INFO] [stdout] test rules::git_remote_delete::tests::test_match::case_3 ... ok
[INFO] [stdout] test rules::git_remote_delete::tests::test_get_new_command::case_1 ... ok
[INFO] [stdout] test rules::git_remote_seturl_add::tests::test_match::case_1 ... ok
[INFO] [stdout] test rules::git_remote_seturl_add::tests::test_match::case_3 ... ok
[INFO] [stdout] test rules::git_remote_delete::tests::test_match::case_4 ... ok
[INFO] [stdout] test rules::git_remote_delete::tests::test_get_new_command::case_2 ... ok
[INFO] [stdout] test rules::git_remote_seturl_add::tests::test_match::case_6 ... ok
[INFO] [stdout] test rules::git_remote_seturl_add::tests::test_get_new_command::case_1 ... ok
[INFO] [stdout] test rules::git_rm_local_modifications::tests::test_get_new_command::case_1 ... ok
[INFO] [stdout] test rules::git_rm_local_modifications::tests::test_match::case_1 ... ok
[INFO] [stdout] test rules::git_remote_seturl_add::tests::test_match::case_2 ... ok
[INFO] [stdout] test rules::git_remote_seturl_add::tests::test_match::case_5 ... ok
[INFO] [stdout] test rules::git_rm_local_modifications::tests::test_match::case_2 ... ok
[INFO] [stdout] test rules::git_rm_local_modifications::tests::test_get_new_command::case_2 ... ok
[INFO] [stdout] test rules::git_rm_local_modifications::tests::test_match::case_4 ... ok
[INFO] [stdout] test rules::git_rm_local_modifications::tests::test_match::case_5 ... ok
[INFO] [stdout] test rules::git_rm_local_modifications::tests::test_match::case_3 ... ok
[INFO] [stdout] test rules::git_remote_seturl_add::tests::test_match::case_4 ... ok
[INFO] [stdout] test rules::git_rm_recursive::tests::test_get_new_command::case_1 ... ok
[INFO] [stdout] test rules::git_rm_recursive::tests::test_get_new_command::case_2 ... ok
[INFO] [stdout] test rules::git_rm_recursive::tests::test_match::case_1 ... ok
[INFO] [stdout] test rules::git_rm_recursive::tests::test_match::case_3 ... ok
[INFO] [stdout] test rules::git_rm_recursive::tests::test_match::case_4 ... ok
[INFO] [stdout] test rules::git_rm_recursive::tests::test_match::case_2 ... ok
[INFO] [stdout] test rules::git_rm_staged::tests::test_get_new_command::case_2 ... ok
[INFO] [stdout] test rules::git_rm_staged::tests::test_match::case_3 ... ok
[INFO] [stdout] test rules::git_rm_staged::tests::test_match::case_4 ... ok
[INFO] [stdout] test rules::git_rm_staged::tests::test_get_new_command::case_1 ... ok
[INFO] [stdout] test rules::git_rm_staged::tests::test_match::case_5 ... ok
[INFO] [stdout] test rules::git_stash::tests::test_match::case_1 ... ok
[INFO] [stdout] test rules::git_rm_staged::tests::test_match::case_1 ... ok
[INFO] [stdout] test rules::git_stash::tests::test_match::case_3 ... ok
[INFO] [stdout] test rules::git_stash::tests::test_match::case_2 ... ok
[INFO] [stdout] test rules::git_rm_staged::tests::test_match::case_2 ... ok
[INFO] [stdout] test rules::git_stash_pop::tests::test_get_new_command::case_1 ... ok
[INFO] [stdout] test rules::git_stash_pop::tests::test_match::case_1 ... ok
[INFO] [stdout] test rules::git_stash_pop::tests::test_match::case_2 ... ok
[INFO] [stdout] test rules::git_stash::tests::test_get_new_command::case_1 ... ok
[INFO] [stdout] test rules::git_stash::tests::test_get_new_command::case_2 ... ok
[INFO] [stdout] test rules::git_tag_force::tests::test_get_new_command::case_1 ... ok
[INFO] [stdout] test cli::parser::tests::test_get_parser_matches ... FAILED
[INFO] [stdout] test rules::git_tag_force::tests::test_match::case_1 ... ok
[INFO] [stdout] test rules::git_stash::tests::test_match::case_4 ... ok
[INFO] [stdout] test rules::git_two_dashes::tests::test_get_new_command::case_1 ... ok
[INFO] [stdout] test rules::git_two_dashes::tests::test_get_new_command::case_2 ... ok
[INFO] [stdout] test rules::git_two_dashes::tests::test_get_new_command::case_3 ... ok
[INFO] [stdout] test rules::git_two_dashes::tests::test_match::case_07 ... ok
[INFO] [stdout] test rules::git_two_dashes::tests::test_match::case_01 ... ok
[INFO] [stdout] test rules::git_tag_force::tests::test_match::case_2 ... ok
[INFO] [stdout] test rules::git_two_dashes::tests::test_get_new_command::case_4 ... ok
[INFO] [stdout] test rules::git_two_dashes::tests::test_match::case_02 ... ok
[INFO] [stdout] test rules::git_two_dashes::tests::test_get_new_command::case_5 ... ok
[INFO] [stdout] test rules::git_two_dashes::tests::test_match::case_03 ... ok
[INFO] [stdout] test rules::git_two_dashes::tests::test_match::case_08 ... ok
[INFO] [stdout] test rules::git_two_dashes::tests::test_match::case_05 ... ok
[INFO] [stdout] test rules::git_two_dashes::tests::test_match::case_06 ... ok
[INFO] [stdout] test rules::git_two_dashes::tests::test_match::case_04 ... ok
[INFO] [stdout] test rules::git_two_dashes::tests::test_match::case_10 ... ok
[INFO] [stdout] test rules::go_run::tests::test_get_new_command::case_2 ... ok
[INFO] [stdout] test rules::git_two_dashes::tests::test_match::case_09 ... ok
[INFO] [stdout] test rules::go_run::tests::test_match::case_1 ... ok
[INFO] [stdout] test rules::git_push_without_commits::tests::test_match::case_2 ... ok
[INFO] [stdout] test rules::go_run::tests::test_match::case_2 ... ok
[INFO] [stdout] test rules::gradle_wrapper::tests::test_get_new_command::case_3 ... ok
[INFO] [stdout] test rules::gradle_wrapper::tests::test_match::case_1 ... ok
[INFO] [stdout] test rules::gradle_wrapper::tests::test_match::case_3 ... ok
[INFO] [stdout] test rules::go_run::tests::test_get_new_command::case_1 ... ok
[INFO] [stdout] test rules::gradle_wrapper::tests::test_match::case_4 ... ok
[INFO] [stdout] test rules::gradle_wrapper::tests::test_match::case_5 ... ok
[INFO] [stdout] test rules::gradle_wrapper::tests::test_get_new_command::case_2 ... ok
[INFO] [stdout] test rules::gradle_wrapper::tests::test_match::case_2 ... ok
[INFO] [stdout] test rules::grep_arguments_order::tests::test_get_new_command::case_2 ... ok
[INFO] [stdout] test rules::grep_arguments_order::tests::test_get_new_command::case_3 ... ok
[INFO] [stdout] test rules::grep_arguments_order::tests::test_get_new_command::case_4 ... ok
[INFO] [stdout] test rules::grep_arguments_order::tests::test_get_new_command::case_5 ... ok
[INFO] [stdout] test rules::gradle_wrapper::tests::test_get_new_command::case_1 ... ok
[INFO] [stdout] test rules::grep_arguments_order::tests::test_get_new_command::case_1 ... ok
[INFO] [stdout] test rules::grep_arguments_order::tests::test_match::case_3 ... ok
[INFO] [stdout] test rules::grep_arguments_order::tests::test_match::case_1 ... ok
[INFO] [stdout] test rules::grep_arguments_order::tests::test_match::case_2 ... ok
[INFO] [stdout] test rules::grep_arguments_order::tests::test_match::case_5 ... ok
[INFO] [stdout] test rules::grep_arguments_order::tests::test_match::case_6 ... ok
[INFO] [stdout] test rules::grep_arguments_order::tests::test_match::case_4 ... ok
[INFO] [stdout] test rules::grep_arguments_order::tests::test_get_new_command::case_6 ... ok
[INFO] [stdout] test rules::grep_arguments_order::tests::test_match::case_7 ... ok
[INFO] [stdout] test rules::grep_arguments_order::tests::test_match::case_8 ... ok
[INFO] [stdout] test rules::grep_arguments_order::tests::test_match::case_9 ... ok
[INFO] [stdout] test rules::git_push_without_commits::tests::test_match::case_1 ... ok
[INFO] [stdout] test rules::grep_recursive::tests::test_get_new_command::case_2 ... ok
[INFO] [stdout] test rules::grep_recursive::tests::test_match::case_1 ... ok
[INFO] [stdout] test rules::grep_recursive::tests::test_match::case_2 ... ok
[INFO] [stdout] test rules::grep_recursive::tests::test_get_new_command::case_1 ... ok
[INFO] [stdout] test rules::grep_recursive::tests::test_match::case_3 ... ok
[INFO] [stdout] test rules::has_exists_script::tests::test_match::case_3 ... ok
[INFO] [stdout] test rules::has_exists_script::tests::test_get_new_command::case_1 ... ok
[INFO] [stdout] test rules::has_exists_script::tests::test_match::case_1 ... ok
[INFO] [stdout] test rules::heroku_multiple_apps::tests::test_match::case_1 ... ok
[INFO] [stdout] test rules::heroku_multiple_apps::tests::test_match::case_2 ... ok
[INFO] [stdout] test rules::has_exists_script::tests::test_match::case_2 ... ok
[INFO] [stdout] test rules::heroku_not_command::tests::test_match::case_1 ... ok
[INFO] [stdout] test rules::heroku_not_command::tests::test_match::case_2 ... ok
[INFO] [stdout] test rules::java::tests::test_get_new_command::case_2 ... ok
[INFO] [stdout] test rules::java::tests::test_get_new_command::case_1 ... ok
[INFO] [stdout] test rules::java::tests::test_match::case_1 ... ok
[INFO] [stdout] test rules::java::tests::test_match::case_2 ... ok
[INFO] [stdout] test rules::hostscli::tests::test_get_new_command::case_1 ... ok
[INFO] [stdout] test rules::hostscli::tests::test_match::case_1 ... ok
[INFO] [stdout] test rules::javac::tests::test_match::case_1 ... ok
[INFO] [stdout] test rules::javac::tests::test_match::case_2 ... ok
[INFO] [stdout] test rules::javac::tests::test_get_new_command::case_1 ... ok
[INFO] [stdout] test rules::javac::tests::test_match::case_3 ... ok
[INFO] [stdout] test rules::javac::tests::test_match::case_4 ... ok
[INFO] [stdout] test rules::lein_not_task::tests::test_match::case_2 ... ok
[INFO] [stdout] test rules::lein_not_task::tests::test_match::case_1 ... ok
[INFO] [stdout] test rules::javac::tests::test_get_new_command::case_2 ... ok
[INFO] [stdout] test rules::ln_no_hard_link::tests::test_get_new_command::case_1 ... ok
[INFO] [stdout] test rules::ln_no_hard_link::tests::test_match::case_6 ... ok
[INFO] [stdout] test rules::ln_no_hard_link::tests::test_match::case_1 ... ok
[INFO] [stdout] test rules::ln_no_hard_link::tests::test_match::case_2 ... ok
[INFO] [stdout] test rules::ln_no_hard_link::tests::test_get_new_command::case_2 ... ok
[INFO] [stdout] test rules::ln_no_hard_link::tests::test_match::case_3 ... ok
[INFO] [stdout] test rules::ln_no_hard_link::tests::test_match::case_4 ... ok
[INFO] [stdout] test rules::ln_no_hard_link::tests::test_get_new_command::case_5 ... ok
[INFO] [stdout] test rules::ln_no_hard_link::tests::test_match::case_5 ... ok
[INFO] [stdout] test rules::ln_no_hard_link::tests::test_get_new_command::case_4 ... ok
[INFO] [stdout] test rules::ln_no_hard_link::tests::test_match::case_7 ... ok
[INFO] [stdout] test rules::ln_s_order::tests::test_get_new_command::case_1 ... ok
[INFO] [stdout] test rules::ln_no_hard_link::tests::test_get_new_command::case_6 ... ok
[INFO] [stdout] test rules::ln_no_hard_link::tests::test_get_new_command::case_3 ... ok
[INFO] [stdout] test rules::ln_s_order::tests::test_get_new_command::case_2 ... ok
[INFO] [stdout] test rules::ln_s_order::tests::test_get_new_command::case_3 ... ok
[INFO] [stdout] test rules::ln_s_order::tests::test_not_match::case_3 ... ok
[INFO] [stdout] test rules::ln_s_order::tests::test_not_match::case_4 ... ok
[INFO] [stdout] test rules::ln_s_order::tests::test_not_match::case_5 ... ok
[INFO] [stdout] test rules::ln_s_order::tests::test_not_match::case_1 ... ok
[INFO] [stdout] test rules::ln_s_order::tests::test_not_match::case_6 ... ok
[INFO] [stdout] test rules::ln_s_order::tests::test_not_match::case_2 ... ok
[INFO] [stdout] test rules::heroku_multiple_apps::tests::test_get_new_command::case_1 ... ok
[INFO] [stdout] test rules::ln_s_order::tests::test_not_match::case_7 ... ok
[INFO] [stdout] test rules::heroku_not_command::tests::test_get_new_command::case_1 ... ok
[INFO] [stdout] test rules::ls_all::tests::test_get_new_command::case_2 ... ok
[INFO] [stdout] test rules::ls_all::tests::test_match::case_1 ... ok
[INFO] [stdout] test rules::ls_lah::tests::test_match::case_1 ... ok
[INFO] [stdout] test rules::ls_lah::tests::test_get_new_command::case_1 ... ok
[INFO] [stdout] test rules::ls_lah::tests::test_match::case_2 ... ok
[INFO] [stdout] test rules::ls_all::tests::test_get_new_command::case_1 ... ok
[INFO] [stdout] test rules::ls_lah::tests::test_match::case_3 ... ok
[INFO] [stdout] test rules::ls_lah::tests::test_get_new_command::case_2 ... ok
[INFO] [stdout] test rules::ls_all::tests::test_match::case_2 ... ok
[INFO] [stdout] test rules::ls_lah::tests::test_match::case_4 ... ok
[INFO] [stdout] test rules::man::tests::test_get_new_command::case_1 ... ok
[INFO] [stdout] test rules::man::tests::test_get_new_command::case_2 ... ok
[INFO] [stdout] test rules::man::tests::test_get_new_command::case_4 ... ok
[INFO] [stdout] test rules::hostscli::tests::test_get_new_command::case_2 ... ok
[INFO] [stdout] test rules::man::tests::test_get_new_command::case_3 ... ok
[INFO] [stdout] test rules::man::tests::test_get_new_command::case_5 ... ok
[INFO] [stdout] test rules::man::tests::test_get_new_command::case_6 ... ok
[INFO] [stdout] test rules::man::tests::test_get_new_command::case_8 ... ok
[INFO] [stdout] test rules::man::tests::test_match::case_3 ... ok
[INFO] [stdout] test rules::ls_lah::tests::test_match::case_5 ... ok
[INFO] [stdout] test rules::man::tests::test_match::case_4 ... ok
[INFO] [stdout] test rules::man::tests::test_match::case_1 ... ok
[INFO] [stdout] test rules::man::tests::test_match::case_5 ... ok
[INFO] [stdout] test rules::ls_lah::tests::test_match::case_6 ... ok
[INFO] [stdout] test rules::man::tests::test_match::case_2 ... ok
[INFO] [stdout] test rules::lein_not_task::tests::test_get_new_command::case_1 ... ok
[INFO] [stdout] test rules::man::tests::test_get_new_command::case_7 ... ok
[INFO] [stdout] test rules::man::tests::test_match::case_9 ... ok
[INFO] [stdout] test rules::man::tests::test_match::case_6 ... ok
[INFO] [stdout] test rules::man::tests::test_match::case_7 ... ok
[INFO] [stdout] test rules::man_no_space::tests::test_get_new_command::case_1 ... ok
[INFO] [stdout] test rules::man_no_space::tests::test_match::case_2 ... ok
[INFO] [stdout] test rules::man_no_space::tests::test_match::case_1 ... ok
[INFO] [stdout] test rules::long_form_help::tests::test_get_new_command::case_1 ... ok
[INFO] [stdout] test rules::long_form_help::tests::test_match::case_1 ... ok
[INFO] [stdout] test rules::long_form_help::tests::test_get_new_command::case_2 ... ok
[INFO] [stdout] test rules::long_form_help::tests::test_get_new_command::case_3 ... ok
[INFO] [stdout] test rules::man::tests::test_match::case_8 ... ok
[INFO] [stdout] test rules::long_form_help::tests::test_get_new_command::case_4 ... ok
[INFO] [stdout] test rules::long_form_help::tests::test_match::case_2 ... ok
[INFO] [stdout] test rules::mercurial::tests::test_extract_possibilities::case_2 ... ok
[INFO] [stdout] test rules::mercurial::tests::test_extract_possibilities::case_7 ... ok
[INFO] [stdout] test rules::mercurial::tests::test_match::case_04 ... ok
[INFO] [stdout] test rules::mercurial::tests::test_extract_possibilities::case_6 ... ok
[INFO] [stdout] test rules::mercurial::tests::test_match::case_01 ... ok
[INFO] [stdout] test rules::mercurial::tests::test_extract_possibilities::case_3 ... ok
[INFO] [stdout] test rules::mercurial::tests::test_match::case_05 ... ok
[INFO] [stdout] test rules::mercurial::tests::test_match::case_02 ... ok
[INFO] [stdout] test rules::mercurial::tests::test_match::case_03 ... ok
[INFO] [stdout] test rules::mercurial::tests::test_extract_possibilities::case_5 ... ok
[INFO] [stdout] test rules::mercurial::tests::test_match::case_08 ... ok
[INFO] [stdout] test rules::mercurial::tests::test_extract_possibilities::case_1 ... ok
[INFO] [stdout] test rules::mercurial::tests::test_match::case_06 ... ok
[INFO] [stdout] test rules::mercurial::tests::test_extract_possibilities::case_4 ... ok
[INFO] [stdout] test rules::mercurial::tests::test_match::case_07 ... ok
[INFO] [stdout] test rules::mercurial::tests::test_match::case_09 ... ok
[INFO] [stdout] test rules::mercurial::tests::test_match::case_10 ... ok
[INFO] [stdout] test rules::mercurial::tests::test_match::case_11 ... ok
[INFO] [stdout] test rules::mercurial::tests::test_match::case_12 ... ok
[INFO] [stdout] test rules::mercurial::tests::test_get_new_command::case_1 ... ok
[INFO] [stdout] test rules::mkdir_p::tests::test_match::case_1 ... ok
[INFO] [stdout] test rules::mkdir_p::tests::test_match::case_2 ... ok
[INFO] [stdout] test rules::mkdir_p::tests::test_match::case_3 ... ok
[INFO] [stdout] test rules::mkdir_p::tests::test_match::case_5 ... ok
[INFO] [stdout] test rules::mkdir_p::tests::test_match::case_6 ... ok
[INFO] [stdout] test rules::mkdir_p::tests::test_match::case_8 ... ok
[INFO] [stdout] test rules::mvn_no_command::tests::test_get_new_command::case_2 ... ok
[INFO] [stdout] test rules::mvn_no_command::tests::test_get_new_command::case_1 ... ok
[INFO] [stdout] test rules::mvn_no_command::tests::test_match::case_2 ... ok
[INFO] [stdout] test rules::mkdir_p::tests::test_match::case_4 ... ok
[INFO] [stdout] test rules::mvn_no_command::tests::test_match::case_1 ... ok
[INFO] [stdout] test rules::mercurial::tests::test_get_new_command::case_7 ... ok
[INFO] [stdout] test rules::mercurial::tests::test_get_new_command::case_2 ... ok
[INFO] [stdout] test rules::mkdir_p::tests::test_match::case_7 ... ok
[INFO] [stdout] test rules::mvn_no_command::tests::test_match::case_3 ... ok
[INFO] [stdout] test rules::mercurial::tests::test_get_new_command::case_3 ... ok
[INFO] [stdout] test rules::mvn_no_command::tests::test_match::case_4 ... ok
[INFO] [stdout] test rules::mkdir_p::tests::test_get_new_command::case_1 ... ok
[INFO] [stdout] test rules::mkdir_p::tests::test_get_new_command::case_3 ... ok
[INFO] [stdout] test rules::mkdir_p::tests::test_get_new_command::case_2 ... ok
[INFO] [stdout] test rules::mercurial::tests::test_get_new_command::case_5 ... ok
[INFO] [stdout] test rules::mercurial::tests::test_get_new_command::case_6 ... ok
[INFO] [stdout] test rules::mercurial::tests::test_get_new_command::case_4 ... ok
[INFO] [stdout] test rules::mvn_unknown_lifecycle_phase::tests::test_match::case_3 ... ok
[INFO] [stdout] test rules::nixos_cmd_not_found::tests::test_get_new_command::case_2 ... ok
[INFO] [stdout] test rules::mvn_unknown_lifecycle_phase::tests::test_match::case_4 ... ok
[INFO] [stdout] test rules::mvn_unknown_lifecycle_phase::tests::test_match::case_2 ... ok
[INFO] [stdout] test rules::nixos_cmd_not_found::tests::test_match::case_2 ... ok
[INFO] [stdout] test rules::nixos_cmd_not_found::tests::test_match::case_1 ... ok
[INFO] [stdout] test rules::nixos_cmd_not_found::tests::test_get_new_command::case_1 ... ok
[INFO] [stdout] test rules::npm_missing_script::tests::test_match::case_1 ... ok
[INFO] [stdout] test rules::npm_missing_script::tests::test_match::case_2 ... ok
[INFO] [stdout] test rules::npm_missing_script::tests::test_match::case_3 ... ok
[INFO] [stdout] test rules::npm_missing_script::tests::test_match::case_4 ... ok
[INFO] [stdout] test rules::npm_missing_script::tests::test_match::case_5 ... ok
[INFO] [stdout] test rules::npm_missing_script::tests::test_match::case_6 ... ok
[INFO] [stdout] test rules::npm_run_script::tests::test_get_new_command::case_1 ... ok
[INFO] [stdout] test rules::npm_run_script::tests::test_get_new_command::case_2 ... ok
[INFO] [stdout] test rules::npm_run_script::tests::test_get_new_command::case_3 ... ok
[INFO] [stdout] test rules::nixos_cmd_not_found::tests::test_match::case_3 ... ok
[INFO] [stdout] test rules::mvn_unknown_lifecycle_phase::tests::test_match::case_1 ... ok
[INFO] [stdout] test rules::no_such_file::tests::test_get_new_command::case_1 ... ok
[INFO] [stdout] test rules::no_such_file::tests::test_get_new_command::case_2 ... ok
[INFO] [stdout] test rules::mvn_unknown_lifecycle_phase::tests::test_get_new_command::case_1 ... ok
[INFO] [stdout] test rules::npm_run_script::tests::test_match::case_6 ... ok
[INFO] [stdout] test rules::no_such_file::tests::test_match::case_1 ... ok
[INFO] [stdout] test rules::php_s::tests::test_get_new_command::case_1 ... ok
[INFO] [stdout] test rules::php_s::tests::test_get_new_command::case_2 ... ok
[INFO] [stdout] test rules::php_s::tests::test_match::case_1 ... ok
[INFO] [stdout] test rules::php_s::tests::test_match::case_3 ... ok
[INFO] [stdout] test rules::php_s::tests::test_match::case_2 ... ok
[INFO] [stdout] test rules::php_s::tests::test_match::case_4 ... ok
[INFO] [stdout] test rules::pip_install::tests::test_get_new_command::case_1 ... ok
[INFO] [stdout] test rules::pip_install::tests::test_get_new_command::case_2 ... ok
[INFO] [stdout] test rules::pip_install::tests::test_get_new_command::case_3 ... ok
[INFO] [stdout] test rules::pip_install::tests::test_match::case_1 ... ok
[INFO] [stdout] test rules::pip_install::tests::test_match::case_2 ... ok
[INFO] [stdout] test rules::npm_missing_script::tests::test_get_new_command::case_2 ... ok
[INFO] [stdout] test rules::pip_unknown_command::tests::test_match::case_1 ... ok
[INFO] [stdout] test rules::mvn_unknown_lifecycle_phase::tests::test_get_new_command::case_2 ... ok
[INFO] [stdout] test rules::prove_recursively::tests::test_get_new_command::case_1 ... ok
[INFO] [stdout] test rules::prove_recursively::tests::test_get_new_command::case_2 ... ok
[INFO] [stdout] test rules::npm_missing_script::tests::test_get_new_command::case_1 ... ok
[INFO] [stdout] test rules::no_such_file::tests::test_match::case_2 ... ok
[INFO] [stdout] test rules::pip_unknown_command::tests::test_match::case_2 ... ok
[INFO] [stdout] test rules::prove_recursively::tests::test_match::case_1 ... ok
[INFO] [stdout] test rules::prove_recursively::tests::test_match::case_2 ... ok
[INFO] [stdout] test rules::prove_recursively::tests::test_match::case_3 ... ok
[INFO] [stdout] test rules::npm_run_script::tests::test_match::case_4 ... ok
[INFO] [stdout] test rules::prove_recursively::tests::test_match::case_4 ... ok
[INFO] [stdout] test rules::prove_recursively::tests::test_match::case_5 ... ok
[INFO] [stdout] test rules::npm_run_script::tests::test_match::case_1 ... ok
[INFO] [stdout] test rules::python_command::tests::test_get_new_command::case_1 ... ok
[INFO] [stdout] test rules::python_command::tests::test_match::case_1 ... ok
[INFO] [stdout] test rules::python_command::tests::test_match::case_2 ... ok
[INFO] [stdout] test rules::python_execute::tests::test_get_new_command::case_1 ... ok
[INFO] [stdout] test rules::no_such_file::tests::test_match::case_5 ... ok
[INFO] [stdout] test rules::python_execute::tests::test_match::case_1 ... ok
[INFO] [stdout] test rules::python_execute::tests::test_get_new_command::case_2 ... ok
[INFO] [stdout] test rules::python_module_error::tests::test_not_match::case_1 ... ok
[INFO] [stdout] test rules::python_execute::tests::test_match::case_2 ... ok
[INFO] [stdout] test rules::python_module_error::tests::test_not_match::case_3 ... ok
[INFO] [stdout] test rules::python_command::tests::test_match::case_3 ... ok
[INFO] [stdout] test rules::python_module_error::tests::test_not_match::case_4 ... ok
[INFO] [stdout] test rules::npm_run_script::tests::test_match::case_3 ... ok
[INFO] [stdout] test rules::no_such_file::tests::test_get_new_command::case_3 ... ok
[INFO] [stdout] test rules::npm_missing_script::tests::test_get_new_command::case_3 ... ok
[INFO] [stdout] test rules::quotation_marks::tests::test_match::case_1 ... ok
[INFO] [stdout] test rules::npm_run_script::tests::test_match::case_5 ... ok
[INFO] [stdout] test rules::npm_run_script::tests::test_match::case_2 ... ok
[INFO] [stdout] test rules::quotation_marks::tests::test_match::case_2 ... ok
[INFO] [stdout] test rules::python_module_error::tests::test_not_match::case_2 ... ok
[INFO] [stdout] test rules::quotation_marks::tests::test_match::case_3 ... ok
[INFO] [stdout] test rules::quotation_marks::tests::test_get_new_command::case_2 ... ok
[INFO] [stdout] test rules::quotation_marks::tests::test_get_new_command::case_1 ... ok
[INFO] [stdout] test rules::rails_migrations_pending::tests::test_match::case_1 ... ok
[INFO] [stdout] test rules::quotation_marks::tests::test_get_new_command::case_3 ... ok
[INFO] [stdout] test rules::python_command::tests::test_match::case_4 ... ok
[INFO] [stdout] test rules::rails_migrations_pending::tests::test_match::case_3 ... ok
[INFO] [stdout] test rules::remove_shell_prompt_literal::tests::test_get_new_command::case_2 ... ok
[INFO] [stdout] test rules::remove_shell_prompt_literal::tests::test_get_new_command::case_1 ... ok
[INFO] [stdout] test rules::remove_shell_prompt_literal::tests::test_get_new_command::case_3 ... ok
[INFO] [stdout] test rules::pip_unknown_command::tests::test_get_new_command::case_1 ... ok
[INFO] [stdout] test rules::no_such_file::tests::test_match::case_4 ... ok
[INFO] [stdout] test rules::no_such_file::tests::test_match::case_3 ... ok
[INFO] [stdout] test rules::python_module_error::tests::test_get_new_command::case_2 ... ok
[INFO] [stdout] test rules::python_module_error::tests::test_get_new_command::case_1 ... ok
[INFO] [stdout] test rules::rails_migrations_pending::tests::test_match::case_2 ... ok
[INFO] [stdout] test rules::remove_shell_prompt_literal::tests::test_match::case_5 ... ok
[INFO] [stdout] test rules::remove_shell_prompt_literal::tests::test_match::case_2 ... ok
[INFO] [stdout] test rules::remove_shell_prompt_literal::tests::test_get_new_command::case_4 ... ok
[INFO] [stdout] test rules::remove_shell_prompt_literal::tests::test_match::case_1 ... ok
[INFO] [stdout] test rules::rails_migrations_pending::tests::test_get_new_command::case_1 ... ok
[INFO] [stdout] test rules::remove_shell_prompt_literal::tests::test_match::case_3 ... ok
[INFO] [stdout] test rules::remove_shell_prompt_literal::tests::test_match::case_4 ... ok
[INFO] [stdout] test rules::rails_migrations_pending::tests::test_get_new_command::case_2 ... ok
[INFO] [stdout] test rules::remove_shell_prompt_literal::tests::test_match::case_6 ... ok
[INFO] [stdout] test rules::rm_dir::tests::test_match::case_4 ... ok
[INFO] [stdout] test rules::rm_dir::tests::test_match::case_5 ... ok
[INFO] [stdout] test rules::rm_dir::tests::test_match::case_1 ... ok
[INFO] [stdout] test rules::rm_dir::tests::test_match::case_2 ... ok
[INFO] [stdout] test rules::rm_dir::tests::test_match::case_3 ... ok
[INFO] [stdout] test rules::rm_dir::tests::test_match::case_6 ... ok
[INFO] [stdout] test rules::remove_shell_prompt_literal::tests::test_match::case_7 ... ok
[INFO] [stdout] test rules::pip_unknown_command::tests::test_get_new_command::case_2 ... ok
[INFO] [stdout] test rules::rm_dir::tests::test_match::case_8 ... ok
[INFO] [stdout] test rules::sudo::tests::test_get_new_command::case_1 ... ok
[INFO] [stdout] test rules::sudo::tests::test_get_new_command::case_2 ... ok
[INFO] [stdout] test rules::sudo::tests::test_get_new_command::case_3 ... ok
[INFO] [stdout] test rules::rm_dir::tests::test_match::case_7 ... ok
[INFO] [stdout] test rules::sudo::tests::test_match::case_02 ... ok
[INFO] [stdout] test rules::sudo::tests::test_match::case_03 ... ok
[INFO] [stdout] test rules::remove_shell_prompt_literal::tests::test_match::case_9 ... ok
[INFO] [stdout] test rules::sudo::tests::test_match::case_07 ... ok
[INFO] [stdout] test rules::sudo::tests::test_get_new_command::case_4 ... ok
[INFO] [stdout] test rules::sudo::tests::test_match::case_01 ... ok
[INFO] [stdout] test rules::sudo::tests::test_match::case_05 ... ok
[INFO] [stdout] test rules::sudo::tests::test_match::case_06 ... ok
[INFO] [stdout] test rules::sudo::tests::test_match::case_08 ... ok
[INFO] [stdout] test rules::sudo::tests::test_match::case_04 ... ok
[INFO] [stdout] test rules::sudo::tests::test_match::case_10 ... ok
[INFO] [stdout] test rules::sudo::tests::test_match::case_09 ... ok
[INFO] [stdout] test rules::sudo::tests::test_match::case_13 ... ok
[INFO] [stdout] test rules::sudo::tests::test_match::case_11 ... ok
[INFO] [stdout] test rules::sudo::tests::test_match::case_12 ... ok
[INFO] [stdout] test rules::sudo_command_from_user_path::tests::test_match::case_4 ... ok
[INFO] [stdout] test rules::rm_dir::tests::test_get_new_command::case_1 ... ok
[INFO] [stdout] test rules::remove_shell_prompt_literal::tests::test_match::case_8 ... ok
[INFO] [stdout] test rules::tmux::tests::test_match ... ok
[INFO] [stdout] test rules::sudo::tests::test_match::case_14 ... ok
[INFO] [stdout] test rules::sudo_command_from_user_path::tests::test_match::case_3 ... ok
[INFO] [stdout] test rules::unsudo::tests::test_get_new_command::case_2 ... ok
[INFO] [stdout] test rules::unsudo::tests::test_match::case_1 ... ok
[INFO] [stdout] test rules::unsudo::tests::test_match::case_4 ... ok
[INFO] [stdout] test rules::unsudo::tests::test_match::case_3 ... ok
[INFO] [stdout] test rules::rm_dir::tests::test_get_new_command::case_2 ... ok
[INFO] [stdout] test rules::unsudo::tests::test_match::case_2 ... ok
[INFO] [stdout] test rules::unsudo::tests::test_get_new_command::case_1 ... ok
[INFO] [stdout] test rules::utils::git::tests::test_is_app::case_01 ... ok
[INFO] [stdout] test rules::utils::git::tests::test_is_app::case_02 ... ok
[INFO] [stdout] test rules::utils::git::tests::test_is_app::case_03 ... ok
[INFO] [stdout] test rules::utils::git::tests::test_is_app::case_04 ... ok
[INFO] [stdout] test rules::utils::git::tests::test_is_app::case_05 ... ok
[INFO] [stdout] test rules::utils::git::tests::test_is_app::case_06 ... ok
[INFO] [stdout] test rules::utils::git::tests::test_is_app::case_09 ... ok
[INFO] [stdout] test rules::utils::git::tests::test_is_app::case_10 ... ok
[INFO] [stdout] test rules::utils::git::tests::test_is_app::case_07 ... ok
[INFO] [stdout] test rules::utils::git::tests::test_match_rule_with_git_support::case_01 ... ok
[INFO] [stdout] test rules::utils::git::tests::test_match_rule_with_git_support::case_02 ... ok
[INFO] [stdout] test rules::utils::git::tests::test_match_rule_with_git_support::case_03 ... ok
[INFO] [stdout] test rules::utils::git::tests::test_is_app::case_08 ... ok
[INFO] [stdout] test rules::utils::git::tests::test_match_rule_with_git_support::case_04 ... ok
[INFO] [stdout] test rules::utils::git::tests::test_match_rule_with_git_support::case_05 ... ok
[INFO] [stdout] test rules::utils::git::tests::test_match_rule_with_git_support::case_06 ... ok
[INFO] [stdout] test rules::utils::git::tests::test_match_rule_with_git_support::case_07 ... ok
[INFO] [stdout] test rules::utils::git::tests::test_match_rule_with_git_support::case_08 ... ok
[INFO] [stdout] test rules::sudo_command_from_user_path::tests::test_get_new_command::case_2 ... ok
[INFO] [stdout] test rules::utils::git::tests::test_match_rule_with_git_support::case_09 ... ok
[INFO] [stdout] test rules::utils::git::tests::test_match_rule_with_git_support::case_11 ... ok
[INFO] [stdout] test rules::utils::git::tests::test_match_rule_with_git_support::case_12 ... ok
[INFO] [stdout] test rules::utils::git::tests::test_match_rule_with_git_support::case_13 ... ok
[INFO] [stdout] test rules::sudo_command_from_user_path::tests::test_match::case_1 ... ok
[INFO] [stdout] test rules::sudo_command_from_user_path::tests::test_match::case_5 ... ok
[INFO] [stdout] test rules::utils::git::tests::test_match_rule_with_git_support::case_10 ... ok
[INFO] [stdout] test utils::tests::test_get_all_matched_commands::case_1 ... ok
[INFO] [stdout] test utils::tests::test_get_all_matched_commands::case_2 ... ok
[INFO] [stdout] test rules::sudo_command_from_user_path::tests::test_get_new_command::case_1 ... ok
[INFO] [stdout] test shell::test_zsh::test_get_history ... ok
[INFO] [stdout] test utils::tests::test_get_all_matched_commands::case_3 ... ok
[INFO] [stdout] test rules::utils::git::tests::test_match_rule_with_git_support::case_14 ... ok
[INFO] [stdout] test rules::sudo_command_from_user_path::tests::test_match::case_2 ... ok
[INFO] [stdout] test rules::utils::git::tests::test_get_command_with_git_support::case_1 ... ok
[INFO] [stdout] test rules::utils::git::tests::test_get_command_with_git_support::case_2 ... ok
[INFO] [stdout] test rules::tmux::tests::test_get_new_command ... ok
[INFO] [stdout] test rules::utils::git::tests::test_get_command_with_git_support::case_3 ... ok
[INFO] [stdout] test rules::utils::git::tests::test_get_command_with_git_support::case_4 ... ok
[INFO] [stdout] test rules::utils::npm::tests::test_get_scripts ... ok
[INFO] [stdout] test utils::tests::test_get_valid_history_without_current ... ok
[INFO] [stdout] 
[INFO] [stdout] failures:
[INFO] [stdout] 
[INFO] [stdout] ---- cli::parser::tests::test_get_parser_matches stdout ----
[INFO] [stdout] thread 'cli::parser::tests::test_get_parser_matches' panicked at src/cli/parser.rs:107:9:
[INFO] [stdout] assertion `left == right` failed
[INFO] [stdout]   left: Some("env_alias")
[INFO] [stdout]  right: Some("crab")
[INFO] [stdout] stack backtrace:
[INFO] [stdout]    0:     0x61931a36788a - std::backtrace_rs::backtrace::libunwind::trace::h207520d6e9873551
[INFO] [stdout]                                at /rustc/df4ca44d3fbc9301ee17f30f4d474e6ae4b05252/library/std/src/../../backtrace/src/backtrace/libunwind.rs:116:5
[INFO] [stdout]    1:     0x61931a36788a - std::backtrace_rs::backtrace::trace_unsynchronized::h2ed7433f370e3eca
[INFO] [stdout]                                at /rustc/df4ca44d3fbc9301ee17f30f4d474e6ae4b05252/library/std/src/../../backtrace/src/backtrace/mod.rs:66:5
[INFO] [stdout]    2:     0x61931a36788a - std::sys::backtrace::_print_fmt::h916fac51166b18d7
[INFO] [stdout]                                at /rustc/df4ca44d3fbc9301ee17f30f4d474e6ae4b05252/library/std/src/sys/backtrace.rs:66:9
[INFO] [stdout]    3:     0x61931a36788a - <std::sys::backtrace::BacktraceLock::print::DisplayBacktrace as core::fmt::Display>::fmt::ha0a4c9b8ce3802e6
[INFO] [stdout]                                at /rustc/df4ca44d3fbc9301ee17f30f4d474e6ae4b05252/library/std/src/sys/backtrace.rs:39:26
[INFO] [stdout]    4:     0x61931a3905b3 - core::fmt::rt::Argument::fmt::h4cfc8587d52b3eb5
[INFO] [stdout]                                at /rustc/df4ca44d3fbc9301ee17f30f4d474e6ae4b05252/library/core/src/fmt/rt.rs:177:76
[INFO] [stdout]    5:     0x61931a3905b3 - core::fmt::write::h522cc39e5b36ae9f
[INFO] [stdout]                                at /rustc/df4ca44d3fbc9301ee17f30f4d474e6ae4b05252/library/core/src/fmt/mod.rs:1190:21
[INFO] [stdout]    6:     0x61931a363ce3 - std::io::Write::write_fmt::h7d3c26752da97734
[INFO] [stdout]                                at /rustc/df4ca44d3fbc9301ee17f30f4d474e6ae4b05252/library/std/src/io/mod.rs:1839:15
[INFO] [stdout]    7:     0x61931a3676d2 - std::sys::backtrace::BacktraceLock::print::h4b9e00b29e9c0942
[INFO] [stdout]                                at /rustc/df4ca44d3fbc9301ee17f30f4d474e6ae4b05252/library/std/src/sys/backtrace.rs:42:9
[INFO] [stdout]    8:     0x61931a368d1a - std::panicking::default_hook::{{closure}}::hb59b88280d0324d9
[INFO] [stdout]                                at /rustc/df4ca44d3fbc9301ee17f30f4d474e6ae4b05252/library/std/src/panicking.rs:268:22
[INFO] [stdout]    9:     0x61931a368b24 - std::panicking::default_hook::he1dd496665be4a29
[INFO] [stdout]                                at /rustc/df4ca44d3fbc9301ee17f30f4d474e6ae4b05252/library/std/src/panicking.rs:292:9
[INFO] [stdout]   10:     0x619319f77be9 - <alloc::boxed::Box<F,A> as core::ops::function::Fn<Args>>::call::h4ff71de18744e1dc
[INFO] [stdout]                                at /rustc/df4ca44d3fbc9301ee17f30f4d474e6ae4b05252/library/alloc/src/boxed.rs:2468:9
[INFO] [stdout]   11:     0x619319f77be9 - test::test_main::{{closure}}::hcf7c055ce117aa81
[INFO] [stdout]                                at /rustc/df4ca44d3fbc9301ee17f30f4d474e6ae4b05252/library/test/src/lib.rs:133:21
[INFO] [stdout]   12:     0x61931a369418 - <alloc::boxed::Box<F,A> as core::ops::function::Fn<Args>>::call::h1d66c6bbd60c9692
[INFO] [stdout]                                at /rustc/df4ca44d3fbc9301ee17f30f4d474e6ae4b05252/library/alloc/src/boxed.rs:2468:9
[INFO] [stdout]   13:     0x61931a369418 - std::panicking::rust_panic_with_hook::h2ff17fe8f26dfcf8
[INFO] [stdout]                                at /rustc/df4ca44d3fbc9301ee17f30f4d474e6ae4b05252/library/std/src/panicking.rs:809:13
[INFO] [stdout]   14:     0x61931a3691da - std::panicking::begin_panic_handler::{{closure}}::h4fad77951c07e101
[INFO] [stdout]                                at /rustc/df4ca44d3fbc9301ee17f30f4d474e6ae4b05252/library/std/src/panicking.rs:674:13
[INFO] [stdout]   15:     0x61931a367d69 - std::sys::backtrace::__rust_end_short_backtrace::hb1a25b3da5d0ea08
[INFO] [stdout]                                at /rustc/df4ca44d3fbc9301ee17f30f4d474e6ae4b05252/library/std/src/sys/backtrace.rs:170:18
[INFO] [stdout]   16:     0x61931a368e6c - rust_begin_unwind
[INFO] [stdout]                                at /rustc/df4ca44d3fbc9301ee17f30f4d474e6ae4b05252/library/std/src/panicking.rs:665:5
[INFO] [stdout]   17:     0x61931a38ebe0 - core::panicking::panic_fmt::ha9db07b529f9b256
[INFO] [stdout]                                at /rustc/df4ca44d3fbc9301ee17f30f4d474e6ae4b05252/library/core/src/panicking.rs:75:14
[INFO] [stdout]   18:     0x61931a38efe4 - core::panicking::assert_failed_inner::h04f38944d74a80a8
[INFO] [stdout]   19:     0x619319f01787 - core::panicking::assert_failed::he8e32fec433366b3
[INFO] [stdout]                                at /rustc/df4ca44d3fbc9301ee17f30f4d474e6ae4b05252/library/core/src/panicking.rs:377:5
[INFO] [stdout]   20:     0x619319ef4ea6 - ohcrab::cli::parser::tests::test_get_parser_matches::h530b0c6d164cc4e6
[INFO] [stdout]                                at /opt/rustwide/workdir/src/cli/parser.rs:107:9
[INFO] [stdout]   21:     0x619319ef4c57 - ohcrab::cli::parser::tests::test_get_parser_matches::{{closure}}::hfbaa67f992950c9a
[INFO] [stdout]                                at /opt/rustwide/workdir/src/cli/parser.rs:103:33
[INFO] [stdout]   22:     0x619319ea7516 - core::ops::function::FnOnce::call_once::hae85735d6c3c2e77
[INFO] [stdout]                                at /rustc/df4ca44d3fbc9301ee17f30f4d474e6ae4b05252/library/core/src/ops/function.rs:250:5
[INFO] [stdout]   23:     0x619319f7c4bb - core::ops::function::FnOnce::call_once::h22c3ba5715e93f05
[INFO] [stdout]                                at /rustc/df4ca44d3fbc9301ee17f30f4d474e6ae4b05252/library/core/src/ops/function.rs:250:5
[INFO] [stdout]   24:     0x619319f7c4bb - test::__rust_begin_short_backtrace::h8e82d8113d0da17f
[INFO] [stdout]                                at /rustc/df4ca44d3fbc9301ee17f30f4d474e6ae4b05252/library/test/src/lib.rs:621:18
[INFO] [stdout]   25:     0x619319f7be37 - test::run_test_in_process::{{closure}}::h33235f4f20b7b7c7
[INFO] [stdout]                                at /rustc/df4ca44d3fbc9301ee17f30f4d474e6ae4b05252/library/test/src/lib.rs:644:60
[INFO] [stdout]   26:     0x619319f7be37 - <core::panic::unwind_safe::AssertUnwindSafe<F> as core::ops::function::FnOnce<()>>::call_once::hb5043206310c586f
[INFO] [stdout]                                at /rustc/df4ca44d3fbc9301ee17f30f4d474e6ae4b05252/library/core/src/panic/unwind_safe.rs:272:9
[INFO] [stdout]   27:     0x619319f7be37 - std::panicking::try::do_call::h9ad4731a60ab23e2
[INFO] [stdout]                                at /rustc/df4ca44d3fbc9301ee17f30f4d474e6ae4b05252/library/std/src/panicking.rs:557:40
[INFO] [stdout]   28:     0x619319f7be37 - std::panicking::try::h3824d23db772a716
[INFO] [stdout]                                at /rustc/df4ca44d3fbc9301ee17f30f4d474e6ae4b05252/library/std/src/panicking.rs:520:19
[INFO] [stdout]   29:     0x619319f7be37 - std::panic::catch_unwind::h5afd514605fde46b
[INFO] [stdout]                                at /rustc/df4ca44d3fbc9301ee17f30f4d474e6ae4b05252/library/std/src/panic.rs:358:14
[INFO] [stdout]   30:     0x619319f7be37 - test::run_test_in_process::h0d5cbfa7067d1720
[INFO] [stdout]                                at /rustc/df4ca44d3fbc9301ee17f30f4d474e6ae4b05252/library/test/src/lib.rs:644:27
[INFO] [stdout]   31:     0x619319f7be37 - test::run_test::{{closure}}::h708eb8872708115d
[INFO] [stdout]                                at /rustc/df4ca44d3fbc9301ee17f30f4d474e6ae4b05252/library/test/src/lib.rs:565:43
[INFO] [stdout]   32:     0x619319f3f554 - test::run_test::{{closure}}::h392c51cee94713ab
[INFO] [stdout]                                at /rustc/df4ca44d3fbc9301ee17f30f4d474e6ae4b05252/library/test/src/lib.rs:595:41
[INFO] [stdout]   33:     0x619319f3f554 - std::sys::backtrace::__rust_begin_short_backtrace::h2f40290710935a8b
[INFO] [stdout]                                at /rustc/df4ca44d3fbc9301ee17f30f4d474e6ae4b05252/library/std/src/sys/backtrace.rs:154:18
[INFO] [stdout]   34:     0x619319f42cfe - std::thread::Builder::spawn_unchecked_::{{closure}}::{{closure}}::h3fd968d89053a903
[INFO] [stdout]                                at /rustc/df4ca44d3fbc9301ee17f30f4d474e6ae4b05252/library/std/src/thread/mod.rs:541:17
[INFO] [stdout]   35:     0x619319f42cfe - <core::panic::unwind_safe::AssertUnwindSafe<F> as core::ops::function::FnOnce<()>>::call_once::h743f637ba4229880
[INFO] [stdout]                                at /rustc/df4ca44d3fbc9301ee17f30f4d474e6ae4b05252/library/core/src/panic/unwind_safe.rs:272:9
[INFO] [stdout]   36:     0x619319f42cfe - std::panicking::try::do_call::h07440897322525a6
[INFO] [stdout]                                at /rustc/df4ca44d3fbc9301ee17f30f4d474e6ae4b05252/library/std/src/panicking.rs:557:40
[INFO] [stdout]   37:     0x619319f42cfe - std::panicking::try::he5a2e00188156637
[INFO] [stdout]                                at /rustc/df4ca44d3fbc9301ee17f30f4d474e6ae4b05252/library/std/src/panicking.rs:520:19
[INFO] [stdout]   38:     0x619319f42cfe - std::panic::catch_unwind::hbaf3cae49b3c6433
[INFO] [stdout]                                at /rustc/df4ca44d3fbc9301ee17f30f4d474e6ae4b05252/library/std/src/panic.rs:358:14
[INFO] [stdout]   39:     0x619319f42cfe - std::thread::Builder::spawn_unchecked_::{{closure}}::h8e141ea224820bce
[INFO] [stdout]                                at /rustc/df4ca44d3fbc9301ee17f30f4d474e6ae4b05252/library/std/src/thread/mod.rs:540:30
[INFO] [stdout]   40:     0x619319f42cfe - core::ops::function::FnOnce::call_once{{vtable.shim}}::h90d312fedd7b8ea8
[INFO] [stdout]                                at /rustc/df4ca44d3fbc9301ee17f30f4d474e6ae4b05252/library/core/src/ops/function.rs:250:5
[INFO] [stdout]   41:     0x61931a36de7b - <alloc::boxed::Box<F,A> as core::ops::function::FnOnce<Args>>::call_once::h69aa08ddb6adb8b6
[INFO] [stdout]                                at /rustc/df4ca44d3fbc9301ee17f30f4d474e6ae4b05252/library/alloc/src/boxed.rs:2454:9
[INFO] [stdout]   42:     0x61931a36de7b - <alloc::boxed::Box<F,A> as core::ops::function::FnOnce<Args>>::call_once::h5aa36efdb79c806f
[INFO] [stdout]                                at /rustc/df4ca44d3fbc9301ee17f30f4d474e6ae4b05252/library/alloc/src/boxed.rs:2454:9
[INFO] [stdout]   43:     0x61931a36de7b - std::sys::pal::unix::thread::Thread::new::thread_start::h6cd80a1b4be5158d
[INFO] [stdout]                                at /rustc/df4ca44d3fbc9301ee17f30f4d474e6ae4b05252/library/std/src/sys/pal/unix/thread.rs:105:17
[INFO] [stdout]   44:     0x7cf7b63ffac3 - <unknown>
[INFO] [stdout]   45:     0x7cf7b6490a04 - clone
[INFO] [stdout]   46:                0x0 - <unknown>
[INFO] [stdout] 
[INFO] [stdout] 
[INFO] [stdout] failures:
[INFO] [stdout]     cli::parser::tests::test_get_parser_matches
[INFO] [stdout] 
[INFO] [stdout] test result: FAILED. 962 passed; 1 failed; 0 ignored; 0 measured; 0 filtered out; finished in 0.17s
[INFO] [stdout] 
[INFO] [stderr] error: test failed, to rerun pass `--bin ohcrab`
[INFO] running `Command { std: "docker" "inspect" "e72cb0ee314ad292cc58427a59e56ed91247845cbc3db57a5f2a3eb8427c5807", kill_on_drop: false }`
[INFO] running `Command { std: "docker" "rm" "-f" "e72cb0ee314ad292cc58427a59e56ed91247845cbc3db57a5f2a3eb8427c5807", kill_on_drop: false }`
[INFO] [stdout] e72cb0ee314ad292cc58427a59e56ed91247845cbc3db57a5f2a3eb8427c5807
