[INFO] fetching crate minidumper-child 0.2.2...
[INFO] testing minidumper-child-0.2.2 against nightly-2024-10-28 for randomize-layout
[INFO] extracting crate minidumper-child 0.2.2 into /workspace/builds/worker-6-tc1/source
[INFO] validating manifest of crates.io crate minidumper-child 0.2.2 on toolchain nightly-2024-10-28
[INFO] running `Command { std: CARGO_HOME="/workspace/cargo-home" RUSTUP_HOME="/workspace/rustup-home" "/workspace/cargo-home/bin/cargo" "+nightly-2024-10-28" "metadata" "--manifest-path" "Cargo.toml" "--no-deps", kill_on_drop: false }`
[INFO] started tweaking crates.io crate minidumper-child 0.2.2
[INFO] finished tweaking crates.io crate minidumper-child 0.2.2
[INFO] tweaked toml for crates.io crate minidumper-child 0.2.2 written to /workspace/builds/worker-6-tc1/source/Cargo.toml
[INFO] crate crates.io crate minidumper-child 0.2.2 already has a lockfile, it will not be regenerated
[INFO] running `Command { std: CARGO_HOME="/workspace/cargo-home" RUSTUP_HOME="/workspace/rustup-home" "/workspace/cargo-home/bin/cargo" "+nightly-2024-10-28" "fetch" "--manifest-path" "Cargo.toml", kill_on_drop: false }`
[INFO] [stderr]     Updating crates.io index
[INFO] [stderr]     Blocking waiting for file lock on package cache
[INFO] [stderr]  Downloading crates ...
[INFO] [stderr]   Downloaded minidumper v0.8.0
[INFO] [stderr]   Downloaded sadness-generator v0.5.0
[INFO] [stderr]   Downloaded enum-primitive-derive v0.2.2
[INFO] [stderr]   Downloaded minidump-writer v0.8.1
[INFO] [stderr]   Downloaded range-map v0.2.0
[INFO] [stderr]   Downloaded crash-handler v0.6.0
[INFO] [stderr]   Downloaded minidump-common v0.17.0
[INFO] [stderr]   Downloaded procfs-core v0.16.0-RC1
[INFO] [stderr]   Downloaded uds v0.2.6
[INFO] [stderr]   Downloaded crash-context v0.6.1
[INFO] [stderr]   Downloaded goblin v0.7.1
[INFO] running `Command { std: "docker" "create" "-v" "/var/lib/crater-agent-workspace/builds/worker-6-tc1/target:/opt/rustwide/target:rw,Z" "-v" "/var/lib/crater-agent-workspace/builds/worker-6-tc1/source:/opt/rustwide/workdir:ro,Z" "-v" "/var/lib/crater-agent-workspace/cargo-home:/opt/rustwide/cargo-home:ro,Z" "-v" "/var/lib/crater-agent-workspace/rustup-home:/opt/rustwide/rustup-home:ro,Z" "-e" "SOURCE_DIR=/opt/rustwide/workdir" "-e" "CARGO_TARGET_DIR=/opt/rustwide/target" "-e" "CARGO_HOME=/opt/rustwide/cargo-home" "-e" "RUSTUP_HOME=/opt/rustwide/rustup-home" "-w" "/opt/rustwide/workdir" "-m" "1610612736" "--user" "0:0" "--network" "none" "ghcr.io/rust-lang/crates-build-env/linux@sha256:4a844ea9eb2546a2d2c7022eacef16ef2e8229c7fbb2c7d4d55a9ceca922f72d" "/opt/rustwide/cargo-home/bin/cargo" "+nightly-2024-10-28" "metadata" "--no-deps" "--format-version=1", kill_on_drop: false }`
[INFO] [stdout] 5dcbf44e20cda28986741c10686bc1f666c9854285484bbe12a25d475d68b52e
[INFO] running `Command { std: "docker" "start" "-a" "5dcbf44e20cda28986741c10686bc1f666c9854285484bbe12a25d475d68b52e", kill_on_drop: false }`
[INFO] running `Command { std: "docker" "inspect" "5dcbf44e20cda28986741c10686bc1f666c9854285484bbe12a25d475d68b52e", kill_on_drop: false }`
[INFO] running `Command { std: "docker" "rm" "-f" "5dcbf44e20cda28986741c10686bc1f666c9854285484bbe12a25d475d68b52e", kill_on_drop: false }`
[INFO] [stdout] 5dcbf44e20cda28986741c10686bc1f666c9854285484bbe12a25d475d68b52e
[INFO] running `Command { std: "docker" "create" "-v" "/var/lib/crater-agent-workspace/builds/worker-6-tc1/target:/opt/rustwide/target:rw,Z" "-v" "/var/lib/crater-agent-workspace/builds/worker-6-tc1/source:/opt/rustwide/workdir:ro,Z" "-v" "/var/lib/crater-agent-workspace/cargo-home:/opt/rustwide/cargo-home:ro,Z" "-v" "/var/lib/crater-agent-workspace/rustup-home:/opt/rustwide/rustup-home:ro,Z" "-e" "SOURCE_DIR=/opt/rustwide/workdir" "-e" "CARGO_TARGET_DIR=/opt/rustwide/target" "-e" "CARGO_INCREMENTAL=0" "-e" "RUST_BACKTRACE=full" "-e" "RUSTFLAGS=--cap-lints=forbid" "-e" "RUSTDOCFLAGS=--cap-lints=forbid" "-e" "CARGO_HOME=/opt/rustwide/cargo-home" "-e" "RUSTUP_HOME=/opt/rustwide/rustup-home" "-w" "/opt/rustwide/workdir" "-m" "1610612736" "--user" "0:0" "--network" "none" "ghcr.io/rust-lang/crates-build-env/linux@sha256:4a844ea9eb2546a2d2c7022eacef16ef2e8229c7fbb2c7d4d55a9ceca922f72d" "/opt/rustwide/cargo-home/bin/cargo" "+nightly-2024-10-28" "build" "--frozen" "--message-format=json", kill_on_drop: false }`
[INFO] [stdout] a0a729c3e56f791cc76821336dc7a20224820f19148cceae9d9b7b93207ed28c
[INFO] running `Command { std: "docker" "start" "-a" "a0a729c3e56f791cc76821336dc7a20224820f19148cceae9d9b7b93207ed28c", kill_on_drop: false }`
[INFO] [stderr]    Compiling autocfg v1.1.0
[INFO] [stderr]    Compiling libc v0.2.147
[INFO] [stderr]    Compiling cfg-if v1.0.0
[INFO] [stderr]    Compiling proc-macro2 v1.0.63
[INFO] [stderr]    Compiling quote v1.0.29
[INFO] [stderr]    Compiling unicode-ident v1.0.2
[INFO] [stderr]    Compiling syn v1.0.98
[INFO] [stderr]    Compiling log v0.4.17
[INFO] [stderr]    Compiling parking_lot_core v0.9.3
[INFO] [stderr]    Compiling smallvec v1.9.0
[INFO] [stderr]    Compiling scopeguard v1.1.0
[INFO] [stderr]    Compiling bitflags v1.3.2
[INFO] [stderr]    Compiling iana-time-zone v0.1.57
[INFO] [stderr]    Compiling static_assertions v1.1.0
[INFO] [stderr]    Compiling hex v0.4.3
[INFO] [stderr]    Compiling remove_dir_all v0.5.3
[INFO] [stderr]    Compiling fastrand v1.7.0
[INFO] [stderr]    Compiling minidump-writer v0.8.1
[INFO] [stderr]    Compiling plain v0.2.3
[INFO] [stderr]    Compiling bitflags v2.3.3
[INFO] [stderr]    Compiling byteorder v1.4.3
[INFO] [stderr]    Compiling num-traits v0.2.15
[INFO] [stderr]    Compiling lock_api v0.4.7
[INFO] [stderr]    Compiling memoffset v0.9.0
[INFO] [stderr]    Compiling chrono v0.4.26
[INFO] [stderr]    Compiling range-map v0.2.0
[INFO] [stderr]    Compiling getrandom v0.2.7
[INFO] [stderr]    Compiling crash-context v0.6.1
[INFO] [stderr]    Compiling tempfile v3.3.0
[INFO] [stderr]    Compiling memmap2 v0.5.5
[INFO] [stderr]    Compiling nix v0.26.2
[INFO] [stderr]    Compiling polling v2.2.0
[INFO] [stderr]    Compiling uds v0.2.6
[INFO] [stderr]    Compiling uuid v1.1.2
[INFO] [stderr]    Compiling parking_lot v0.12.1
[INFO] [stderr]    Compiling debugid v0.8.0
[INFO] [stderr]    Compiling crash-handler v0.6.0
[INFO] [stderr]    Compiling procfs-core v0.16.0-RC1
[INFO] [stderr]    Compiling scroll_derive v0.11.0
[INFO] [stderr]    Compiling smart-default v0.6.0
[INFO] [stderr]    Compiling enum-primitive-derive v0.2.2
[INFO] [stderr]    Compiling thiserror-impl v1.0.31
[INFO] [stderr]    Compiling scroll v0.11.0
[INFO] [stderr]    Compiling goblin v0.7.1
[INFO] [stderr]    Compiling minidump-common v0.17.0
[INFO] [stderr]    Compiling thiserror v1.0.31
[INFO] [stderr]    Compiling minidumper v0.8.0
[INFO] [stderr]    Compiling minidumper-child v0.2.2 (/opt/rustwide/workdir)
[INFO] [stderr]     Finished `dev` profile [unoptimized + debuginfo] target(s) in 9.30s
[INFO] running `Command { std: "docker" "inspect" "a0a729c3e56f791cc76821336dc7a20224820f19148cceae9d9b7b93207ed28c", kill_on_drop: false }`
[INFO] running `Command { std: "docker" "rm" "-f" "a0a729c3e56f791cc76821336dc7a20224820f19148cceae9d9b7b93207ed28c", kill_on_drop: false }`
[INFO] [stdout] a0a729c3e56f791cc76821336dc7a20224820f19148cceae9d9b7b93207ed28c
[INFO] running `Command { std: "docker" "create" "-v" "/var/lib/crater-agent-workspace/builds/worker-6-tc1/target:/opt/rustwide/target:rw,Z" "-v" "/var/lib/crater-agent-workspace/builds/worker-6-tc1/source:/opt/rustwide/workdir:ro,Z" "-v" "/var/lib/crater-agent-workspace/cargo-home:/opt/rustwide/cargo-home:ro,Z" "-v" "/var/lib/crater-agent-workspace/rustup-home:/opt/rustwide/rustup-home:ro,Z" "-e" "SOURCE_DIR=/opt/rustwide/workdir" "-e" "CARGO_TARGET_DIR=/opt/rustwide/target" "-e" "CARGO_INCREMENTAL=0" "-e" "RUST_BACKTRACE=full" "-e" "RUSTFLAGS=--cap-lints=forbid" "-e" "RUSTDOCFLAGS=--cap-lints=forbid" "-e" "CARGO_HOME=/opt/rustwide/cargo-home" "-e" "RUSTUP_HOME=/opt/rustwide/rustup-home" "-w" "/opt/rustwide/workdir" "-m" "1610612736" "--user" "0:0" "--network" "none" "ghcr.io/rust-lang/crates-build-env/linux@sha256:4a844ea9eb2546a2d2c7022eacef16ef2e8229c7fbb2c7d4d55a9ceca922f72d" "/opt/rustwide/cargo-home/bin/cargo" "+nightly-2024-10-28" "test" "--frozen" "--no-run" "--message-format=json", kill_on_drop: false }`
[INFO] [stdout] 49c48f9b84c4db794a0435d5408720d146287801855fdd278e00377cc690ae92
[INFO] running `Command { std: "docker" "start" "-a" "49c48f9b84c4db794a0435d5408720d146287801855fdd278e00377cc690ae92", kill_on_drop: false }`
[INFO] [stderr]    Compiling sadness-generator v0.5.0
[INFO] [stderr]    Compiling minidumper-child v0.2.2 (/opt/rustwide/workdir)
[INFO] [stderr]     Finished `test` profile [unoptimized + debuginfo] target(s) in 0.37s
[INFO] running `Command { std: "docker" "inspect" "49c48f9b84c4db794a0435d5408720d146287801855fdd278e00377cc690ae92", kill_on_drop: false }`
[INFO] running `Command { std: "docker" "rm" "-f" "49c48f9b84c4db794a0435d5408720d146287801855fdd278e00377cc690ae92", kill_on_drop: false }`
[INFO] [stdout] 49c48f9b84c4db794a0435d5408720d146287801855fdd278e00377cc690ae92
[INFO] running `Command { std: "docker" "create" "-v" "/var/lib/crater-agent-workspace/builds/worker-6-tc1/target:/opt/rustwide/target:rw,Z" "-v" "/var/lib/crater-agent-workspace/builds/worker-6-tc1/source:/opt/rustwide/workdir:ro,Z" "-v" "/var/lib/crater-agent-workspace/cargo-home:/opt/rustwide/cargo-home:ro,Z" "-v" "/var/lib/crater-agent-workspace/rustup-home:/opt/rustwide/rustup-home:ro,Z" "-e" "SOURCE_DIR=/opt/rustwide/workdir" "-e" "CARGO_TARGET_DIR=/opt/rustwide/target" "-e" "CARGO_INCREMENTAL=0" "-e" "RUST_BACKTRACE=full" "-e" "RUSTFLAGS=--cap-lints=forbid" "-e" "RUSTDOCFLAGS=--cap-lints=forbid" "-e" "CARGO_HOME=/opt/rustwide/cargo-home" "-e" "RUSTUP_HOME=/opt/rustwide/rustup-home" "-w" "/opt/rustwide/workdir" "-m" "1610612736" "--user" "0:0" "--network" "none" "ghcr.io/rust-lang/crates-build-env/linux@sha256:4a844ea9eb2546a2d2c7022eacef16ef2e8229c7fbb2c7d4d55a9ceca922f72d" "/opt/rustwide/cargo-home/bin/cargo" "+nightly-2024-10-28" "test" "--frozen", kill_on_drop: false }`
[INFO] [stdout] 61f1fd9a90fa2d5f50a53e48c8b63b9361d815affd80965c34cfbcf1ecc9a991
[INFO] running `Command { std: "docker" "start" "-a" "61f1fd9a90fa2d5f50a53e48c8b63b9361d815affd80965c34cfbcf1ecc9a991", kill_on_drop: false }`
[INFO] [stderr]     Finished `test` profile [unoptimized + debuginfo] target(s) in 0.04s
[INFO] [stderr]      Running unittests src/lib.rs (/opt/rustwide/target/debug/deps/minidumper_child-96caf8d1f151e4d0)
[INFO] [stdout] 
[INFO] [stdout] running 0 tests
[INFO] [stdout] 
[INFO] [stdout] test result: ok. 0 passed; 0 failed; 0 ignored; 0 measured; 0 filtered out; finished in 0.00s
[INFO] [stdout] 
[INFO] [stderr]      Running tests/e2e.rs (/opt/rustwide/target/debug/deps/e2e-5c2b0152456d2d61)
[INFO] [stdout] 
[INFO] [stdout] running 1 test
[INFO] [stderr]     Finished `dev` profile [unoptimized + debuginfo] target(s) in 0.04s
[INFO] [stderr]      Running `/opt/rustwide/target/debug/examples/test`
[INFO] [stderr] thread 'main' panicked at core/src/panicking.rs:227:5:
[INFO] [stderr] unsafe precondition(s) violated: slice::from_raw_parts requires the pointer to be aligned and non-null, and the total size of the slice not to exceed `isize::MAX`
[INFO] [stderr] stack backtrace:
[INFO] [stderr]    0:     0x6369a144b86a - std::backtrace_rs::backtrace::libunwind::trace::h207520d6e9873551
[INFO] [stderr]                                at /rustc/df4ca44d3fbc9301ee17f30f4d474e6ae4b05252/library/std/src/../../backtrace/src/backtrace/libunwind.rs:116:5
[INFO] [stderr]    1:     0x6369a144b86a - std::backtrace_rs::backtrace::trace_unsynchronized::h2ed7433f370e3eca
[INFO] [stderr]                                at /rustc/df4ca44d3fbc9301ee17f30f4d474e6ae4b05252/library/std/src/../../backtrace/src/backtrace/mod.rs:66:5
[INFO] [stderr]    2:     0x6369a144b86a - std::sys::backtrace::_print_fmt::h916fac51166b18d7
[INFO] [stderr]                                at /rustc/df4ca44d3fbc9301ee17f30f4d474e6ae4b05252/library/std/src/sys/backtrace.rs:66:9
[INFO] [stderr]    3:     0x6369a144b86a - <std::sys::backtrace::BacktraceLock::print::DisplayBacktrace as core::fmt::Display>::fmt::ha0a4c9b8ce3802e6
[INFO] [stderr]                                at /rustc/df4ca44d3fbc9301ee17f30f4d474e6ae4b05252/library/std/src/sys/backtrace.rs:39:26
[INFO] [stderr]    4:     0x6369a146cdc3 - core::fmt::rt::Argument::fmt::h4cfc8587d52b3eb5
[INFO] [stderr]                                at /rustc/df4ca44d3fbc9301ee17f30f4d474e6ae4b05252/library/core/src/fmt/rt.rs:177:76
[INFO] [stderr]    5:     0x6369a146cdc3 - core::fmt::write::h522cc39e5b36ae9f
[INFO] [stderr]                                at /rustc/df4ca44d3fbc9301ee17f30f4d474e6ae4b05252/library/core/src/fmt/mod.rs:1190:21
[INFO] [stderr]    6:     0x6369a1448793 - std::io::Write::write_fmt::hf1c1dcc8cc1287f0
[INFO] [stderr]                                at /rustc/df4ca44d3fbc9301ee17f30f4d474e6ae4b05252/library/std/src/io/mod.rs:1839:15
[INFO] [stderr]    7:     0x6369a144b6b2 - std::sys::backtrace::BacktraceLock::print::h4b9e00b29e9c0942
[INFO] [stderr]                                at /rustc/df4ca44d3fbc9301ee17f30f4d474e6ae4b05252/library/std/src/sys/backtrace.rs:42:9
[INFO] [stderr]    8:     0x6369a144c67c - std::panicking::default_hook::{{closure}}::hb59b88280d0324d9
[INFO] [stderr]                                at /rustc/df4ca44d3fbc9301ee17f30f4d474e6ae4b05252/library/std/src/panicking.rs:268:22
[INFO] [stderr]    9:     0x6369a144c4c2 - std::panicking::default_hook::he1dd496665be4a29
[INFO] [stderr]                                at /rustc/df4ca44d3fbc9301ee17f30f4d474e6ae4b05252/library/std/src/panicking.rs:295:9
[INFO] [stderr]   10:     0x6369a144ccb7 - std::panicking::rust_panic_with_hook::h2ff17fe8f26dfcf8
[INFO] [stderr]                                at /rustc/df4ca44d3fbc9301ee17f30f4d474e6ae4b05252/library/std/src/panicking.rs:801:13
[INFO] [stderr]   11:     0x6369a144cb16 - std::panicking::begin_panic_handler::{{closure}}::h4fad77951c07e101
[INFO] [stderr]                                at /rustc/df4ca44d3fbc9301ee17f30f4d474e6ae4b05252/library/std/src/panicking.rs:667:13
[INFO] [stderr]   12:     0x6369a144bd49 - std::sys::backtrace::__rust_end_short_backtrace::hb1a25b3da5d0ea08
[INFO] [stderr]                                at /rustc/df4ca44d3fbc9301ee17f30f4d474e6ae4b05252/library/std/src/sys/backtrace.rs:170:18
[INFO] [stderr]   13:     0x6369a144c7dc - rust_begin_unwind
[INFO] [stderr]                                at /rustc/df4ca44d3fbc9301ee17f30f4d474e6ae4b05252/library/std/src/panicking.rs:665:5
[INFO] [stderr]   14:     0x6369a146bfad - core::panicking::panic_nounwind_fmt::runtime::hb8ceb4e2b8eb64c7
[INFO] [stderr]                                at /rustc/df4ca44d3fbc9301ee17f30f4d474e6ae4b05252/library/core/src/panicking.rs:115:18
[INFO] [stderr]   15:     0x6369a146bfad - core::panicking::panic_nounwind_fmt::hccfae7c58ba60316
[INFO] [stderr]                                at /rustc/df4ca44d3fbc9301ee17f30f4d474e6ae4b05252/library/core/src/panicking.rs:125:5
[INFO] [stderr]   16:     0x6369a146c042 - core::panicking::panic_nounwind::ha9cb41ebc3328049
[INFO] [stderr]                                at /rustc/df4ca44d3fbc9301ee17f30f4d474e6ae4b05252/library/core/src/panicking.rs:227:5
[INFO] [stderr]   17:     0x6369a13b8b40 - core::slice::raw::from_raw_parts::precondition_check::h1c08cc6c0bbdec5f
[INFO] [stderr]                                at /rustc/df4ca44d3fbc9301ee17f30f4d474e6ae4b05252/library/core/src/ub_checks.rs:71:21
[INFO] [stderr]   18:     0x6369a13b894f - core::slice::raw::from_raw_parts::h8acf3904ab6f37fe
[INFO] [stderr]                                at /rustc/df4ca44d3fbc9301ee17f30f4d474e6ae4b05252/library/core/src/ub_checks.rs:78:17
[INFO] [stderr]   19:     0x6369a139958f - minidump_writer::linux::thread_info::to_u128::h2251f86ba6ca5a26
[INFO] [stderr]                                at /opt/rustwide/cargo-home/registry/src/index.crates.io-6f17d22bba15001f/minidump-writer-0.8.1/src/linux/thread_info.rs:42:14
[INFO] [stderr]   20:     0x6369a139976f - minidump_writer::linux::thread_info::copy_u32_registers::h2397622ed4ed2a1d
[INFO] [stderr]                                at /opt/rustwide/cargo-home/registry/src/index.crates.io-6f17d22bba15001f/minidump-writer-0.8.1/src/linux/thread_info.rs:53:25
[INFO] [stderr]   21:     0x6369a1399c12 - minidump_writer::linux::crash_context::x86_64::<impl minidump_writer::linux::crash_context::CrashContext>::fill_cpu_context::hd5c2118d1c45022e
[INFO] [stderr]                                at /opt/rustwide/cargo-home/registry/src/index.crates.io-6f17d22bba15001f/minidump-writer-0.8.1/src/linux/crash_context/x86_64.rs:70:13
[INFO] [stderr]   22:     0x6369a13bb374 - minidump_writer::linux::sections::thread_list_stream::write::hc73d79b51f6f01eb
[INFO] [stderr]                                at /opt/rustwide/cargo-home/registry/src/index.crates.io-6f17d22bba15001f/minidump-writer-0.8.1/src/linux/sections/thread_list_stream.rs:133:13
[INFO] [stderr]   23:     0x6369a1361a42 - minidump_writer::linux::minidump_writer::MinidumpWriter::generate_dump::h1852309691b3f8ad
[INFO] [stderr]                                at /opt/rustwide/cargo-home/registry/src/index.crates.io-6f17d22bba15001f/minidump-writer-0.8.1/src/linux/minidump_writer.rs:217:22
[INFO] [stderr]   24:     0x6369a1364247 - minidump_writer::linux::minidump_writer::MinidumpWriter::dump::h4421bc33811a0fce
[INFO] [stderr]                                at /opt/rustwide/cargo-home/registry/src/index.crates.io-6f17d22bba15001f/minidump-writer-0.8.1/src/linux/minidump_writer.rs:121:9
[INFO] [stderr]   25:     0x6369a136fcd5 - minidumper::ipc::server::Server::handle_crash_request::hd6aead10282da47f
[INFO] [stderr]                                at /opt/rustwide/cargo-home/registry/src/index.crates.io-6f17d22bba15001f/minidumper-0.8.0/src/ipc/server.rs:420:22
[INFO] [stderr]   26:     0x6369a136e486 - minidumper::ipc::server::Server::run::ha7e9d3fa35c320f8
[INFO] [stderr]                                at /opt/rustwide/cargo-home/registry/src/index.crates.io-6f17d22bba15001f/minidumper-0.8.0/src/ipc/server.rs:287:47
[INFO] [stderr]   27:     0x6369a135bceb - minidumper_child::server::start::{{closure}}::hf325e5840c541bec
[INFO] [stderr]                                at /opt/rustwide/workdir/src/server.rs:109:13
[INFO] [stderr]   28:     0x6369a135d663 - core::result::Result<T,E>::and_then::hfadb9d4ca68230c6
[INFO] [stderr]                                at /rustc/df4ca44d3fbc9301ee17f30f4d474e6ae4b05252/library/core/src/result.rs:1347:22
[INFO] [stderr]   29:     0x6369a135ba93 - minidumper_child::server::start::haafb776229c47094
[INFO] [stderr]                                at /opt/rustwide/workdir/src/server.rs:102:5
[INFO] [stderr]   30:     0x6369a13603b2 - minidumper_child::MinidumperChild::spawn::h49acf93733300bba
[INFO] [stderr]                                at /opt/rustwide/workdir/src/lib.rs:120:13
[INFO] [stderr]   31:     0x6369a1353d62 - test::main::h3436171f6f41ec44
[INFO] [stderr]                                at /opt/rustwide/workdir/examples/test.rs:5:18
[INFO] [stderr]   32:     0x6369a13535db - core::ops::function::FnOnce::call_once::hc28d14166604c1d8
[INFO] [stderr]                                at /rustc/df4ca44d3fbc9301ee17f30f4d474e6ae4b05252/library/core/src/ops/function.rs:250:5
[INFO] [stderr]   33:     0x6369a13534ae - std::sys::backtrace::__rust_begin_short_backtrace::hf96b371aef4e767b
[INFO] [stderr]                                at /rustc/df4ca44d3fbc9301ee17f30f4d474e6ae4b05252/library/std/src/sys/backtrace.rs:154:18
[INFO] [stderr]   34:     0x6369a1353481 - std::rt::lang_start::{{closure}}::h0081cef2432fefd9
[INFO] [stderr]                                at /rustc/df4ca44d3fbc9301ee17f30f4d474e6ae4b05252/library/std/src/rt.rs:195:18
[INFO] [stderr]   35:     0x6369a1443d27 - core::ops::function::impls::<impl core::ops::function::FnOnce<A> for &F>::call_once::hd87d66b906e0ccaf
[INFO] [stderr]                                at /rustc/df4ca44d3fbc9301ee17f30f4d474e6ae4b05252/library/core/src/ops/function.rs:284:13
[INFO] [stderr]   36:     0x6369a1443d27 - std::panicking::try::do_call::hae3703de71fc9e3a
[INFO] [stderr]                                at /rustc/df4ca44d3fbc9301ee17f30f4d474e6ae4b05252/library/std/src/panicking.rs:557:40
[INFO] [stderr]   37:     0x6369a1443d27 - std::panicking::try::h1178330e9a2b2645
[INFO] [stderr]                                at /rustc/df4ca44d3fbc9301ee17f30f4d474e6ae4b05252/library/std/src/panicking.rs:520:19
[INFO] [stderr]   38:     0x6369a1443d27 - std::panic::catch_unwind::h0acf49d2305d32ad
[INFO] [stderr]                                at /rustc/df4ca44d3fbc9301ee17f30f4d474e6ae4b05252/library/std/src/panic.rs:358:14
[INFO] [stderr]   39:     0x6369a1443d27 - std::rt::lang_start_internal::{{closure}}::h2d95182d798177be
[INFO] [stderr]                                at /rustc/df4ca44d3fbc9301ee17f30f4d474e6ae4b05252/library/std/src/rt.rs:174:48
[INFO] [stderr]   40:     0x6369a1443d27 - std::panicking::try::do_call::hb506f5bfe11fd30c
[INFO] [stderr]                                at /rustc/df4ca44d3fbc9301ee17f30f4d474e6ae4b05252/library/std/src/panicking.rs:557:40
[INFO] [stderr]   41:     0x6369a1443d27 - std::panicking::try::h54d825c46bd0fa95
[INFO] [stderr]                                at /rustc/df4ca44d3fbc9301ee17f30f4d474e6ae4b05252/library/std/src/panicking.rs:520:19
[INFO] [stderr]   42:     0x6369a1443d27 - std::panic::catch_unwind::hffbb0ad20c4e9fac
[INFO] [stderr]                                at /rustc/df4ca44d3fbc9301ee17f30f4d474e6ae4b05252/library/std/src/panic.rs:358:14
[INFO] [stderr]   43:     0x6369a1443d27 - std::rt::lang_start_internal::h52c291ef1962c925
[INFO] [stderr]                                at /rustc/df4ca44d3fbc9301ee17f30f4d474e6ae4b05252/library/std/src/rt.rs:174:20
[INFO] [stderr]   44:     0x6369a135345a - std::rt::lang_start::hca6cca9cd6182c5a
[INFO] [stderr]                                at /rustc/df4ca44d3fbc9301ee17f30f4d474e6ae4b05252/library/std/src/rt.rs:194:17
[INFO] [stderr]   45:     0x6369a1353f7e - main
[INFO] [stderr]   46:     0x73cf8117dd90 - <unknown>
[INFO] [stderr]   47:     0x73cf8117de40 - __libc_start_main
[INFO] [stderr]   48:     0x6369a1353245 - _start
[INFO] [stderr]   49:                0x0 - <unknown>
[INFO] [stderr] thread caused non-unwinding panic. aborting.
[INFO] [stdout] test test_example_app ... FAILED
[INFO] [stdout] 
[INFO] [stdout] failures:
[INFO] [stdout] 
[INFO] [stdout] ---- test_example_app stdout ----
[INFO] [stdout] thread 'test_example_app' panicked at tests/e2e.rs:16:5:
[INFO] [stdout] assertion failed: output.starts_with("MDMP")
[INFO] [stdout] stack backtrace:
[INFO] [stdout]    0:     0x5ff20d09e07a - std::backtrace_rs::backtrace::libunwind::trace::h207520d6e9873551
[INFO] [stdout]                                at /rustc/df4ca44d3fbc9301ee17f30f4d474e6ae4b05252/library/std/src/../../backtrace/src/backtrace/libunwind.rs:116:5
[INFO] [stdout]    1:     0x5ff20d09e07a - std::backtrace_rs::backtrace::trace_unsynchronized::h2ed7433f370e3eca
[INFO] [stdout]                                at /rustc/df4ca44d3fbc9301ee17f30f4d474e6ae4b05252/library/std/src/../../backtrace/src/backtrace/mod.rs:66:5
[INFO] [stdout]    2:     0x5ff20d09e07a - std::sys::backtrace::_print_fmt::h916fac51166b18d7
[INFO] [stdout]                                at /rustc/df4ca44d3fbc9301ee17f30f4d474e6ae4b05252/library/std/src/sys/backtrace.rs:66:9
[INFO] [stdout]    3:     0x5ff20d09e07a - <std::sys::backtrace::BacktraceLock::print::DisplayBacktrace as core::fmt::Display>::fmt::ha0a4c9b8ce3802e6
[INFO] [stdout]                                at /rustc/df4ca44d3fbc9301ee17f30f4d474e6ae4b05252/library/std/src/sys/backtrace.rs:39:26
[INFO] [stdout]    4:     0x5ff20d0c4673 - core::fmt::rt::Argument::fmt::h4cfc8587d52b3eb5
[INFO] [stdout]                                at /rustc/df4ca44d3fbc9301ee17f30f4d474e6ae4b05252/library/core/src/fmt/rt.rs:177:76
[INFO] [stdout]    5:     0x5ff20d0c4673 - core::fmt::write::h522cc39e5b36ae9f
[INFO] [stdout]                                at /rustc/df4ca44d3fbc9301ee17f30f4d474e6ae4b05252/library/core/src/fmt/mod.rs:1190:21
[INFO] [stdout]    6:     0x5ff20d09a9a3 - std::io::Write::write_fmt::h7d3c26752da97734
[INFO] [stdout]                                at /rustc/df4ca44d3fbc9301ee17f30f4d474e6ae4b05252/library/std/src/io/mod.rs:1839:15
[INFO] [stdout]    7:     0x5ff20d09dec2 - std::sys::backtrace::BacktraceLock::print::h4b9e00b29e9c0942
[INFO] [stdout]                                at /rustc/df4ca44d3fbc9301ee17f30f4d474e6ae4b05252/library/std/src/sys/backtrace.rs:42:9
[INFO] [stdout]    8:     0x5ff20d09f50a - std::panicking::default_hook::{{closure}}::hb59b88280d0324d9
[INFO] [stdout]                                at /rustc/df4ca44d3fbc9301ee17f30f4d474e6ae4b05252/library/std/src/panicking.rs:268:22
[INFO] [stdout]    9:     0x5ff20d09f314 - std::panicking::default_hook::he1dd496665be4a29
[INFO] [stdout]                                at /rustc/df4ca44d3fbc9301ee17f30f4d474e6ae4b05252/library/std/src/panicking.rs:292:9
[INFO] [stdout]   10:     0x5ff20d068d79 - <alloc::boxed::Box<F,A> as core::ops::function::Fn<Args>>::call::h4ff71de18744e1dc
[INFO] [stdout]                                at /rustc/df4ca44d3fbc9301ee17f30f4d474e6ae4b05252/library/alloc/src/boxed.rs:2468:9
[INFO] [stdout]   11:     0x5ff20d068d79 - test::test_main::{{closure}}::hcf7c055ce117aa81
[INFO] [stdout]                                at /rustc/df4ca44d3fbc9301ee17f30f4d474e6ae4b05252/library/test/src/lib.rs:133:21
[INFO] [stdout]   12:     0x5ff20d09fc08 - <alloc::boxed::Box<F,A> as core::ops::function::Fn<Args>>::call::h1d66c6bbd60c9692
[INFO] [stdout]                                at /rustc/df4ca44d3fbc9301ee17f30f4d474e6ae4b05252/library/alloc/src/boxed.rs:2468:9
[INFO] [stdout]   13:     0x5ff20d09fc08 - std::panicking::rust_panic_with_hook::h2ff17fe8f26dfcf8
[INFO] [stdout]                                at /rustc/df4ca44d3fbc9301ee17f30f4d474e6ae4b05252/library/std/src/panicking.rs:809:13
[INFO] [stdout]   14:     0x5ff20d09f996 - std::panicking::begin_panic_handler::{{closure}}::h4fad77951c07e101
[INFO] [stdout]                                at /rustc/df4ca44d3fbc9301ee17f30f4d474e6ae4b05252/library/std/src/panicking.rs:667:13
[INFO] [stdout]   15:     0x5ff20d09e559 - std::sys::backtrace::__rust_end_short_backtrace::hb1a25b3da5d0ea08
[INFO] [stdout]                                at /rustc/df4ca44d3fbc9301ee17f30f4d474e6ae4b05252/library/std/src/sys/backtrace.rs:170:18
[INFO] [stdout]   16:     0x5ff20d09f65c - rust_begin_unwind
[INFO] [stdout]                                at /rustc/df4ca44d3fbc9301ee17f30f4d474e6ae4b05252/library/std/src/panicking.rs:665:5
[INFO] [stdout]   17:     0x5ff20d0c3110 - core::panicking::panic_fmt::ha9db07b529f9b256
[INFO] [stdout]                                at /rustc/df4ca44d3fbc9301ee17f30f4d474e6ae4b05252/library/core/src/panicking.rs:75:14
[INFO] [stdout]   18:     0x5ff20d0c319c - core::panicking::panic::h993086813d94accc
[INFO] [stdout]                                at /rustc/df4ca44d3fbc9301ee17f30f4d474e6ae4b05252/library/core/src/panicking.rs:152:5
[INFO] [stdout]   19:     0x5ff20d02eddf - e2e::test_example_app::h7c06d5dec1fb3cdb
[INFO] [stdout]                                at /opt/rustwide/workdir/tests/e2e.rs:16:5
[INFO] [stdout]   20:     0x5ff20d02eb77 - e2e::test_example_app::{{closure}}::h86db233a8ae98ae9
[INFO] [stdout]                                at /opt/rustwide/workdir/tests/e2e.rs:4:22
[INFO] [stdout]   21:     0x5ff20d02ab66 - core::ops::function::FnOnce::call_once::h75c6840406b4c37c
[INFO] [stdout]                                at /rustc/df4ca44d3fbc9301ee17f30f4d474e6ae4b05252/library/core/src/ops/function.rs:250:5
[INFO] [stdout]   22:     0x5ff20d06d64b - core::ops::function::FnOnce::call_once::h22c3ba5715e93f05
[INFO] [stdout]                                at /rustc/df4ca44d3fbc9301ee17f30f4d474e6ae4b05252/library/core/src/ops/function.rs:250:5
[INFO] [stdout]   23:     0x5ff20d06d64b - test::__rust_begin_short_backtrace::h8e82d8113d0da17f
[INFO] [stdout]                                at /rustc/df4ca44d3fbc9301ee17f30f4d474e6ae4b05252/library/test/src/lib.rs:621:18
[INFO] [stdout]   24:     0x5ff20d06cfc7 - test::run_test_in_process::{{closure}}::h33235f4f20b7b7c7
[INFO] [stdout]                                at /rustc/df4ca44d3fbc9301ee17f30f4d474e6ae4b05252/library/test/src/lib.rs:644:60
[INFO] [stdout]   25:     0x5ff20d06cfc7 - <core::panic::unwind_safe::AssertUnwindSafe<F> as core::ops::function::FnOnce<()>>::call_once::hb5043206310c586f
[INFO] [stdout]                                at /rustc/df4ca44d3fbc9301ee17f30f4d474e6ae4b05252/library/core/src/panic/unwind_safe.rs:272:9
[INFO] [stdout]   26:     0x5ff20d06cfc7 - std::panicking::try::do_call::h9ad4731a60ab23e2
[INFO] [stdout]                                at /rustc/df4ca44d3fbc9301ee17f30f4d474e6ae4b05252/library/std/src/panicking.rs:557:40
[INFO] [stdout]   27:     0x5ff20d06cfc7 - std::panicking::try::h3824d23db772a716
[INFO] [stdout]                                at /rustc/df4ca44d3fbc9301ee17f30f4d474e6ae4b05252/library/std/src/panicking.rs:520:19
[INFO] [stdout]   28:     0x5ff20d06cfc7 - std::panic::catch_unwind::h5afd514605fde46b
[INFO] [stdout]                                at /rustc/df4ca44d3fbc9301ee17f30f4d474e6ae4b05252/library/std/src/panic.rs:358:14
[INFO] [stdout]   29:     0x5ff20d06cfc7 - test::run_test_in_process::h0d5cbfa7067d1720
[INFO] [stdout]                                at /rustc/df4ca44d3fbc9301ee17f30f4d474e6ae4b05252/library/test/src/lib.rs:644:27
[INFO] [stdout]   30:     0x5ff20d06cfc7 - test::run_test::{{closure}}::h708eb8872708115d
[INFO] [stdout]                                at /rustc/df4ca44d3fbc9301ee17f30f4d474e6ae4b05252/library/test/src/lib.rs:565:43
[INFO] [stdout]   31:     0x5ff20d0306e4 - test::run_test::{{closure}}::h392c51cee94713ab
[INFO] [stdout]                                at /rustc/df4ca44d3fbc9301ee17f30f4d474e6ae4b05252/library/test/src/lib.rs:595:41
[INFO] [stdout]   32:     0x5ff20d0306e4 - std::sys::backtrace::__rust_begin_short_backtrace::h2f40290710935a8b
[INFO] [stdout]                                at /rustc/df4ca44d3fbc9301ee17f30f4d474e6ae4b05252/library/std/src/sys/backtrace.rs:154:18
[INFO] [stdout]   33:     0x5ff20d033e8e - std::thread::Builder::spawn_unchecked_::{{closure}}::{{closure}}::h3fd968d89053a903
[INFO] [stdout]                                at /rustc/df4ca44d3fbc9301ee17f30f4d474e6ae4b05252/library/std/src/thread/mod.rs:541:17
[INFO] [stdout]   34:     0x5ff20d033e8e - <core::panic::unwind_safe::AssertUnwindSafe<F> as core::ops::function::FnOnce<()>>::call_once::h743f637ba4229880
[INFO] [stdout]                                at /rustc/df4ca44d3fbc9301ee17f30f4d474e6ae4b05252/library/core/src/panic/unwind_safe.rs:272:9
[INFO] [stdout]   35:     0x5ff20d033e8e - std::panicking::try::do_call::h07440897322525a6
[INFO] [stdout]                                at /rustc/df4ca44d3fbc9301ee17f30f4d474e6ae4b05252/library/std/src/panicking.rs:557:40
[INFO] [stdout]   36:     0x5ff20d033e8e - std::panicking::try::he5a2e00188156637
[INFO] [stdout]                                at /rustc/df4ca44d3fbc9301ee17f30f4d474e6ae4b05252/library/std/src/panicking.rs:520:19
[INFO] [stdout]   37:     0x5ff20d033e8e - std::panic::catch_unwind::hbaf3cae49b3c6433
[INFO] [stdout]                                at /rustc/df4ca44d3fbc9301ee17f30f4d474e6ae4b05252/library/std/src/panic.rs:358:14
[INFO] [stdout]   38:     0x5ff20d033e8e - std::thread::Builder::spawn_unchecked_::{{closure}}::h8e141ea224820bce
[INFO] [stdout]                                at /rustc/df4ca44d3fbc9301ee17f30f4d474e6ae4b05252/library/std/src/thread/mod.rs:540:30
[INFO] [stdout]   39:     0x5ff20d033e8e - core::ops::function::FnOnce::call_once{{vtable.shim}}::h90d312fedd7b8ea8
[INFO] [stdout]                                at /rustc/df4ca44d3fbc9301ee17f30f4d474e6ae4b05252/library/core/src/ops/function.rs:250:5
[INFO] [stdout]   40:     0x5ff20d0a3afb - <alloc::boxed::Box<F,A> as core::ops::function::FnOnce<Args>>::call_once::h69aa08ddb6adb8b6
[INFO] [stdout]                                at /rustc/df4ca44d3fbc9301ee17f30f4d474e6ae4b05252/library/alloc/src/boxed.rs:2454:9
[INFO] [stdout]   41:     0x5ff20d0a3afb - <alloc::boxed::Box<F,A> as core::ops::function::FnOnce<Args>>::call_once::h5aa36efdb79c806f
[INFO] [stdout]                                at /rustc/df4ca44d3fbc9301ee17f30f4d474e6ae4b05252/library/alloc/src/boxed.rs:2454:9
[INFO] [stdout]   42:     0x5ff20d0a3afb - std::sys::pal::unix::thread::Thread::new::thread_start::h6cd80a1b4be5158d
[INFO] [stdout]                                at /rustc/df4ca44d3fbc9301ee17f30f4d474e6ae4b05252/library/std/src/sys/pal/unix/thread.rs:105:17
[INFO] [stdout]   43:     0x7ef56178dac3 - <unknown>
[INFO] [stdout]   44:     0x7ef56181ea04 - clone
[INFO] [stdout]   45:                0x0 - <unknown>
[INFO] [stdout] 
[INFO] [stdout] 
[INFO] [stdout] failures:
[INFO] [stdout]     test_example_app
[INFO] [stdout] 
[INFO] [stdout] test result: FAILED. 0 passed; 1 failed; 0 ignored; 0 measured; 0 filtered out; finished in 10.52s
[INFO] [stdout] 
[INFO] [stderr] error: test failed, to rerun pass `--test e2e`
[INFO] running `Command { std: "docker" "inspect" "61f1fd9a90fa2d5f50a53e48c8b63b9361d815affd80965c34cfbcf1ecc9a991", kill_on_drop: false }`
[INFO] running `Command { std: "docker" "rm" "-f" "61f1fd9a90fa2d5f50a53e48c8b63b9361d815affd80965c34cfbcf1ecc9a991", kill_on_drop: false }`
[INFO] [stdout] 61f1fd9a90fa2d5f50a53e48c8b63b9361d815affd80965c34cfbcf1ecc9a991
