[INFO] fetching crate hetu 0.8.2...
[INFO] testing hetu-0.8.2 against nightly-2024-10-28 for randomize-layout
[INFO] extracting crate hetu 0.8.2 into /workspace/builds/worker-0-tc1/source
[INFO] validating manifest of crates.io crate hetu 0.8.2 on toolchain nightly-2024-10-28
[INFO] running `Command { std: CARGO_HOME="/workspace/cargo-home" RUSTUP_HOME="/workspace/rustup-home" "/workspace/cargo-home/bin/cargo" "+nightly-2024-10-28" "metadata" "--manifest-path" "Cargo.toml" "--no-deps", kill_on_drop: false }`
[INFO] started tweaking crates.io crate hetu 0.8.2
[INFO] finished tweaking crates.io crate hetu 0.8.2
[INFO] tweaked toml for crates.io crate hetu 0.8.2 written to /workspace/builds/worker-0-tc1/source/Cargo.toml
[INFO] crate crates.io crate hetu 0.8.2 already has a lockfile, it will not be regenerated
[INFO] running `Command { std: CARGO_HOME="/workspace/cargo-home" RUSTUP_HOME="/workspace/rustup-home" "/workspace/cargo-home/bin/cargo" "+nightly-2024-10-28" "fetch" "--manifest-path" "Cargo.toml", kill_on_drop: false }`
[INFO] [stderr] warning: no edition set: defaulting to the 2015 edition while the latest is 2021
[INFO] running `Command { std: "docker" "create" "-v" "/var/lib/crater-agent-workspace/builds/worker-0-tc1/target:/opt/rustwide/target:rw,Z" "-v" "/var/lib/crater-agent-workspace/builds/worker-0-tc1/source:/opt/rustwide/workdir:ro,Z" "-v" "/var/lib/crater-agent-workspace/cargo-home:/opt/rustwide/cargo-home:ro,Z" "-v" "/var/lib/crater-agent-workspace/rustup-home:/opt/rustwide/rustup-home:ro,Z" "-e" "SOURCE_DIR=/opt/rustwide/workdir" "-e" "CARGO_TARGET_DIR=/opt/rustwide/target" "-e" "CARGO_HOME=/opt/rustwide/cargo-home" "-e" "RUSTUP_HOME=/opt/rustwide/rustup-home" "-w" "/opt/rustwide/workdir" "-m" "1610612736" "--user" "0:0" "--network" "none" "ghcr.io/rust-lang/crates-build-env/linux@sha256:4a844ea9eb2546a2d2c7022eacef16ef2e8229c7fbb2c7d4d55a9ceca922f72d" "/opt/rustwide/cargo-home/bin/cargo" "+nightly-2024-10-28" "metadata" "--no-deps" "--format-version=1", kill_on_drop: false }`
[INFO] [stdout] 0ec41a9a211b509e812d3177358d5f2d95136b11de611bf12a99f5dc8f4c9db9
[INFO] running `Command { std: "docker" "start" "-a" "0ec41a9a211b509e812d3177358d5f2d95136b11de611bf12a99f5dc8f4c9db9", kill_on_drop: false }`
[INFO] running `Command { std: "docker" "inspect" "0ec41a9a211b509e812d3177358d5f2d95136b11de611bf12a99f5dc8f4c9db9", kill_on_drop: false }`
[INFO] running `Command { std: "docker" "rm" "-f" "0ec41a9a211b509e812d3177358d5f2d95136b11de611bf12a99f5dc8f4c9db9", kill_on_drop: false }`
[INFO] [stdout] 0ec41a9a211b509e812d3177358d5f2d95136b11de611bf12a99f5dc8f4c9db9
[INFO] running `Command { std: "docker" "create" "-v" "/var/lib/crater-agent-workspace/builds/worker-0-tc1/target:/opt/rustwide/target:rw,Z" "-v" "/var/lib/crater-agent-workspace/builds/worker-0-tc1/source:/opt/rustwide/workdir:ro,Z" "-v" "/var/lib/crater-agent-workspace/cargo-home:/opt/rustwide/cargo-home:ro,Z" "-v" "/var/lib/crater-agent-workspace/rustup-home:/opt/rustwide/rustup-home:ro,Z" "-e" "SOURCE_DIR=/opt/rustwide/workdir" "-e" "CARGO_TARGET_DIR=/opt/rustwide/target" "-e" "CARGO_INCREMENTAL=0" "-e" "RUST_BACKTRACE=full" "-e" "RUSTFLAGS=--cap-lints=forbid" "-e" "RUSTDOCFLAGS=--cap-lints=forbid" "-e" "CARGO_HOME=/opt/rustwide/cargo-home" "-e" "RUSTUP_HOME=/opt/rustwide/rustup-home" "-w" "/opt/rustwide/workdir" "-m" "1610612736" "--user" "0:0" "--network" "none" "ghcr.io/rust-lang/crates-build-env/linux@sha256:4a844ea9eb2546a2d2c7022eacef16ef2e8229c7fbb2c7d4d55a9ceca922f72d" "/opt/rustwide/cargo-home/bin/cargo" "+nightly-2024-10-28" "build" "--frozen" "--message-format=json", kill_on_drop: false }`
[INFO] [stdout] 2309cddeaf4388b750ed7bd3350bbbe7b25a9a9d9cd31bcda692681505cc873b
[INFO] running `Command { std: "docker" "start" "-a" "2309cddeaf4388b750ed7bd3350bbbe7b25a9a9d9cd31bcda692681505cc873b", kill_on_drop: false }`
[INFO] [stderr] warning: no edition set: defaulting to the 2015 edition while the latest is 2021
[INFO] [stderr]    Compiling libc v0.2.151
[INFO] [stderr]    Compiling rand v0.4.6
[INFO] [stderr]    Compiling rand v0.3.23
[INFO] [stderr]    Compiling hetu v0.8.2 (/opt/rustwide/workdir)
[INFO] [stderr]     Finished `dev` profile [unoptimized + debuginfo] target(s) in 2.22s
[INFO] running `Command { std: "docker" "inspect" "2309cddeaf4388b750ed7bd3350bbbe7b25a9a9d9cd31bcda692681505cc873b", kill_on_drop: false }`
[INFO] running `Command { std: "docker" "rm" "-f" "2309cddeaf4388b750ed7bd3350bbbe7b25a9a9d9cd31bcda692681505cc873b", kill_on_drop: false }`
[INFO] [stdout] 2309cddeaf4388b750ed7bd3350bbbe7b25a9a9d9cd31bcda692681505cc873b
[INFO] running `Command { std: "docker" "create" "-v" "/var/lib/crater-agent-workspace/builds/worker-0-tc1/target:/opt/rustwide/target:rw,Z" "-v" "/var/lib/crater-agent-workspace/builds/worker-0-tc1/source:/opt/rustwide/workdir:ro,Z" "-v" "/var/lib/crater-agent-workspace/cargo-home:/opt/rustwide/cargo-home:ro,Z" "-v" "/var/lib/crater-agent-workspace/rustup-home:/opt/rustwide/rustup-home:ro,Z" "-e" "SOURCE_DIR=/opt/rustwide/workdir" "-e" "CARGO_TARGET_DIR=/opt/rustwide/target" "-e" "CARGO_INCREMENTAL=0" "-e" "RUST_BACKTRACE=full" "-e" "RUSTFLAGS=--cap-lints=forbid" "-e" "RUSTDOCFLAGS=--cap-lints=forbid" "-e" "CARGO_HOME=/opt/rustwide/cargo-home" "-e" "RUSTUP_HOME=/opt/rustwide/rustup-home" "-w" "/opt/rustwide/workdir" "-m" "1610612736" "--user" "0:0" "--network" "none" "ghcr.io/rust-lang/crates-build-env/linux@sha256:4a844ea9eb2546a2d2c7022eacef16ef2e8229c7fbb2c7d4d55a9ceca922f72d" "/opt/rustwide/cargo-home/bin/cargo" "+nightly-2024-10-28" "test" "--frozen" "--no-run" "--message-format=json", kill_on_drop: false }`
[INFO] [stdout] 821ff1991e205d9c3c8b49eade4ef14ab4832809f6ca7ffd80a19ba1ca0122b1
[INFO] running `Command { std: "docker" "start" "-a" "821ff1991e205d9c3c8b49eade4ef14ab4832809f6ca7ffd80a19ba1ca0122b1", kill_on_drop: false }`
[INFO] [stderr] warning: no edition set: defaulting to the 2015 edition while the latest is 2021
[INFO] [stderr]    Compiling memchr v2.4.0
[INFO] [stderr]    Compiling regex-syntax v0.6.25
[INFO] [stderr]    Compiling aho-corasick v0.7.18
[INFO] [stderr]    Compiling regex v1.5.4
[INFO] [stderr]    Compiling hetu v0.8.2 (/opt/rustwide/workdir)
[INFO] [stderr]     Finished `test` profile [unoptimized + debuginfo] target(s) in 4.37s
[INFO] running `Command { std: "docker" "inspect" "821ff1991e205d9c3c8b49eade4ef14ab4832809f6ca7ffd80a19ba1ca0122b1", kill_on_drop: false }`
[INFO] running `Command { std: "docker" "rm" "-f" "821ff1991e205d9c3c8b49eade4ef14ab4832809f6ca7ffd80a19ba1ca0122b1", kill_on_drop: false }`
[INFO] [stdout] 821ff1991e205d9c3c8b49eade4ef14ab4832809f6ca7ffd80a19ba1ca0122b1
[INFO] running `Command { std: "docker" "create" "-v" "/var/lib/crater-agent-workspace/builds/worker-0-tc1/target:/opt/rustwide/target:rw,Z" "-v" "/var/lib/crater-agent-workspace/builds/worker-0-tc1/source:/opt/rustwide/workdir:ro,Z" "-v" "/var/lib/crater-agent-workspace/cargo-home:/opt/rustwide/cargo-home:ro,Z" "-v" "/var/lib/crater-agent-workspace/rustup-home:/opt/rustwide/rustup-home:ro,Z" "-e" "SOURCE_DIR=/opt/rustwide/workdir" "-e" "CARGO_TARGET_DIR=/opt/rustwide/target" "-e" "CARGO_INCREMENTAL=0" "-e" "RUST_BACKTRACE=full" "-e" "RUSTFLAGS=--cap-lints=forbid" "-e" "RUSTDOCFLAGS=--cap-lints=forbid" "-e" "CARGO_HOME=/opt/rustwide/cargo-home" "-e" "RUSTUP_HOME=/opt/rustwide/rustup-home" "-w" "/opt/rustwide/workdir" "-m" "1610612736" "--user" "0:0" "--network" "none" "ghcr.io/rust-lang/crates-build-env/linux@sha256:4a844ea9eb2546a2d2c7022eacef16ef2e8229c7fbb2c7d4d55a9ceca922f72d" "/opt/rustwide/cargo-home/bin/cargo" "+nightly-2024-10-28" "test" "--frozen", kill_on_drop: false }`
[INFO] [stdout] fd522794ea22f3ca29eaa0a0d0bdda4aae73fc0badaacc22d9fa0ce01a3324d1
[INFO] running `Command { std: "docker" "start" "-a" "fd522794ea22f3ca29eaa0a0d0bdda4aae73fc0badaacc22d9fa0ce01a3324d1", kill_on_drop: false }`
[INFO] [stderr] warning: no edition set: defaulting to the 2015 edition while the latest is 2021
[INFO] [stderr]     Finished `test` profile [unoptimized + debuginfo] target(s) in 0.02s
[INFO] [stderr]      Running unittests src/lib.rs (/opt/rustwide/target/debug/deps/hetu-7c3ce5232852aa54)
[INFO] [stdout] 
[INFO] [stdout] running 57 tests
[INFO] [stdout] test tests::day_smallest_fixed ... ok
[INFO] [stdout] test tests::day_biggest_wildcard ... ok
[INFO] [stdout] test tests::day_smallest_wildcard ... ok
[INFO] [stdout] test tests::day_too_large_on_non_leap_year_fixed ... ok
[INFO] [stdout] test tests::day_too_large_on_leap_year_fixed ... ok
[INFO] [stdout] test tests::day_too_large_on_non_leap_year_wilcard ... ok
[INFO] [stdout] test tests::day_too_large_wildcard ... ok
[INFO] [stdout] test tests::day_too_large_on_leap_year_wildcard ... ok
[INFO] [stdout] test tests::day_too_small_wildcard ... ok
[INFO] [stdout] test tests::decade_biggest_fixed ... ok
[INFO] [stdout] test tests::decade_biggest_wildcard ... ok
[INFO] [stdout] test tests::day_biggest_fixed ... ok
[INFO] [stdout] test tests::decade_smallest_fixed ... ok
[INFO] [stdout] test tests::first_day_of_year_wildcard ... ok
[INFO] [stdout] test tests::first_day_of_year_fixed ... ok
[INFO] [stdout] test tests::day_too_large_fixed ... ok
[INFO] [stdout] test tests::identifier_biggest_fixed ... ok
[INFO] [stdout] test tests::identifier_too_small_wildcard ... ok
[INFO] [stdout] test tests::identifier_biggest_wildcard ... ok
[INFO] [stdout] test tests::month_biggest_wildcard ... ok
[INFO] [stdout] test tests::decade_smallest_wildcard ... ok
[INFO] [stdout] test tests::identifier_smallest_fixed ... ok
[INFO] [stdout] test tests::month_biggest_fixed ... ok
[INFO] [stdout] test tests::identifier_smallest_wildcard ... ok
[INFO] [stdout] test tests::month_smallest_fixed ... ok
[INFO] [stdout] test tests::month_smallest_wildcard ... ok
[INFO] [stdout] test tests::test_generate ... ok
[INFO] [stdout] test tests::month_too_large_wildcard ... ok
[INFO] [stdout] test tests::test_iter_fixed_repeated ... ok
[INFO] [stdout] test tests::month_too_small_wildcard ... ok
[INFO] [stdout] test tests::test_iter_wildcard_repeated ... ok
[INFO] [stdout] test tests::test_parse_1900s ... ok
[INFO] [stdout] test tests::test_iter ... ok
[INFO] [stdout] test tests::test_parse_date_too_long ... ok
[INFO] [stdout] test tests::test_parse_day_too_large_on_leap_year ... ok
[INFO] [stdout] test tests::test_parse_date_too_short ... ok
[INFO] [stdout] test tests::test_parse_day_too_large ... ok
[INFO] [stdout] test tests::test_parse_day_too_large_on_non_leap_year ... ok
[INFO] [stdout] test tests::test_parse_identifier_too_long ... ok
[INFO] [stdout] test tests::test_parse_invalid_day_on_leap_year ... ok
[INFO] [stdout] test tests::test_parse_empty_string ... ok
[INFO] [stdout] test tests::test_parse_invalid_separator ... ok
[INFO] [stdout] test tests::test_parse_identifier_too_short ... ok
[INFO] [stdout] test tests::test_parse_invalid_year_characters ... ok
[INFO] [stdout] test tests::test_parse_leading_whitespace ... ok
[INFO] [stdout] test tests::test_parse_leap_year ... ok
[INFO] [stdout] test tests::test_parse_leap_year_long ... ok
[INFO] [stdout] test tests::test_parse_male ... ok
[INFO] [stdout] test tests::test_parse_month_too_large ... ok
[INFO] [stdout] test tests::test_parse_female ... ok
[INFO] [stdout] test tests::test_parse_trailing_whitespace ... ok
[INFO] [stdout] test tests::test_pattern_parse ... ok
[INFO] [stdout] test tests::test_pattern_parse_all_wildcard ... ok
[INFO] [stdout] test tests::test_pattern_parse_invalid_checksum ... ok
[INFO] [stdout] test tests::test_iter_wildcard ... FAILED
[INFO] [stdout] test tests::identifier_too_small_fixed ... ok
[INFO] [stdout] test tests::test_generate_never_temporary_identifier_with_wilcard ... ok
[INFO] [stdout] 
[INFO] [stdout] failures:
[INFO] [stdout] 
[INFO] [stdout] ---- tests::test_iter_wildcard stdout ----
[INFO] [stdout] thread 'tests::test_iter_wildcard' panicked at src/lib.rs:1024:9:
[INFO] [stdout] assertion failed: Ssn::parse(&generated).is_ok()
[INFO] [stdout] stack backtrace:
[INFO] [stdout]    0:     0x5a580cf8611a - std::backtrace_rs::backtrace::libunwind::trace::h207520d6e9873551
[INFO] [stdout]                                at /rustc/df4ca44d3fbc9301ee17f30f4d474e6ae4b05252/library/std/src/../../backtrace/src/backtrace/libunwind.rs:116:5
[INFO] [stdout]    1:     0x5a580cf8611a - std::backtrace_rs::backtrace::trace_unsynchronized::h2ed7433f370e3eca
[INFO] [stdout]                                at /rustc/df4ca44d3fbc9301ee17f30f4d474e6ae4b05252/library/std/src/../../backtrace/src/backtrace/mod.rs:66:5
[INFO] [stdout]    2:     0x5a580cf8611a - std::sys::backtrace::_print_fmt::h916fac51166b18d7
[INFO] [stdout]                                at /rustc/df4ca44d3fbc9301ee17f30f4d474e6ae4b05252/library/std/src/sys/backtrace.rs:66:9
[INFO] [stdout]    3:     0x5a580cf8611a - <std::sys::backtrace::BacktraceLock::print::DisplayBacktrace as core::fmt::Display>::fmt::ha0a4c9b8ce3802e6
[INFO] [stdout]                                at /rustc/df4ca44d3fbc9301ee17f30f4d474e6ae4b05252/library/std/src/sys/backtrace.rs:39:26
[INFO] [stdout]    4:     0x5a580cface23 - core::fmt::rt::Argument::fmt::h4cfc8587d52b3eb5
[INFO] [stdout]                                at /rustc/df4ca44d3fbc9301ee17f30f4d474e6ae4b05252/library/core/src/fmt/rt.rs:177:76
[INFO] [stdout]    5:     0x5a580cface23 - core::fmt::write::h522cc39e5b36ae9f
[INFO] [stdout]                                at /rustc/df4ca44d3fbc9301ee17f30f4d474e6ae4b05252/library/core/src/fmt/mod.rs:1190:21
[INFO] [stdout]    6:     0x5a580cf82d83 - std::io::Write::write_fmt::h7d3c26752da97734
[INFO] [stdout]                                at /rustc/df4ca44d3fbc9301ee17f30f4d474e6ae4b05252/library/std/src/io/mod.rs:1839:15
[INFO] [stdout]    7:     0x5a580cf85f62 - std::sys::backtrace::BacktraceLock::print::h4b9e00b29e9c0942
[INFO] [stdout]                                at /rustc/df4ca44d3fbc9301ee17f30f4d474e6ae4b05252/library/std/src/sys/backtrace.rs:42:9
[INFO] [stdout]    8:     0x5a580cf875aa - std::panicking::default_hook::{{closure}}::hb59b88280d0324d9
[INFO] [stdout]                                at /rustc/df4ca44d3fbc9301ee17f30f4d474e6ae4b05252/library/std/src/panicking.rs:268:22
[INFO] [stdout]    9:     0x5a580cf873b4 - std::panicking::default_hook::he1dd496665be4a29
[INFO] [stdout]                                at /rustc/df4ca44d3fbc9301ee17f30f4d474e6ae4b05252/library/std/src/panicking.rs:292:9
[INFO] [stdout]   10:     0x5a580ce11369 - <alloc::boxed::Box<F,A> as core::ops::function::Fn<Args>>::call::h4ff71de18744e1dc
[INFO] [stdout]                                at /rustc/df4ca44d3fbc9301ee17f30f4d474e6ae4b05252/library/alloc/src/boxed.rs:2468:9
[INFO] [stdout]   11:     0x5a580ce11369 - test::test_main::{{closure}}::hcf7c055ce117aa81
[INFO] [stdout]                                at /rustc/df4ca44d3fbc9301ee17f30f4d474e6ae4b05252/library/test/src/lib.rs:133:21
[INFO] [stdout]   12:     0x5a580cf87ca8 - <alloc::boxed::Box<F,A> as core::ops::function::Fn<Args>>::call::h1d66c6bbd60c9692
[INFO] [stdout]                                at /rustc/df4ca44d3fbc9301ee17f30f4d474e6ae4b05252/library/alloc/src/boxed.rs:2468:9
[INFO] [stdout]   13:     0x5a580cf87ca8 - std::panicking::rust_panic_with_hook::h2ff17fe8f26dfcf8
[INFO] [stdout]                                at /rustc/df4ca44d3fbc9301ee17f30f4d474e6ae4b05252/library/std/src/panicking.rs:809:13
[INFO] [stdout]   14:     0x5a580cf87a36 - std::panicking::begin_panic_handler::{{closure}}::h4fad77951c07e101
[INFO] [stdout]                                at /rustc/df4ca44d3fbc9301ee17f30f4d474e6ae4b05252/library/std/src/panicking.rs:667:13
[INFO] [stdout]   15:     0x5a580cf865f9 - std::sys::backtrace::__rust_end_short_backtrace::hb1a25b3da5d0ea08
[INFO] [stdout]                                at /rustc/df4ca44d3fbc9301ee17f30f4d474e6ae4b05252/library/std/src/sys/backtrace.rs:170:18
[INFO] [stdout]   16:     0x5a580cf876fc - rust_begin_unwind
[INFO] [stdout]                                at /rustc/df4ca44d3fbc9301ee17f30f4d474e6ae4b05252/library/std/src/panicking.rs:665:5
[INFO] [stdout]   17:     0x5a580cfab7e0 - core::panicking::panic_fmt::ha9db07b529f9b256
[INFO] [stdout]                                at /rustc/df4ca44d3fbc9301ee17f30f4d474e6ae4b05252/library/core/src/panicking.rs:75:14
[INFO] [stdout]   18:     0x5a580cfab86c - core::panicking::panic::h993086813d94accc
[INFO] [stdout]                                at /rustc/df4ca44d3fbc9301ee17f30f4d474e6ae4b05252/library/core/src/panicking.rs:152:5
[INFO] [stdout]   19:     0x5a580cdcf9ac - hetu::tests::test_iter_wildcard::h1159941e468e810f
[INFO] [stdout]                                at /opt/rustwide/workdir/src/lib.rs:1024:9
[INFO] [stdout]   20:     0x5a580cdcf797 - hetu::tests::test_iter_wildcard::{{closure}}::h30a8f00f22a0906b
[INFO] [stdout]                                at /opt/rustwide/workdir/src/lib.rs:1020:28
[INFO] [stdout]   21:     0x5a580cdb80a6 - core::ops::function::FnOnce::call_once::hce5faad2905792df
[INFO] [stdout]                                at /rustc/df4ca44d3fbc9301ee17f30f4d474e6ae4b05252/library/core/src/ops/function.rs:250:5
[INFO] [stdout]   22:     0x5a580ce15c3b - core::ops::function::FnOnce::call_once::h22c3ba5715e93f05
[INFO] [stdout]                                at /rustc/df4ca44d3fbc9301ee17f30f4d474e6ae4b05252/library/core/src/ops/function.rs:250:5
[INFO] [stdout]   23:     0x5a580ce15c3b - test::__rust_begin_short_backtrace::h8e82d8113d0da17f
[INFO] [stdout]                                at /rustc/df4ca44d3fbc9301ee17f30f4d474e6ae4b05252/library/test/src/lib.rs:621:18
[INFO] [stdout]   24:     0x5a580ce155b7 - test::run_test_in_process::{{closure}}::h33235f4f20b7b7c7
[INFO] [stdout]                                at /rustc/df4ca44d3fbc9301ee17f30f4d474e6ae4b05252/library/test/src/lib.rs:644:60
[INFO] [stdout]   25:     0x5a580ce155b7 - <core::panic::unwind_safe::AssertUnwindSafe<F> as core::ops::function::FnOnce<()>>::call_once::hb5043206310c586f
[INFO] [stdout]                                at /rustc/df4ca44d3fbc9301ee17f30f4d474e6ae4b05252/library/core/src/panic/unwind_safe.rs:272:9
[INFO] [stdout]   26:     0x5a580ce155b7 - std::panicking::try::do_call::h9ad4731a60ab23e2
[INFO] [stdout]                                at /rustc/df4ca44d3fbc9301ee17f30f4d474e6ae4b05252/library/std/src/panicking.rs:557:40
[INFO] [stdout]   27:     0x5a580ce155b7 - std::panicking::try::h3824d23db772a716
[INFO] [stdout]                                at /rustc/df4ca44d3fbc9301ee17f30f4d474e6ae4b05252/library/std/src/panicking.rs:520:19
[INFO] [stdout]   28:     0x5a580ce155b7 - std::panic::catch_unwind::h5afd514605fde46b
[INFO] [stdout]                                at /rustc/df4ca44d3fbc9301ee17f30f4d474e6ae4b05252/library/std/src/panic.rs:358:14
[INFO] [stdout]   29:     0x5a580ce155b7 - test::run_test_in_process::h0d5cbfa7067d1720
[INFO] [stdout]                                at /rustc/df4ca44d3fbc9301ee17f30f4d474e6ae4b05252/library/test/src/lib.rs:644:27
[INFO] [stdout]   30:     0x5a580ce155b7 - test::run_test::{{closure}}::h708eb8872708115d
[INFO] [stdout]                                at /rustc/df4ca44d3fbc9301ee17f30f4d474e6ae4b05252/library/test/src/lib.rs:565:43
[INFO] [stdout]   31:     0x5a580cdd8cd4 - test::run_test::{{closure}}::h392c51cee94713ab
[INFO] [stdout]                                at /rustc/df4ca44d3fbc9301ee17f30f4d474e6ae4b05252/library/test/src/lib.rs:595:41
[INFO] [stdout]   32:     0x5a580cdd8cd4 - std::sys::backtrace::__rust_begin_short_backtrace::h2f40290710935a8b
[INFO] [stdout]                                at /rustc/df4ca44d3fbc9301ee17f30f4d474e6ae4b05252/library/std/src/sys/backtrace.rs:154:18
[INFO] [stdout]   33:     0x5a580cddc47e - std::thread::Builder::spawn_unchecked_::{{closure}}::{{closure}}::h3fd968d89053a903
[INFO] [stdout]                                at /rustc/df4ca44d3fbc9301ee17f30f4d474e6ae4b05252/library/std/src/thread/mod.rs:541:17
[INFO] [stdout]   34:     0x5a580cddc47e - <core::panic::unwind_safe::AssertUnwindSafe<F> as core::ops::function::FnOnce<()>>::call_once::h743f637ba4229880
[INFO] [stdout]                                at /rustc/df4ca44d3fbc9301ee17f30f4d474e6ae4b05252/library/core/src/panic/unwind_safe.rs:272:9
[INFO] [stdout]   35:     0x5a580cddc47e - std::panicking::try::do_call::h07440897322525a6
[INFO] [stdout]                                at /rustc/df4ca44d3fbc9301ee17f30f4d474e6ae4b05252/library/std/src/panicking.rs:557:40
[INFO] [stdout]   36:     0x5a580cddc47e - std::panicking::try::he5a2e00188156637
[INFO] [stdout]                                at /rustc/df4ca44d3fbc9301ee17f30f4d474e6ae4b05252/library/std/src/panicking.rs:520:19
[INFO] [stdout]   37:     0x5a580cddc47e - std::panic::catch_unwind::hbaf3cae49b3c6433
[INFO] [stdout]                                at /rustc/df4ca44d3fbc9301ee17f30f4d474e6ae4b05252/library/std/src/panic.rs:358:14
[INFO] [stdout]   38:     0x5a580cddc47e - std::thread::Builder::spawn_unchecked_::{{closure}}::h8e141ea224820bce
[INFO] [stdout]                                at /rustc/df4ca44d3fbc9301ee17f30f4d474e6ae4b05252/library/std/src/thread/mod.rs:540:30
[INFO] [stdout]   39:     0x5a580cddc47e - core::ops::function::FnOnce::call_once{{vtable.shim}}::h90d312fedd7b8ea8
[INFO] [stdout]                                at /rustc/df4ca44d3fbc9301ee17f30f4d474e6ae4b05252/library/core/src/ops/function.rs:250:5
[INFO] [stdout]   40:     0x5a580cf8baab - <alloc::boxed::Box<F,A> as core::ops::function::FnOnce<Args>>::call_once::h69aa08ddb6adb8b6
[INFO] [stdout]                                at /rustc/df4ca44d3fbc9301ee17f30f4d474e6ae4b05252/library/alloc/src/boxed.rs:2454:9
[INFO] [stdout]   41:     0x5a580cf8baab - <alloc::boxed::Box<F,A> as core::ops::function::FnOnce<Args>>::call_once::h5aa36efdb79c806f
[INFO] [stdout]                                at /rustc/df4ca44d3fbc9301ee17f30f4d474e6ae4b05252/library/alloc/src/boxed.rs:2454:9
[INFO] [stdout]   42:     0x5a580cf8baab - std::sys::pal::unix::thread::Thread::new::thread_start::h6cd80a1b4be5158d
[INFO] [stdout]                                at /rustc/df4ca44d3fbc9301ee17f30f4d474e6ae4b05252/library/std/src/sys/pal/unix/thread.rs:105:17
[INFO] [stdout]   43:     0x77e3d663fac3 - <unknown>
[INFO] [stdout]   44:     0x77e3d66d0a04 - clone
[INFO] [stdout]   45:                0x0 - <unknown>
[INFO] [stdout] 
[INFO] [stdout] 
[INFO] [stdout] failures:
[INFO] [stdout]     tests::test_iter_wildcard
[INFO] [stdout] 
[INFO] [stdout] test result: FAILED. 56 passed; 1 failed; 0 ignored; 0 measured; 0 filtered out; finished in 1.90s
[INFO] [stdout] 
[INFO] [stderr] error: test failed, to rerun pass `--lib`
[INFO] running `Command { std: "docker" "inspect" "fd522794ea22f3ca29eaa0a0d0bdda4aae73fc0badaacc22d9fa0ce01a3324d1", kill_on_drop: false }`
[INFO] running `Command { std: "docker" "rm" "-f" "fd522794ea22f3ca29eaa0a0d0bdda4aae73fc0badaacc22d9fa0ce01a3324d1", kill_on_drop: false }`
[INFO] [stdout] fd522794ea22f3ca29eaa0a0d0bdda4aae73fc0badaacc22d9fa0ce01a3324d1
