[INFO] cloning repository https://github.com/anusikh/jvem
[INFO] running `Command { std: "git" "-c" "credential.helper=" "-c" "credential.helper=/workspace/cargo-home/bin/git-credential-null" "clone" "--bare" "https://github.com/anusikh/jvem" "/workspace/cache/git-repos/https%3A%2F%2Fgithub.com%2Fanusikh%2Fjvem", kill_on_drop: false }`
[INFO] [stderr] Cloning into bare repository '/workspace/cache/git-repos/https%3A%2F%2Fgithub.com%2Fanusikh%2Fjvem'...
[INFO] running `Command { std: "git" "rev-parse" "HEAD", kill_on_drop: false }`
[INFO] [stdout] 5b1486e9cb8befb02e096cb63da78de59269801e
[INFO] testing anusikh/jvem/5b1486e9cb8befb02e096cb63da78de59269801e against nightly-2024-10-28 for randomize-layout
[INFO] running `Command { std: "git" "clone" "/workspace/cache/git-repos/https%3A%2F%2Fgithub.com%2Fanusikh%2Fjvem" "/workspace/builds/worker-1-tc1/source", kill_on_drop: false }`
[INFO] [stderr] Cloning into '/workspace/builds/worker-1-tc1/source'...
[INFO] [stderr] done.
[INFO] validating manifest of git repo https://github.com/anusikh/jvem on toolchain nightly-2024-10-28
[INFO] running `Command { std: CARGO_HOME="/workspace/cargo-home" RUSTUP_HOME="/workspace/rustup-home" "/workspace/cargo-home/bin/cargo" "+nightly-2024-10-28" "metadata" "--manifest-path" "Cargo.toml" "--no-deps", kill_on_drop: false }`
[INFO] started tweaking git repo https://github.com/anusikh/jvem
[INFO] finished tweaking git repo https://github.com/anusikh/jvem
[INFO] tweaked toml for git repo https://github.com/anusikh/jvem written to /workspace/builds/worker-1-tc1/source/Cargo.toml
[INFO] crate git repo https://github.com/anusikh/jvem already has a lockfile, it will not be regenerated
[INFO] running `Command { std: CARGO_HOME="/workspace/cargo-home" RUSTUP_HOME="/workspace/rustup-home" "/workspace/cargo-home/bin/cargo" "+nightly-2024-10-28" "fetch" "--manifest-path" "Cargo.toml", kill_on_drop: false }`
[INFO] running `Command { std: "docker" "create" "-v" "/var/lib/crater-agent-workspace/builds/worker-1-tc1/target:/opt/rustwide/target:rw,Z" "-v" "/var/lib/crater-agent-workspace/builds/worker-1-tc1/source:/opt/rustwide/workdir:ro,Z" "-v" "/var/lib/crater-agent-workspace/cargo-home:/opt/rustwide/cargo-home:ro,Z" "-v" "/var/lib/crater-agent-workspace/rustup-home:/opt/rustwide/rustup-home:ro,Z" "-e" "SOURCE_DIR=/opt/rustwide/workdir" "-e" "CARGO_TARGET_DIR=/opt/rustwide/target" "-e" "CARGO_HOME=/opt/rustwide/cargo-home" "-e" "RUSTUP_HOME=/opt/rustwide/rustup-home" "-w" "/opt/rustwide/workdir" "-m" "1610612736" "--user" "0:0" "--network" "none" "ghcr.io/rust-lang/crates-build-env/linux@sha256:4a844ea9eb2546a2d2c7022eacef16ef2e8229c7fbb2c7d4d55a9ceca922f72d" "/opt/rustwide/cargo-home/bin/cargo" "+nightly-2024-10-28" "metadata" "--no-deps" "--format-version=1", kill_on_drop: false }`
[INFO] [stdout] 053be749f747751ff00bd8aa230e0a7dc941c96df5a6f9679ff5165e7472a739
[INFO] running `Command { std: "docker" "start" "-a" "053be749f747751ff00bd8aa230e0a7dc941c96df5a6f9679ff5165e7472a739", kill_on_drop: false }`
[INFO] running `Command { std: "docker" "inspect" "053be749f747751ff00bd8aa230e0a7dc941c96df5a6f9679ff5165e7472a739", kill_on_drop: false }`
[INFO] running `Command { std: "docker" "rm" "-f" "053be749f747751ff00bd8aa230e0a7dc941c96df5a6f9679ff5165e7472a739", kill_on_drop: false }`
[INFO] [stdout] 053be749f747751ff00bd8aa230e0a7dc941c96df5a6f9679ff5165e7472a739
[INFO] running `Command { std: "docker" "create" "-v" "/var/lib/crater-agent-workspace/builds/worker-1-tc1/target:/opt/rustwide/target:rw,Z" "-v" "/var/lib/crater-agent-workspace/builds/worker-1-tc1/source:/opt/rustwide/workdir:ro,Z" "-v" "/var/lib/crater-agent-workspace/cargo-home:/opt/rustwide/cargo-home:ro,Z" "-v" "/var/lib/crater-agent-workspace/rustup-home:/opt/rustwide/rustup-home:ro,Z" "-e" "SOURCE_DIR=/opt/rustwide/workdir" "-e" "CARGO_TARGET_DIR=/opt/rustwide/target" "-e" "CARGO_INCREMENTAL=0" "-e" "RUST_BACKTRACE=full" "-e" "RUSTFLAGS=--cap-lints=forbid" "-e" "RUSTDOCFLAGS=--cap-lints=forbid" "-e" "CARGO_HOME=/opt/rustwide/cargo-home" "-e" "RUSTUP_HOME=/opt/rustwide/rustup-home" "-w" "/opt/rustwide/workdir" "-m" "1610612736" "--user" "0:0" "--network" "none" "ghcr.io/rust-lang/crates-build-env/linux@sha256:4a844ea9eb2546a2d2c7022eacef16ef2e8229c7fbb2c7d4d55a9ceca922f72d" "/opt/rustwide/cargo-home/bin/cargo" "+nightly-2024-10-28" "build" "--frozen" "--message-format=json", kill_on_drop: false }`
[INFO] [stdout] 729fc222160f7faa2b64dc682d59129c141ecd3c62bd85fef50ae716ca51f3c0
[INFO] running `Command { std: "docker" "start" "-a" "729fc222160f7faa2b64dc682d59129c141ecd3c62bd85fef50ae716ca51f3c0", kill_on_drop: false }`
[INFO] [stderr]    Compiling libc v0.2.153
[INFO] [stderr]    Compiling proc-macro2 v1.0.78
[INFO] [stderr]    Compiling cfg-if v1.0.0
[INFO] [stderr]    Compiling unicode-ident v1.0.12
[INFO] [stderr]    Compiling autocfg v1.1.0
[INFO] [stderr]    Compiling parking_lot_core v0.9.9
[INFO] [stderr]    Compiling utf8parse v0.2.1
[INFO] [stderr]    Compiling anstyle v1.0.6
[INFO] [stderr]    Compiling colorchoice v1.0.0
[INFO] [stderr]    Compiling anstyle-parse v0.2.3
[INFO] [stderr]    Compiling smallvec v1.13.1
[INFO] [stderr]    Compiling scopeguard v1.2.0
[INFO] [stderr]    Compiling anstyle-query v1.0.2
[INFO] [stderr]    Compiling strsim v0.11.0
[INFO] [stderr]    Compiling anstream v0.6.13
[INFO] [stderr]    Compiling ppv-lite86 v0.2.17
[INFO] [stderr]    Compiling heck v0.4.1
[INFO] [stderr]    Compiling clap_lex v0.7.0
[INFO] [stderr]    Compiling lock_api v0.4.11
[INFO] [stderr]    Compiling pin-project-lite v0.2.13
[INFO] [stderr]    Compiling clap_builder v4.5.2
[INFO] [stderr]    Compiling bytes v1.5.0
[INFO] [stderr]    Compiling lazy_static v1.4.0
[INFO] [stderr]    Compiling quote v1.0.35
[INFO] [stderr]    Compiling syn v2.0.52
[INFO] [stderr]    Compiling getrandom v0.2.14
[INFO] [stderr]    Compiling signal-hook-registry v1.4.1
[INFO] [stderr]    Compiling num_cpus v1.16.0
[INFO] [stderr]    Compiling socket2 v0.5.6
[INFO] [stderr]    Compiling rand_core v0.6.4
[INFO] [stderr]    Compiling parking_lot v0.12.1
[INFO] [stderr]    Compiling rand_chacha v0.3.1
[INFO] [stderr]    Compiling mio v0.8.11
[INFO] [stderr]    Compiling rand v0.8.5
[INFO] [stderr]    Compiling tokio-macros v2.2.0
[INFO] [stderr]    Compiling clap_derive v4.5.0
[INFO] [stderr]    Compiling tokio v1.36.0
[INFO] [stderr]    Compiling clap v4.5.2
[INFO] [stderr]    Compiling jvem v0.3.0 (/opt/rustwide/workdir)
[INFO] [stdout] warning: unused imports: `extract_tarball_macos`, `extract_zip`, `get_home_dir`, and `get_installation_dir`
[INFO] [stdout]  --> src/commands/java/install.rs:6:63
[INFO] [stdout]   |
[INFO] [stdout] 6 |     check_jdk_exists, create_java_dir, extract_tarball_linux, extract_tarball_macos, extract_zip,
[INFO] [stdout]   |                                                               ^^^^^^^^^^^^^^^^^^^^^  ^^^^^^^^^^^
[INFO] [stdout] 7 |     find_file_in_dir, get_home_dir, get_installation_dir, run_command,
[INFO] [stdout]   |                       ^^^^^^^^^^^^  ^^^^^^^^^^^^^^^^^^^^
[INFO] [stdout]   |
[INFO] [stdout]   = note: `#[warn(unused_imports)]` on by default
[INFO] [stdout] 
[INFO] [stdout] 
[INFO] [stdout] warning: unused imports: `check_path_exists` and `run_command`
[INFO] [stdout]  --> src/commands/java/usev.rs:2:23
[INFO] [stdout]   |
[INFO] [stdout] 2 |     check_jdk_exists, check_path_exists, get_home_dir, get_installation_dir, run_command,
[INFO] [stdout]   |                       ^^^^^^^^^^^^^^^^^                                      ^^^^^^^^^^^
[INFO] [stdout] 
[INFO] [stdout] 
[INFO] [stdout] warning: unused imports: `extract_tarball_macos`, `extract_zip`, and `get_home_dir`
[INFO] [stdout]  --> src/commands/maven/install.rs:4:66
[INFO] [stdout]   |
[INFO] [stdout] 4 |     check_maven_exists, create_maven_dir, extract_tarball_linux, extract_tarball_macos,
[INFO] [stdout]   |                                                                  ^^^^^^^^^^^^^^^^^^^^^
[INFO] [stdout] 5 |     extract_zip, find_file_in_dir, get_home_dir, run_command,
[INFO] [stdout]   |     ^^^^^^^^^^^                    ^^^^^^^^^^^^
[INFO] [stdout] 
[INFO] [stdout] 
[INFO] [stdout] warning: unused imports: `extract_tarball_macos`, `extract_zip`, and `get_home_dir`
[INFO] [stdout]  --> src/commands/node/install.rs:3:64
[INFO] [stdout]   |
[INFO] [stdout] 3 |     check_node_exists, create_node_dir, extract_tarball_linux, extract_tarball_macos, extract_zip,
[INFO] [stdout]   |                                                                ^^^^^^^^^^^^^^^^^^^^^  ^^^^^^^^^^^
[INFO] [stdout] 4 |     get_home_dir, run_command,
[INFO] [stdout]   |     ^^^^^^^^^^^^
[INFO] [stdout] 
[INFO] [stdout] 
[INFO] [stdout] warning: unused import: `run_command`
[INFO] [stdout]  --> src/commands/node/usev.rs:2:60
[INFO] [stdout]   |
[INFO] [stdout] 2 |     check_node_exists, get_home_dir, get_installation_dir, run_command,
[INFO] [stdout]   |                                                            ^^^^^^^^^^^
[INFO] [stdout] 
[INFO] [stdout] 
[INFO] [stderr]     Finished `dev` profile [unoptimized + debuginfo] target(s) in 7.46s
[INFO] running `Command { std: "docker" "inspect" "729fc222160f7faa2b64dc682d59129c141ecd3c62bd85fef50ae716ca51f3c0", kill_on_drop: false }`
[INFO] running `Command { std: "docker" "rm" "-f" "729fc222160f7faa2b64dc682d59129c141ecd3c62bd85fef50ae716ca51f3c0", kill_on_drop: false }`
[INFO] [stdout] 729fc222160f7faa2b64dc682d59129c141ecd3c62bd85fef50ae716ca51f3c0
[INFO] running `Command { std: "docker" "create" "-v" "/var/lib/crater-agent-workspace/builds/worker-1-tc1/target:/opt/rustwide/target:rw,Z" "-v" "/var/lib/crater-agent-workspace/builds/worker-1-tc1/source:/opt/rustwide/workdir:ro,Z" "-v" "/var/lib/crater-agent-workspace/cargo-home:/opt/rustwide/cargo-home:ro,Z" "-v" "/var/lib/crater-agent-workspace/rustup-home:/opt/rustwide/rustup-home:ro,Z" "-e" "SOURCE_DIR=/opt/rustwide/workdir" "-e" "CARGO_TARGET_DIR=/opt/rustwide/target" "-e" "CARGO_INCREMENTAL=0" "-e" "RUST_BACKTRACE=full" "-e" "RUSTFLAGS=--cap-lints=forbid" "-e" "RUSTDOCFLAGS=--cap-lints=forbid" "-e" "CARGO_HOME=/opt/rustwide/cargo-home" "-e" "RUSTUP_HOME=/opt/rustwide/rustup-home" "-w" "/opt/rustwide/workdir" "-m" "1610612736" "--user" "0:0" "--network" "none" "ghcr.io/rust-lang/crates-build-env/linux@sha256:4a844ea9eb2546a2d2c7022eacef16ef2e8229c7fbb2c7d4d55a9ceca922f72d" "/opt/rustwide/cargo-home/bin/cargo" "+nightly-2024-10-28" "test" "--frozen" "--no-run" "--message-format=json", kill_on_drop: false }`
[INFO] [stdout] 1d89c469cf59dea45345afb101d8ceb1c27bb4171b08d3856a7d35489d52eba8
[INFO] running `Command { std: "docker" "start" "-a" "1d89c469cf59dea45345afb101d8ceb1c27bb4171b08d3856a7d35489d52eba8", kill_on_drop: false }`
[INFO] [stderr]    Compiling jvem v0.3.0 (/opt/rustwide/workdir)
[INFO] [stdout] warning: unused imports: `extract_tarball_macos`, `extract_zip`, `get_home_dir`, and `get_installation_dir`
[INFO] [stdout]  --> src/commands/java/install.rs:6:63
[INFO] [stdout]   |
[INFO] [stdout] 6 |     check_jdk_exists, create_java_dir, extract_tarball_linux, extract_tarball_macos, extract_zip,
[INFO] [stdout]   |                                                               ^^^^^^^^^^^^^^^^^^^^^  ^^^^^^^^^^^
[INFO] [stdout] 7 |     find_file_in_dir, get_home_dir, get_installation_dir, run_command,
[INFO] [stdout]   |                       ^^^^^^^^^^^^  ^^^^^^^^^^^^^^^^^^^^
[INFO] [stdout]   |
[INFO] [stdout]   = note: `#[warn(unused_imports)]` on by default
[INFO] [stdout] 
[INFO] [stdout] 
[INFO] [stdout] warning: unused imports: `check_path_exists` and `run_command`
[INFO] [stdout]  --> src/commands/java/usev.rs:2:23
[INFO] [stdout]   |
[INFO] [stdout] 2 |     check_jdk_exists, check_path_exists, get_home_dir, get_installation_dir, run_command,
[INFO] [stdout]   |                       ^^^^^^^^^^^^^^^^^                                      ^^^^^^^^^^^
[INFO] [stdout] 
[INFO] [stdout] 
[INFO] [stdout] warning: unused imports: `extract_tarball_macos`, `extract_zip`, and `get_home_dir`
[INFO] [stdout]  --> src/commands/maven/install.rs:4:66
[INFO] [stdout]   |
[INFO] [stdout] 4 |     check_maven_exists, create_maven_dir, extract_tarball_linux, extract_tarball_macos,
[INFO] [stdout]   |                                                                  ^^^^^^^^^^^^^^^^^^^^^
[INFO] [stdout] 5 |     extract_zip, find_file_in_dir, get_home_dir, run_command,
[INFO] [stdout]   |     ^^^^^^^^^^^                    ^^^^^^^^^^^^
[INFO] [stdout] 
[INFO] [stdout] 
[INFO] [stdout] warning: unused imports: `extract_tarball_macos`, `extract_zip`, and `get_home_dir`
[INFO] [stdout]  --> src/commands/node/install.rs:3:64
[INFO] [stdout]   |
[INFO] [stdout] 3 |     check_node_exists, create_node_dir, extract_tarball_linux, extract_tarball_macos, extract_zip,
[INFO] [stdout]   |                                                                ^^^^^^^^^^^^^^^^^^^^^  ^^^^^^^^^^^
[INFO] [stdout] 4 |     get_home_dir, run_command,
[INFO] [stdout]   |     ^^^^^^^^^^^^
[INFO] [stdout] 
[INFO] [stdout] 
[INFO] [stdout] warning: unused import: `run_command`
[INFO] [stdout]  --> src/commands/node/usev.rs:2:60
[INFO] [stdout]   |
[INFO] [stdout] 2 |     check_node_exists, get_home_dir, get_installation_dir, run_command,
[INFO] [stdout]   |                                                            ^^^^^^^^^^^
[INFO] [stdout] 
[INFO] [stdout] 
[INFO] [stderr]     Finished `test` profile [unoptimized + debuginfo] target(s) in 0.32s
[INFO] running `Command { std: "docker" "inspect" "1d89c469cf59dea45345afb101d8ceb1c27bb4171b08d3856a7d35489d52eba8", kill_on_drop: false }`
[INFO] running `Command { std: "docker" "rm" "-f" "1d89c469cf59dea45345afb101d8ceb1c27bb4171b08d3856a7d35489d52eba8", kill_on_drop: false }`
[INFO] [stdout] 1d89c469cf59dea45345afb101d8ceb1c27bb4171b08d3856a7d35489d52eba8
[INFO] running `Command { std: "docker" "create" "-v" "/var/lib/crater-agent-workspace/builds/worker-1-tc1/target:/opt/rustwide/target:rw,Z" "-v" "/var/lib/crater-agent-workspace/builds/worker-1-tc1/source:/opt/rustwide/workdir:ro,Z" "-v" "/var/lib/crater-agent-workspace/cargo-home:/opt/rustwide/cargo-home:ro,Z" "-v" "/var/lib/crater-agent-workspace/rustup-home:/opt/rustwide/rustup-home:ro,Z" "-e" "SOURCE_DIR=/opt/rustwide/workdir" "-e" "CARGO_TARGET_DIR=/opt/rustwide/target" "-e" "CARGO_INCREMENTAL=0" "-e" "RUST_BACKTRACE=full" "-e" "RUSTFLAGS=--cap-lints=forbid" "-e" "RUSTDOCFLAGS=--cap-lints=forbid" "-e" "CARGO_HOME=/opt/rustwide/cargo-home" "-e" "RUSTUP_HOME=/opt/rustwide/rustup-home" "-w" "/opt/rustwide/workdir" "-m" "1610612736" "--user" "0:0" "--network" "none" "ghcr.io/rust-lang/crates-build-env/linux@sha256:4a844ea9eb2546a2d2c7022eacef16ef2e8229c7fbb2c7d4d55a9ceca922f72d" "/opt/rustwide/cargo-home/bin/cargo" "+nightly-2024-10-28" "test" "--frozen", kill_on_drop: false }`
[INFO] [stdout] 2485e9a53d5d03a71cccf0170b478173150ae7821ac8ba99b2f52fefc99c4fbd
[INFO] running `Command { std: "docker" "start" "-a" "2485e9a53d5d03a71cccf0170b478173150ae7821ac8ba99b2f52fefc99c4fbd", kill_on_drop: false }`
[INFO] [stderr] warning: unused imports: `extract_tarball_macos`, `extract_zip`, `get_home_dir`, and `get_installation_dir`
[INFO] [stderr]  --> src/commands/java/install.rs:6:63
[INFO] [stderr]   |
[INFO] [stderr] 6 |     check_jdk_exists, create_java_dir, extract_tarball_linux, extract_tarball_macos, extract_zip,
[INFO] [stderr]   |                                                               ^^^^^^^^^^^^^^^^^^^^^  ^^^^^^^^^^^
[INFO] [stderr] 7 |     find_file_in_dir, get_home_dir, get_installation_dir, run_command,
[INFO] [stderr]   |                       ^^^^^^^^^^^^  ^^^^^^^^^^^^^^^^^^^^
[INFO] [stderr]   |
[INFO] [stderr]   = note: `#[warn(unused_imports)]` on by default
[INFO] [stderr] 
[INFO] [stderr] warning: unused imports: `check_path_exists` and `run_command`
[INFO] [stderr]  --> src/commands/java/usev.rs:2:23
[INFO] [stderr]   |
[INFO] [stderr] 2 |     check_jdk_exists, check_path_exists, get_home_dir, get_installation_dir, run_command,
[INFO] [stderr]   |                       ^^^^^^^^^^^^^^^^^                                      ^^^^^^^^^^^
[INFO] [stderr] 
[INFO] [stderr] warning: unused imports: `extract_tarball_macos`, `extract_zip`, and `get_home_dir`
[INFO] [stderr]  --> src/commands/maven/install.rs:4:66
[INFO] [stderr]   |
[INFO] [stderr] 4 |     check_maven_exists, create_maven_dir, extract_tarball_linux, extract_tarball_macos,
[INFO] [stderr]   |                                                                  ^^^^^^^^^^^^^^^^^^^^^
[INFO] [stderr] 5 |     extract_zip, find_file_in_dir, get_home_dir, run_command,
[INFO] [stderr]   |     ^^^^^^^^^^^                    ^^^^^^^^^^^^
[INFO] [stderr] 
[INFO] [stderr] warning: unused imports: `extract_tarball_macos`, `extract_zip`, and `get_home_dir`
[INFO] [stderr]  --> src/commands/node/install.rs:3:64
[INFO] [stderr]   |
[INFO] [stderr] 3 |     check_node_exists, create_node_dir, extract_tarball_linux, extract_tarball_macos, extract_zip,
[INFO] [stderr]   |                                                                ^^^^^^^^^^^^^^^^^^^^^  ^^^^^^^^^^^
[INFO] [stderr] 4 |     get_home_dir, run_command,
[INFO] [stderr]   |     ^^^^^^^^^^^^
[INFO] [stderr] 
[INFO] [stderr] warning: unused import: `run_command`
[INFO] [stderr]  --> src/commands/node/usev.rs:2:60
[INFO] [stderr]   |
[INFO] [stderr] 2 |     check_node_exists, get_home_dir, get_installation_dir, run_command,
[INFO] [stderr]   |                                                            ^^^^^^^^^^^
[INFO] [stderr] 
[INFO] [stderr] warning: `jvem` (bin "jvem" test) generated 5 warnings (run `cargo fix --bin "jvem" --tests` to apply 5 suggestions)
[INFO] [stderr]     Finished `test` profile [unoptimized + debuginfo] target(s) in 0.03s
[INFO] [stderr]      Running unittests src/main.rs (/opt/rustwide/target/debug/deps/jvem-e48919ea04a4a467)
[INFO] [stdout] 
[INFO] [stdout] running 2 tests
[INFO] [stdout] test tests::file_utils_test::tests::test_is_not_empty_dir ... ok
[INFO] [stdout] test tests::file_utils_test::tests::test_is_empty_dir ... FAILED
[INFO] [stdout] 
[INFO] [stdout] failures:
[INFO] [stdout] 
[INFO] [stdout] ---- tests::file_utils_test::tests::test_is_empty_dir stdout ----
[INFO] [stdout] thread 'tests::file_utils_test::tests::test_is_empty_dir' panicked at src/tests/file_utils_test.rs:28:9:
[INFO] [stdout] assertion `left == right` failed
[INFO] [stdout]   left: false
[INFO] [stdout]  right: true
[INFO] [stdout] stack backtrace:
[INFO] [stdout]    0:     0x595ea16d959a - std::backtrace_rs::backtrace::libunwind::trace::h207520d6e9873551
[INFO] [stdout]                                at /rustc/df4ca44d3fbc9301ee17f30f4d474e6ae4b05252/library/std/src/../../backtrace/src/backtrace/libunwind.rs:116:5
[INFO] [stdout]    1:     0x595ea16d959a - std::backtrace_rs::backtrace::trace_unsynchronized::h2ed7433f370e3eca
[INFO] [stdout]                                at /rustc/df4ca44d3fbc9301ee17f30f4d474e6ae4b05252/library/std/src/../../backtrace/src/backtrace/mod.rs:66:5
[INFO] [stdout]    2:     0x595ea16d959a - std::sys::backtrace::_print_fmt::h916fac51166b18d7
[INFO] [stdout]                                at /rustc/df4ca44d3fbc9301ee17f30f4d474e6ae4b05252/library/std/src/sys/backtrace.rs:66:9
[INFO] [stdout]    3:     0x595ea16d959a - <std::sys::backtrace::BacktraceLock::print::DisplayBacktrace as core::fmt::Display>::fmt::ha0a4c9b8ce3802e6
[INFO] [stdout]                                at /rustc/df4ca44d3fbc9301ee17f30f4d474e6ae4b05252/library/std/src/sys/backtrace.rs:39:26
[INFO] [stdout]    4:     0x595ea1700113 - core::fmt::rt::Argument::fmt::h4cfc8587d52b3eb5
[INFO] [stdout]                                at /rustc/df4ca44d3fbc9301ee17f30f4d474e6ae4b05252/library/core/src/fmt/rt.rs:177:76
[INFO] [stdout]    5:     0x595ea1700113 - core::fmt::write::h522cc39e5b36ae9f
[INFO] [stdout]                                at /rustc/df4ca44d3fbc9301ee17f30f4d474e6ae4b05252/library/core/src/fmt/mod.rs:1190:21
[INFO] [stdout]    6:     0x595ea16d60c3 - std::io::Write::write_fmt::h7d3c26752da97734
[INFO] [stdout]                                at /rustc/df4ca44d3fbc9301ee17f30f4d474e6ae4b05252/library/std/src/io/mod.rs:1839:15
[INFO] [stdout]    7:     0x595ea16d93e2 - std::sys::backtrace::BacktraceLock::print::h4b9e00b29e9c0942
[INFO] [stdout]                                at /rustc/df4ca44d3fbc9301ee17f30f4d474e6ae4b05252/library/std/src/sys/backtrace.rs:42:9
[INFO] [stdout]    8:     0x595ea16daa2a - std::panicking::default_hook::{{closure}}::hb59b88280d0324d9
[INFO] [stdout]                                at /rustc/df4ca44d3fbc9301ee17f30f4d474e6ae4b05252/library/std/src/panicking.rs:268:22
[INFO] [stdout]    9:     0x595ea16da834 - std::panicking::default_hook::he1dd496665be4a29
[INFO] [stdout]                                at /rustc/df4ca44d3fbc9301ee17f30f4d474e6ae4b05252/library/std/src/panicking.rs:292:9
[INFO] [stdout]   10:     0x595ea169f3c9 - <alloc::boxed::Box<F,A> as core::ops::function::Fn<Args>>::call::h4ff71de18744e1dc
[INFO] [stdout]                                at /rustc/df4ca44d3fbc9301ee17f30f4d474e6ae4b05252/library/alloc/src/boxed.rs:2468:9
[INFO] [stdout]   11:     0x595ea169f3c9 - test::test_main::{{closure}}::hcf7c055ce117aa81
[INFO] [stdout]                                at /rustc/df4ca44d3fbc9301ee17f30f4d474e6ae4b05252/library/test/src/lib.rs:133:21
[INFO] [stdout]   12:     0x595ea16db128 - <alloc::boxed::Box<F,A> as core::ops::function::Fn<Args>>::call::h1d66c6bbd60c9692
[INFO] [stdout]                                at /rustc/df4ca44d3fbc9301ee17f30f4d474e6ae4b05252/library/alloc/src/boxed.rs:2468:9
[INFO] [stdout]   13:     0x595ea16db128 - std::panicking::rust_panic_with_hook::h2ff17fe8f26dfcf8
[INFO] [stdout]                                at /rustc/df4ca44d3fbc9301ee17f30f4d474e6ae4b05252/library/std/src/panicking.rs:809:13
[INFO] [stdout]   14:     0x595ea16daeea - std::panicking::begin_panic_handler::{{closure}}::h4fad77951c07e101
[INFO] [stdout]                                at /rustc/df4ca44d3fbc9301ee17f30f4d474e6ae4b05252/library/std/src/panicking.rs:674:13
[INFO] [stdout]   15:     0x595ea16d9a79 - std::sys::backtrace::__rust_end_short_backtrace::hb1a25b3da5d0ea08
[INFO] [stdout]                                at /rustc/df4ca44d3fbc9301ee17f30f4d474e6ae4b05252/library/std/src/sys/backtrace.rs:170:18
[INFO] [stdout]   16:     0x595ea16dab7c - rust_begin_unwind
[INFO] [stdout]                                at /rustc/df4ca44d3fbc9301ee17f30f4d474e6ae4b05252/library/std/src/panicking.rs:665:5
[INFO] [stdout]   17:     0x595ea16febb0 - core::panicking::panic_fmt::ha9db07b529f9b256
[INFO] [stdout]                                at /rustc/df4ca44d3fbc9301ee17f30f4d474e6ae4b05252/library/core/src/panicking.rs:75:14
[INFO] [stdout]   18:     0x595ea16feedb - core::panicking::assert_failed_inner::h04f38944d74a80a8
[INFO] [stdout]   19:     0x595ea16a9918 - core::panicking::assert_failed::h96f5969fbe0bce21
[INFO] [stdout]                                at /rustc/df4ca44d3fbc9301ee17f30f4d474e6ae4b05252/library/core/src/panicking.rs:377:5
[INFO] [stdout]   20:     0x595ea1665415 - jvem::tests::file_utils_test::tests::test_is_empty_dir::h05bc66562ea18e8b
[INFO] [stdout]                                at /opt/rustwide/workdir/src/tests/file_utils_test.rs:28:9
[INFO] [stdout]   21:     0x595ea1664d87 - jvem::tests::file_utils_test::tests::test_is_empty_dir::{{closure}}::he9ffa71c834a9898
[INFO] [stdout]                                at /opt/rustwide/workdir/src/tests/file_utils_test.rs:20:27
[INFO] [stdout]   22:     0x595ea1663eb6 - core::ops::function::FnOnce::call_once::he70003d317ba594f
[INFO] [stdout]                                at /rustc/df4ca44d3fbc9301ee17f30f4d474e6ae4b05252/library/core/src/ops/function.rs:250:5
[INFO] [stdout]   23:     0x595ea16a3c9b - core::ops::function::FnOnce::call_once::h22c3ba5715e93f05
[INFO] [stdout]                                at /rustc/df4ca44d3fbc9301ee17f30f4d474e6ae4b05252/library/core/src/ops/function.rs:250:5
[INFO] [stdout]   24:     0x595ea16a3c9b - test::__rust_begin_short_backtrace::h8e82d8113d0da17f
[INFO] [stdout]                                at /rustc/df4ca44d3fbc9301ee17f30f4d474e6ae4b05252/library/test/src/lib.rs:621:18
[INFO] [stdout]   25:     0x595ea16a3617 - test::run_test_in_process::{{closure}}::h33235f4f20b7b7c7
[INFO] [stdout]                                at /rustc/df4ca44d3fbc9301ee17f30f4d474e6ae4b05252/library/test/src/lib.rs:644:60
[INFO] [stdout]   26:     0x595ea16a3617 - <core::panic::unwind_safe::AssertUnwindSafe<F> as core::ops::function::FnOnce<()>>::call_once::hb5043206310c586f
[INFO] [stdout]                                at /rustc/df4ca44d3fbc9301ee17f30f4d474e6ae4b05252/library/core/src/panic/unwind_safe.rs:272:9
[INFO] [stdout]   27:     0x595ea16a3617 - std::panicking::try::do_call::h9ad4731a60ab23e2
[INFO] [stdout]                                at /rustc/df4ca44d3fbc9301ee17f30f4d474e6ae4b05252/library/std/src/panicking.rs:557:40
[INFO] [stdout]   28:     0x595ea16a3617 - std::panicking::try::h3824d23db772a716
[INFO] [stdout]                                at /rustc/df4ca44d3fbc9301ee17f30f4d474e6ae4b05252/library/std/src/panicking.rs:520:19
[INFO] [stdout]   29:     0x595ea16a3617 - std::panic::catch_unwind::h5afd514605fde46b
[INFO] [stdout]                                at /rustc/df4ca44d3fbc9301ee17f30f4d474e6ae4b05252/library/std/src/panic.rs:358:14
[INFO] [stdout]   30:     0x595ea16a3617 - test::run_test_in_process::h0d5cbfa7067d1720
[INFO] [stdout]                                at /rustc/df4ca44d3fbc9301ee17f30f4d474e6ae4b05252/library/test/src/lib.rs:644:27
[INFO] [stdout]   31:     0x595ea16a3617 - test::run_test::{{closure}}::h708eb8872708115d
[INFO] [stdout]                                at /rustc/df4ca44d3fbc9301ee17f30f4d474e6ae4b05252/library/test/src/lib.rs:565:43
[INFO] [stdout]   32:     0x595ea1666d34 - test::run_test::{{closure}}::h392c51cee94713ab
[INFO] [stdout]                                at /rustc/df4ca44d3fbc9301ee17f30f4d474e6ae4b05252/library/test/src/lib.rs:595:41
[INFO] [stdout]   33:     0x595ea1666d34 - std::sys::backtrace::__rust_begin_short_backtrace::h2f40290710935a8b
[INFO] [stdout]                                at /rustc/df4ca44d3fbc9301ee17f30f4d474e6ae4b05252/library/std/src/sys/backtrace.rs:154:18
[INFO] [stdout]   34:     0x595ea166a4de - std::thread::Builder::spawn_unchecked_::{{closure}}::{{closure}}::h3fd968d89053a903
[INFO] [stdout]                                at /rustc/df4ca44d3fbc9301ee17f30f4d474e6ae4b05252/library/std/src/thread/mod.rs:541:17
[INFO] [stdout]   35:     0x595ea166a4de - <core::panic::unwind_safe::AssertUnwindSafe<F> as core::ops::function::FnOnce<()>>::call_once::h743f637ba4229880
[INFO] [stdout]                                at /rustc/df4ca44d3fbc9301ee17f30f4d474e6ae4b05252/library/core/src/panic/unwind_safe.rs:272:9
[INFO] [stdout]   36:     0x595ea166a4de - std::panicking::try::do_call::h07440897322525a6
[INFO] [stdout]                                at /rustc/df4ca44d3fbc9301ee17f30f4d474e6ae4b05252/library/std/src/panicking.rs:557:40
[INFO] [stdout]   37:     0x595ea166a4de - std::panicking::try::he5a2e00188156637
[INFO] [stdout]                                at /rustc/df4ca44d3fbc9301ee17f30f4d474e6ae4b05252/library/std/src/panicking.rs:520:19
[INFO] [stdout]   38:     0x595ea166a4de - std::panic::catch_unwind::hbaf3cae49b3c6433
[INFO] [stdout]                                at /rustc/df4ca44d3fbc9301ee17f30f4d474e6ae4b05252/library/std/src/panic.rs:358:14
[INFO] [stdout]   39:     0x595ea166a4de - std::thread::Builder::spawn_unchecked_::{{closure}}::h8e141ea224820bce
[INFO] [stdout]                                at /rustc/df4ca44d3fbc9301ee17f30f4d474e6ae4b05252/library/std/src/thread/mod.rs:540:30
[INFO] [stdout]   40:     0x595ea166a4de - core::ops::function::FnOnce::call_once{{vtable.shim}}::h90d312fedd7b8ea8
[INFO] [stdout]                                at /rustc/df4ca44d3fbc9301ee17f30f4d474e6ae4b05252/library/core/src/ops/function.rs:250:5
[INFO] [stdout]   41:     0x595ea16df56b - <alloc::boxed::Box<F,A> as core::ops::function::FnOnce<Args>>::call_once::h69aa08ddb6adb8b6
[INFO] [stdout]                                at /rustc/df4ca44d3fbc9301ee17f30f4d474e6ae4b05252/library/alloc/src/boxed.rs:2454:9
[INFO] [stdout]   42:     0x595ea16df56b - <alloc::boxed::Box<F,A> as core::ops::function::FnOnce<Args>>::call_once::h5aa36efdb79c806f
[INFO] [stdout]                                at /rustc/df4ca44d3fbc9301ee17f30f4d474e6ae4b05252/library/alloc/src/boxed.rs:2454:9
[INFO] [stdout]   43:     0x595ea16df56b - std::sys::pal::unix::thread::Thread::new::thread_start::h6cd80a1b4be5158d
[INFO] [stdout]                                at /rustc/df4ca44d3fbc9301ee17f30f4d474e6ae4b05252/library/std/src/sys/pal/unix/thread.rs:105:17
[INFO] [stdout]   44:     0x79ac52397ac3 - <unknown>
[INFO] [stdout]   45:     0x79ac52428a04 - clone
[INFO] [stdout]   46:                0x0 - <unknown>
[INFO] [stdout] 
[INFO] [stdout] 
[INFO] [stdout] failures:
[INFO] [stdout]     tests::file_utils_test::tests::test_is_empty_dir
[INFO] [stdout] 
[INFO] [stdout] test result: FAILED. 1 passed; 1 failed; 0 ignored; 0 measured; 0 filtered out; finished in 0.02s
[INFO] [stdout] 
[INFO] [stderr] error: test failed, to rerun pass `--bin jvem`
[INFO] running `Command { std: "docker" "inspect" "2485e9a53d5d03a71cccf0170b478173150ae7821ac8ba99b2f52fefc99c4fbd", kill_on_drop: false }`
[INFO] running `Command { std: "docker" "rm" "-f" "2485e9a53d5d03a71cccf0170b478173150ae7821ac8ba99b2f52fefc99c4fbd", kill_on_drop: false }`
[INFO] [stdout] 2485e9a53d5d03a71cccf0170b478173150ae7821ac8ba99b2f52fefc99c4fbd
