[INFO] cloning repository https://github.com/WiZLite/wisp
[INFO] running `Command { std: "git" "-c" "credential.helper=" "-c" "credential.helper=/workspace/cargo-home/bin/git-credential-null" "clone" "--bare" "https://github.com/WiZLite/wisp" "/workspace/cache/git-repos/https%3A%2F%2Fgithub.com%2FWiZLite%2Fwisp", kill_on_drop: false }`
[INFO] [stderr] Cloning into bare repository '/workspace/cache/git-repos/https%3A%2F%2Fgithub.com%2FWiZLite%2Fwisp'...
[INFO] running `Command { std: "git" "rev-parse" "HEAD", kill_on_drop: false }`
[INFO] [stdout] 2f114b734e70e56708a67340b70d60e57a420c81
[INFO] testing WiZLite/wisp/2f114b734e70e56708a67340b70d60e57a420c81 against nightly-2024-10-28 for randomize-layout
[INFO] running `Command { std: "git" "clone" "/workspace/cache/git-repos/https%3A%2F%2Fgithub.com%2FWiZLite%2Fwisp" "/workspace/builds/worker-6-tc1/source", kill_on_drop: false }`
[INFO] [stderr] Cloning into '/workspace/builds/worker-6-tc1/source'...
[INFO] [stderr] done.
[INFO] validating manifest of git repo https://github.com/WiZLite/wisp on toolchain nightly-2024-10-28
[INFO] running `Command { std: CARGO_HOME="/workspace/cargo-home" RUSTUP_HOME="/workspace/rustup-home" "/workspace/cargo-home/bin/cargo" "+nightly-2024-10-28" "metadata" "--manifest-path" "Cargo.toml" "--no-deps", kill_on_drop: false }`
[INFO] started tweaking git repo https://github.com/WiZLite/wisp
[INFO] finished tweaking git repo https://github.com/WiZLite/wisp
[INFO] tweaked toml for git repo https://github.com/WiZLite/wisp written to /workspace/builds/worker-6-tc1/source/Cargo.toml
[INFO] crate git repo https://github.com/WiZLite/wisp already has a lockfile, it will not be regenerated
[INFO] running `Command { std: CARGO_HOME="/workspace/cargo-home" RUSTUP_HOME="/workspace/rustup-home" "/workspace/cargo-home/bin/cargo" "+nightly-2024-10-28" "fetch" "--manifest-path" "Cargo.toml", kill_on_drop: false }`
[INFO] [stderr]     Updating crates.io index
[INFO] [stderr]  Downloading crates ...
[INFO] [stderr]   Downloaded dbg_hex v0.1.1
[INFO] [stderr]   Downloaded assert_hex v0.2.2
[INFO] running `Command { std: "docker" "create" "-v" "/var/lib/crater-agent-workspace/builds/worker-6-tc1/target:/opt/rustwide/target:rw,Z" "-v" "/var/lib/crater-agent-workspace/builds/worker-6-tc1/source:/opt/rustwide/workdir:ro,Z" "-v" "/var/lib/crater-agent-workspace/cargo-home:/opt/rustwide/cargo-home:ro,Z" "-v" "/var/lib/crater-agent-workspace/rustup-home:/opt/rustwide/rustup-home:ro,Z" "-e" "SOURCE_DIR=/opt/rustwide/workdir" "-e" "CARGO_TARGET_DIR=/opt/rustwide/target" "-e" "CARGO_HOME=/opt/rustwide/cargo-home" "-e" "RUSTUP_HOME=/opt/rustwide/rustup-home" "-w" "/opt/rustwide/workdir" "-m" "1610612736" "--user" "0:0" "--network" "none" "ghcr.io/rust-lang/crates-build-env/linux@sha256:4a844ea9eb2546a2d2c7022eacef16ef2e8229c7fbb2c7d4d55a9ceca922f72d" "/opt/rustwide/cargo-home/bin/cargo" "+nightly-2024-10-28" "metadata" "--no-deps" "--format-version=1", kill_on_drop: false }`
[INFO] [stdout] 2d6034024e5a2c081e40358723a60a8c818bfa473864247b76ea8624413e09b6
[INFO] running `Command { std: "docker" "start" "-a" "2d6034024e5a2c081e40358723a60a8c818bfa473864247b76ea8624413e09b6", kill_on_drop: false }`
[INFO] running `Command { std: "docker" "inspect" "2d6034024e5a2c081e40358723a60a8c818bfa473864247b76ea8624413e09b6", kill_on_drop: false }`
[INFO] running `Command { std: "docker" "rm" "-f" "2d6034024e5a2c081e40358723a60a8c818bfa473864247b76ea8624413e09b6", kill_on_drop: false }`
[INFO] [stdout] 2d6034024e5a2c081e40358723a60a8c818bfa473864247b76ea8624413e09b6
[INFO] running `Command { std: "docker" "create" "-v" "/var/lib/crater-agent-workspace/builds/worker-6-tc1/target:/opt/rustwide/target:rw,Z" "-v" "/var/lib/crater-agent-workspace/builds/worker-6-tc1/source:/opt/rustwide/workdir:ro,Z" "-v" "/var/lib/crater-agent-workspace/cargo-home:/opt/rustwide/cargo-home:ro,Z" "-v" "/var/lib/crater-agent-workspace/rustup-home:/opt/rustwide/rustup-home:ro,Z" "-e" "SOURCE_DIR=/opt/rustwide/workdir" "-e" "CARGO_TARGET_DIR=/opt/rustwide/target" "-e" "CARGO_INCREMENTAL=0" "-e" "RUST_BACKTRACE=full" "-e" "RUSTFLAGS=--cap-lints=forbid" "-e" "RUSTDOCFLAGS=--cap-lints=forbid" "-e" "CARGO_HOME=/opt/rustwide/cargo-home" "-e" "RUSTUP_HOME=/opt/rustwide/rustup-home" "-w" "/opt/rustwide/workdir" "-m" "1610612736" "--user" "0:0" "--network" "none" "ghcr.io/rust-lang/crates-build-env/linux@sha256:4a844ea9eb2546a2d2c7022eacef16ef2e8229c7fbb2c7d4d55a9ceca922f72d" "/opt/rustwide/cargo-home/bin/cargo" "+nightly-2024-10-28" "build" "--frozen" "--message-format=json", kill_on_drop: false }`
[INFO] [stdout] d9a7c86cfc55e57aeb7231d7d8508cb0dd44c21680091d495427b0078d725aac
[INFO] running `Command { std: "docker" "start" "-a" "d9a7c86cfc55e57aeb7231d7d8508cb0dd44c21680091d495427b0078d725aac", kill_on_drop: false }`
[INFO] [stderr]    Compiling anyhow v1.0.57
[INFO] [stderr]    Compiling assert_hex v0.2.2
[INFO] [stderr]    Compiling dbg_hex v0.1.1
[INFO] [stderr]    Compiling leb128 v0.2.5
[INFO] [stderr]    Compiling wisp v0.1.0 (/opt/rustwide/workdir)
[INFO] [stderr]     Finished `dev` profile [unoptimized + debuginfo] target(s) in 0.98s
[INFO] running `Command { std: "docker" "inspect" "d9a7c86cfc55e57aeb7231d7d8508cb0dd44c21680091d495427b0078d725aac", kill_on_drop: false }`
[INFO] running `Command { std: "docker" "rm" "-f" "d9a7c86cfc55e57aeb7231d7d8508cb0dd44c21680091d495427b0078d725aac", kill_on_drop: false }`
[INFO] [stdout] d9a7c86cfc55e57aeb7231d7d8508cb0dd44c21680091d495427b0078d725aac
[INFO] running `Command { std: "docker" "create" "-v" "/var/lib/crater-agent-workspace/builds/worker-6-tc1/target:/opt/rustwide/target:rw,Z" "-v" "/var/lib/crater-agent-workspace/builds/worker-6-tc1/source:/opt/rustwide/workdir:ro,Z" "-v" "/var/lib/crater-agent-workspace/cargo-home:/opt/rustwide/cargo-home:ro,Z" "-v" "/var/lib/crater-agent-workspace/rustup-home:/opt/rustwide/rustup-home:ro,Z" "-e" "SOURCE_DIR=/opt/rustwide/workdir" "-e" "CARGO_TARGET_DIR=/opt/rustwide/target" "-e" "CARGO_INCREMENTAL=0" "-e" "RUST_BACKTRACE=full" "-e" "RUSTFLAGS=--cap-lints=forbid" "-e" "RUSTDOCFLAGS=--cap-lints=forbid" "-e" "CARGO_HOME=/opt/rustwide/cargo-home" "-e" "RUSTUP_HOME=/opt/rustwide/rustup-home" "-w" "/opt/rustwide/workdir" "-m" "1610612736" "--user" "0:0" "--network" "none" "ghcr.io/rust-lang/crates-build-env/linux@sha256:4a844ea9eb2546a2d2c7022eacef16ef2e8229c7fbb2c7d4d55a9ceca922f72d" "/opt/rustwide/cargo-home/bin/cargo" "+nightly-2024-10-28" "test" "--frozen" "--no-run" "--message-format=json", kill_on_drop: false }`
[INFO] [stdout] 14fffa86c6bf72403f30ce1186941845b07ac739abc5feb91c54f6878bc3b4f9
[INFO] running `Command { std: "docker" "start" "-a" "14fffa86c6bf72403f30ce1186941845b07ac739abc5feb91c54f6878bc3b4f9", kill_on_drop: false }`
[INFO] [stderr]    Compiling wisp v0.1.0 (/opt/rustwide/workdir)
[INFO] [stderr]     Finished `test` profile [unoptimized + debuginfo] target(s) in 0.69s
[INFO] running `Command { std: "docker" "inspect" "14fffa86c6bf72403f30ce1186941845b07ac739abc5feb91c54f6878bc3b4f9", kill_on_drop: false }`
[INFO] running `Command { std: "docker" "rm" "-f" "14fffa86c6bf72403f30ce1186941845b07ac739abc5feb91c54f6878bc3b4f9", kill_on_drop: false }`
[INFO] [stdout] 14fffa86c6bf72403f30ce1186941845b07ac739abc5feb91c54f6878bc3b4f9
[INFO] running `Command { std: "docker" "create" "-v" "/var/lib/crater-agent-workspace/builds/worker-6-tc1/target:/opt/rustwide/target:rw,Z" "-v" "/var/lib/crater-agent-workspace/builds/worker-6-tc1/source:/opt/rustwide/workdir:ro,Z" "-v" "/var/lib/crater-agent-workspace/cargo-home:/opt/rustwide/cargo-home:ro,Z" "-v" "/var/lib/crater-agent-workspace/rustup-home:/opt/rustwide/rustup-home:ro,Z" "-e" "SOURCE_DIR=/opt/rustwide/workdir" "-e" "CARGO_TARGET_DIR=/opt/rustwide/target" "-e" "CARGO_INCREMENTAL=0" "-e" "RUST_BACKTRACE=full" "-e" "RUSTFLAGS=--cap-lints=forbid" "-e" "RUSTDOCFLAGS=--cap-lints=forbid" "-e" "CARGO_HOME=/opt/rustwide/cargo-home" "-e" "RUSTUP_HOME=/opt/rustwide/rustup-home" "-w" "/opt/rustwide/workdir" "-m" "1610612736" "--user" "0:0" "--network" "none" "ghcr.io/rust-lang/crates-build-env/linux@sha256:4a844ea9eb2546a2d2c7022eacef16ef2e8229c7fbb2c7d4d55a9ceca922f72d" "/opt/rustwide/cargo-home/bin/cargo" "+nightly-2024-10-28" "test" "--frozen", kill_on_drop: false }`
[INFO] [stdout] 6241be06fa83792bfdea3dc5d42b87889e220c493777d58f818cb2859f144b04
[INFO] running `Command { std: "docker" "start" "-a" "6241be06fa83792bfdea3dc5d42b87889e220c493777d58f818cb2859f144b04", kill_on_drop: false }`
[INFO] [stderr]     Finished `test` profile [unoptimized + debuginfo] target(s) in 0.01s
[INFO] [stderr]      Running unittests src/main.rs (/opt/rustwide/target/debug/deps/wisp-31af4deca0b0a113)
[INFO] [stdout] 
[INFO] [stdout] running 28 tests
[INFO] [stdout] test emitter::encoder::tests::test_encode_global_section ... ok
[INFO] [stdout] test emitter::encoder::tests::test_signed ... ok
[INFO] [stdout] test emitter::encoder::tests::test_string ... ok
[INFO] [stdout] test emitter::encoder::tests::test_unsigned ... ok
[INFO] [stdout] test emitter::expression::tests::test_function_call ... ok
[INFO] [stdout] test emitter::function::tests::test_export ... ok
[INFO] [stdout] test emitter::function::tests::test_drop ... ok
[INFO] [stdout] test emitter::global::tests::test_env ... ok
[INFO] [stdout] test emitter::global::tests::test_get_global ... ok
[INFO] [stdout] test emitter::global::tests::test_simple_define ... ok
[INFO] [stdout] test emitter::intrinsic_ops::tests::test_arithmetic_ops ... ok
[INFO] [stdout] test emitter::intrinsic_ops::tests::test_unary_ops ... ok
[INFO] [stdout] test emitter::intrinsic_ops::tests::test_bool ... ok
[INFO] [stdout] test emitter::special_forms::tests::test_if ... ok
[INFO] [stdout] test emitter::vector::tests::test_array_arg ... ok
[INFO] [stdout] test emitter::special_forms::tests::test_let ... ok
[INFO] [stdout] test emitter::vector::tests::test_creating_vector ... ok
[INFO] [stdout] test emitter::vector::tests::test_return_type ... ok
[INFO] [stdout] test emitter::vector::tests::test_index_by_symbol ... ok
[INFO] [stdout] test lexer::tests::test_calc ... ok
[INFO] [stdout] test lexer::tests::test_sub ... ok
[INFO] [stdout] test env::tests::test_count_local_vars ... ok
[INFO] [stdout] test parser::tests::test_array_arg ... ok
[INFO] [stdout] test parser::tests::test_bin_ops ... ok
[INFO] [stdout] test parser::tests::test_bool ... ok
[INFO] [stdout] test parser::tests::test_parse_array_type ... ok
[INFO] [stdout] test lexer::tests::test_bool_ops ... ok
[INFO] [stdout] test emitter::encoder::tests::test_bin_ops ... FAILED
[INFO] [stdout] 
[INFO] [stdout] failures:
[INFO] [stdout] 
[INFO] [stdout] ---- emitter::encoder::tests::test_bin_ops stdout ----
[INFO] [stdout] [src/resolver.rs:36:5] &type_env.env = {}
[INFO] [stdout] [src/resolver.rs:36:5] &type_env.env = {}
[INFO] [stdout] [src/resolver.rs:36:5] &type_env.env = {}
[INFO] [stdout] [src/resolver.rs:36:5] &type_env.env = {}
[INFO] [stdout] [src/resolver.rs:36:5] &type_env.env = {}
[INFO] [stdout] [src/resolver.rs:36:5] &type_env.env = {}
[INFO] [stdout] thread 'emitter::encoder::tests::test_bin_ops' panicked at src/emitter/encoder.rs:483:9:
[INFO] [stdout] assertion `left == right` failed
[INFO] [stdout]   left: [0, 97, 115, 109, 1, 0, 0, 0, 1, 7, 1, 96, 2, 125, 127, 1, 125, 3, 2, 1, 0, 5, 3, 1, 0, 16, 6, 17, 2, 127, 0, 65, 128, 128, 128, 1, 11, 127, 1, 65, 128, 128, 192, 0, 11, 7, 1, 0, 10, 21, 1, 19, 0, 65, 10, 178, 32, 0, 32, 1, 65, 1, 107, 178, 146, 65, 2, 178, 149, 148, 11]
[INFO] [stdout]  right: [0, 97, 115, 109, 1, 0, 0, 0, 1, 7, 1, 96, 2, 125, 127, 1, 125, 3, 2, 1, 0, 5, 3, 1, 0, 16, 6, 17, 2, 127, 1, 65, 128, 128, 192, 0, 11, 127, 0, 65, 128, 128, 128, 1, 11, 7, 1, 0, 10, 21, 1, 19, 0, 65, 10, 178, 32, 0, 32, 1, 65, 1, 107, 178, 146, 65, 2, 178, 149, 148, 11]
[INFO] [stdout] stack backtrace:
[INFO] [stdout]    0:     0x578680e851da - std::backtrace_rs::backtrace::libunwind::trace::h207520d6e9873551
[INFO] [stdout]                                at /rustc/df4ca44d3fbc9301ee17f30f4d474e6ae4b05252/library/std/src/../../backtrace/src/backtrace/libunwind.rs:116:5
[INFO] [stdout]    1:     0x578680e851da - std::backtrace_rs::backtrace::trace_unsynchronized::h2ed7433f370e3eca
[INFO] [stdout]                                at /rustc/df4ca44d3fbc9301ee17f30f4d474e6ae4b05252/library/std/src/../../backtrace/src/backtrace/mod.rs:66:5
[INFO] [stdout]    2:     0x578680e851da - std::sys::backtrace::_print_fmt::h916fac51166b18d7
[INFO] [stdout]                                at /rustc/df4ca44d3fbc9301ee17f30f4d474e6ae4b05252/library/std/src/sys/backtrace.rs:66:9
[INFO] [stdout]    3:     0x578680e851da - <std::sys::backtrace::BacktraceLock::print::DisplayBacktrace as core::fmt::Display>::fmt::ha0a4c9b8ce3802e6
[INFO] [stdout]                                at /rustc/df4ca44d3fbc9301ee17f30f4d474e6ae4b05252/library/std/src/sys/backtrace.rs:39:26
[INFO] [stdout]    4:     0x578680ead623 - core::fmt::rt::Argument::fmt::h4cfc8587d52b3eb5
[INFO] [stdout]                                at /rustc/df4ca44d3fbc9301ee17f30f4d474e6ae4b05252/library/core/src/fmt/rt.rs:177:76
[INFO] [stdout]    5:     0x578680ead623 - core::fmt::write::h522cc39e5b36ae9f
[INFO] [stdout]                                at /rustc/df4ca44d3fbc9301ee17f30f4d474e6ae4b05252/library/core/src/fmt/mod.rs:1190:21
[INFO] [stdout]    6:     0x578680e81e43 - std::io::Write::write_fmt::h7d3c26752da97734
[INFO] [stdout]                                at /rustc/df4ca44d3fbc9301ee17f30f4d474e6ae4b05252/library/std/src/io/mod.rs:1839:15
[INFO] [stdout]    7:     0x578680e85022 - std::sys::backtrace::BacktraceLock::print::h4b9e00b29e9c0942
[INFO] [stdout]                                at /rustc/df4ca44d3fbc9301ee17f30f4d474e6ae4b05252/library/std/src/sys/backtrace.rs:42:9
[INFO] [stdout]    8:     0x578680e8666a - std::panicking::default_hook::{{closure}}::hb59b88280d0324d9
[INFO] [stdout]                                at /rustc/df4ca44d3fbc9301ee17f30f4d474e6ae4b05252/library/std/src/panicking.rs:268:22
[INFO] [stdout]    9:     0x578680e86474 - std::panicking::default_hook::he1dd496665be4a29
[INFO] [stdout]                                at /rustc/df4ca44d3fbc9301ee17f30f4d474e6ae4b05252/library/std/src/panicking.rs:292:9
[INFO] [stdout]   10:     0x578680e49939 - <alloc::boxed::Box<F,A> as core::ops::function::Fn<Args>>::call::h4ff71de18744e1dc
[INFO] [stdout]                                at /rustc/df4ca44d3fbc9301ee17f30f4d474e6ae4b05252/library/alloc/src/boxed.rs:2468:9
[INFO] [stdout]   11:     0x578680e49939 - test::test_main::{{closure}}::hcf7c055ce117aa81
[INFO] [stdout]                                at /rustc/df4ca44d3fbc9301ee17f30f4d474e6ae4b05252/library/test/src/lib.rs:133:21
[INFO] [stdout]   12:     0x578680e86d68 - <alloc::boxed::Box<F,A> as core::ops::function::Fn<Args>>::call::h1d66c6bbd60c9692
[INFO] [stdout]                                at /rustc/df4ca44d3fbc9301ee17f30f4d474e6ae4b05252/library/alloc/src/boxed.rs:2468:9
[INFO] [stdout]   13:     0x578680e86d68 - std::panicking::rust_panic_with_hook::h2ff17fe8f26dfcf8
[INFO] [stdout]                                at /rustc/df4ca44d3fbc9301ee17f30f4d474e6ae4b05252/library/std/src/panicking.rs:809:13
[INFO] [stdout]   14:     0x578680e86b2a - std::panicking::begin_panic_handler::{{closure}}::h4fad77951c07e101
[INFO] [stdout]                                at /rustc/df4ca44d3fbc9301ee17f30f4d474e6ae4b05252/library/std/src/panicking.rs:674:13
[INFO] [stdout]   15:     0x578680e856b9 - std::sys::backtrace::__rust_end_short_backtrace::hb1a25b3da5d0ea08
[INFO] [stdout]                                at /rustc/df4ca44d3fbc9301ee17f30f4d474e6ae4b05252/library/std/src/sys/backtrace.rs:170:18
[INFO] [stdout]   16:     0x578680e867bc - rust_begin_unwind
[INFO] [stdout]                                at /rustc/df4ca44d3fbc9301ee17f30f4d474e6ae4b05252/library/std/src/panicking.rs:665:5
[INFO] [stdout]   17:     0x578680eab360 - core::panicking::panic_fmt::ha9db07b529f9b256
[INFO] [stdout]                                at /rustc/df4ca44d3fbc9301ee17f30f4d474e6ae4b05252/library/core/src/panicking.rs:75:14
[INFO] [stdout]   18:     0x578680eab72b - core::panicking::assert_failed_inner::h04f38944d74a80a8
[INFO] [stdout]   19:     0x578680ddf802 - core::panicking::assert_failed::hb3da265591eb3fb8
[INFO] [stdout]                                at /rustc/df4ca44d3fbc9301ee17f30f4d474e6ae4b05252/library/core/src/panicking.rs:377:5
[INFO] [stdout]   20:     0x578680dc4a91 - wisp::emitter::encoder::tests::test_bin_ops::hce2090b978777707
[INFO] [stdout]                                at /opt/rustwide/workdir/src/emitter/encoder.rs:483:9
[INFO] [stdout]   21:     0x578680dc46d7 - wisp::emitter::encoder::tests::test_bin_ops::{{closure}}::h68265ef6e17d44c9
[INFO] [stdout]                                at /opt/rustwide/workdir/src/emitter/encoder.rs:471:22
[INFO] [stdout]   22:     0x578680dd8ed6 - core::ops::function::FnOnce::call_once::h6f0f50726e4f94a2
[INFO] [stdout]                                at /rustc/df4ca44d3fbc9301ee17f30f4d474e6ae4b05252/library/core/src/ops/function.rs:250:5
[INFO] [stdout]   23:     0x578680e4e20b - core::ops::function::FnOnce::call_once::h22c3ba5715e93f05
[INFO] [stdout]                                at /rustc/df4ca44d3fbc9301ee17f30f4d474e6ae4b05252/library/core/src/ops/function.rs:250:5
[INFO] [stdout]   24:     0x578680e4e20b - test::__rust_begin_short_backtrace::h8e82d8113d0da17f
[INFO] [stdout]                                at /rustc/df4ca44d3fbc9301ee17f30f4d474e6ae4b05252/library/test/src/lib.rs:621:18
[INFO] [stdout]   25:     0x578680e4db87 - test::run_test_in_process::{{closure}}::h33235f4f20b7b7c7
[INFO] [stdout]                                at /rustc/df4ca44d3fbc9301ee17f30f4d474e6ae4b05252/library/test/src/lib.rs:644:60
[INFO] [stdout]   26:     0x578680e4db87 - <core::panic::unwind_safe::AssertUnwindSafe<F> as core::ops::function::FnOnce<()>>::call_once::hb5043206310c586f
[INFO] [stdout]                                at /rustc/df4ca44d3fbc9301ee17f30f4d474e6ae4b05252/library/core/src/panic/unwind_safe.rs:272:9
[INFO] [stdout]   27:     0x578680e4db87 - std::panicking::try::do_call::h9ad4731a60ab23e2
[INFO] [stdout]                                at /rustc/df4ca44d3fbc9301ee17f30f4d474e6ae4b05252/library/std/src/panicking.rs:557:40
[INFO] [stdout]   28:     0x578680e4db87 - std::panicking::try::h3824d23db772a716
[INFO] [stdout]                                at /rustc/df4ca44d3fbc9301ee17f30f4d474e6ae4b05252/library/std/src/panicking.rs:520:19
[INFO] [stdout]   29:     0x578680e4db87 - std::panic::catch_unwind::h5afd514605fde46b
[INFO] [stdout]                                at /rustc/df4ca44d3fbc9301ee17f30f4d474e6ae4b05252/library/std/src/panic.rs:358:14
[INFO] [stdout]   30:     0x578680e4db87 - test::run_test_in_process::h0d5cbfa7067d1720
[INFO] [stdout]                                at /rustc/df4ca44d3fbc9301ee17f30f4d474e6ae4b05252/library/test/src/lib.rs:644:27
[INFO] [stdout]   31:     0x578680e4db87 - test::run_test::{{closure}}::h708eb8872708115d
[INFO] [stdout]                                at /rustc/df4ca44d3fbc9301ee17f30f4d474e6ae4b05252/library/test/src/lib.rs:565:43
[INFO] [stdout]   32:     0x578680e112a4 - test::run_test::{{closure}}::h392c51cee94713ab
[INFO] [stdout]                                at /rustc/df4ca44d3fbc9301ee17f30f4d474e6ae4b05252/library/test/src/lib.rs:595:41
[INFO] [stdout]   33:     0x578680e112a4 - std::sys::backtrace::__rust_begin_short_backtrace::h2f40290710935a8b
[INFO] [stdout]                                at /rustc/df4ca44d3fbc9301ee17f30f4d474e6ae4b05252/library/std/src/sys/backtrace.rs:154:18
[INFO] [stdout]   34:     0x578680e14a4e - std::thread::Builder::spawn_unchecked_::{{closure}}::{{closure}}::h3fd968d89053a903
[INFO] [stdout]                                at /rustc/df4ca44d3fbc9301ee17f30f4d474e6ae4b05252/library/std/src/thread/mod.rs:541:17
[INFO] [stdout]   35:     0x578680e14a4e - <core::panic::unwind_safe::AssertUnwindSafe<F> as core::ops::function::FnOnce<()>>::call_once::h743f637ba4229880
[INFO] [stdout]                                at /rustc/df4ca44d3fbc9301ee17f30f4d474e6ae4b05252/library/core/src/panic/unwind_safe.rs:272:9
[INFO] [stdout]   36:     0x578680e14a4e - std::panicking::try::do_call::h07440897322525a6
[INFO] [stdout]                                at /rustc/df4ca44d3fbc9301ee17f30f4d474e6ae4b05252/library/std/src/panicking.rs:557:40
[INFO] [stdout]   37:     0x578680e14a4e - std::panicking::try::he5a2e00188156637
[INFO] [stdout]                                at /rustc/df4ca44d3fbc9301ee17f30f4d474e6ae4b05252/library/std/src/panicking.rs:520:19
[INFO] [stdout]   38:     0x578680e14a4e - std::panic::catch_unwind::hbaf3cae49b3c6433
[INFO] [stdout]                                at /rustc/df4ca44d3fbc9301ee17f30f4d474e6ae4b05252/library/std/src/panic.rs:358:14
[INFO] [stdout]   39:     0x578680e14a4e - std::thread::Builder::spawn_unchecked_::{{closure}}::h8e141ea224820bce
[INFO] [stdout]                                at /rustc/df4ca44d3fbc9301ee17f30f4d474e6ae4b05252/library/std/src/thread/mod.rs:540:30
[INFO] [stdout]   40:     0x578680e14a4e - core::ops::function::FnOnce::call_once{{vtable.shim}}::h90d312fedd7b8ea8
[INFO] [stdout]                                at /rustc/df4ca44d3fbc9301ee17f30f4d474e6ae4b05252/library/core/src/ops/function.rs:250:5
[INFO] [stdout]   41:     0x578680e8ab5b - <alloc::boxed::Box<F,A> as core::ops::function::FnOnce<Args>>::call_once::h69aa08ddb6adb8b6
[INFO] [stdout]                                at /rustc/df4ca44d3fbc9301ee17f30f4d474e6ae4b05252/library/alloc/src/boxed.rs:2454:9
[INFO] [stdout]   42:     0x578680e8ab5b - <alloc::boxed::Box<F,A> as core::ops::function::FnOnce<Args>>::call_once::h5aa36efdb79c806f
[INFO] [stdout]                                at /rustc/df4ca44d3fbc9301ee17f30f4d474e6ae4b05252/library/alloc/src/boxed.rs:2454:9
[INFO] [stdout]   43:     0x578680e8ab5b - std::sys::pal::unix::thread::Thread::new::thread_start::h6cd80a1b4be5158d
[INFO] [stdout]                                at /rustc/df4ca44d3fbc9301ee17f30f4d474e6ae4b05252/library/std/src/sys/pal/unix/thread.rs:105:17
[INFO] [stdout]   44:     0x7a682de02ac3 - <unknown>
[INFO] [stdout]   45:     0x7a682de93a04 - clone
[INFO] [stdout]   46:                0x0 - <unknown>
[INFO] [stdout] 
[INFO] [stdout] 
[INFO] [stdout] failures:
[INFO] [stdout]     emitter::encoder::tests::test_bin_ops
[INFO] [stdout] 
[INFO] [stdout] test result: FAILED. 27 passed; 1 failed; 0 ignored; 0 measured; 0 filtered out; finished in 0.01s
[INFO] [stdout] 
[INFO] [stderr] error: test failed, to rerun pass `--bin wisp`
[INFO] running `Command { std: "docker" "inspect" "6241be06fa83792bfdea3dc5d42b87889e220c493777d58f818cb2859f144b04", kill_on_drop: false }`
[INFO] running `Command { std: "docker" "rm" "-f" "6241be06fa83792bfdea3dc5d42b87889e220c493777d58f818cb2859f144b04", kill_on_drop: false }`
[INFO] [stdout] 6241be06fa83792bfdea3dc5d42b87889e220c493777d58f818cb2859f144b04
