[INFO] cloning repository https://github.com/OldSinner/rs-json-handler
[INFO] running `Command { std: "git" "-c" "credential.helper=" "-c" "credential.helper=/workspace/cargo-home/bin/git-credential-null" "clone" "--bare" "https://github.com/OldSinner/rs-json-handler" "/workspace/cache/git-repos/https%3A%2F%2Fgithub.com%2FOldSinner%2Frs-json-handler", kill_on_drop: false }`
[INFO] [stderr] Cloning into bare repository '/workspace/cache/git-repos/https%3A%2F%2Fgithub.com%2FOldSinner%2Frs-json-handler'...
[INFO] running `Command { std: "git" "rev-parse" "HEAD", kill_on_drop: false }`
[INFO] [stdout] 6c071b0e694ae817f264d915eef600504817c3e6
[INFO] testing OldSinner/rs-json-handler/6c071b0e694ae817f264d915eef600504817c3e6 against nightly-2024-10-28 for randomize-layout
[INFO] running `Command { std: "git" "clone" "/workspace/cache/git-repos/https%3A%2F%2Fgithub.com%2FOldSinner%2Frs-json-handler" "/workspace/builds/worker-4-tc1/source", kill_on_drop: false }`
[INFO] [stderr] Cloning into '/workspace/builds/worker-4-tc1/source'...
[INFO] [stderr] done.
[INFO] validating manifest of git repo https://github.com/OldSinner/rs-json-handler on toolchain nightly-2024-10-28
[INFO] running `Command { std: CARGO_HOME="/workspace/cargo-home" RUSTUP_HOME="/workspace/rustup-home" "/workspace/cargo-home/bin/cargo" "+nightly-2024-10-28" "metadata" "--manifest-path" "Cargo.toml" "--no-deps", kill_on_drop: false }`
[INFO] started tweaking git repo https://github.com/OldSinner/rs-json-handler
[INFO] finished tweaking git repo https://github.com/OldSinner/rs-json-handler
[INFO] tweaked toml for git repo https://github.com/OldSinner/rs-json-handler written to /workspace/builds/worker-4-tc1/source/Cargo.toml
[INFO] crate git repo https://github.com/OldSinner/rs-json-handler already has a lockfile, it will not be regenerated
[INFO] running `Command { std: CARGO_HOME="/workspace/cargo-home" RUSTUP_HOME="/workspace/rustup-home" "/workspace/cargo-home/bin/cargo" "+nightly-2024-10-28" "fetch" "--manifest-path" "Cargo.toml", kill_on_drop: false }`
[INFO] [stderr] warning: virtual workspace defaulting to `resolver = "1"` despite one or more workspace members being on edition 2021 which implies `resolver = "2"`
[INFO] [stderr] note: to keep the current resolver, specify `workspace.resolver = "1"` in the workspace root's manifest
[INFO] [stderr] note: to use the edition 2021 resolver, specify `workspace.resolver = "2"` in the workspace root's manifest
[INFO] [stderr] note: for more details see https://doc.rust-lang.org/cargo/reference/resolver.html#resolver-versions
[INFO] running `Command { std: "docker" "create" "-v" "/var/lib/crater-agent-workspace/builds/worker-4-tc1/target:/opt/rustwide/target:rw,Z" "-v" "/var/lib/crater-agent-workspace/builds/worker-4-tc1/source:/opt/rustwide/workdir:ro,Z" "-v" "/var/lib/crater-agent-workspace/cargo-home:/opt/rustwide/cargo-home:ro,Z" "-v" "/var/lib/crater-agent-workspace/rustup-home:/opt/rustwide/rustup-home:ro,Z" "-e" "SOURCE_DIR=/opt/rustwide/workdir" "-e" "CARGO_TARGET_DIR=/opt/rustwide/target" "-e" "CARGO_HOME=/opt/rustwide/cargo-home" "-e" "RUSTUP_HOME=/opt/rustwide/rustup-home" "-w" "/opt/rustwide/workdir" "-m" "1610612736" "--user" "0:0" "--network" "none" "ghcr.io/rust-lang/crates-build-env/linux@sha256:4a844ea9eb2546a2d2c7022eacef16ef2e8229c7fbb2c7d4d55a9ceca922f72d" "/opt/rustwide/cargo-home/bin/cargo" "+nightly-2024-10-28" "metadata" "--no-deps" "--format-version=1", kill_on_drop: false }`
[INFO] [stdout] e5dc89f81aad60138aab458b83767ee931140a81e200701534318962f58cd94c
[INFO] running `Command { std: "docker" "start" "-a" "e5dc89f81aad60138aab458b83767ee931140a81e200701534318962f58cd94c", kill_on_drop: false }`
[INFO] running `Command { std: "docker" "inspect" "e5dc89f81aad60138aab458b83767ee931140a81e200701534318962f58cd94c", kill_on_drop: false }`
[INFO] running `Command { std: "docker" "rm" "-f" "e5dc89f81aad60138aab458b83767ee931140a81e200701534318962f58cd94c", kill_on_drop: false }`
[INFO] [stdout] e5dc89f81aad60138aab458b83767ee931140a81e200701534318962f58cd94c
[INFO] running `Command { std: "docker" "create" "-v" "/var/lib/crater-agent-workspace/builds/worker-4-tc1/target:/opt/rustwide/target:rw,Z" "-v" "/var/lib/crater-agent-workspace/builds/worker-4-tc1/source:/opt/rustwide/workdir:ro,Z" "-v" "/var/lib/crater-agent-workspace/cargo-home:/opt/rustwide/cargo-home:ro,Z" "-v" "/var/lib/crater-agent-workspace/rustup-home:/opt/rustwide/rustup-home:ro,Z" "-e" "SOURCE_DIR=/opt/rustwide/workdir" "-e" "CARGO_TARGET_DIR=/opt/rustwide/target" "-e" "CARGO_INCREMENTAL=0" "-e" "RUST_BACKTRACE=full" "-e" "RUSTFLAGS=--cap-lints=forbid" "-e" "RUSTDOCFLAGS=--cap-lints=forbid" "-e" "CARGO_HOME=/opt/rustwide/cargo-home" "-e" "RUSTUP_HOME=/opt/rustwide/rustup-home" "-w" "/opt/rustwide/workdir" "-m" "1610612736" "--user" "0:0" "--network" "none" "ghcr.io/rust-lang/crates-build-env/linux@sha256:4a844ea9eb2546a2d2c7022eacef16ef2e8229c7fbb2c7d4d55a9ceca922f72d" "/opt/rustwide/cargo-home/bin/cargo" "+nightly-2024-10-28" "build" "--frozen" "--message-format=json", kill_on_drop: false }`
[INFO] [stdout] 7246c1c5bfe615e14a832ecfc131dd2bab15008f8ca037abd40b7dd7e0bc5bc1
[INFO] running `Command { std: "docker" "start" "-a" "7246c1c5bfe615e14a832ecfc131dd2bab15008f8ca037abd40b7dd7e0bc5bc1", kill_on_drop: false }`
[INFO] [stderr] warning: virtual workspace defaulting to `resolver = "1"` despite one or more workspace members being on edition 2021 which implies `resolver = "2"`
[INFO] [stderr] note: to keep the current resolver, specify `workspace.resolver = "1"` in the workspace root's manifest
[INFO] [stderr] note: to use the edition 2021 resolver, specify `workspace.resolver = "2"` in the workspace root's manifest
[INFO] [stderr] note: for more details see https://doc.rust-lang.org/cargo/reference/resolver.html#resolver-versions
[INFO] [stderr]    Compiling json_handler v0.1.0 (/opt/rustwide/workdir/json_handler)
[INFO] [stdout] warning: unused import: `str::Chars`
[INFO] [stdout]  --> json_handler/src/json_object/json_entity.rs:1:33
[INFO] [stdout]   |
[INFO] [stdout] 1 | use std::{collections::HashMap, str::Chars};
[INFO] [stdout]   |                                 ^^^^^^^^^^
[INFO] [stdout]   |
[INFO] [stdout]   = note: `#[warn(unused_imports)]` on by default
[INFO] [stdout] 
[INFO] [stdout] 
[INFO] [stdout] warning: unused imports: `collections::HashMap` and `vec`
[INFO] [stdout]  --> json_handler/src/json_object/json_parser.rs:1:17
[INFO] [stdout]   |
[INFO] [stdout] 1 | use std::{char, collections::HashMap, str::Chars, vec};
[INFO] [stdout]   |                 ^^^^^^^^^^^^^^^^^^^^              ^^^
[INFO] [stdout] 
[INFO] [stdout] 
[INFO] [stdout] warning: unnecessary parentheses around `if` condition
[INFO] [stdout]    --> json_handler/src/json_object/json_parser.rs:157:12
[INFO] [stdout]     |
[INFO] [stdout] 157 |         if (c_n == '"') {
[INFO] [stdout]     |            ^          ^
[INFO] [stdout]     |
[INFO] [stdout]     = note: `#[warn(unused_parens)]` on by default
[INFO] [stdout] help: remove these parentheses
[INFO] [stdout]     |
[INFO] [stdout] 157 -         if (c_n == '"') {
[INFO] [stdout] 157 +         if c_n == '"' {
[INFO] [stdout]     |
[INFO] [stdout] 
[INFO] [stdout] 
[INFO] [stdout] warning: unused variable: `vec`
[INFO] [stdout]   --> json_handler/src/json_object/json_parser.rs:45:16
[INFO] [stdout]    |
[INFO] [stdout] 45 | fn build_array(vec: &mut Vec<JsonTokenValue>) -> JsonEntity {
[INFO] [stdout]    |                ^^^ help: if this is intentional, prefix it with an underscore: `_vec`
[INFO] [stdout]    |
[INFO] [stdout]    = note: `#[warn(unused_variables)]` on by default
[INFO] [stdout] 
[INFO] [stdout] 
[INFO] [stdout] warning: function `get_hashpmap` is never used
[INFO] [stdout]    --> json_handler/src/json_object/json_entity.rs:114:4
[INFO] [stdout]     |
[INFO] [stdout] 114 | fn get_hashpmap() -> HashMap<String, JsonEntity> {
[INFO] [stdout]     |    ^^^^^^^^^^^^
[INFO] [stdout]     |
[INFO] [stdout]     = note: `#[warn(dead_code)]` on by default
[INFO] [stdout] 
[INFO] [stdout] 
[INFO] [stdout] warning: static `NumericChar` is never used
[INFO] [stdout]  --> json_handler/src/json_object/json_parser.rs:5:8
[INFO] [stdout]   |
[INFO] [stdout] 5 | static NumericChar: [char; 11] = ['1', '2', '3', '4', '5', '6', '7', '8', '9', '0', '.'];
[INFO] [stdout]   |        ^^^^^^^^^^^
[INFO] [stdout] 
[INFO] [stdout] 
[INFO] [stdout] warning: struct `JsonTokenValue` is never constructed
[INFO] [stdout]  --> json_handler/src/json_object/json_parser.rs:7:12
[INFO] [stdout]   |
[INFO] [stdout] 7 | pub struct JsonTokenValue {
[INFO] [stdout]   |            ^^^^^^^^^^^^^^
[INFO] [stdout]   |
[INFO] [stdout]   = note: `JsonTokenValue` has a derived impl for the trait `Debug`, but this is intentionally ignored during dead code analysis
[INFO] [stdout] 
[INFO] [stdout] 
[INFO] [stdout] warning: multiple variants are never constructed
[INFO] [stdout]   --> json_handler/src/json_object/json_parser.rs:13:5
[INFO] [stdout]    |
[INFO] [stdout] 12 | pub enum JsonTokenType {
[INFO] [stdout]    |          ------------- variants in this enum
[INFO] [stdout] 13 |     BraceOpen,
[INFO] [stdout]    |     ^^^^^^^^^
[INFO] [stdout] 14 |     BraceClose,
[INFO] [stdout]    |     ^^^^^^^^^^
[INFO] [stdout] 15 |     BracketOpen,
[INFO] [stdout]    |     ^^^^^^^^^^^
[INFO] [stdout] 16 |     BracketClose,
[INFO] [stdout]    |     ^^^^^^^^^^^^
[INFO] [stdout] 17 |     String,
[INFO] [stdout]    |     ^^^^^^
[INFO] [stdout] 18 |     Number,
[INFO] [stdout]    |     ^^^^^^
[INFO] [stdout] 19 |     Comma,
[INFO] [stdout]    |     ^^^^^
[INFO] [stdout] 20 |     Colon,
[INFO] [stdout]    |     ^^^^^
[INFO] [stdout] 21 |     True,
[INFO] [stdout]    |     ^^^^
[INFO] [stdout] 22 |     False,
[INFO] [stdout]    |     ^^^^^
[INFO] [stdout]    |
[INFO] [stdout]    = note: `JsonTokenType` has a derived impl for the trait `Debug`, but this is intentionally ignored during dead code analysis
[INFO] [stdout] 
[INFO] [stdout] 
[INFO] [stdout] warning: function `parse_value` is never used
[INFO] [stdout]   --> json_handler/src/json_object/json_parser.rs:25:4
[INFO] [stdout]    |
[INFO] [stdout] 25 | fn parse_value(value: JsonTokenValue, vec: &mut Vec<JsonTokenValue>) -> JsonEntity {
[INFO] [stdout]    |    ^^^^^^^^^^^
[INFO] [stdout] 
[INFO] [stdout] 
[INFO] [stdout] warning: function `build_array` is never used
[INFO] [stdout]   --> json_handler/src/json_object/json_parser.rs:45:4
[INFO] [stdout]    |
[INFO] [stdout] 45 | fn build_array(vec: &mut Vec<JsonTokenValue>) -> JsonEntity {
[INFO] [stdout]    |    ^^^^^^^^^^^
[INFO] [stdout] 
[INFO] [stdout] 
[INFO] [stdout] warning: function `get_next_token` is never used
[INFO] [stdout]   --> json_handler/src/json_object/json_parser.rs:49:4
[INFO] [stdout]    |
[INFO] [stdout] 49 | fn get_next_token(vec: &mut Vec<JsonTokenValue>) -> JsonTokenValue {
[INFO] [stdout]    |    ^^^^^^^^^^^^^^
[INFO] [stdout] 
[INFO] [stdout] 
[INFO] [stdout] warning: function `build_object` is never used
[INFO] [stdout]   --> json_handler/src/json_object/json_parser.rs:57:4
[INFO] [stdout]    |
[INFO] [stdout] 57 | fn build_object(vec: &mut Vec<JsonTokenValue>) -> JsonEntity {
[INFO] [stdout]    |    ^^^^^^^^^^^^
[INFO] [stdout] 
[INFO] [stdout] 
[INFO] [stdout] warning: function `build_token_vec` is never used
[INFO] [stdout]   --> json_handler/src/json_object/json_parser.rs:82:4
[INFO] [stdout]    |
[INFO] [stdout] 82 | fn build_token_vec(chars: &mut Chars) -> Vec<JsonTokenValue> {
[INFO] [stdout]    |    ^^^^^^^^^^^^^^^
[INFO] [stdout] 
[INFO] [stdout] 
[INFO] [stdout] warning: function `determinate_token` is never used
[INFO] [stdout]   --> json_handler/src/json_object/json_parser.rs:90:4
[INFO] [stdout]    |
[INFO] [stdout] 90 | fn determinate_token(c: char, vec: &mut Vec<JsonTokenValue>, chars: &mut Chars) {
[INFO] [stdout]    |    ^^^^^^^^^^^^^^^^^
[INFO] [stdout] 
[INFO] [stdout] 
[INFO] [stdout] warning: function `get_number_value` is never used
[INFO] [stdout]    --> json_handler/src/json_object/json_parser.rs:136:4
[INFO] [stdout]     |
[INFO] [stdout] 136 | fn get_number_value(chars: &mut Chars, vec: &mut Vec<JsonTokenValue>, c: char) {
[INFO] [stdout]     |    ^^^^^^^^^^^^^^^^
[INFO] [stdout] 
[INFO] [stdout] 
[INFO] [stdout] warning: function `get_string_value` is never used
[INFO] [stdout]    --> json_handler/src/json_object/json_parser.rs:154:4
[INFO] [stdout]     |
[INFO] [stdout] 154 | fn get_string_value(chars: &mut Chars, vec: &mut Vec<JsonTokenValue>) {
[INFO] [stdout]     |    ^^^^^^^^^^^^^^^^
[INFO] [stdout] 
[INFO] [stdout] 
[INFO] [stdout] warning: function `check_if_false` is never used
[INFO] [stdout]    --> json_handler/src/json_object/json_parser.rs:169:4
[INFO] [stdout]     |
[INFO] [stdout] 169 | fn check_if_false(chars: &mut Chars, vec: &mut Vec<JsonTokenValue>) {
[INFO] [stdout]     |    ^^^^^^^^^^^^^^
[INFO] [stdout] 
[INFO] [stdout] 
[INFO] [stdout] warning: function `check_if_true` is never used
[INFO] [stdout]    --> json_handler/src/json_object/json_parser.rs:181:4
[INFO] [stdout]     |
[INFO] [stdout] 181 | fn check_if_true(chars: &mut Chars, vec: &mut Vec<JsonTokenValue>) {
[INFO] [stdout]     |    ^^^^^^^^^^^^^
[INFO] [stdout] 
[INFO] [stdout] 
[INFO] [stdout] warning: static variable `NumericChar` should have an upper case name
[INFO] [stdout]  --> json_handler/src/json_object/json_parser.rs:5:8
[INFO] [stdout]   |
[INFO] [stdout] 5 | static NumericChar: [char; 11] = ['1', '2', '3', '4', '5', '6', '7', '8', '9', '0', '.'];
[INFO] [stdout]   |        ^^^^^^^^^^^ help: convert the identifier to upper case: `NUMERIC_CHAR`
[INFO] [stdout]   |
[INFO] [stdout]   = note: `#[warn(non_upper_case_globals)]` on by default
[INFO] [stdout] 
[INFO] [stdout] 
[INFO] [stderr]    Compiling parser v0.1.0 (/opt/rustwide/workdir/parser)
[INFO] [stderr]     Finished `dev` profile [unoptimized + debuginfo] target(s) in 0.42s
[INFO] running `Command { std: "docker" "inspect" "7246c1c5bfe615e14a832ecfc131dd2bab15008f8ca037abd40b7dd7e0bc5bc1", kill_on_drop: false }`
[INFO] running `Command { std: "docker" "rm" "-f" "7246c1c5bfe615e14a832ecfc131dd2bab15008f8ca037abd40b7dd7e0bc5bc1", kill_on_drop: false }`
[INFO] [stdout] 7246c1c5bfe615e14a832ecfc131dd2bab15008f8ca037abd40b7dd7e0bc5bc1
[INFO] running `Command { std: "docker" "create" "-v" "/var/lib/crater-agent-workspace/builds/worker-4-tc1/target:/opt/rustwide/target:rw,Z" "-v" "/var/lib/crater-agent-workspace/builds/worker-4-tc1/source:/opt/rustwide/workdir:ro,Z" "-v" "/var/lib/crater-agent-workspace/cargo-home:/opt/rustwide/cargo-home:ro,Z" "-v" "/var/lib/crater-agent-workspace/rustup-home:/opt/rustwide/rustup-home:ro,Z" "-e" "SOURCE_DIR=/opt/rustwide/workdir" "-e" "CARGO_TARGET_DIR=/opt/rustwide/target" "-e" "CARGO_INCREMENTAL=0" "-e" "RUST_BACKTRACE=full" "-e" "RUSTFLAGS=--cap-lints=forbid" "-e" "RUSTDOCFLAGS=--cap-lints=forbid" "-e" "CARGO_HOME=/opt/rustwide/cargo-home" "-e" "RUSTUP_HOME=/opt/rustwide/rustup-home" "-w" "/opt/rustwide/workdir" "-m" "1610612736" "--user" "0:0" "--network" "none" "ghcr.io/rust-lang/crates-build-env/linux@sha256:4a844ea9eb2546a2d2c7022eacef16ef2e8229c7fbb2c7d4d55a9ceca922f72d" "/opt/rustwide/cargo-home/bin/cargo" "+nightly-2024-10-28" "test" "--frozen" "--no-run" "--message-format=json", kill_on_drop: false }`
[INFO] [stdout] 260c54516ceb81ecc58b6a6a11055a4b94566f772dd32a5fffc3b7ca310aea26
[INFO] running `Command { std: "docker" "start" "-a" "260c54516ceb81ecc58b6a6a11055a4b94566f772dd32a5fffc3b7ca310aea26", kill_on_drop: false }`
[INFO] [stderr] warning: virtual workspace defaulting to `resolver = "1"` despite one or more workspace members being on edition 2021 which implies `resolver = "2"`
[INFO] [stderr] note: to keep the current resolver, specify `workspace.resolver = "1"` in the workspace root's manifest
[INFO] [stderr] note: to use the edition 2021 resolver, specify `workspace.resolver = "2"` in the workspace root's manifest
[INFO] [stderr] note: for more details see https://doc.rust-lang.org/cargo/reference/resolver.html#resolver-versions
[INFO] [stdout] warning: unused import: `str::Chars`
[INFO] [stdout]  --> json_handler/src/json_object/json_entity.rs:1:33
[INFO] [stdout]   |
[INFO] [stdout] 1 | use std::{collections::HashMap, str::Chars};
[INFO] [stdout]   |                                 ^^^^^^^^^^
[INFO] [stdout]   |
[INFO] [stdout]   = note: `#[warn(unused_imports)]` on by default
[INFO] [stdout] 
[INFO] [stdout] 
[INFO] [stdout] warning: unused imports: `collections::HashMap` and `vec`
[INFO] [stdout]  --> json_handler/src/json_object/json_parser.rs:1:17
[INFO] [stdout]   |
[INFO] [stdout] 1 | use std::{char, collections::HashMap, str::Chars, vec};
[INFO] [stdout]   |                 ^^^^^^^^^^^^^^^^^^^^              ^^^
[INFO] [stdout] 
[INFO] [stdout] 
[INFO] [stdout] warning: unnecessary parentheses around `if` condition
[INFO] [stdout]    --> json_handler/src/json_object/json_parser.rs:157:12
[INFO] [stdout]     |
[INFO] [stdout] 157 |         if (c_n == '"') {
[INFO] [stdout]     |            ^          ^
[INFO] [stdout]     |
[INFO] [stdout]     = note: `#[warn(unused_parens)]` on by default
[INFO] [stdout] help: remove these parentheses
[INFO] [stdout]     |
[INFO] [stdout] 157 -         if (c_n == '"') {
[INFO] [stdout] 157 +         if c_n == '"' {
[INFO] [stdout]     |
[INFO] [stdout] 
[INFO] [stdout] 
[INFO] [stdout] warning: unused variable: `vec`
[INFO] [stdout]   --> json_handler/src/json_object/json_parser.rs:45:16
[INFO] [stdout]    |
[INFO] [stdout] 45 | fn build_array(vec: &mut Vec<JsonTokenValue>) -> JsonEntity {
[INFO] [stdout]    |                ^^^ help: if this is intentional, prefix it with an underscore: `_vec`
[INFO] [stdout]    |
[INFO] [stdout]    = note: `#[warn(unused_variables)]` on by default
[INFO] [stdout] 
[INFO] [stdout] 
[INFO] [stdout] warning: function `get_hashpmap` is never used
[INFO] [stdout]    --> json_handler/src/json_object/json_entity.rs:114:4
[INFO] [stdout]     |
[INFO] [stdout] 114 | fn get_hashpmap() -> HashMap<String, JsonEntity> {
[INFO] [stdout]     |    ^^^^^^^^^^^^
[INFO] [stdout]     |
[INFO] [stdout]     = note: `#[warn(dead_code)]` on by default
[INFO] [stdout] 
[INFO] [stdout] 
[INFO] [stdout] warning: static `NumericChar` is never used
[INFO] [stdout]  --> json_handler/src/json_object/json_parser.rs:5:8
[INFO] [stdout]   |
[INFO] [stdout] 5 | static NumericChar: [char; 11] = ['1', '2', '3', '4', '5', '6', '7', '8', '9', '0', '.'];
[INFO] [stdout]   |        ^^^^^^^^^^^
[INFO] [stdout] 
[INFO] [stdout] 
[INFO] [stdout] warning: struct `JsonTokenValue` is never constructed
[INFO] [stdout]  --> json_handler/src/json_object/json_parser.rs:7:12
[INFO] [stdout]   |
[INFO] [stdout] 7 | pub struct JsonTokenValue {
[INFO] [stdout]   |            ^^^^^^^^^^^^^^
[INFO] [stdout]   |
[INFO] [stdout]   = note: `JsonTokenValue` has a derived impl for the trait `Debug`, but this is intentionally ignored during dead code analysis
[INFO] [stdout] 
[INFO] [stdout] 
[INFO] [stderr]    Compiling parser v0.1.0 (/opt/rustwide/workdir/parser)
[INFO] [stdout] warning: multiple variants are never constructed
[INFO] [stdout]   --> json_handler/src/json_object/json_parser.rs:13:5
[INFO] [stdout]    |
[INFO] [stdout] 12 | pub enum JsonTokenType {
[INFO] [stdout]    |          ------------- variants in this enum
[INFO] [stdout] 13 |     BraceOpen,
[INFO] [stdout]    |     ^^^^^^^^^
[INFO] [stdout] 14 |     BraceClose,
[INFO] [stdout]    |     ^^^^^^^^^^
[INFO] [stdout] 15 |     BracketOpen,
[INFO] [stdout]    |     ^^^^^^^^^^^
[INFO] [stdout] 16 |     BracketClose,
[INFO] [stdout]    |     ^^^^^^^^^^^^
[INFO] [stdout] 17 |     String,
[INFO] [stdout]    |     ^^^^^^
[INFO] [stdout] 18 |     Number,
[INFO] [stdout]    |     ^^^^^^
[INFO] [stdout] 19 |     Comma,
[INFO] [stdout]    |     ^^^^^
[INFO] [stdout] 20 |     Colon,
[INFO] [stdout]    |     ^^^^^
[INFO] [stdout] 21 |     True,
[INFO] [stdout]    |     ^^^^
[INFO] [stdout] 22 |     False,
[INFO] [stdout]    |     ^^^^^
[INFO] [stdout]    |
[INFO] [stdout]    = note: `JsonTokenType` has a derived impl for the trait `Debug`, but this is intentionally ignored during dead code analysis
[INFO] [stdout] 
[INFO] [stdout] 
[INFO] [stderr]    Compiling json_handler v0.1.0 (/opt/rustwide/workdir/json_handler)
[INFO] [stdout] warning: function `parse_value` is never used
[INFO] [stdout]   --> json_handler/src/json_object/json_parser.rs:25:4
[INFO] [stdout]    |
[INFO] [stdout] 25 | fn parse_value(value: JsonTokenValue, vec: &mut Vec<JsonTokenValue>) -> JsonEntity {
[INFO] [stdout]    |    ^^^^^^^^^^^
[INFO] [stdout] 
[INFO] [stdout] 
[INFO] [stdout] warning: function `build_array` is never used
[INFO] [stdout]   --> json_handler/src/json_object/json_parser.rs:45:4
[INFO] [stdout]    |
[INFO] [stdout] 45 | fn build_array(vec: &mut Vec<JsonTokenValue>) -> JsonEntity {
[INFO] [stdout]    |    ^^^^^^^^^^^
[INFO] [stdout] 
[INFO] [stdout] 
[INFO] [stdout] warning: function `get_next_token` is never used
[INFO] [stdout]   --> json_handler/src/json_object/json_parser.rs:49:4
[INFO] [stdout]    |
[INFO] [stdout] 49 | fn get_next_token(vec: &mut Vec<JsonTokenValue>) -> JsonTokenValue {
[INFO] [stdout]    |    ^^^^^^^^^^^^^^
[INFO] [stdout] 
[INFO] [stdout] 
[INFO] [stdout] warning: function `build_object` is never used
[INFO] [stdout]   --> json_handler/src/json_object/json_parser.rs:57:4
[INFO] [stdout]    |
[INFO] [stdout] 57 | fn build_object(vec: &mut Vec<JsonTokenValue>) -> JsonEntity {
[INFO] [stdout]    |    ^^^^^^^^^^^^
[INFO] [stdout] 
[INFO] [stdout] 
[INFO] [stdout] warning: function `build_token_vec` is never used
[INFO] [stdout]   --> json_handler/src/json_object/json_parser.rs:82:4
[INFO] [stdout]    |
[INFO] [stdout] 82 | fn build_token_vec(chars: &mut Chars) -> Vec<JsonTokenValue> {
[INFO] [stdout]    |    ^^^^^^^^^^^^^^^
[INFO] [stdout] 
[INFO] [stdout] 
[INFO] [stdout] warning: function `determinate_token` is never used
[INFO] [stdout]   --> json_handler/src/json_object/json_parser.rs:90:4
[INFO] [stdout]    |
[INFO] [stdout] 90 | fn determinate_token(c: char, vec: &mut Vec<JsonTokenValue>, chars: &mut Chars) {
[INFO] [stdout]    |    ^^^^^^^^^^^^^^^^^
[INFO] [stdout] 
[INFO] [stdout] 
[INFO] [stdout] warning: function `get_number_value` is never used
[INFO] [stdout]    --> json_handler/src/json_object/json_parser.rs:136:4
[INFO] [stdout]     |
[INFO] [stdout] 136 | fn get_number_value(chars: &mut Chars, vec: &mut Vec<JsonTokenValue>, c: char) {
[INFO] [stdout]     |    ^^^^^^^^^^^^^^^^
[INFO] [stdout] 
[INFO] [stdout] 
[INFO] [stdout] warning: function `get_string_value` is never used
[INFO] [stdout]    --> json_handler/src/json_object/json_parser.rs:154:4
[INFO] [stdout]     |
[INFO] [stdout] 154 | fn get_string_value(chars: &mut Chars, vec: &mut Vec<JsonTokenValue>) {
[INFO] [stdout]     |    ^^^^^^^^^^^^^^^^
[INFO] [stdout] 
[INFO] [stdout] 
[INFO] [stdout] warning: function `check_if_false` is never used
[INFO] [stdout]    --> json_handler/src/json_object/json_parser.rs:169:4
[INFO] [stdout]     |
[INFO] [stdout] 169 | fn check_if_false(chars: &mut Chars, vec: &mut Vec<JsonTokenValue>) {
[INFO] [stdout]     |    ^^^^^^^^^^^^^^
[INFO] [stdout] 
[INFO] [stdout] 
[INFO] [stdout] warning: function `check_if_true` is never used
[INFO] [stdout]    --> json_handler/src/json_object/json_parser.rs:181:4
[INFO] [stdout]     |
[INFO] [stdout] 181 | fn check_if_true(chars: &mut Chars, vec: &mut Vec<JsonTokenValue>) {
[INFO] [stdout]     |    ^^^^^^^^^^^^^
[INFO] [stdout] 
[INFO] [stdout] 
[INFO] [stdout] warning: static variable `NumericChar` should have an upper case name
[INFO] [stdout]  --> json_handler/src/json_object/json_parser.rs:5:8
[INFO] [stdout]   |
[INFO] [stdout] 5 | static NumericChar: [char; 11] = ['1', '2', '3', '4', '5', '6', '7', '8', '9', '0', '.'];
[INFO] [stdout]   |        ^^^^^^^^^^^ help: convert the identifier to upper case: `NUMERIC_CHAR`
[INFO] [stdout]   |
[INFO] [stdout]   = note: `#[warn(non_upper_case_globals)]` on by default
[INFO] [stdout] 
[INFO] [stdout] 
[INFO] [stdout] warning: unused import: `str::Chars`
[INFO] [stdout]  --> json_handler/src/json_object/json_entity.rs:1:33
[INFO] [stdout]   |
[INFO] [stdout] 1 | use std::{collections::HashMap, str::Chars};
[INFO] [stdout]   |                                 ^^^^^^^^^^
[INFO] [stdout]   |
[INFO] [stdout]   = note: `#[warn(unused_imports)]` on by default
[INFO] [stdout] 
[INFO] [stdout] 
[INFO] [stdout] warning: unused imports: `collections::HashMap` and `vec`
[INFO] [stdout]  --> json_handler/src/json_object/json_parser.rs:1:17
[INFO] [stdout]   |
[INFO] [stdout] 1 | use std::{char, collections::HashMap, str::Chars, vec};
[INFO] [stdout]   |                 ^^^^^^^^^^^^^^^^^^^^              ^^^
[INFO] [stdout] 
[INFO] [stdout] 
[INFO] [stdout] warning: unnecessary parentheses around `if` condition
[INFO] [stdout]    --> json_handler/src/json_object/json_parser.rs:157:12
[INFO] [stdout]     |
[INFO] [stdout] 157 |         if (c_n == '"') {
[INFO] [stdout]     |            ^          ^
[INFO] [stdout]     |
[INFO] [stdout]     = note: `#[warn(unused_parens)]` on by default
[INFO] [stdout] help: remove these parentheses
[INFO] [stdout]     |
[INFO] [stdout] 157 -         if (c_n == '"') {
[INFO] [stdout] 157 +         if c_n == '"' {
[INFO] [stdout]     |
[INFO] [stdout] 
[INFO] [stdout] 
[INFO] [stdout] warning: unused variable: `vec`
[INFO] [stdout]   --> json_handler/src/json_object/json_parser.rs:45:16
[INFO] [stdout]    |
[INFO] [stdout] 45 | fn build_array(vec: &mut Vec<JsonTokenValue>) -> JsonEntity {
[INFO] [stdout]    |                ^^^ help: if this is intentional, prefix it with an underscore: `_vec`
[INFO] [stdout]    |
[INFO] [stdout]    = note: `#[warn(unused_variables)]` on by default
[INFO] [stdout] 
[INFO] [stdout] 
[INFO] [stdout] warning: variable does not need to be mutable
[INFO] [stdout]    --> json_handler/src/json_object/json_parser.rs:209:9
[INFO] [stdout]     |
[INFO] [stdout] 209 |     let mut str = String::from("false");
[INFO] [stdout]     |         ----^^^
[INFO] [stdout]     |         |
[INFO] [stdout]     |         help: remove this `mut`
[INFO] [stdout]     |
[INFO] [stdout]     = note: `#[warn(unused_mut)]` on by default
[INFO] [stdout] 
[INFO] [stdout] 
[INFO] [stdout] warning: variable does not need to be mutable
[INFO] [stdout]    --> json_handler/src/json_object/json_parser.rs:221:9
[INFO] [stdout]     |
[INFO] [stdout] 221 |     let mut str = String::from("true");
[INFO] [stdout]     |         ----^^^
[INFO] [stdout]     |         |
[INFO] [stdout]     |         help: remove this `mut`
[INFO] [stdout] 
[INFO] [stdout] 
[INFO] [stdout] warning: variable does not need to be mutable
[INFO] [stdout]    --> json_handler/src/json_object/json_parser.rs:245:9
[INFO] [stdout]     |
[INFO] [stdout] 245 |     let mut str = String::from("\"Abdul\"");
[INFO] [stdout]     |         ----^^^
[INFO] [stdout]     |         |
[INFO] [stdout]     |         help: remove this `mut`
[INFO] [stdout] 
[INFO] [stdout] 
[INFO] [stdout] warning: variable does not need to be mutable
[INFO] [stdout]    --> json_handler/src/json_object/json_parser.rs:259:9
[INFO] [stdout]     |
[INFO] [stdout] 259 |     let mut str = String::from("322.1");
[INFO] [stdout]     |         ----^^^
[INFO] [stdout]     |         |
[INFO] [stdout]     |         help: remove this `mut`
[INFO] [stdout] 
[INFO] [stdout] 
[INFO] [stdout] warning: variable does not need to be mutable
[INFO] [stdout]    --> json_handler/src/json_object/json_parser.rs:271:9
[INFO] [stdout]     |
[INFO] [stdout] 271 |     let mut str =
[INFO] [stdout]     |         ----^^^
[INFO] [stdout]     |         |
[INFO] [stdout]     |         help: remove this `mut`
[INFO] [stdout] 
[INFO] [stdout] 
[INFO] [stdout] warning: field `value_type` is never read
[INFO] [stdout]  --> json_handler/src/json_object/json_parser.rs:8:5
[INFO] [stdout]   |
[INFO] [stdout] 7 | pub struct JsonTokenValue {
[INFO] [stdout]   |            -------------- field in this struct
[INFO] [stdout] 8 |     value_type: JsonTokenType,
[INFO] [stdout]   |     ^^^^^^^^^^
[INFO] [stdout]   |
[INFO] [stdout]   = note: `JsonTokenValue` has a derived impl for the trait `Debug`, but this is intentionally ignored during dead code analysis
[INFO] [stdout]   = note: `#[warn(dead_code)]` on by default
[INFO] [stdout] 
[INFO] [stdout] 
[INFO] [stdout] warning: function `parse_value` is never used
[INFO] [stdout]   --> json_handler/src/json_object/json_parser.rs:25:4
[INFO] [stdout]    |
[INFO] [stdout] 25 | fn parse_value(value: JsonTokenValue, vec: &mut Vec<JsonTokenValue>) -> JsonEntity {
[INFO] [stdout]    |    ^^^^^^^^^^^
[INFO] [stdout] 
[INFO] [stdout] 
[INFO] [stdout] warning: function `build_array` is never used
[INFO] [stdout]   --> json_handler/src/json_object/json_parser.rs:45:4
[INFO] [stdout]    |
[INFO] [stdout] 45 | fn build_array(vec: &mut Vec<JsonTokenValue>) -> JsonEntity {
[INFO] [stdout]    |    ^^^^^^^^^^^
[INFO] [stdout] 
[INFO] [stdout] 
[INFO] [stdout] warning: function `get_next_token` is never used
[INFO] [stdout]   --> json_handler/src/json_object/json_parser.rs:49:4
[INFO] [stdout]    |
[INFO] [stdout] 49 | fn get_next_token(vec: &mut Vec<JsonTokenValue>) -> JsonTokenValue {
[INFO] [stdout]    |    ^^^^^^^^^^^^^^
[INFO] [stdout] 
[INFO] [stdout] 
[INFO] [stdout] warning: function `build_object` is never used
[INFO] [stdout]   --> json_handler/src/json_object/json_parser.rs:57:4
[INFO] [stdout]    |
[INFO] [stdout] 57 | fn build_object(vec: &mut Vec<JsonTokenValue>) -> JsonEntity {
[INFO] [stdout]    |    ^^^^^^^^^^^^
[INFO] [stdout] 
[INFO] [stdout] 
[INFO] [stdout] warning: static variable `NumericChar` should have an upper case name
[INFO] [stdout]  --> json_handler/src/json_object/json_parser.rs:5:8
[INFO] [stdout]   |
[INFO] [stdout] 5 | static NumericChar: [char; 11] = ['1', '2', '3', '4', '5', '6', '7', '8', '9', '0', '.'];
[INFO] [stdout]   |        ^^^^^^^^^^^ help: convert the identifier to upper case: `NUMERIC_CHAR`
[INFO] [stdout]   |
[INFO] [stdout]   = note: `#[warn(non_upper_case_globals)]` on by default
[INFO] [stdout] 
[INFO] [stdout] 
[INFO] [stderr]     Finished `test` profile [unoptimized + debuginfo] target(s) in 0.39s
[INFO] running `Command { std: "docker" "inspect" "260c54516ceb81ecc58b6a6a11055a4b94566f772dd32a5fffc3b7ca310aea26", kill_on_drop: false }`
[INFO] running `Command { std: "docker" "rm" "-f" "260c54516ceb81ecc58b6a6a11055a4b94566f772dd32a5fffc3b7ca310aea26", kill_on_drop: false }`
[INFO] [stdout] 260c54516ceb81ecc58b6a6a11055a4b94566f772dd32a5fffc3b7ca310aea26
[INFO] running `Command { std: "docker" "create" "-v" "/var/lib/crater-agent-workspace/builds/worker-4-tc1/target:/opt/rustwide/target:rw,Z" "-v" "/var/lib/crater-agent-workspace/builds/worker-4-tc1/source:/opt/rustwide/workdir:ro,Z" "-v" "/var/lib/crater-agent-workspace/cargo-home:/opt/rustwide/cargo-home:ro,Z" "-v" "/var/lib/crater-agent-workspace/rustup-home:/opt/rustwide/rustup-home:ro,Z" "-e" "SOURCE_DIR=/opt/rustwide/workdir" "-e" "CARGO_TARGET_DIR=/opt/rustwide/target" "-e" "CARGO_INCREMENTAL=0" "-e" "RUST_BACKTRACE=full" "-e" "RUSTFLAGS=--cap-lints=forbid" "-e" "RUSTDOCFLAGS=--cap-lints=forbid" "-e" "CARGO_HOME=/opt/rustwide/cargo-home" "-e" "RUSTUP_HOME=/opt/rustwide/rustup-home" "-w" "/opt/rustwide/workdir" "-m" "1610612736" "--user" "0:0" "--network" "none" "ghcr.io/rust-lang/crates-build-env/linux@sha256:4a844ea9eb2546a2d2c7022eacef16ef2e8229c7fbb2c7d4d55a9ceca922f72d" "/opt/rustwide/cargo-home/bin/cargo" "+nightly-2024-10-28" "test" "--frozen", kill_on_drop: false }`
[INFO] [stdout] 4491c07f11bcb991e733903fac3e025f37298cc959d7ea4abd42674d49376e93
[INFO] running `Command { std: "docker" "start" "-a" "4491c07f11bcb991e733903fac3e025f37298cc959d7ea4abd42674d49376e93", kill_on_drop: false }`
[INFO] [stderr] warning: virtual workspace defaulting to `resolver = "1"` despite one or more workspace members being on edition 2021 which implies `resolver = "2"`
[INFO] [stderr] note: to keep the current resolver, specify `workspace.resolver = "1"` in the workspace root's manifest
[INFO] [stderr] note: to use the edition 2021 resolver, specify `workspace.resolver = "2"` in the workspace root's manifest
[INFO] [stderr] note: for more details see https://doc.rust-lang.org/cargo/reference/resolver.html#resolver-versions
[INFO] [stderr] warning: unused import: `str::Chars`
[INFO] [stderr]  --> json_handler/src/json_object/json_entity.rs:1:33
[INFO] [stderr]   |
[INFO] [stderr] 1 | use std::{collections::HashMap, str::Chars};
[INFO] [stderr]   |                                 ^^^^^^^^^^
[INFO] [stderr]   |
[INFO] [stderr]   = note: `#[warn(unused_imports)]` on by default
[INFO] [stderr] 
[INFO] [stderr] warning: unused imports: `collections::HashMap` and `vec`
[INFO] [stderr]  --> json_handler/src/json_object/json_parser.rs:1:17
[INFO] [stderr]   |
[INFO] [stderr] 1 | use std::{char, collections::HashMap, str::Chars, vec};
[INFO] [stderr]   |                 ^^^^^^^^^^^^^^^^^^^^              ^^^
[INFO] [stderr] 
[INFO] [stderr] warning: unnecessary parentheses around `if` condition
[INFO] [stderr]    --> json_handler/src/json_object/json_parser.rs:157:12
[INFO] [stderr]     |
[INFO] [stderr] 157 |         if (c_n == '"') {
[INFO] [stderr]     |            ^          ^
[INFO] [stderr]     |
[INFO] [stderr]     = note: `#[warn(unused_parens)]` on by default
[INFO] [stderr] help: remove these parentheses
[INFO] [stderr]     |
[INFO] [stderr] 157 -         if (c_n == '"') {
[INFO] [stderr] 157 +         if c_n == '"' {
[INFO] [stderr]     |
[INFO] [stderr] 
[INFO] [stderr] warning: unused variable: `vec`
[INFO] [stderr]   --> json_handler/src/json_object/json_parser.rs:45:16
[INFO] [stderr]    |
[INFO] [stderr] 45 | fn build_array(vec: &mut Vec<JsonTokenValue>) -> JsonEntity {
[INFO] [stderr]    |                ^^^ help: if this is intentional, prefix it with an underscore: `_vec`
[INFO] [stderr]    |
[INFO] [stderr]    = note: `#[warn(unused_variables)]` on by default
[INFO] [stderr] 
[INFO] [stderr] warning: function `get_hashpmap` is never used
[INFO] [stderr]    --> json_handler/src/json_object/json_entity.rs:114:4
[INFO] [stderr]     |
[INFO] [stderr] 114 | fn get_hashpmap() -> HashMap<String, JsonEntity> {
[INFO] [stderr]     |    ^^^^^^^^^^^^
[INFO] [stderr]     |
[INFO] [stderr]     = note: `#[warn(dead_code)]` on by default
[INFO] [stderr] 
[INFO] [stderr] warning: static `NumericChar` is never used
[INFO] [stderr]  --> json_handler/src/json_object/json_parser.rs:5:8
[INFO] [stderr]   |
[INFO] [stderr] 5 | static NumericChar: [char; 11] = ['1', '2', '3', '4', '5', '6', '7', '8', '9', '0', '.'];
[INFO] [stderr]   |        ^^^^^^^^^^^
[INFO] [stderr] 
[INFO] [stderr] warning: struct `JsonTokenValue` is never constructed
[INFO] [stderr]  --> json_handler/src/json_object/json_parser.rs:7:12
[INFO] [stderr]   |
[INFO] [stderr] 7 | pub struct JsonTokenValue {
[INFO] [stderr]   |            ^^^^^^^^^^^^^^
[INFO] [stderr]   |
[INFO] [stderr]   = note: `JsonTokenValue` has a derived impl for the trait `Debug`, but this is intentionally ignored during dead code analysis
[INFO] [stderr] 
[INFO] [stderr] warning: multiple variants are never constructed
[INFO] [stderr]   --> json_handler/src/json_object/json_parser.rs:13:5
[INFO] [stderr]    |
[INFO] [stderr] 12 | pub enum JsonTokenType {
[INFO] [stderr]    |          ------------- variants in this enum
[INFO] [stderr] 13 |     BraceOpen,
[INFO] [stderr]    |     ^^^^^^^^^
[INFO] [stderr] 14 |     BraceClose,
[INFO] [stderr]    |     ^^^^^^^^^^
[INFO] [stderr] 15 |     BracketOpen,
[INFO] [stderr]    |     ^^^^^^^^^^^
[INFO] [stderr] 16 |     BracketClose,
[INFO] [stderr]    |     ^^^^^^^^^^^^
[INFO] [stderr] 17 |     String,
[INFO] [stderr]    |     ^^^^^^
[INFO] [stderr] 18 |     Number,
[INFO] [stderr]    |     ^^^^^^
[INFO] [stderr] 19 |     Comma,
[INFO] [stderr]    |     ^^^^^
[INFO] [stderr] 20 |     Colon,
[INFO] [stderr]    |     ^^^^^
[INFO] [stderr] 21 |     True,
[INFO] [stderr]    |     ^^^^
[INFO] [stderr] 22 |     False,
[INFO] [stderr]    |     ^^^^^
[INFO] [stderr]    |
[INFO] [stderr]    = note: `JsonTokenType` has a derived impl for the trait `Debug`, but this is intentionally ignored during dead code analysis
[INFO] [stderr] 
[INFO] [stderr] warning: function `parse_value` is never used
[INFO] [stderr]   --> json_handler/src/json_object/json_parser.rs:25:4
[INFO] [stderr]    |
[INFO] [stderr] 25 | fn parse_value(value: JsonTokenValue, vec: &mut Vec<JsonTokenValue>) -> JsonEntity {
[INFO] [stderr]    |    ^^^^^^^^^^^
[INFO] [stderr] 
[INFO] [stderr] warning: function `build_array` is never used
[INFO] [stderr]   --> json_handler/src/json_object/json_parser.rs:45:4
[INFO] [stderr]    |
[INFO] [stderr] 45 | fn build_array(vec: &mut Vec<JsonTokenValue>) -> JsonEntity {
[INFO] [stderr]    |    ^^^^^^^^^^^
[INFO] [stderr] 
[INFO] [stderr] warning: function `get_next_token` is never used
[INFO] [stderr]   --> json_handler/src/json_object/json_parser.rs:49:4
[INFO] [stderr]    |
[INFO] [stderr] 49 | fn get_next_token(vec: &mut Vec<JsonTokenValue>) -> JsonTokenValue {
[INFO] [stderr]    |    ^^^^^^^^^^^^^^
[INFO] [stderr] 
[INFO] [stderr] warning: function `build_object` is never used
[INFO] [stderr]   --> json_handler/src/json_object/json_parser.rs:57:4
[INFO] [stderr]    |
[INFO] [stderr] 57 | fn build_object(vec: &mut Vec<JsonTokenValue>) -> JsonEntity {
[INFO] [stderr]    |    ^^^^^^^^^^^^
[INFO] [stderr] 
[INFO] [stderr] warning: function `build_token_vec` is never used
[INFO] [stderr]   --> json_handler/src/json_object/json_parser.rs:82:4
[INFO] [stderr]    |
[INFO] [stderr] 82 | fn build_token_vec(chars: &mut Chars) -> Vec<JsonTokenValue> {
[INFO] [stderr]    |    ^^^^^^^^^^^^^^^
[INFO] [stderr] 
[INFO] [stderr] warning: function `determinate_token` is never used
[INFO] [stderr]   --> json_handler/src/json_object/json_parser.rs:90:4
[INFO] [stderr]    |
[INFO] [stderr] 90 | fn determinate_token(c: char, vec: &mut Vec<JsonTokenValue>, chars: &mut Chars) {
[INFO] [stderr]    |    ^^^^^^^^^^^^^^^^^
[INFO] [stderr] 
[INFO] [stderr] warning: function `get_number_value` is never used
[INFO] [stderr]    --> json_handler/src/json_object/json_parser.rs:136:4
[INFO] [stderr]     |
[INFO] [stderr] 136 | fn get_number_value(chars: &mut Chars, vec: &mut Vec<JsonTokenValue>, c: char) {
[INFO] [stderr]     |    ^^^^^^^^^^^^^^^^
[INFO] [stderr] 
[INFO] [stderr] warning: function `get_string_value` is never used
[INFO] [stderr]    --> json_handler/src/json_object/json_parser.rs:154:4
[INFO] [stderr]     |
[INFO] [stderr] 154 | fn get_string_value(chars: &mut Chars, vec: &mut Vec<JsonTokenValue>) {
[INFO] [stderr]     |    ^^^^^^^^^^^^^^^^
[INFO] [stderr] 
[INFO] [stderr] warning: function `check_if_false` is never used
[INFO] [stderr]    --> json_handler/src/json_object/json_parser.rs:169:4
[INFO] [stderr]     |
[INFO] [stderr] 169 | fn check_if_false(chars: &mut Chars, vec: &mut Vec<JsonTokenValue>) {
[INFO] [stderr]     |    ^^^^^^^^^^^^^^
[INFO] [stderr] 
[INFO] [stderr] warning: function `check_if_true` is never used
[INFO] [stderr]    --> json_handler/src/json_object/json_parser.rs:181:4
[INFO] [stderr]     |
[INFO] [stderr] 181 | fn check_if_true(chars: &mut Chars, vec: &mut Vec<JsonTokenValue>) {
[INFO] [stderr]     |    ^^^^^^^^^^^^^
[INFO] [stderr] 
[INFO] [stderr] warning: static variable `NumericChar` should have an upper case name
[INFO] [stderr]  --> json_handler/src/json_object/json_parser.rs:5:8
[INFO] [stderr]   |
[INFO] [stderr] 5 | static NumericChar: [char; 11] = ['1', '2', '3', '4', '5', '6', '7', '8', '9', '0', '.'];
[INFO] [stderr]   |        ^^^^^^^^^^^ help: convert the identifier to upper case: `NUMERIC_CHAR`
[INFO] [stderr]   |
[INFO] [stderr]   = note: `#[warn(non_upper_case_globals)]` on by default
[INFO] [stderr] 
[INFO] [stderr] warning: `json_handler` (lib) generated 19 warnings (run `cargo fix --lib -p json_handler` to apply 3 suggestions)
[INFO] [stderr] warning: variable does not need to be mutable
[INFO] [stderr]    --> json_handler/src/json_object/json_parser.rs:209:9
[INFO] [stderr]     |
[INFO] [stderr] 209 |     let mut str = String::from("false");
[INFO] [stderr]     |         ----^^^
[INFO] [stderr]     |         |
[INFO] [stderr]     |         help: remove this `mut`
[INFO] [stderr]     |
[INFO] [stderr]     = note: `#[warn(unused_mut)]` on by default
[INFO] [stderr] 
[INFO] [stderr] warning: variable does not need to be mutable
[INFO] [stderr]    --> json_handler/src/json_object/json_parser.rs:221:9
[INFO] [stderr]     |
[INFO] [stderr] 221 |     let mut str = String::from("true");
[INFO] [stderr]     |         ----^^^
[INFO] [stderr]     |         |
[INFO] [stderr]     |         help: remove this `mut`
[INFO] [stderr] 
[INFO] [stderr] warning: variable does not need to be mutable
[INFO] [stderr]    --> json_handler/src/json_object/json_parser.rs:245:9
[INFO] [stderr]     |
[INFO] [stderr] 245 |     let mut str = String::from("\"Abdul\"");
[INFO] [stderr]     |         ----^^^
[INFO] [stderr]     |         |
[INFO] [stderr]     |         help: remove this `mut`
[INFO] [stderr] 
[INFO] [stderr] warning: variable does not need to be mutable
[INFO] [stderr]    --> json_handler/src/json_object/json_parser.rs:259:9
[INFO] [stderr]     |
[INFO] [stderr] 259 |     let mut str = String::from("322.1");
[INFO] [stderr]     |         ----^^^
[INFO] [stderr]     |         |
[INFO] [stderr]     |         help: remove this `mut`
[INFO] [stderr] 
[INFO] [stderr] warning: variable does not need to be mutable
[INFO] [stderr]    --> json_handler/src/json_object/json_parser.rs:271:9
[INFO] [stderr]     |
[INFO] [stderr] 271 |     let mut str =
[INFO] [stderr]     |         ----^^^
[INFO] [stderr]     |         |
[INFO] [stderr]     |         help: remove this `mut`
[INFO] [stderr] 
[INFO] [stderr] warning: field `value_type` is never read
[INFO] [stderr]  --> json_handler/src/json_object/json_parser.rs:8:5
[INFO] [stderr]   |
[INFO] [stderr] 7 | pub struct JsonTokenValue {
[INFO] [stderr]   |            -------------- field in this struct
[INFO] [stderr] 8 |     value_type: JsonTokenType,
[INFO] [stderr]   |     ^^^^^^^^^^
[INFO] [stderr]   |
[INFO] [stderr]   = note: `JsonTokenValue` has a derived impl for the trait `Debug`, but this is intentionally ignored during dead code analysis
[INFO] [stderr]   = note: `#[warn(dead_code)]` on by default
[INFO] [stderr] 
[INFO] [stderr] warning: `json_handler` (lib test) generated 15 warnings (9 duplicates) (run `cargo fix --lib -p json_handler --tests` to apply 5 suggestions)
[INFO] [stderr]     Finished `test` profile [unoptimized + debuginfo] target(s) in 0.02s
[INFO] [stderr]      Running unittests src/lib.rs (/opt/rustwide/target/debug/deps/json_handler-9b1cda80d6c18d29)
[INFO] [stdout] 
[INFO] [stdout] running 14 tests
[INFO] [stdout] test json_object::json_entity::jsonentity_array_ofnumbes_get_value_as_string_test ... ok
[INFO] [stdout] test json_object::json_entity::jsonentity_boolean_get_value_as_string_test ... ok
[INFO] [stdout] test json_object::json_entity::jsonentity_array_get_value_as_string_test ... ok
[INFO] [stdout] test json_object::json_entity::jsonentity_intnumber_get_value_as_string_test ... ok
[INFO] [stdout] test json_object::json_entity::jsonentity_text_get_value_as_string_test ... ok
[INFO] [stdout] test json_object::json_entity::jsonentity_floatnumber_get_value_as_string_test ... ok
[INFO] [stdout] test json_object::json_parser::check_if_false_test ... ok
[INFO] [stdout] test json_object::json_parser::build_token_array_test ... ok
[INFO] [stdout] test json_object::jsonobject_add_string_test ... ok
[INFO] [stdout] test json_object::json_parser::check_if_true_test ... ok
[INFO] [stdout] test json_object::json_parser::get_number_value_test ... ok
[INFO] [stdout] test json_object::json_parser::get_string_value_test ... ok
[INFO] [stdout] test json_object::jsonobject_add_array_test ... ok
[INFO] [stdout] test json_object::json_entity::jsonentity_object_get_value_as_string_test ... FAILED
[INFO] [stdout] 
[INFO] [stdout] failures:
[INFO] [stdout] 
[INFO] [stdout] ---- json_object::json_entity::jsonentity_object_get_value_as_string_test stdout ----
[INFO] [stdout] thread 'json_object::json_entity::jsonentity_object_get_value_as_string_test' panicked at json_handler/src/json_object/json_entity.rs:124:5:
[INFO] [stdout] assertion `left == right` failed
[INFO] [stdout]   left: "{\"NumericValue\":10,\"BooleanValue\":false}"
[INFO] [stdout]  right: "{\"BooleanValue\":false,\"NumericValue\":10}"
[INFO] [stdout] stack backtrace:
[INFO] [stdout]    0:     0x6471f4801e0a - std::backtrace_rs::backtrace::libunwind::trace::h207520d6e9873551
[INFO] [stdout]                                at /rustc/df4ca44d3fbc9301ee17f30f4d474e6ae4b05252/library/std/src/../../backtrace/src/backtrace/libunwind.rs:116:5
[INFO] [stdout]    1:     0x6471f4801e0a - std::backtrace_rs::backtrace::trace_unsynchronized::h2ed7433f370e3eca
[INFO] [stdout]                                at /rustc/df4ca44d3fbc9301ee17f30f4d474e6ae4b05252/library/std/src/../../backtrace/src/backtrace/mod.rs:66:5
[INFO] [stdout]    2:     0x6471f4801e0a - std::sys::backtrace::_print_fmt::h916fac51166b18d7
[INFO] [stdout]                                at /rustc/df4ca44d3fbc9301ee17f30f4d474e6ae4b05252/library/std/src/sys/backtrace.rs:66:9
[INFO] [stdout]    3:     0x6471f4801e0a - <std::sys::backtrace::BacktraceLock::print::DisplayBacktrace as core::fmt::Display>::fmt::ha0a4c9b8ce3802e6
[INFO] [stdout]                                at /rustc/df4ca44d3fbc9301ee17f30f4d474e6ae4b05252/library/std/src/sys/backtrace.rs:39:26
[INFO] [stdout]    4:     0x6471f48291e3 - core::fmt::rt::Argument::fmt::h4cfc8587d52b3eb5
[INFO] [stdout]                                at /rustc/df4ca44d3fbc9301ee17f30f4d474e6ae4b05252/library/core/src/fmt/rt.rs:177:76
[INFO] [stdout]    5:     0x6471f48291e3 - core::fmt::write::h522cc39e5b36ae9f
[INFO] [stdout]                                at /rustc/df4ca44d3fbc9301ee17f30f4d474e6ae4b05252/library/core/src/fmt/mod.rs:1190:21
[INFO] [stdout]    6:     0x6471f47fea73 - std::io::Write::write_fmt::h7d3c26752da97734
[INFO] [stdout]                                at /rustc/df4ca44d3fbc9301ee17f30f4d474e6ae4b05252/library/std/src/io/mod.rs:1839:15
[INFO] [stdout]    7:     0x6471f4801c52 - std::sys::backtrace::BacktraceLock::print::h4b9e00b29e9c0942
[INFO] [stdout]                                at /rustc/df4ca44d3fbc9301ee17f30f4d474e6ae4b05252/library/std/src/sys/backtrace.rs:42:9
[INFO] [stdout]    8:     0x6471f480329a - std::panicking::default_hook::{{closure}}::hb59b88280d0324d9
[INFO] [stdout]                                at /rustc/df4ca44d3fbc9301ee17f30f4d474e6ae4b05252/library/std/src/panicking.rs:268:22
[INFO] [stdout]    9:     0x6471f48030a4 - std::panicking::default_hook::he1dd496665be4a29
[INFO] [stdout]                                at /rustc/df4ca44d3fbc9301ee17f30f4d474e6ae4b05252/library/std/src/panicking.rs:292:9
[INFO] [stdout]   10:     0x6471f47cce99 - <alloc::boxed::Box<F,A> as core::ops::function::Fn<Args>>::call::h4ff71de18744e1dc
[INFO] [stdout]                                at /rustc/df4ca44d3fbc9301ee17f30f4d474e6ae4b05252/library/alloc/src/boxed.rs:2468:9
[INFO] [stdout]   11:     0x6471f47cce99 - test::test_main::{{closure}}::hcf7c055ce117aa81
[INFO] [stdout]                                at /rustc/df4ca44d3fbc9301ee17f30f4d474e6ae4b05252/library/test/src/lib.rs:133:21
[INFO] [stdout]   12:     0x6471f4803998 - <alloc::boxed::Box<F,A> as core::ops::function::Fn<Args>>::call::h1d66c6bbd60c9692
[INFO] [stdout]                                at /rustc/df4ca44d3fbc9301ee17f30f4d474e6ae4b05252/library/alloc/src/boxed.rs:2468:9
[INFO] [stdout]   13:     0x6471f4803998 - std::panicking::rust_panic_with_hook::h2ff17fe8f26dfcf8
[INFO] [stdout]                                at /rustc/df4ca44d3fbc9301ee17f30f4d474e6ae4b05252/library/std/src/panicking.rs:809:13
[INFO] [stdout]   14:     0x6471f480375a - std::panicking::begin_panic_handler::{{closure}}::h4fad77951c07e101
[INFO] [stdout]                                at /rustc/df4ca44d3fbc9301ee17f30f4d474e6ae4b05252/library/std/src/panicking.rs:674:13
[INFO] [stdout]   15:     0x6471f48022e9 - std::sys::backtrace::__rust_end_short_backtrace::hb1a25b3da5d0ea08
[INFO] [stdout]                                at /rustc/df4ca44d3fbc9301ee17f30f4d474e6ae4b05252/library/std/src/sys/backtrace.rs:170:18
[INFO] [stdout]   16:     0x6471f48033ec - rust_begin_unwind
[INFO] [stdout]                                at /rustc/df4ca44d3fbc9301ee17f30f4d474e6ae4b05252/library/std/src/panicking.rs:665:5
[INFO] [stdout]   17:     0x6471f4826f20 - core::panicking::panic_fmt::ha9db07b529f9b256
[INFO] [stdout]                                at /rustc/df4ca44d3fbc9301ee17f30f4d474e6ae4b05252/library/core/src/panicking.rs:75:14
[INFO] [stdout]   18:     0x6471f48272eb - core::panicking::assert_failed_inner::h04f38944d74a80a8
[INFO] [stdout]   19:     0x6471f47852bd - core::panicking::assert_failed::h8eee41979b785513
[INFO] [stdout]                                at /rustc/df4ca44d3fbc9301ee17f30f4d474e6ae4b05252/library/core/src/panicking.rs:377:5
[INFO] [stdout]   20:     0x6471f478fb7b - json_handler::json_object::json_entity::jsonentity_object_get_value_as_string_test::hd0566694fe3ef15d
[INFO] [stdout]                                at /opt/rustwide/workdir/json_handler/src/json_object/json_entity.rs:124:5
[INFO] [stdout]   21:     0x6471f478fa27 - json_handler::json_object::json_entity::jsonentity_object_get_value_as_string_test::{{closure}}::h60c834ec584fb56a
[INFO] [stdout]                                at /opt/rustwide/workdir/json_handler/src/json_object/json_entity.rs:121:48
[INFO] [stdout]   22:     0x6471f4783e86 - core::ops::function::FnOnce::call_once::hba424c088d4b84ee
[INFO] [stdout]                                at /rustc/df4ca44d3fbc9301ee17f30f4d474e6ae4b05252/library/core/src/ops/function.rs:250:5
[INFO] [stdout]   23:     0x6471f47d176b - core::ops::function::FnOnce::call_once::h22c3ba5715e93f05
[INFO] [stdout]                                at /rustc/df4ca44d3fbc9301ee17f30f4d474e6ae4b05252/library/core/src/ops/function.rs:250:5
[INFO] [stdout]   24:     0x6471f47d176b - test::__rust_begin_short_backtrace::h8e82d8113d0da17f
[INFO] [stdout]                                at /rustc/df4ca44d3fbc9301ee17f30f4d474e6ae4b05252/library/test/src/lib.rs:621:18
[INFO] [stdout]   25:     0x6471f47d10e7 - test::run_test_in_process::{{closure}}::h33235f4f20b7b7c7
[INFO] [stdout]                                at /rustc/df4ca44d3fbc9301ee17f30f4d474e6ae4b05252/library/test/src/lib.rs:644:60
[INFO] [stdout]   26:     0x6471f47d10e7 - <core::panic::unwind_safe::AssertUnwindSafe<F> as core::ops::function::FnOnce<()>>::call_once::hb5043206310c586f
[INFO] [stdout]                                at /rustc/df4ca44d3fbc9301ee17f30f4d474e6ae4b05252/library/core/src/panic/unwind_safe.rs:272:9
[INFO] [stdout]   27:     0x6471f47d10e7 - std::panicking::try::do_call::h9ad4731a60ab23e2
[INFO] [stdout]                                at /rustc/df4ca44d3fbc9301ee17f30f4d474e6ae4b05252/library/std/src/panicking.rs:557:40
[INFO] [stdout]   28:     0x6471f47d10e7 - std::panicking::try::h3824d23db772a716
[INFO] [stdout]                                at /rustc/df4ca44d3fbc9301ee17f30f4d474e6ae4b05252/library/std/src/panicking.rs:520:19
[INFO] [stdout]   29:     0x6471f47d10e7 - std::panic::catch_unwind::h5afd514605fde46b
[INFO] [stdout]                                at /rustc/df4ca44d3fbc9301ee17f30f4d474e6ae4b05252/library/std/src/panic.rs:358:14
[INFO] [stdout]   30:     0x6471f47d10e7 - test::run_test_in_process::h0d5cbfa7067d1720
[INFO] [stdout]                                at /rustc/df4ca44d3fbc9301ee17f30f4d474e6ae4b05252/library/test/src/lib.rs:644:27
[INFO] [stdout]   31:     0x6471f47d10e7 - test::run_test::{{closure}}::h708eb8872708115d
[INFO] [stdout]                                at /rustc/df4ca44d3fbc9301ee17f30f4d474e6ae4b05252/library/test/src/lib.rs:565:43
[INFO] [stdout]   32:     0x6471f4794804 - test::run_test::{{closure}}::h392c51cee94713ab
[INFO] [stdout]                                at /rustc/df4ca44d3fbc9301ee17f30f4d474e6ae4b05252/library/test/src/lib.rs:595:41
[INFO] [stdout]   33:     0x6471f4794804 - std::sys::backtrace::__rust_begin_short_backtrace::h2f40290710935a8b
[INFO] [stdout]                                at /rustc/df4ca44d3fbc9301ee17f30f4d474e6ae4b05252/library/std/src/sys/backtrace.rs:154:18
[INFO] [stdout]   34:     0x6471f4797fae - std::thread::Builder::spawn_unchecked_::{{closure}}::{{closure}}::h3fd968d89053a903
[INFO] [stdout]                                at /rustc/df4ca44d3fbc9301ee17f30f4d474e6ae4b05252/library/std/src/thread/mod.rs:541:17
[INFO] [stdout]   35:     0x6471f4797fae - <core::panic::unwind_safe::AssertUnwindSafe<F> as core::ops::function::FnOnce<()>>::call_once::h743f637ba4229880
[INFO] [stdout]                                at /rustc/df4ca44d3fbc9301ee17f30f4d474e6ae4b05252/library/core/src/panic/unwind_safe.rs:272:9
[INFO] [stdout]   36:     0x6471f4797fae - std::panicking::try::do_call::h07440897322525a6
[INFO] [stdout]                                at /rustc/df4ca44d3fbc9301ee17f30f4d474e6ae4b05252/library/std/src/panicking.rs:557:40
[INFO] [stdout]   37:     0x6471f4797fae - std::panicking::try::he5a2e00188156637
[INFO] [stdout]                                at /rustc/df4ca44d3fbc9301ee17f30f4d474e6ae4b05252/library/std/src/panicking.rs:520:19
[INFO] [stdout]   38:     0x6471f4797fae - std::panic::catch_unwind::hbaf3cae49b3c6433
[INFO] [stdout]                                at /rustc/df4ca44d3fbc9301ee17f30f4d474e6ae4b05252/library/std/src/panic.rs:358:14
[INFO] [stdout]   39:     0x6471f4797fae - std::thread::Builder::spawn_unchecked_::{{closure}}::h8e141ea224820bce
[INFO] [stdout]                                at /rustc/df4ca44d3fbc9301ee17f30f4d474e6ae4b05252/library/std/src/thread/mod.rs:540:30
[INFO] [stdout]   40:     0x6471f4797fae - core::ops::function::FnOnce::call_once{{vtable.shim}}::h90d312fedd7b8ea8
[INFO] [stdout]                                at /rustc/df4ca44d3fbc9301ee17f30f4d474e6ae4b05252/library/core/src/ops/function.rs:250:5
[INFO] [stdout]   41:     0x6471f480778b - <alloc::boxed::Box<F,A> as core::ops::function::FnOnce<Args>>::call_once::h69aa08ddb6adb8b6
[INFO] [stdout]                                at /rustc/df4ca44d3fbc9301ee17f30f4d474e6ae4b05252/library/alloc/src/boxed.rs:2454:9
[INFO] [stdout]   42:     0x6471f480778b - <alloc::boxed::Box<F,A> as core::ops::function::FnOnce<Args>>::call_once::h5aa36efdb79c806f
[INFO] [stdout]                                at /rustc/df4ca44d3fbc9301ee17f30f4d474e6ae4b05252/library/alloc/src/boxed.rs:2454:9
[INFO] [stdout]   43:     0x6471f480778b - std::sys::pal::unix::thread::Thread::new::thread_start::h6cd80a1b4be5158d
[INFO] [stdout]                                at /rustc/df4ca44d3fbc9301ee17f30f4d474e6ae4b05252/library/std/src/sys/pal/unix/thread.rs:105:17
[INFO] [stdout]   44:     0x79096eecbac3 - <unknown>
[INFO] [stdout]   45:     0x79096ef5ca04 - clone
[INFO] [stdout]   46:                0x0 - <unknown>
[INFO] [stdout] 
[INFO] [stdout] 
[INFO] [stdout] failures:
[INFO] [stdout]     json_object::json_entity::jsonentity_object_get_value_as_string_test
[INFO] [stdout] 
[INFO] [stdout] test result: FAILED. 13 passed; 1 failed; 0 ignored; 0 measured; 0 filtered out; finished in 0.02s
[INFO] [stdout] 
[INFO] [stderr] error: test failed, to rerun pass `-p json_handler --lib`
[INFO] running `Command { std: "docker" "inspect" "4491c07f11bcb991e733903fac3e025f37298cc959d7ea4abd42674d49376e93", kill_on_drop: false }`
[INFO] running `Command { std: "docker" "rm" "-f" "4491c07f11bcb991e733903fac3e025f37298cc959d7ea4abd42674d49376e93", kill_on_drop: false }`
[INFO] [stdout] 4491c07f11bcb991e733903fac3e025f37298cc959d7ea4abd42674d49376e93
