[INFO] cloning repository https://github.com/MoMus2000/http-server
[INFO] running `Command { std: "git" "-c" "credential.helper=" "-c" "credential.helper=/workspace/cargo-home/bin/git-credential-null" "clone" "--bare" "https://github.com/MoMus2000/http-server" "/workspace/cache/git-repos/https%3A%2F%2Fgithub.com%2FMoMus2000%2Fhttp-server", kill_on_drop: false }`
[INFO] [stderr] Cloning into bare repository '/workspace/cache/git-repos/https%3A%2F%2Fgithub.com%2FMoMus2000%2Fhttp-server'...
[INFO] running `Command { std: "git" "rev-parse" "HEAD", kill_on_drop: false }`
[INFO] [stdout] d2cba5da6f319207d61bb3452bdf29c86d2677ac
[INFO] testing MoMus2000/http-server/d2cba5da6f319207d61bb3452bdf29c86d2677ac against nightly-2024-10-28 for randomize-layout
[INFO] running `Command { std: "git" "clone" "/workspace/cache/git-repos/https%3A%2F%2Fgithub.com%2FMoMus2000%2Fhttp-server" "/workspace/builds/worker-2-tc1/source", kill_on_drop: false }`
[INFO] [stderr] Cloning into '/workspace/builds/worker-2-tc1/source'...
[INFO] [stderr] done.
[INFO] validating manifest of git repo https://github.com/MoMus2000/http-server on toolchain nightly-2024-10-28
[INFO] running `Command { std: CARGO_HOME="/workspace/cargo-home" RUSTUP_HOME="/workspace/rustup-home" "/workspace/cargo-home/bin/cargo" "+nightly-2024-10-28" "metadata" "--manifest-path" "Cargo.toml" "--no-deps", kill_on_drop: false }`
[INFO] started tweaking git repo https://github.com/MoMus2000/http-server
[INFO] finished tweaking git repo https://github.com/MoMus2000/http-server
[INFO] tweaked toml for git repo https://github.com/MoMus2000/http-server written to /workspace/builds/worker-2-tc1/source/Cargo.toml
[INFO] crate git repo https://github.com/MoMus2000/http-server already has a lockfile, it will not be regenerated
[INFO] running `Command { std: CARGO_HOME="/workspace/cargo-home" RUSTUP_HOME="/workspace/rustup-home" "/workspace/cargo-home/bin/cargo" "+nightly-2024-10-28" "fetch" "--manifest-path" "Cargo.toml", kill_on_drop: false }`
[INFO] [stderr]  Downloading crates ...
[INFO] [stderr]   Downloaded cc v1.0.86
[INFO] running `Command { std: "docker" "create" "-v" "/var/lib/crater-agent-workspace/builds/worker-2-tc1/target:/opt/rustwide/target:rw,Z" "-v" "/var/lib/crater-agent-workspace/builds/worker-2-tc1/source:/opt/rustwide/workdir:ro,Z" "-v" "/var/lib/crater-agent-workspace/cargo-home:/opt/rustwide/cargo-home:ro,Z" "-v" "/var/lib/crater-agent-workspace/rustup-home:/opt/rustwide/rustup-home:ro,Z" "-e" "SOURCE_DIR=/opt/rustwide/workdir" "-e" "CARGO_TARGET_DIR=/opt/rustwide/target" "-e" "CARGO_HOME=/opt/rustwide/cargo-home" "-e" "RUSTUP_HOME=/opt/rustwide/rustup-home" "-w" "/opt/rustwide/workdir" "-m" "1610612736" "--user" "0:0" "--network" "none" "ghcr.io/rust-lang/crates-build-env/linux@sha256:4a844ea9eb2546a2d2c7022eacef16ef2e8229c7fbb2c7d4d55a9ceca922f72d" "/opt/rustwide/cargo-home/bin/cargo" "+nightly-2024-10-28" "metadata" "--no-deps" "--format-version=1", kill_on_drop: false }`
[INFO] [stdout] f43116171da0a62d88b88bbc1d045351507f81a8486f21bbcfe87e9b206274af
[INFO] running `Command { std: "docker" "start" "-a" "f43116171da0a62d88b88bbc1d045351507f81a8486f21bbcfe87e9b206274af", kill_on_drop: false }`
[INFO] running `Command { std: "docker" "inspect" "f43116171da0a62d88b88bbc1d045351507f81a8486f21bbcfe87e9b206274af", kill_on_drop: false }`
[INFO] running `Command { std: "docker" "rm" "-f" "f43116171da0a62d88b88bbc1d045351507f81a8486f21bbcfe87e9b206274af", kill_on_drop: false }`
[INFO] [stdout] f43116171da0a62d88b88bbc1d045351507f81a8486f21bbcfe87e9b206274af
[INFO] running `Command { std: "docker" "create" "-v" "/var/lib/crater-agent-workspace/builds/worker-2-tc1/target:/opt/rustwide/target:rw,Z" "-v" "/var/lib/crater-agent-workspace/builds/worker-2-tc1/source:/opt/rustwide/workdir:ro,Z" "-v" "/var/lib/crater-agent-workspace/cargo-home:/opt/rustwide/cargo-home:ro,Z" "-v" "/var/lib/crater-agent-workspace/rustup-home:/opt/rustwide/rustup-home:ro,Z" "-e" "SOURCE_DIR=/opt/rustwide/workdir" "-e" "CARGO_TARGET_DIR=/opt/rustwide/target" "-e" "CARGO_INCREMENTAL=0" "-e" "RUST_BACKTRACE=full" "-e" "RUSTFLAGS=--cap-lints=forbid" "-e" "RUSTDOCFLAGS=--cap-lints=forbid" "-e" "CARGO_HOME=/opt/rustwide/cargo-home" "-e" "RUSTUP_HOME=/opt/rustwide/rustup-home" "-w" "/opt/rustwide/workdir" "-m" "1610612736" "--user" "0:0" "--network" "none" "ghcr.io/rust-lang/crates-build-env/linux@sha256:4a844ea9eb2546a2d2c7022eacef16ef2e8229c7fbb2c7d4d55a9ceca922f72d" "/opt/rustwide/cargo-home/bin/cargo" "+nightly-2024-10-28" "build" "--frozen" "--message-format=json", kill_on_drop: false }`
[INFO] [stdout] 94b2aa90a973c10be8fa9facdab57882991838704198661784204e0930ff4ffc
[INFO] running `Command { std: "docker" "start" "-a" "94b2aa90a973c10be8fa9facdab57882991838704198661784204e0930ff4ffc", kill_on_drop: false }`
[INFO] [stderr]    Compiling libc v0.2.153
[INFO] [stderr]    Compiling proc-macro2 v1.0.78
[INFO] [stderr]    Compiling cc v1.0.86
[INFO] [stderr]    Compiling pin-project-lite v0.2.13
[INFO] [stderr]    Compiling bytes v1.5.0
[INFO] [stderr]    Compiling slab v0.4.9
[INFO] [stderr]    Compiling itoa v1.0.10
[INFO] [stderr]    Compiling openssl v0.10.64
[INFO] [stderr]    Compiling tracing v0.1.40
[INFO] [stderr]    Compiling memchr v2.7.1
[INFO] [stderr]    Compiling httparse v1.8.0
[INFO] [stderr]    Compiling futures-io v0.3.30
[INFO] [stderr]    Compiling hashbrown v0.14.3
[INFO] [stderr]    Compiling native-tls v0.2.11
[INFO] [stderr]    Compiling bitflags v2.4.2
[INFO] [stderr]    Compiling http v0.2.11
[INFO] [stderr]    Compiling tinyvec v1.6.0
[INFO] [stderr]    Compiling quote v1.0.35
[INFO] [stderr]    Compiling syn v2.0.50
[INFO] [stderr]    Compiling socket2 v0.5.5
[INFO] [stderr]    Compiling num_cpus v1.16.0
[INFO] [stderr]    Compiling mio v0.8.10
[INFO] [stderr]    Compiling indexmap v2.2.3
[INFO] [stderr]    Compiling openssl-sys v0.9.101
[INFO] [stderr]    Compiling futures-util v0.3.30
[INFO] [stderr]    Compiling tokio v1.36.0
[INFO] [stderr]    Compiling serde v1.0.197
[INFO] [stderr]    Compiling log v0.4.20
[INFO] [stderr]    Compiling unicode-normalization v0.1.23
[INFO] [stderr]    Compiling http-body v0.4.6
[INFO] [stderr]    Compiling num-traits v0.2.18
[INFO] [stderr]    Compiling httpdate v1.0.3
[INFO] [stderr]    Compiling idna v0.5.0
[INFO] [stderr]    Compiling base64 v0.21.7
[INFO] [stderr]    Compiling ryu v1.0.17
[INFO] [stderr]    Compiling url v2.5.0
[INFO] [stderr]    Compiling rustls-pemfile v1.0.4
[INFO] [stderr]    Compiling encoding_rs v0.8.33
[INFO] [stderr]    Compiling sync_wrapper v0.1.2
[INFO] [stderr]    Compiling iana-time-zone v0.1.60
[INFO] [stderr]    Compiling chrono v0.4.34
[INFO] [stderr]    Compiling openssl-macros v0.1.1
[INFO] [stderr]    Compiling serde_urlencoded v0.7.1
[INFO] [stderr]    Compiling tokio-util v0.7.10
[INFO] [stderr]    Compiling h2 v0.3.24
[INFO] [stderr]    Compiling tokio-native-tls v0.3.1
[INFO] [stderr]    Compiling hyper v0.14.28
[INFO] [stderr]    Compiling hyper-tls v0.5.0
[INFO] [stderr]    Compiling reqwest v0.11.24
[INFO] [stderr]    Compiling rust-http v0.1.0 (/opt/rustwide/workdir)
[INFO] [stdout] warning: trait `HTTP_Server` should have an upper camel case name
[INFO] [stdout]   --> src/server.rs:11:11
[INFO] [stdout]    |
[INFO] [stdout] 11 | pub trait HTTP_Server {
[INFO] [stdout]    |           ^^^^^^^^^^^ help: convert the identifier to upper camel case: `HttpServer`
[INFO] [stdout]    |
[INFO] [stdout]    = note: `#[warn(non_camel_case_types)]` on by default
[INFO] [stdout] 
[INFO] [stdout] 
[INFO] [stdout] warning: type `http_content` should have an upper camel case name
[INFO] [stdout]  --> src/http/http_content.rs:6:12
[INFO] [stdout]   |
[INFO] [stdout] 6 | pub struct http_content{
[INFO] [stdout]   |            ^^^^^^^^^^^^ help: convert the identifier to upper camel case: `HttpContent`
[INFO] [stdout] 
[INFO] [stdout] 
[INFO] [stdout] warning: unused variable: `running_state`
[INFO] [stdout]   --> src/http_server.rs:59:74
[INFO] [stdout]    |
[INFO] [stdout] 59 |     fn handle_connection(stream_data: TcpStream, router: Option<Router>, running_state: Arc<Mutex<bool>>){
[INFO] [stdout]    |                                                                          ^^^^^^^^^^^^^ help: if this is intentional, prefix it with an underscore: `_running_state`
[INFO] [stdout]    |
[INFO] [stdout]    = note: `#[warn(unused_variables)]` on by default
[INFO] [stdout] 
[INFO] [stdout] 
[INFO] [stdout] warning: value assigned to `http_headers` is never read
[INFO] [stdout]   --> src/http/http_builder.rs:42:13
[INFO] [stdout]    |
[INFO] [stdout] 42 |     let mut http_headers = String::from("");
[INFO] [stdout]    |             ^^^^^^^^^^^^
[INFO] [stdout]    |
[INFO] [stdout]    = help: maybe it is overwritten before being read?
[INFO] [stdout]    = note: `#[warn(unused_assignments)]` on by default
[INFO] [stdout] 
[INFO] [stdout] 
[INFO] [stdout] warning: unreachable pattern
[INFO] [stdout]   --> src/http/http_headers.rs:52:13
[INFO] [stdout]    |
[INFO] [stdout] 52 |             _ => todo!("Not yet implemented this value")
[INFO] [stdout]    |             ^ no value can reach this
[INFO] [stdout]    |
[INFO] [stdout] note: multiple earlier patterns match some of the same values
[INFO] [stdout]   --> src/http/http_headers.rs:52:13
[INFO] [stdout]    |
[INFO] [stdout] 42 |             HttpHeaders::Date => {
[INFO] [stdout]    |             ----------------- matches some of the same values
[INFO] [stdout] ...
[INFO] [stdout] 49 |             HttpHeaders::Server => {
[INFO] [stdout]    |             ------------------- matches some of the same values
[INFO] [stdout] ...
[INFO] [stdout] 52 |             _ => todo!("Not yet implemented this value")
[INFO] [stdout]    |             ^ collectively making this unreachable
[INFO] [stdout]    = note: `#[warn(unreachable_patterns)]` on by default
[INFO] [stdout] 
[INFO] [stdout] 
[INFO] [stdout] warning: unused variable: `w`
[INFO] [stdout]   --> src/http/http_content.rs:21:30
[INFO] [stdout]    |
[INFO] [stdout] 21 |     pub fn serve_static_file(w : &mut ResponseWriter, r: HttpRequest, 
[INFO] [stdout]    |                              ^ help: if this is intentional, prefix it with an underscore: `_w`
[INFO] [stdout] 
[INFO] [stdout] 
[INFO] [stdout] warning: unused variable: `r`
[INFO] [stdout]   --> src/http/http_content.rs:21:55
[INFO] [stdout]    |
[INFO] [stdout] 21 |     pub fn serve_static_file(w : &mut ResponseWriter, r: HttpRequest, 
[INFO] [stdout]    |                                                       ^ help: if this is intentional, prefix it with an underscore: `_r`
[INFO] [stdout] 
[INFO] [stdout] 
[INFO] [stdout] warning: trait `Server` is never used
[INFO] [stdout]  --> src/server.rs:6:11
[INFO] [stdout]   |
[INFO] [stdout] 6 | pub trait Server{
[INFO] [stdout]   |           ^^^^^^
[INFO] [stdout]   |
[INFO] [stdout]   = note: `#[warn(dead_code)]` on by default
[INFO] [stdout] 
[INFO] [stdout] 
[INFO] [stdout] warning: associated function `strip_query_params` is never used
[INFO] [stdout]   --> src/http/router.rs:45:8
[INFO] [stdout]    |
[INFO] [stdout] 38 | impl Router {
[INFO] [stdout]    | ----------- associated function in this implementation
[INFO] [stdout] ...
[INFO] [stdout] 45 |     fn strip_query_params(principal_path: &str) -> (&str, &str){
[INFO] [stdout]    |        ^^^^^^^^^^^^^^^^^^
[INFO] [stdout] 
[INFO] [stdout] 
[INFO] [stdout] warning: field `method` is never read
[INFO] [stdout]   --> src/http/router.rs:94:9
[INFO] [stdout]    |
[INFO] [stdout] 91 | pub struct RouterElement {
[INFO] [stdout]    |            ------------- field in this struct
[INFO] [stdout] ...
[INFO] [stdout] 94 |     pub method: &'static str
[INFO] [stdout]    |         ^^^^^^
[INFO] [stdout]    |
[INFO] [stdout]    = note: `RouterElement` has derived impls for the traits `Debug` and `Clone`, but these are intentionally ignored during dead code analysis
[INFO] [stdout] 
[INFO] [stdout] 
[INFO] [stdout] warning: fields `method`, `headers`, and `query_params` are never read
[INFO] [stdout]  --> src/http/http_request.rs:5:9
[INFO] [stdout]   |
[INFO] [stdout] 4 | pub struct HttpRequest{
[INFO] [stdout]   |            ----------- fields in this struct
[INFO] [stdout] 5 |     pub method: String,
[INFO] [stdout]   |         ^^^^^^
[INFO] [stdout] 6 |     pub path: String,
[INFO] [stdout] 7 |     pub headers: Option<HashMap<String, String>>,
[INFO] [stdout]   |         ^^^^^^^
[INFO] [stdout] 8 |     pub query_params: Option<String>
[INFO] [stdout]   |         ^^^^^^^^^^^^
[INFO] [stdout]   |
[INFO] [stdout]   = note: `HttpRequest` has derived impls for the traits `Clone` and `Debug`, but these are intentionally ignored during dead code analysis
[INFO] [stdout] 
[INFO] [stdout] 
[INFO] [stdout] warning: field `headers` is never read
[INFO] [stdout]  --> src/http/response_writer.rs:7:9
[INFO] [stdout]   |
[INFO] [stdout] 4 | pub struct ResponseWriter{
[INFO] [stdout]   |            -------------- field in this struct
[INFO] [stdout] ...
[INFO] [stdout] 7 |     pub headers : HashMap::<String, String>
[INFO] [stdout]   |         ^^^^^^^
[INFO] [stdout] 
[INFO] [stdout] 
[INFO] [stderr]     Finished `dev` profile [unoptimized + debuginfo] target(s) in 20.59s
[INFO] running `Command { std: "docker" "inspect" "94b2aa90a973c10be8fa9facdab57882991838704198661784204e0930ff4ffc", kill_on_drop: false }`
[INFO] running `Command { std: "docker" "rm" "-f" "94b2aa90a973c10be8fa9facdab57882991838704198661784204e0930ff4ffc", kill_on_drop: false }`
[INFO] [stdout] 94b2aa90a973c10be8fa9facdab57882991838704198661784204e0930ff4ffc
[INFO] running `Command { std: "docker" "create" "-v" "/var/lib/crater-agent-workspace/builds/worker-2-tc1/target:/opt/rustwide/target:rw,Z" "-v" "/var/lib/crater-agent-workspace/builds/worker-2-tc1/source:/opt/rustwide/workdir:ro,Z" "-v" "/var/lib/crater-agent-workspace/cargo-home:/opt/rustwide/cargo-home:ro,Z" "-v" "/var/lib/crater-agent-workspace/rustup-home:/opt/rustwide/rustup-home:ro,Z" "-e" "SOURCE_DIR=/opt/rustwide/workdir" "-e" "CARGO_TARGET_DIR=/opt/rustwide/target" "-e" "CARGO_INCREMENTAL=0" "-e" "RUST_BACKTRACE=full" "-e" "RUSTFLAGS=--cap-lints=forbid" "-e" "RUSTDOCFLAGS=--cap-lints=forbid" "-e" "CARGO_HOME=/opt/rustwide/cargo-home" "-e" "RUSTUP_HOME=/opt/rustwide/rustup-home" "-w" "/opt/rustwide/workdir" "-m" "1610612736" "--user" "0:0" "--network" "none" "ghcr.io/rust-lang/crates-build-env/linux@sha256:4a844ea9eb2546a2d2c7022eacef16ef2e8229c7fbb2c7d4d55a9ceca922f72d" "/opt/rustwide/cargo-home/bin/cargo" "+nightly-2024-10-28" "test" "--frozen" "--no-run" "--message-format=json", kill_on_drop: false }`
[INFO] [stdout] 6d5039d72ad3476c0d97c1090b11131ace200134e749d6f346856551ca925fa2
[INFO] running `Command { std: "docker" "start" "-a" "6d5039d72ad3476c0d97c1090b11131ace200134e749d6f346856551ca925fa2", kill_on_drop: false }`
[INFO] [stderr]    Compiling rust-http v0.1.0 (/opt/rustwide/workdir)
[INFO] [stdout] warning: trait `HTTP_Server` should have an upper camel case name
[INFO] [stdout]   --> src/server.rs:11:11
[INFO] [stdout]    |
[INFO] [stdout] 11 | pub trait HTTP_Server {
[INFO] [stdout]    |           ^^^^^^^^^^^ help: convert the identifier to upper camel case: `HttpServer`
[INFO] [stdout]    |
[INFO] [stdout]    = note: `#[warn(non_camel_case_types)]` on by default
[INFO] [stdout] 
[INFO] [stdout] 
[INFO] [stdout] warning: unused import: `core::time`
[INFO] [stdout]  --> src/http/test_http.rs:9:9
[INFO] [stdout]   |
[INFO] [stdout] 9 |     use core::time;
[INFO] [stdout]   |         ^^^^^^^^^^
[INFO] [stdout]   |
[INFO] [stdout]   = note: `#[warn(unused_imports)]` on by default
[INFO] [stdout] 
[INFO] [stdout] 
[INFO] [stdout] warning: unused import: `chrono::Duration`
[INFO] [stdout]   --> src/http/test_http.rs:14:9
[INFO] [stdout]    |
[INFO] [stdout] 14 |     use chrono::Duration;
[INFO] [stdout]    |         ^^^^^^^^^^^^^^^^
[INFO] [stdout] 
[INFO] [stdout] 
[INFO] [stdout] warning: type `http_content` should have an upper camel case name
[INFO] [stdout]  --> src/http/http_content.rs:6:12
[INFO] [stdout]   |
[INFO] [stdout] 6 | pub struct http_content{
[INFO] [stdout]   |            ^^^^^^^^^^^^ help: convert the identifier to upper camel case: `HttpContent`
[INFO] [stdout] 
[INFO] [stdout] 
[INFO] [stdout] warning: unused variable: `running_state`
[INFO] [stdout]   --> src/http_server.rs:59:74
[INFO] [stdout]    |
[INFO] [stdout] 59 |     fn handle_connection(stream_data: TcpStream, router: Option<Router>, running_state: Arc<Mutex<bool>>){
[INFO] [stdout]    |                                                                          ^^^^^^^^^^^^^ help: if this is intentional, prefix it with an underscore: `_running_state`
[INFO] [stdout]    |
[INFO] [stdout]    = note: `#[warn(unused_variables)]` on by default
[INFO] [stdout] 
[INFO] [stdout] 
[INFO] [stdout] warning: value assigned to `http_headers` is never read
[INFO] [stdout]   --> src/http/http_builder.rs:42:13
[INFO] [stdout]    |
[INFO] [stdout] 42 |     let mut http_headers = String::from("");
[INFO] [stdout]    |             ^^^^^^^^^^^^
[INFO] [stdout]    |
[INFO] [stdout]    = help: maybe it is overwritten before being read?
[INFO] [stdout]    = note: `#[warn(unused_assignments)]` on by default
[INFO] [stdout] 
[INFO] [stdout] 
[INFO] [stdout] warning: unused variable: `request`
[INFO] [stdout]   --> src/http/test_http.rs:19:67
[INFO] [stdout]    |
[INFO] [stdout] 19 |     fn set_http_status_200(response_writer : &mut ResponseWriter, request : http_request::HttpRequest){
[INFO] [stdout]    |                                                                   ^^^^^^^ help: if this is intentional, prefix it with an underscore: `_request`
[INFO] [stdout] 
[INFO] [stdout] 
[INFO] [stdout] warning: unreachable pattern
[INFO] [stdout]   --> src/http/http_headers.rs:52:13
[INFO] [stdout]    |
[INFO] [stdout] 52 |             _ => todo!("Not yet implemented this value")
[INFO] [stdout]    |             ^ no value can reach this
[INFO] [stdout]    |
[INFO] [stdout] note: multiple earlier patterns match some of the same values
[INFO] [stdout]   --> src/http/http_headers.rs:52:13
[INFO] [stdout]    |
[INFO] [stdout] 42 |             HttpHeaders::Date => {
[INFO] [stdout]    |             ----------------- matches some of the same values
[INFO] [stdout] ...
[INFO] [stdout] 49 |             HttpHeaders::Server => {
[INFO] [stdout]    |             ------------------- matches some of the same values
[INFO] [stdout] ...
[INFO] [stdout] 52 |             _ => todo!("Not yet implemented this value")
[INFO] [stdout]    |             ^ collectively making this unreachable
[INFO] [stdout]    = note: `#[warn(unreachable_patterns)]` on by default
[INFO] [stdout] 
[INFO] [stdout] 
[INFO] [stdout] warning: unused variable: `w`
[INFO] [stdout]   --> src/http/http_content.rs:21:30
[INFO] [stdout]    |
[INFO] [stdout] 21 |     pub fn serve_static_file(w : &mut ResponseWriter, r: HttpRequest, 
[INFO] [stdout]    |                              ^ help: if this is intentional, prefix it with an underscore: `_w`
[INFO] [stdout] 
[INFO] [stdout] 
[INFO] [stdout] warning: unused variable: `r`
[INFO] [stdout]   --> src/http/http_content.rs:21:55
[INFO] [stdout]    |
[INFO] [stdout] 21 |     pub fn serve_static_file(w : &mut ResponseWriter, r: HttpRequest, 
[INFO] [stdout]    |                                                       ^ help: if this is intentional, prefix it with an underscore: `_r`
[INFO] [stdout] 
[INFO] [stdout] 
[INFO] [stdout] warning: trait `Server` is never used
[INFO] [stdout]  --> src/server.rs:6:11
[INFO] [stdout]   |
[INFO] [stdout] 6 | pub trait Server{
[INFO] [stdout]   |           ^^^^^^
[INFO] [stdout]   |
[INFO] [stdout]   = note: `#[warn(dead_code)]` on by default
[INFO] [stdout] 
[INFO] [stdout] 
[INFO] [stdout] warning: associated function `strip_query_params` is never used
[INFO] [stdout]   --> src/http/router.rs:45:8
[INFO] [stdout]    |
[INFO] [stdout] 38 | impl Router {
[INFO] [stdout]    | ----------- associated function in this implementation
[INFO] [stdout] ...
[INFO] [stdout] 45 |     fn strip_query_params(principal_path: &str) -> (&str, &str){
[INFO] [stdout]    |        ^^^^^^^^^^^^^^^^^^
[INFO] [stdout] 
[INFO] [stdout] 
[INFO] [stdout] warning: field `method` is never read
[INFO] [stdout]   --> src/http/router.rs:94:9
[INFO] [stdout]    |
[INFO] [stdout] 91 | pub struct RouterElement {
[INFO] [stdout]    |            ------------- field in this struct
[INFO] [stdout] ...
[INFO] [stdout] 94 |     pub method: &'static str
[INFO] [stdout]    |         ^^^^^^
[INFO] [stdout]    |
[INFO] [stdout]    = note: `RouterElement` has derived impls for the traits `Debug` and `Clone`, but these are intentionally ignored during dead code analysis
[INFO] [stdout] 
[INFO] [stdout] 
[INFO] [stdout] warning: fields `method`, `headers`, and `query_params` are never read
[INFO] [stdout]  --> src/http/http_request.rs:5:9
[INFO] [stdout]   |
[INFO] [stdout] 4 | pub struct HttpRequest{
[INFO] [stdout]   |            ----------- fields in this struct
[INFO] [stdout] 5 |     pub method: String,
[INFO] [stdout]   |         ^^^^^^
[INFO] [stdout] 6 |     pub path: String,
[INFO] [stdout] 7 |     pub headers: Option<HashMap<String, String>>,
[INFO] [stdout]   |         ^^^^^^^
[INFO] [stdout] 8 |     pub query_params: Option<String>
[INFO] [stdout]   |         ^^^^^^^^^^^^
[INFO] [stdout]   |
[INFO] [stdout]   = note: `HttpRequest` has derived impls for the traits `Clone` and `Debug`, but these are intentionally ignored during dead code analysis
[INFO] [stdout] 
[INFO] [stdout] 
[INFO] [stdout] warning: field `headers` is never read
[INFO] [stdout]  --> src/http/response_writer.rs:7:9
[INFO] [stdout]   |
[INFO] [stdout] 4 | pub struct ResponseWriter{
[INFO] [stdout]   |            -------------- field in this struct
[INFO] [stdout] ...
[INFO] [stdout] 7 |     pub headers : HashMap::<String, String>
[INFO] [stdout]   |         ^^^^^^^
[INFO] [stdout] 
[INFO] [stdout] 
[INFO] [stderr]     Finished `test` profile [unoptimized + debuginfo] target(s) in 0.52s
[INFO] running `Command { std: "docker" "inspect" "6d5039d72ad3476c0d97c1090b11131ace200134e749d6f346856551ca925fa2", kill_on_drop: false }`
[INFO] running `Command { std: "docker" "rm" "-f" "6d5039d72ad3476c0d97c1090b11131ace200134e749d6f346856551ca925fa2", kill_on_drop: false }`
[INFO] [stdout] 6d5039d72ad3476c0d97c1090b11131ace200134e749d6f346856551ca925fa2
[INFO] running `Command { std: "docker" "create" "-v" "/var/lib/crater-agent-workspace/builds/worker-2-tc1/target:/opt/rustwide/target:rw,Z" "-v" "/var/lib/crater-agent-workspace/builds/worker-2-tc1/source:/opt/rustwide/workdir:ro,Z" "-v" "/var/lib/crater-agent-workspace/cargo-home:/opt/rustwide/cargo-home:ro,Z" "-v" "/var/lib/crater-agent-workspace/rustup-home:/opt/rustwide/rustup-home:ro,Z" "-e" "SOURCE_DIR=/opt/rustwide/workdir" "-e" "CARGO_TARGET_DIR=/opt/rustwide/target" "-e" "CARGO_INCREMENTAL=0" "-e" "RUST_BACKTRACE=full" "-e" "RUSTFLAGS=--cap-lints=forbid" "-e" "RUSTDOCFLAGS=--cap-lints=forbid" "-e" "CARGO_HOME=/opt/rustwide/cargo-home" "-e" "RUSTUP_HOME=/opt/rustwide/rustup-home" "-w" "/opt/rustwide/workdir" "-m" "1610612736" "--user" "0:0" "--network" "none" "ghcr.io/rust-lang/crates-build-env/linux@sha256:4a844ea9eb2546a2d2c7022eacef16ef2e8229c7fbb2c7d4d55a9ceca922f72d" "/opt/rustwide/cargo-home/bin/cargo" "+nightly-2024-10-28" "test" "--frozen", kill_on_drop: false }`
[INFO] [stdout] 376f969f9637e878b2fc4e4a1fd627511a854d0cbd9151ef7a47fb824978f2a3
[INFO] running `Command { std: "docker" "start" "-a" "376f969f9637e878b2fc4e4a1fd627511a854d0cbd9151ef7a47fb824978f2a3", kill_on_drop: false }`
[INFO] [stderr] warning: trait `HTTP_Server` should have an upper camel case name
[INFO] [stderr]   --> src/server.rs:11:11
[INFO] [stderr]    |
[INFO] [stderr] 11 | pub trait HTTP_Server {
[INFO] [stderr]    |           ^^^^^^^^^^^ help: convert the identifier to upper camel case: `HttpServer`
[INFO] [stderr]    |
[INFO] [stderr]    = note: `#[warn(non_camel_case_types)]` on by default
[INFO] [stderr] 
[INFO] [stderr] warning: unused import: `core::time`
[INFO] [stderr]  --> src/http/test_http.rs:9:9
[INFO] [stderr]   |
[INFO] [stderr] 9 |     use core::time;
[INFO] [stderr]   |         ^^^^^^^^^^
[INFO] [stderr]   |
[INFO] [stderr]   = note: `#[warn(unused_imports)]` on by default
[INFO] [stderr] 
[INFO] [stderr] warning: unused import: `chrono::Duration`
[INFO] [stderr]   --> src/http/test_http.rs:14:9
[INFO] [stderr]    |
[INFO] [stderr] 14 |     use chrono::Duration;
[INFO] [stderr]    |         ^^^^^^^^^^^^^^^^
[INFO] [stderr] 
[INFO] [stderr] warning: type `http_content` should have an upper camel case name
[INFO] [stderr]  --> src/http/http_content.rs:6:12
[INFO] [stderr]   |
[INFO] [stderr] 6 | pub struct http_content{
[INFO] [stderr]   |            ^^^^^^^^^^^^ help: convert the identifier to upper camel case: `HttpContent`
[INFO] [stderr] 
[INFO] [stderr] warning: unused variable: `running_state`
[INFO] [stderr]   --> src/http_server.rs:59:74
[INFO] [stderr]    |
[INFO] [stderr] 59 |     fn handle_connection(stream_data: TcpStream, router: Option<Router>, running_state: Arc<Mutex<bool>>){
[INFO] [stderr]    |                                                                          ^^^^^^^^^^^^^ help: if this is intentional, prefix it with an underscore: `_running_state`
[INFO] [stderr]    |
[INFO] [stderr]    = note: `#[warn(unused_variables)]` on by default
[INFO] [stderr] 
[INFO] [stderr] warning: value assigned to `http_headers` is never read
[INFO] [stderr]   --> src/http/http_builder.rs:42:13
[INFO] [stderr]    |
[INFO] [stderr] 42 |     let mut http_headers = String::from("");
[INFO] [stderr]    |             ^^^^^^^^^^^^
[INFO] [stderr]    |
[INFO] [stderr]    = help: maybe it is overwritten before being read?
[INFO] [stderr]    = note: `#[warn(unused_assignments)]` on by default
[INFO] [stderr] 
[INFO] [stderr] warning: unused variable: `request`
[INFO] [stderr]   --> src/http/test_http.rs:19:67
[INFO] [stderr]    |
[INFO] [stderr] 19 |     fn set_http_status_200(response_writer : &mut ResponseWriter, request : http_request::HttpRequest){
[INFO] [stderr]    |                                                                   ^^^^^^^ help: if this is intentional, prefix it with an underscore: `_request`
[INFO] [stderr] 
[INFO] [stderr] warning: unreachable pattern
[INFO] [stderr]   --> src/http/http_headers.rs:52:13
[INFO] [stderr]    |
[INFO] [stderr] 52 |             _ => todo!("Not yet implemented this value")
[INFO] [stderr]    |             ^ no value can reach this
[INFO] [stderr]    |
[INFO] [stderr] note: multiple earlier patterns match some of the same values
[INFO] [stderr]   --> src/http/http_headers.rs:52:13
[INFO] [stderr]    |
[INFO] [stderr] 42 |             HttpHeaders::Date => {
[INFO] [stderr]    |             ----------------- matches some of the same values
[INFO] [stderr] ...
[INFO] [stderr] 49 |             HttpHeaders::Server => {
[INFO] [stderr]    |             ------------------- matches some of the same values
[INFO] [stderr] ...
[INFO] [stderr] 52 |             _ => todo!("Not yet implemented this value")
[INFO] [stderr]    |             ^ collectively making this unreachable
[INFO] [stderr]    = note: `#[warn(unreachable_patterns)]` on by default
[INFO] [stderr] 
[INFO] [stderr] warning: unused variable: `w`
[INFO] [stderr]   --> src/http/http_content.rs:21:30
[INFO] [stderr]    |
[INFO] [stderr] 21 |     pub fn serve_static_file(w : &mut ResponseWriter, r: HttpRequest, 
[INFO] [stderr]    |                              ^ help: if this is intentional, prefix it with an underscore: `_w`
[INFO] [stderr] 
[INFO] [stderr] warning: unused variable: `r`
[INFO] [stderr]   --> src/http/http_content.rs:21:55
[INFO] [stderr]    |
[INFO] [stderr] 21 |     pub fn serve_static_file(w : &mut ResponseWriter, r: HttpRequest, 
[INFO] [stderr]    |                                                       ^ help: if this is intentional, prefix it with an underscore: `_r`
[INFO] [stderr] 
[INFO] [stderr] warning: trait `Server` is never used
[INFO] [stderr]  --> src/server.rs:6:11
[INFO] [stderr]   |
[INFO] [stderr] 6 | pub trait Server{
[INFO] [stderr]   |           ^^^^^^
[INFO] [stderr]   |
[INFO] [stderr]   = note: `#[warn(dead_code)]` on by default
[INFO] [stderr] 
[INFO] [stderr] warning: associated function `strip_query_params` is never used
[INFO] [stderr]   --> src/http/router.rs:45:8
[INFO] [stderr]    |
[INFO] [stderr] 38 | impl Router {
[INFO] [stderr]    | ----------- associated function in this implementation
[INFO] [stderr] ...
[INFO] [stderr] 45 |     fn strip_query_params(principal_path: &str) -> (&str, &str){
[INFO] [stderr]    |        ^^^^^^^^^^^^^^^^^^
[INFO] [stderr] 
[INFO] [stderr] warning: field `method` is never read
[INFO] [stderr]   --> src/http/router.rs:94:9
[INFO] [stderr]    |
[INFO] [stderr] 91 | pub struct RouterElement {
[INFO] [stderr]    |            ------------- field in this struct
[INFO] [stderr] ...
[INFO] [stderr] 94 |     pub method: &'static str
[INFO] [stderr]    |         ^^^^^^
[INFO] [stderr]    |
[INFO] [stderr]    = note: `RouterElement` has derived impls for the traits `Debug` and `Clone`, but these are intentionally ignored during dead code analysis
[INFO] [stderr] 
[INFO] [stderr] warning: fields `method`, `headers`, and `query_params` are never read
[INFO] [stderr]  --> src/http/http_request.rs:5:9
[INFO] [stderr]   |
[INFO] [stderr] 4 | pub struct HttpRequest{
[INFO] [stderr]   |            ----------- fields in this struct
[INFO] [stderr] 5 |     pub method: String,
[INFO] [stderr]   |         ^^^^^^
[INFO] [stderr] 6 |     pub path: String,
[INFO] [stderr] 7 |     pub headers: Option<HashMap<String, String>>,
[INFO] [stderr]   |         ^^^^^^^
[INFO] [stderr] 8 |     pub query_params: Option<String>
[INFO] [stderr]   |         ^^^^^^^^^^^^
[INFO] [stderr]   |
[INFO] [stderr]   = note: `HttpRequest` has derived impls for the traits `Clone` and `Debug`, but these are intentionally ignored during dead code analysis
[INFO] [stderr] 
[INFO] [stderr] warning: field `headers` is never read
[INFO] [stderr]  --> src/http/response_writer.rs:7:9
[INFO] [stderr]   |
[INFO] [stderr] 4 | pub struct ResponseWriter{
[INFO] [stderr]   |            -------------- field in this struct
[INFO] [stderr] ...
[INFO] [stderr] 7 |     pub headers : HashMap::<String, String>
[INFO] [stderr]   |         ^^^^^^^
[INFO] [stderr] 
[INFO] [stderr] warning: `rust-http` (bin "rust-http" test) generated 15 warnings (run `cargo fix --bin "rust-http" --tests` to apply 2 suggestions)
[INFO] [stderr]     Finished `test` profile [unoptimized + debuginfo] target(s) in 0.06s
[INFO] [stderr]      Running unittests src/main.rs (/opt/rustwide/target/debug/deps/rust_http-3a20a263c7c7a8bb)
[INFO] [stdout] 
[INFO] [stdout] running 2 tests
[INFO] [stdout] test http::test_http::tests::test_static_file_serve ... FAILED
[INFO] [stdout] test http::test_http::tests::test_http_status_codes ... ok
[INFO] [stdout] 
[INFO] [stdout] failures:
[INFO] [stdout] 
[INFO] [stdout] ---- http::test_http::tests::test_static_file_serve stdout ----
[INFO] [stdout] Spawning the webserver
[INFO] [stdout] ERROR: binding to localhost:6969
[INFO] [stdout] thread '<unnamed>' panicked at src/http_server.rs:32:13:
[INFO] [stdout] Cannot assign requested address (os error 99)
[INFO] [stdout] stack backtrace:
[INFO] [stdout]    0:     0x568a3b4404fa - std::backtrace_rs::backtrace::libunwind::trace::h207520d6e9873551
[INFO] [stdout]                                at /rustc/df4ca44d3fbc9301ee17f30f4d474e6ae4b05252/library/std/src/../../backtrace/src/backtrace/libunwind.rs:116:5
[INFO] [stdout]    1:     0x568a3b4404fa - std::backtrace_rs::backtrace::trace_unsynchronized::h2ed7433f370e3eca
[INFO] [stdout]                                at /rustc/df4ca44d3fbc9301ee17f30f4d474e6ae4b05252/library/std/src/../../backtrace/src/backtrace/mod.rs:66:5
[INFO] [stdout]    2:     0x568a3b4404fa - std::sys::backtrace::_print_fmt::h916fac51166b18d7
[INFO] [stdout]                                at /rustc/df4ca44d3fbc9301ee17f30f4d474e6ae4b05252/library/std/src/sys/backtrace.rs:66:9
[INFO] [stdout]    3:     0x568a3b4404fa - <std::sys::backtrace::BacktraceLock::print::DisplayBacktrace as core::fmt::Display>::fmt::ha0a4c9b8ce3802e6
[INFO] [stdout]                                at /rustc/df4ca44d3fbc9301ee17f30f4d474e6ae4b05252/library/std/src/sys/backtrace.rs:39:26
[INFO] [stdout]    4:     0x568a3b46abe3 - core::fmt::rt::Argument::fmt::h4cfc8587d52b3eb5
[INFO] [stdout]                                at /rustc/df4ca44d3fbc9301ee17f30f4d474e6ae4b05252/library/core/src/fmt/rt.rs:177:76
[INFO] [stdout]    5:     0x568a3b46abe3 - core::fmt::write::h522cc39e5b36ae9f
[INFO] [stdout]                                at /rustc/df4ca44d3fbc9301ee17f30f4d474e6ae4b05252/library/core/src/fmt/mod.rs:1190:21
[INFO] [stdout]    6:     0x568a3b43c143 - std::io::Write::write_fmt::h7d3c26752da97734
[INFO] [stdout]                                at /rustc/df4ca44d3fbc9301ee17f30f4d474e6ae4b05252/library/std/src/io/mod.rs:1839:15
[INFO] [stdout]    7:     0x568a3b440342 - std::sys::backtrace::BacktraceLock::print::h4b9e00b29e9c0942
[INFO] [stdout]                                at /rustc/df4ca44d3fbc9301ee17f30f4d474e6ae4b05252/library/std/src/sys/backtrace.rs:42:9
[INFO] [stdout]    8:     0x568a3b44198a - std::panicking::default_hook::{{closure}}::hb59b88280d0324d9
[INFO] [stdout]                                at /rustc/df4ca44d3fbc9301ee17f30f4d474e6ae4b05252/library/std/src/panicking.rs:268:22
[INFO] [stdout]    9:     0x568a3b441794 - std::panicking::default_hook::he1dd496665be4a29
[INFO] [stdout]                                at /rustc/df4ca44d3fbc9301ee17f30f4d474e6ae4b05252/library/std/src/panicking.rs:292:9
[INFO] [stdout]   10:     0x568a3b3f4fc9 - <alloc::boxed::Box<F,A> as core::ops::function::Fn<Args>>::call::h4ff71de18744e1dc
[INFO] [stdout]                                at /rustc/df4ca44d3fbc9301ee17f30f4d474e6ae4b05252/library/alloc/src/boxed.rs:2468:9
[INFO] [stdout]   11:     0x568a3b3f4fc9 - test::test_main::{{closure}}::hcf7c055ce117aa81
[INFO] [stdout]                                at /rustc/df4ca44d3fbc9301ee17f30f4d474e6ae4b05252/library/test/src/lib.rs:133:21
[INFO] [stdout]   12:     0x568a3b442088 - <alloc::boxed::Box<F,A> as core::ops::function::Fn<Args>>::call::h1d66c6bbd60c9692
[INFO] [stdout]                                at /rustc/df4ca44d3fbc9301ee17f30f4d474e6ae4b05252/library/alloc/src/boxed.rs:2468:9
[INFO] [stdout]   13:     0x568a3b442088 - std::panicking::rust_panic_with_hook::h2ff17fe8f26dfcf8
[INFO] [stdout]                                at /rustc/df4ca44d3fbc9301ee17f30f4d474e6ae4b05252/library/std/src/panicking.rs:809:13
[INFO] [stdout]   14:     0x568a3b441e4a - std::panicking::begin_panic_handler::{{closure}}::h4fad77951c07e101
[INFO] [stdout]                                at /rustc/df4ca44d3fbc9301ee17f30f4d474e6ae4b05252/library/std/src/panicking.rs:674:13
[INFO] [stdout]   15:     0x568a3b4409d9 - std::sys::backtrace::__rust_end_short_backtrace::hb1a25b3da5d0ea08
[INFO] [stdout]                                at /rustc/df4ca44d3fbc9301ee17f30f4d474e6ae4b05252/library/std/src/sys/backtrace.rs:170:18
[INFO] [stdout]   16:     0x568a3b441adc - rust_begin_unwind
[INFO] [stdout]                                at /rustc/df4ca44d3fbc9301ee17f30f4d474e6ae4b05252/library/std/src/panicking.rs:665:5
[INFO] [stdout]   17:     0x568a3b468d90 - core::panicking::panic_fmt::ha9db07b529f9b256
[INFO] [stdout]                                at /rustc/df4ca44d3fbc9301ee17f30f4d474e6ae4b05252/library/core/src/panicking.rs:75:14
[INFO] [stdout]   18:     0x568a3afdd553 - core::panicking::panic_display::hfd966309de433090
[INFO] [stdout]                                at /rustc/df4ca44d3fbc9301ee17f30f4d474e6ae4b05252/library/core/src/panicking.rs:273:5
[INFO] [stdout]   19:     0x568a3afe0b0a - <rust_http::http_server::HttpServer as rust_http::server::HTTP_Server>::start_server::panic_cold_display::he22809b62598fdf9
[INFO] [stdout]                                at /rustc/df4ca44d3fbc9301ee17f30f4d474e6ae4b05252/library/core/src/panic.rs:100:13
[INFO] [stdout]   20:     0x568a3afdf64a - <rust_http::http_server::HttpServer as rust_http::server::HTTP_Server>::start_server::h07049b176ea38941
[INFO] [stdout]                                at /opt/rustwide/workdir/src/http_server.rs:32:13
[INFO] [stdout]   21:     0x568a3afe7bd3 - rust_http::http::test_http::tests::test_static_file_serve::{{closure}}::{{closure}}::h1c55bbf949642f8d
[INFO] [stdout]                                at /opt/rustwide/workdir/src/http/test_http.rs:161:17
[INFO] [stdout]   22:     0x568a3afdc550 - std::panicking::try::do_call::h60708cd6aacdca54
[INFO] [stdout]                                at /rustc/df4ca44d3fbc9301ee17f30f4d474e6ae4b05252/library/std/src/panicking.rs:557:40
[INFO] [stdout]   23:     0x568a3afdb12b - __rust_try
[INFO] [stdout]   24:     0x568a3afd6f42 - std::panicking::try::hc0cf938ac786878d
[INFO] [stdout]                                at /rustc/df4ca44d3fbc9301ee17f30f4d474e6ae4b05252/library/std/src/panicking.rs:520:19
[INFO] [stdout]   25:     0x568a3afd6f42 - std::panic::catch_unwind::h52f73bf4dfa5ca33
[INFO] [stdout]                                at /rustc/df4ca44d3fbc9301ee17f30f4d474e6ae4b05252/library/std/src/panic.rs:358:14
[INFO] [stdout]   26:     0x568a3afe79fb - rust_http::http::test_http::tests::test_static_file_serve::{{closure}}::he4abcdbd1cc85fbc
[INFO] [stdout]                                at /opt/rustwide/workdir/src/http/test_http.rs:159:26
[INFO] [stdout]   27:     0x568a3afe0d86 - std::sys::backtrace::__rust_begin_short_backtrace::h8e1be47aa175608f
[INFO] [stdout]                                at /rustc/df4ca44d3fbc9301ee17f30f4d474e6ae4b05252/library/std/src/sys/backtrace.rs:154:18
[INFO] [stdout]   28:     0x568a3afef1a0 - std::thread::Builder::spawn_unchecked_::{{closure}}::{{closure}}::h0bf2297df32bf4b7
[INFO] [stdout]                                at /rustc/df4ca44d3fbc9301ee17f30f4d474e6ae4b05252/library/std/src/thread/mod.rs:541:17
[INFO] [stdout]   29:     0x568a3afd65a0 - <core::panic::unwind_safe::AssertUnwindSafe<F> as core::ops::function::FnOnce<()>>::call_once::hf73ea04f8c5b9ab0
[INFO] [stdout]                                at /rustc/df4ca44d3fbc9301ee17f30f4d474e6ae4b05252/library/core/src/panic/unwind_safe.rs:272:9
[INFO] [stdout]   30:     0x568a3afdc590 - std::panicking::try::do_call::he4a524d782265e4d
[INFO] [stdout]                                at /rustc/df4ca44d3fbc9301ee17f30f4d474e6ae4b05252/library/std/src/panicking.rs:557:40
[INFO] [stdout]   31:     0x568a3afef8cb - __rust_try
[INFO] [stdout]   32:     0x568a3afee033 - std::panicking::try::h65e5a106462904e5
[INFO] [stdout]                                at /rustc/df4ca44d3fbc9301ee17f30f4d474e6ae4b05252/library/std/src/panicking.rs:520:19
[INFO] [stdout]   33:     0x568a3afee033 - std::panic::catch_unwind::h5d0797d897209ada
[INFO] [stdout]                                at /rustc/df4ca44d3fbc9301ee17f30f4d474e6ae4b05252/library/std/src/panic.rs:358:14
[INFO] [stdout]   34:     0x568a3afee033 - std::thread::Builder::spawn_unchecked_::{{closure}}::h2f8a7f7f3fe4acb3
[INFO] [stdout]                                at /rustc/df4ca44d3fbc9301ee17f30f4d474e6ae4b05252/library/std/src/thread/mod.rs:540:30
[INFO] [stdout]   35:     0x568a3afe148e - core::ops::function::FnOnce::call_once{{vtable.shim}}::hf47c9b7c8092cf91
[INFO] [stdout]                                at /rustc/df4ca44d3fbc9301ee17f30f4d474e6ae4b05252/library/core/src/ops/function.rs:250:5
[INFO] [stdout]   36:     0x568a3b4462bb - <alloc::boxed::Box<F,A> as core::ops::function::FnOnce<Args>>::call_once::h69aa08ddb6adb8b6
[INFO] [stdout]                                at /rustc/df4ca44d3fbc9301ee17f30f4d474e6ae4b05252/library/alloc/src/boxed.rs:2454:9
[INFO] [stdout]   37:     0x568a3b4462bb - <alloc::boxed::Box<F,A> as core::ops::function::FnOnce<Args>>::call_once::h5aa36efdb79c806f
[INFO] [stdout]                                at /rustc/df4ca44d3fbc9301ee17f30f4d474e6ae4b05252/library/alloc/src/boxed.rs:2454:9
[INFO] [stdout]   38:     0x568a3b4462bb - std::sys::pal::unix::thread::Thread::new::thread_start::h6cd80a1b4be5158d
[INFO] [stdout]                                at /rustc/df4ca44d3fbc9301ee17f30f4d474e6ae4b05252/library/std/src/sys/pal/unix/thread.rs:105:17
[INFO] [stdout]   39:     0x7de3a7135ac3 - <unknown>
[INFO] [stdout]   40:     0x7de3a71c6a04 - clone
[INFO] [stdout]   41:                0x0 - <unknown>
[INFO] [stdout] Thread panicked: Any { .. }
[INFO] [stdout] thread 'http::test_http::tests::test_static_file_serve' panicked at src/http/test_http.rs:178:52:
[INFO] [stdout] called `Option::unwrap()` on a `None` value
[INFO] [stdout] stack backtrace:
[INFO] [stdout]    0:     0x568a3b4404fa - std::backtrace_rs::backtrace::libunwind::trace::h207520d6e9873551
[INFO] [stdout]                                at /rustc/df4ca44d3fbc9301ee17f30f4d474e6ae4b05252/library/std/src/../../backtrace/src/backtrace/libunwind.rs:116:5
[INFO] [stdout]    1:     0x568a3b4404fa - std::backtrace_rs::backtrace::trace_unsynchronized::h2ed7433f370e3eca
[INFO] [stdout]                                at /rustc/df4ca44d3fbc9301ee17f30f4d474e6ae4b05252/library/std/src/../../backtrace/src/backtrace/mod.rs:66:5
[INFO] [stdout]    2:     0x568a3b4404fa - std::sys::backtrace::_print_fmt::h916fac51166b18d7
[INFO] [stdout]                                at /rustc/df4ca44d3fbc9301ee17f30f4d474e6ae4b05252/library/std/src/sys/backtrace.rs:66:9
[INFO] [stdout]    3:     0x568a3b4404fa - <std::sys::backtrace::BacktraceLock::print::DisplayBacktrace as core::fmt::Display>::fmt::ha0a4c9b8ce3802e6
[INFO] [stdout]                                at /rustc/df4ca44d3fbc9301ee17f30f4d474e6ae4b05252/library/std/src/sys/backtrace.rs:39:26
[INFO] [stdout]    4:     0x568a3b46abe3 - core::fmt::rt::Argument::fmt::h4cfc8587d52b3eb5
[INFO] [stdout]                                at /rustc/df4ca44d3fbc9301ee17f30f4d474e6ae4b05252/library/core/src/fmt/rt.rs:177:76
[INFO] [stdout]    5:     0x568a3b46abe3 - core::fmt::write::h522cc39e5b36ae9f
[INFO] [stdout]                                at /rustc/df4ca44d3fbc9301ee17f30f4d474e6ae4b05252/library/core/src/fmt/mod.rs:1190:21
[INFO] [stdout]    6:     0x568a3b43c143 - std::io::Write::write_fmt::h7d3c26752da97734
[INFO] [stdout]                                at /rustc/df4ca44d3fbc9301ee17f30f4d474e6ae4b05252/library/std/src/io/mod.rs:1839:15
[INFO] [stdout]    7:     0x568a3b440342 - std::sys::backtrace::BacktraceLock::print::h4b9e00b29e9c0942
[INFO] [stdout]                                at /rustc/df4ca44d3fbc9301ee17f30f4d474e6ae4b05252/library/std/src/sys/backtrace.rs:42:9
[INFO] [stdout]    8:     0x568a3b44198a - std::panicking::default_hook::{{closure}}::hb59b88280d0324d9
[INFO] [stdout]                                at /rustc/df4ca44d3fbc9301ee17f30f4d474e6ae4b05252/library/std/src/panicking.rs:268:22
[INFO] [stdout]    9:     0x568a3b441794 - std::panicking::default_hook::he1dd496665be4a29
[INFO] [stdout]                                at /rustc/df4ca44d3fbc9301ee17f30f4d474e6ae4b05252/library/std/src/panicking.rs:292:9
[INFO] [stdout]   10:     0x568a3b3f4fc9 - <alloc::boxed::Box<F,A> as core::ops::function::Fn<Args>>::call::h4ff71de18744e1dc
[INFO] [stdout]                                at /rustc/df4ca44d3fbc9301ee17f30f4d474e6ae4b05252/library/alloc/src/boxed.rs:2468:9
[INFO] [stdout]   11:     0x568a3b3f4fc9 - test::test_main::{{closure}}::hcf7c055ce117aa81
[INFO] [stdout]                                at /rustc/df4ca44d3fbc9301ee17f30f4d474e6ae4b05252/library/test/src/lib.rs:133:21
[INFO] [stdout]   12:     0x568a3b442088 - <alloc::boxed::Box<F,A> as core::ops::function::Fn<Args>>::call::h1d66c6bbd60c9692
[INFO] [stdout]                                at /rustc/df4ca44d3fbc9301ee17f30f4d474e6ae4b05252/library/alloc/src/boxed.rs:2468:9
[INFO] [stdout]   13:     0x568a3b442088 - std::panicking::rust_panic_with_hook::h2ff17fe8f26dfcf8
[INFO] [stdout]                                at /rustc/df4ca44d3fbc9301ee17f30f4d474e6ae4b05252/library/std/src/panicking.rs:809:13
[INFO] [stdout]   14:     0x568a3b441e16 - std::panicking::begin_panic_handler::{{closure}}::h4fad77951c07e101
[INFO] [stdout]                                at /rustc/df4ca44d3fbc9301ee17f30f4d474e6ae4b05252/library/std/src/panicking.rs:667:13
[INFO] [stdout]   15:     0x568a3b4409d9 - std::sys::backtrace::__rust_end_short_backtrace::hb1a25b3da5d0ea08
[INFO] [stdout]                                at /rustc/df4ca44d3fbc9301ee17f30f4d474e6ae4b05252/library/std/src/sys/backtrace.rs:170:18
[INFO] [stdout]   16:     0x568a3b441adc - rust_begin_unwind
[INFO] [stdout]                                at /rustc/df4ca44d3fbc9301ee17f30f4d474e6ae4b05252/library/std/src/panicking.rs:665:5
[INFO] [stdout]   17:     0x568a3b468d90 - core::panicking::panic_fmt::ha9db07b529f9b256
[INFO] [stdout]                                at /rustc/df4ca44d3fbc9301ee17f30f4d474e6ae4b05252/library/core/src/panicking.rs:75:14
[INFO] [stdout]   18:     0x568a3b468e1c - core::panicking::panic::h993086813d94accc
[INFO] [stdout]                                at /rustc/df4ca44d3fbc9301ee17f30f4d474e6ae4b05252/library/core/src/panicking.rs:152:5
[INFO] [stdout]   19:     0x568a3b468d09 - core::option::unwrap_failed::h7d84639b8a1a5da9
[INFO] [stdout]                                at /rustc/df4ca44d3fbc9301ee17f30f4d474e6ae4b05252/library/core/src/option.rs:2008:5
[INFO] [stdout]   20:     0x568a3afe6aef - core::option::Option<T>::unwrap::ha431ee46ab9aa660
[INFO] [stdout]                                at /rustc/df4ca44d3fbc9301ee17f30f4d474e6ae4b05252/library/core/src/option.rs:971:21
[INFO] [stdout]   21:     0x568a3afe6aef - rust_http::http::test_http::tests::test_static_file_serve::hd67d37360febff0a
[INFO] [stdout]                                at /opt/rustwide/workdir/src/http/test_http.rs:178:17
[INFO] [stdout]   22:     0x568a3afe6827 - rust_http::http::test_http::tests::test_static_file_serve::{{closure}}::h503ae7d86ec46f94
[INFO] [stdout]                                at /opt/rustwide/workdir/src/http/test_http.rs:113:32
[INFO] [stdout]   23:     0x568a3afe1636 - core::ops::function::FnOnce::call_once::hd196852e959ece06
[INFO] [stdout]                                at /rustc/df4ca44d3fbc9301ee17f30f4d474e6ae4b05252/library/core/src/ops/function.rs:250:5
[INFO] [stdout]   24:     0x568a3b3f989b - core::ops::function::FnOnce::call_once::h22c3ba5715e93f05
[INFO] [stdout]                                at /rustc/df4ca44d3fbc9301ee17f30f4d474e6ae4b05252/library/core/src/ops/function.rs:250:5
[INFO] [stdout]   25:     0x568a3b3f989b - test::__rust_begin_short_backtrace::h8e82d8113d0da17f
[INFO] [stdout]                                at /rustc/df4ca44d3fbc9301ee17f30f4d474e6ae4b05252/library/test/src/lib.rs:621:18
[INFO] [stdout]   26:     0x568a3b3f9217 - test::run_test_in_process::{{closure}}::h33235f4f20b7b7c7
[INFO] [stdout]                                at /rustc/df4ca44d3fbc9301ee17f30f4d474e6ae4b05252/library/test/src/lib.rs:644:60
[INFO] [stdout]   27:     0x568a3b3f9217 - <core::panic::unwind_safe::AssertUnwindSafe<F> as core::ops::function::FnOnce<()>>::call_once::hb5043206310c586f
[INFO] [stdout]                                at /rustc/df4ca44d3fbc9301ee17f30f4d474e6ae4b05252/library/core/src/panic/unwind_safe.rs:272:9
[INFO] [stdout]   28:     0x568a3b3f9217 - std::panicking::try::do_call::h9ad4731a60ab23e2
[INFO] [stdout]                                at /rustc/df4ca44d3fbc9301ee17f30f4d474e6ae4b05252/library/std/src/panicking.rs:557:40
[INFO] [stdout]   29:     0x568a3b3f9217 - std::panicking::try::h3824d23db772a716
[INFO] [stdout]                                at /rustc/df4ca44d3fbc9301ee17f30f4d474e6ae4b05252/library/std/src/panicking.rs:520:19
[INFO] [stdout]   30:     0x568a3b3f9217 - std::panic::catch_unwind::h5afd514605fde46b
[INFO] [stdout]                                at /rustc/df4ca44d3fbc9301ee17f30f4d474e6ae4b05252/library/std/src/panic.rs:358:14
[INFO] [stdout]   31:     0x568a3b3f9217 - test::run_test_in_process::h0d5cbfa7067d1720
[INFO] [stdout]                                at /rustc/df4ca44d3fbc9301ee17f30f4d474e6ae4b05252/library/test/src/lib.rs:644:27
[INFO] [stdout]   32:     0x568a3b3f9217 - test::run_test::{{closure}}::h708eb8872708115d
[INFO] [stdout]                                at /rustc/df4ca44d3fbc9301ee17f30f4d474e6ae4b05252/library/test/src/lib.rs:565:43
[INFO] [stdout]   33:     0x568a3b3bc934 - test::run_test::{{closure}}::h392c51cee94713ab
[INFO] [stdout]                                at /rustc/df4ca44d3fbc9301ee17f30f4d474e6ae4b05252/library/test/src/lib.rs:595:41
[INFO] [stdout]   34:     0x568a3b3bc934 - std::sys::backtrace::__rust_begin_short_backtrace::h2f40290710935a8b
[INFO] [stdout]                                at /rustc/df4ca44d3fbc9301ee17f30f4d474e6ae4b05252/library/std/src/sys/backtrace.rs:154:18
[INFO] [stdout]   35:     0x568a3b3c00de - std::thread::Builder::spawn_unchecked_::{{closure}}::{{closure}}::h3fd968d89053a903
[INFO] [stdout]                                at /rustc/df4ca44d3fbc9301ee17f30f4d474e6ae4b05252/library/std/src/thread/mod.rs:541:17
[INFO] [stdout]   36:     0x568a3b3c00de - <core::panic::unwind_safe::AssertUnwindSafe<F> as core::ops::function::FnOnce<()>>::call_once::h743f637ba4229880
[INFO] [stdout]                                at /rustc/df4ca44d3fbc9301ee17f30f4d474e6ae4b05252/library/core/src/panic/unwind_safe.rs:272:9
[INFO] [stdout]   37:     0x568a3b3c00de - std::panicking::try::do_call::h07440897322525a6
[INFO] [stdout]                                at /rustc/df4ca44d3fbc9301ee17f30f4d474e6ae4b05252/library/std/src/panicking.rs:557:40
[INFO] [stdout]   38:     0x568a3b3c00de - std::panicking::try::he5a2e00188156637
[INFO] [stdout]                                at /rustc/df4ca44d3fbc9301ee17f30f4d474e6ae4b05252/library/std/src/panicking.rs:520:19
[INFO] [stdout]   39:     0x568a3b3c00de - std::panic::catch_unwind::hbaf3cae49b3c6433
[INFO] [stdout]                                at /rustc/df4ca44d3fbc9301ee17f30f4d474e6ae4b05252/library/std/src/panic.rs:358:14
[INFO] [stdout]   40:     0x568a3b3c00de - std::thread::Builder::spawn_unchecked_::{{closure}}::h8e141ea224820bce
[INFO] [stdout]                                at /rustc/df4ca44d3fbc9301ee17f30f4d474e6ae4b05252/library/std/src/thread/mod.rs:540:30
[INFO] [stdout]   41:     0x568a3b3c00de - core::ops::function::FnOnce::call_once{{vtable.shim}}::h90d312fedd7b8ea8
[INFO] [stdout]                                at /rustc/df4ca44d3fbc9301ee17f30f4d474e6ae4b05252/library/core/src/ops/function.rs:250:5
[INFO] [stdout]   42:     0x568a3b4462bb - <alloc::boxed::Box<F,A> as core::ops::function::FnOnce<Args>>::call_once::h69aa08ddb6adb8b6
[INFO] [stdout]                                at /rustc/df4ca44d3fbc9301ee17f30f4d474e6ae4b05252/library/alloc/src/boxed.rs:2454:9
[INFO] [stdout]   43:     0x568a3b4462bb - <alloc::boxed::Box<F,A> as core::ops::function::FnOnce<Args>>::call_once::h5aa36efdb79c806f
[INFO] [stdout]                                at /rustc/df4ca44d3fbc9301ee17f30f4d474e6ae4b05252/library/alloc/src/boxed.rs:2454:9
[INFO] [stdout]   44:     0x568a3b4462bb - std::sys::pal::unix::thread::Thread::new::thread_start::h6cd80a1b4be5158d
[INFO] [stdout]                                at /rustc/df4ca44d3fbc9301ee17f30f4d474e6ae4b05252/library/std/src/sys/pal/unix/thread.rs:105:17
[INFO] [stdout]   45:     0x7de3a7135ac3 - <unknown>
[INFO] [stdout]   46:     0x7de3a71c6a04 - clone
[INFO] [stdout]   47:                0x0 - <unknown>
[INFO] [stdout] 
[INFO] [stdout] 
[INFO] [stdout] failures:
[INFO] [stdout]     http::test_http::tests::test_static_file_serve
[INFO] [stdout] 
[INFO] [stdout] test result: FAILED. 1 passed; 1 failed; 0 ignored; 0 measured; 0 filtered out; finished in 0.08s
[INFO] [stdout] 
[INFO] [stderr] error: test failed, to rerun pass `--bin rust-http`
[INFO] running `Command { std: "docker" "inspect" "376f969f9637e878b2fc4e4a1fd627511a854d0cbd9151ef7a47fb824978f2a3", kill_on_drop: false }`
[INFO] running `Command { std: "docker" "rm" "-f" "376f969f9637e878b2fc4e4a1fd627511a854d0cbd9151ef7a47fb824978f2a3", kill_on_drop: false }`
[INFO] [stdout] 376f969f9637e878b2fc4e4a1fd627511a854d0cbd9151ef7a47fb824978f2a3
