[INFO] fetching crate woah 0.4.5...
[INFO] testing woah-0.4.5 against nightly-2024-10-28 for randomize-layout
[INFO] extracting crate woah 0.4.5 into /workspace/builds/worker-5-tc1/source
[INFO] validating manifest of crates.io crate woah 0.4.5 on toolchain nightly-2024-10-28
[INFO] running `Command { std: CARGO_HOME="/workspace/cargo-home" RUSTUP_HOME="/workspace/rustup-home" "/workspace/cargo-home/bin/cargo" "+nightly-2024-10-28" "metadata" "--manifest-path" "Cargo.toml" "--no-deps", kill_on_drop: false }`
[INFO] started tweaking crates.io crate woah 0.4.5
[INFO] finished tweaking crates.io crate woah 0.4.5
[INFO] tweaked toml for crates.io crate woah 0.4.5 written to /workspace/builds/worker-5-tc1/source/Cargo.toml
[INFO] crate crates.io crate woah 0.4.5 already has a lockfile, it will not be regenerated
[INFO] running `Command { std: CARGO_HOME="/workspace/cargo-home" RUSTUP_HOME="/workspace/rustup-home" "/workspace/cargo-home/bin/cargo" "+nightly-2024-10-28" "fetch" "--manifest-path" "Cargo.toml", kill_on_drop: false }`
[INFO] running `Command { std: "docker" "create" "-v" "/var/lib/crater-agent-workspace/builds/worker-5-tc1/target:/opt/rustwide/target:rw,Z" "-v" "/var/lib/crater-agent-workspace/builds/worker-5-tc1/source:/opt/rustwide/workdir:ro,Z" "-v" "/var/lib/crater-agent-workspace/cargo-home:/opt/rustwide/cargo-home:ro,Z" "-v" "/var/lib/crater-agent-workspace/rustup-home:/opt/rustwide/rustup-home:ro,Z" "-e" "SOURCE_DIR=/opt/rustwide/workdir" "-e" "CARGO_TARGET_DIR=/opt/rustwide/target" "-e" "CARGO_HOME=/opt/rustwide/cargo-home" "-e" "RUSTUP_HOME=/opt/rustwide/rustup-home" "-w" "/opt/rustwide/workdir" "-m" "1610612736" "--user" "0:0" "--network" "none" "ghcr.io/rust-lang/crates-build-env/linux@sha256:4a844ea9eb2546a2d2c7022eacef16ef2e8229c7fbb2c7d4d55a9ceca922f72d" "/opt/rustwide/cargo-home/bin/cargo" "+nightly-2024-10-28" "metadata" "--no-deps" "--format-version=1", kill_on_drop: false }`
[INFO] [stdout] 3f09e9d83247a74c10b7b1dc452884bfb3e74a282a0c7c0b1089280338067dfe
[INFO] running `Command { std: "docker" "start" "-a" "3f09e9d83247a74c10b7b1dc452884bfb3e74a282a0c7c0b1089280338067dfe", kill_on_drop: false }`
[INFO] running `Command { std: "docker" "inspect" "3f09e9d83247a74c10b7b1dc452884bfb3e74a282a0c7c0b1089280338067dfe", kill_on_drop: false }`
[INFO] running `Command { std: "docker" "rm" "-f" "3f09e9d83247a74c10b7b1dc452884bfb3e74a282a0c7c0b1089280338067dfe", kill_on_drop: false }`
[INFO] [stdout] 3f09e9d83247a74c10b7b1dc452884bfb3e74a282a0c7c0b1089280338067dfe
[INFO] running `Command { std: "docker" "create" "-v" "/var/lib/crater-agent-workspace/builds/worker-5-tc1/target:/opt/rustwide/target:rw,Z" "-v" "/var/lib/crater-agent-workspace/builds/worker-5-tc1/source:/opt/rustwide/workdir:ro,Z" "-v" "/var/lib/crater-agent-workspace/cargo-home:/opt/rustwide/cargo-home:ro,Z" "-v" "/var/lib/crater-agent-workspace/rustup-home:/opt/rustwide/rustup-home:ro,Z" "-e" "SOURCE_DIR=/opt/rustwide/workdir" "-e" "CARGO_TARGET_DIR=/opt/rustwide/target" "-e" "CARGO_INCREMENTAL=0" "-e" "RUST_BACKTRACE=full" "-e" "RUSTFLAGS=--cap-lints=forbid" "-e" "RUSTDOCFLAGS=--cap-lints=forbid" "-e" "CARGO_HOME=/opt/rustwide/cargo-home" "-e" "RUSTUP_HOME=/opt/rustwide/rustup-home" "-w" "/opt/rustwide/workdir" "-m" "1610612736" "--user" "0:0" "--network" "none" "ghcr.io/rust-lang/crates-build-env/linux@sha256:4a844ea9eb2546a2d2c7022eacef16ef2e8229c7fbb2c7d4d55a9ceca922f72d" "/opt/rustwide/cargo-home/bin/cargo" "+nightly-2024-10-28" "build" "--frozen" "--message-format=json", kill_on_drop: false }`
[INFO] [stdout] 0bbf70e95f781e63a68e597e4ff9cfbefba1f5b7e6b5c8430edafce8d60d312a
[INFO] running `Command { std: "docker" "start" "-a" "0bbf70e95f781e63a68e597e4ff9cfbefba1f5b7e6b5c8430edafce8d60d312a", kill_on_drop: false }`
[INFO] [stderr]    Compiling either v1.6.1
[INFO] [stderr]    Compiling woah v0.4.5 (/opt/rustwide/workdir)
[INFO] [stdout] warning: `try` blocks are unstable
[INFO] [stdout]     --> src/lib.rs:2142:36
[INFO] [stdout]      |
[INFO] [stdout] 2142 |                 ControlFlow::Break(try { acc })
[INFO] [stdout]      |                                    ^^^^^^^^^^^
[INFO] [stdout]      |
[INFO] [stdout]      = note: see issue #31436 <https://github.com/rust-lang/rust/issues/31436> for more information
[INFO] [stdout]      = help: add `#![feature(try_blocks)]` to the crate attributes to enable
[INFO] [stdout]      = note: this compiler was built on 2024-10-27; consider upgrading it if it is out of date
[INFO] [stdout]      = warning: unstable syntax can change at any point in the future, causing a hard error!
[INFO] [stdout]      = note: for more information, see issue #65860 <https://github.com/rust-lang/rust/issues/65860>
[INFO] [stdout] 
[INFO] [stdout] 
[INFO] [stderr]     Finished `dev` profile [unoptimized + debuginfo] target(s) in 0.39s
[INFO] [stdout] warning: `try` blocks are unstable
[INFO] [stdout]     --> src/lib.rs:2146:36
[INFO] [stdout]      |
[INFO] [stdout] 2146 |                 ControlFlow::Break(try { acc })
[INFO] [stdout]      |                                    ^^^^^^^^^^^
[INFO] [stdout]      |
[INFO] [stdout]      = note: see issue #31436 <https://github.com/rust-lang/rust/issues/31436> for more information
[INFO] [stdout]      = help: add `#![feature(try_blocks)]` to the crate attributes to enable
[INFO] [stdout]      = note: this compiler was built on 2024-10-27; consider upgrading it if it is out of date
[INFO] [stdout]      = warning: unstable syntax can change at any point in the future, causing a hard error!
[INFO] [stdout]      = note: for more information, see issue #65860 <https://github.com/rust-lang/rust/issues/65860>
[INFO] [stdout] 
[INFO] [stdout] 
[INFO] running `Command { std: "docker" "inspect" "0bbf70e95f781e63a68e597e4ff9cfbefba1f5b7e6b5c8430edafce8d60d312a", kill_on_drop: false }`
[INFO] running `Command { std: "docker" "rm" "-f" "0bbf70e95f781e63a68e597e4ff9cfbefba1f5b7e6b5c8430edafce8d60d312a", kill_on_drop: false }`
[INFO] [stdout] 0bbf70e95f781e63a68e597e4ff9cfbefba1f5b7e6b5c8430edafce8d60d312a
[INFO] running `Command { std: "docker" "create" "-v" "/var/lib/crater-agent-workspace/builds/worker-5-tc1/target:/opt/rustwide/target:rw,Z" "-v" "/var/lib/crater-agent-workspace/builds/worker-5-tc1/source:/opt/rustwide/workdir:ro,Z" "-v" "/var/lib/crater-agent-workspace/cargo-home:/opt/rustwide/cargo-home:ro,Z" "-v" "/var/lib/crater-agent-workspace/rustup-home:/opt/rustwide/rustup-home:ro,Z" "-e" "SOURCE_DIR=/opt/rustwide/workdir" "-e" "CARGO_TARGET_DIR=/opt/rustwide/target" "-e" "CARGO_INCREMENTAL=0" "-e" "RUST_BACKTRACE=full" "-e" "RUSTFLAGS=--cap-lints=forbid" "-e" "RUSTDOCFLAGS=--cap-lints=forbid" "-e" "CARGO_HOME=/opt/rustwide/cargo-home" "-e" "RUSTUP_HOME=/opt/rustwide/rustup-home" "-w" "/opt/rustwide/workdir" "-m" "1610612736" "--user" "0:0" "--network" "none" "ghcr.io/rust-lang/crates-build-env/linux@sha256:4a844ea9eb2546a2d2c7022eacef16ef2e8229c7fbb2c7d4d55a9ceca922f72d" "/opt/rustwide/cargo-home/bin/cargo" "+nightly-2024-10-28" "test" "--frozen" "--no-run" "--message-format=json", kill_on_drop: false }`
[INFO] [stdout] 312d86baba30f33f102133fdddc0633ab99bcba4fdab262df52c049526232b59
[INFO] running `Command { std: "docker" "start" "-a" "312d86baba30f33f102133fdddc0633ab99bcba4fdab262df52c049526232b59", kill_on_drop: false }`
[INFO] [stderr]    Compiling libc v0.2.126
[INFO] [stderr]    Compiling cfg-if v1.0.0
[INFO] [stderr]    Compiling ppv-lite86 v0.2.16
[INFO] [stdout] warning: `try` blocks are unstable
[INFO] [stdout]     --> src/lib.rs:2142:36
[INFO] [stdout]      |
[INFO] [stdout] 2142 |                 ControlFlow::Break(try { acc })
[INFO] [stdout]      |                                    ^^^^^^^^^^^
[INFO] [stdout]      |
[INFO] [stdout]      = note: see issue #31436 <https://github.com/rust-lang/rust/issues/31436> for more information
[INFO] [stdout]      = help: add `#![feature(try_blocks)]` to the crate attributes to enable
[INFO] [stdout]      = note: this compiler was built on 2024-10-27; consider upgrading it if it is out of date
[INFO] [stdout]      = warning: unstable syntax can change at any point in the future, causing a hard error!
[INFO] [stdout]      = note: for more information, see issue #65860 <https://github.com/rust-lang/rust/issues/65860>
[INFO] [stdout] 
[INFO] [stdout] 
[INFO] [stdout] warning: `try` blocks are unstable
[INFO] [stdout]     --> src/lib.rs:2146:36
[INFO] [stdout]      |
[INFO] [stdout] 2146 |                 ControlFlow::Break(try { acc })
[INFO] [stdout]      |                                    ^^^^^^^^^^^
[INFO] [stdout]      |
[INFO] [stdout]      = note: see issue #31436 <https://github.com/rust-lang/rust/issues/31436> for more information
[INFO] [stdout]      = help: add `#![feature(try_blocks)]` to the crate attributes to enable
[INFO] [stdout]      = note: this compiler was built on 2024-10-27; consider upgrading it if it is out of date
[INFO] [stdout]      = warning: unstable syntax can change at any point in the future, causing a hard error!
[INFO] [stdout]      = note: for more information, see issue #65860 <https://github.com/rust-lang/rust/issues/65860>
[INFO] [stdout] 
[INFO] [stdout] 
[INFO] [stderr]    Compiling getrandom v0.2.6
[INFO] [stderr]    Compiling rand_core v0.6.3
[INFO] [stderr]    Compiling rand_chacha v0.3.1
[INFO] [stderr]    Compiling rand v0.8.5
[INFO] [stderr]    Compiling woah v0.4.5 (/opt/rustwide/workdir)
[INFO] [stdout] error[E0277]: the `?` operator can only be applied to values that implement `Try`
[INFO] [stdout]   --> examples/basic.rs:23:11
[INFO] [stdout]    |
[INFO] [stdout] 23 |     match do_http_request()? {
[INFO] [stdout]    |           ^^^^^^^^^^^^^^^^^^ the `?` operator cannot be applied to type `woah::Result<String, LocalError, FatalError>`
[INFO] [stdout]    |
[INFO] [stdout]    = help: the trait `Try` is not implemented for `woah::Result<String, LocalError, FatalError>`
[INFO] [stdout] 
[INFO] [stdout] 
[INFO] [stdout] error[E0277]: the `?` operator can only be used in a function that returns `Result` or `Option` (or another type that implements `FromResidual`)
[INFO] [stdout]   --> examples/basic.rs:23:28
[INFO] [stdout]    |
[INFO] [stdout] 22 | fn get_data() -> RequestResult<String> {
[INFO] [stdout]    | -------------------------------------- this function should return `Result` or `Option` to accept `?`
[INFO] [stdout] 23 |     match do_http_request()? {
[INFO] [stdout]    |                            ^ cannot use the `?` operator in a function that returns `woah::Result<String, LocalError, FatalError>`
[INFO] [stdout]    |
[INFO] [stdout]    = help: the trait `FromResidual<_>` is not implemented for `woah::Result<String, LocalError, FatalError>`
[INFO] [stdout] 
[INFO] [stdout] 
[INFO] [stdout] error[E0277]: the `?` operator can only be applied to values that implement `Try`
[INFO] [stdout]   --> examples/std_result_interop.rs:30:13
[INFO] [stdout]    |
[INFO] [stdout] 30 |     let _ = returns_woah_result()?;
[INFO] [stdout]    |             ^^^^^^^^^^^^^^^^^^^^^^ the `?` operator cannot be applied to type `woah::Result<(), LocalError, FatalError>`
[INFO] [stdout]    |
[INFO] [stdout]    = help: the trait `Try` is not implemented for `woah::Result<(), LocalError, FatalError>`
[INFO] [stdout] 
[INFO] [stdout] 
[INFO] [stdout] error[E0277]: the `?` operator can only be used in a function that returns `Result` or `Option` (or another type that implements `FromResidual`)
[INFO] [stdout]   --> examples/std_result_interop.rs:36:33
[INFO] [stdout]    |
[INFO] [stdout] 35 | fn std_to_woah() -> Result<(), LocalError, FatalError> {
[INFO] [stdout]    | ------------------------------------------------------ this function should return `Result` or `Option` to accept `?`
[INFO] [stdout] 36 |     let _ = returns_std_result()?;
[INFO] [stdout]    |                                 ^ cannot use the `?` operator in a function that returns `woah::Result<(), LocalError, FatalError>`
[INFO] [stdout]    |
[INFO] [stdout]    = help: the trait `FromResidual<StdResult<Infallible, FatalError>>` is not implemented for `woah::Result<(), LocalError, FatalError>`
[INFO] [stdout] 
[INFO] [stdout] 
[INFO] [stdout] For more information about this error, try `rustc --explain E0277`.
[INFO] [stdout] 
[INFO] [stdout] For more information about this error, try `rustc --explain E0277`.
[INFO] [stdout] 
[INFO] [stderr] error: could not compile `woah` (example "basic") due to 2 previous errors
[INFO] [stderr] warning: build failed, waiting for other jobs to finish...
[INFO] [stderr] error: could not compile `woah` (example "std_result_interop") due to 2 previous errors
[INFO] [stdout] error: linking with `cc` failed: exit status: 1
[INFO] [stdout]   |
[INFO] [stdout]   = note: LC_ALL="C" PATH="/opt/rustwide/rustup-home/toolchains/nightly-2024-10-28-x86_64-unknown-linux-gnu/lib/rustlib/x86_64-unknown-linux-gnu/bin:/opt/rustwide/rustup-home/toolchains/nightly-2024-10-28-x86_64-unknown-linux-gnu/lib/rustlib/x86_64-unknown-linux-gnu/bin/self-contained:/opt/rustwide/cargo-home/bin:/usr/local/sbin:/usr/local/bin:/usr/sbin:/usr/bin:/sbin:/bin" VSLANG="1033" "cc" "-m64" "/tmp/rustczDv7Ya/symbols.o" "/opt/rustwide/target/debug/deps/woah-3e6cad10642f8956.woah.22f54695410eea8d-cgu.0.rcgu.o" "/opt/rustwide/target/debug/deps/woah-3e6cad10642f8956.8v23mw0s9tai2bnaei3kro6kl.rcgu.o" "-Wl,--as-needed" "-Wl,-Bstatic" "/opt/rustwide/rustup-home/toolchains/nightly-2024-10-28-x86_64-unknown-linux-gnu/lib/rustlib/x86_64-unknown-linux-gnu/lib/libtest-a09fad3b5321e7d6.rlib" "/opt/rustwide/rustup-home/toolchains/nightly-2024-10-28-x86_64-unknown-linux-gnu/lib/rustlib/x86_64-unknown-linux-gnu/lib/libgetopts-f9c3dff41ad42661.rlib" "/opt/rustwide/rustup-home/toolchains/nightly-2024-10-28-x86_64-unknown-linux-gnu/lib/rustlib/x86_64-unknown-linux-gnu/lib/libunicode_width-ad2aef31af6addd3.rlib" "/opt/rustwide/rustup-home/toolchains/nightly-2024-10-28-x86_64-unknown-linux-gnu/lib/rustlib/x86_64-unknown-linux-gnu/lib/librustc_std_workspace_std-e3f907dc03deb913.rlib" "/opt/rustwide/target/debug/deps/libeither-905e6089d82ae911.rlib" "/opt/rustwide/rustup-home/toolchains/nightly-2024-10-28-x86_64-unknown-linux-gnu/lib/rustlib/x86_64-unknown-linux-gnu/lib/libstd-fb8c387236db3c10.rlib" "/opt/rustwide/rustup-home/toolchains/nightly-2024-10-28-x86_64-unknown-linux-gnu/lib/rustlib/x86_64-unknown-linux-gnu/lib/libpanic_unwind-b251837809b2f64b.rlib" "/opt/rustwide/rustup-home/toolchains/nightly-2024-10-28-x86_64-unknown-linux-gnu/lib/rustlib/x86_64-unknown-linux-gnu/lib/libobject-cbef83eaa4e01f04.rlib" "/opt/rustwide/rustup-home/toolchains/nightly-2024-10-28-x86_64-unknown-linux-gnu/lib/rustlib/x86_64-unknown-linux-gnu/lib/libmemchr-12a772286de2fca7.rlib" "/opt/rustwide/rustup-home/toolchains/nightly-2024-10-28-x86_64-unknown-linux-gnu/lib/rustlib/x86_64-unknown-linux-gnu/lib/libaddr2line-023bbe5ada7abfc3.rlib" "/opt/rustwide/rustup-home/toolchains/nightly-2024-10-28-x86_64-unknown-linux-gnu/lib/rustlib/x86_64-unknown-linux-gnu/lib/libgimli-de2bcdf10ec69c2b.rlib" "/opt/rustwide/rustup-home/toolchains/nightly-2024-10-28-x86_64-unknown-linux-gnu/lib/rustlib/x86_64-unknown-linux-gnu/lib/librustc_demangle-8e1754df350800fd.rlib" "/opt/rustwide/rustup-home/toolchains/nightly-2024-10-28-x86_64-unknown-linux-gnu/lib/rustlib/x86_64-unknown-linux-gnu/lib/libstd_detect-06c2ab7b9c32e037.rlib" "/opt/rustwide/rustup-home/toolchains/nightly-2024-10-28-x86_64-unknown-linux-gnu/lib/rustlib/x86_64-unknown-linux-gnu/lib/libhashbrown-51d2621fc57a281b.rlib" "/opt/rustwide/rustup-home/toolchains/nightly-2024-10-28-x86_64-unknown-linux-gnu/lib/rustlib/x86_64-unknown-linux-gnu/lib/librustc_std_workspace_alloc-54a930408793772f.rlib" "/opt/rustwide/rustup-home/toolchains/nightly-2024-10-28-x86_64-unknown-linux-gnu/lib/rustlib/x86_64-unknown-linux-gnu/lib/libminiz_oxide-0c7d01cba400dcb2.rlib" "/opt/rustwide/rustup-home/toolchains/nightly-2024-10-28-x86_64-unknown-linux-gnu/lib/rustlib/x86_64-unknown-linux-gnu/lib/libadler-b9f84d69e331b75b.rlib" "/opt/rustwide/rustup-home/toolchains/nightly-2024-10-28-x86_64-unknown-linux-gnu/lib/rustlib/x86_64-unknown-linux-gnu/lib/libunwind-eec95493246aae39.rlib" "/opt/rustwide/rustup-home/toolchains/nightly-2024-10-28-x86_64-unknown-linux-gnu/lib/rustlib/x86_64-unknown-linux-gnu/lib/libcfg_if-6f6676c475e08ab0.rlib" "/opt/rustwide/rustup-home/toolchains/nightly-2024-10-28-x86_64-unknown-linux-gnu/lib/rustlib/x86_64-unknown-linux-gnu/lib/liblibc-799d520624f8b2e0.rlib" "/opt/rustwide/rustup-home/toolchains/nightly-2024-10-28-x86_64-unknown-linux-gnu/lib/rustlib/x86_64-unknown-linux-gnu/lib/liballoc-fcf93d4842acd9a9.rlib" "/opt/rustwide/rustup-home/toolchains/nightly-2024-10-28-x86_64-unknown-linux-gnu/lib/rustlib/x86_64-unknown-linux-gnu/lib/librustc_std_workspace_core-395a38b8e0851c9b.rlib" "/opt/rustwide/rustup-home/toolchains/nightly-2024-10-28-x86_64-unknown-linux-gnu/lib/rustlib/x86_64-unknown-linux-gnu/lib/libcore-d453bab70303062c.rlib" "/opt/rustwide/rustup-home/toolchains/nightly-2024-10-28-x86_64-unknown-linux-gnu/lib/rustlib/x86_64-unknown-linux-gnu/lib/libcompiler_builtins-0e6386368b0a24e8.rlib" "-Wl,-Bdynamic" "-lgcc_s" "-lutil" "-lrt" "-lpthread" "-lm" "-ldl" "-lc" "-B/opt/rustwide/rustup-home/toolchains/nightly-2024-10-28-x86_64-unknown-linux-gnu/lib/rustlib/x86_64-unknown-linux-gnu/bin/gcc-ld" "-fuse-ld=lld" "-Wl,--eh-frame-hdr" "-Wl,-z,noexecstack" "-L" "/opt/rustwide/rustup-home/toolchains/nightly-2024-10-28-x86_64-unknown-linux-gnu/lib/rustlib/x86_64-unknown-linux-gnu/lib" "-o" "/opt/rustwide/target/debug/deps/woah-3e6cad10642f8956" "-Wl,--gc-sections" "-pie" "-Wl,-z,relro,-z,now" "-nodefaultlibs"
[INFO] [stdout]   = note: PLEASE submit a bug report to https://github.com/llvm/llvm-project/issues/ and include the crash backtrace.
[INFO] [stdout]           collect2: fatal error: ld terminated with signal 7 [Bus error], core dumped
[INFO] [stdout]           compilation terminated.
[INFO] [stdout]           
[INFO] [stdout] 
[INFO] [stdout] 
[INFO] [stderr] error: could not compile `woah` (lib test) due to 1 previous error
[INFO] running `Command { std: "docker" "inspect" "312d86baba30f33f102133fdddc0633ab99bcba4fdab262df52c049526232b59", kill_on_drop: false }`
[INFO] running `Command { std: "docker" "rm" "-f" "312d86baba30f33f102133fdddc0633ab99bcba4fdab262df52c049526232b59", kill_on_drop: false }`
[INFO] [stdout] 312d86baba30f33f102133fdddc0633ab99bcba4fdab262df52c049526232b59
