[INFO] cloning repository https://github.com/foreverbell/xv6fs
[INFO] running `Command { std: "git" "-c" "credential.helper=" "-c" "credential.helper=/workspace/cargo-home/bin/git-credential-null" "clone" "--bare" "https://github.com/foreverbell/xv6fs" "/workspace/cache/git-repos/https%3A%2F%2Fgithub.com%2Fforeverbell%2Fxv6fs", kill_on_drop: false }`
[INFO] [stderr] Cloning into bare repository '/workspace/cache/git-repos/https%3A%2F%2Fgithub.com%2Fforeverbell%2Fxv6fs'...
[INFO] running `Command { std: "git" "rev-parse" "HEAD", kill_on_drop: false }`
[INFO] [stdout] 6949df5e3c794031f71d52b2b2b711d687b3ec52
[INFO] testing foreverbell/xv6fs/6949df5e3c794031f71d52b2b2b711d687b3ec52 against nightly-2024-10-28 for randomize-layout
[INFO] running `Command { std: "git" "clone" "/workspace/cache/git-repos/https%3A%2F%2Fgithub.com%2Fforeverbell%2Fxv6fs" "/workspace/builds/worker-4-tc1/source", kill_on_drop: false }`
[INFO] [stderr] Cloning into '/workspace/builds/worker-4-tc1/source'...
[INFO] [stderr] done.
[INFO] validating manifest of git repo https://github.com/foreverbell/xv6fs on toolchain nightly-2024-10-28
[INFO] running `Command { std: CARGO_HOME="/workspace/cargo-home" RUSTUP_HOME="/workspace/rustup-home" "/workspace/cargo-home/bin/cargo" "+nightly-2024-10-28" "metadata" "--manifest-path" "Cargo.toml" "--no-deps", kill_on_drop: false }`
[INFO] started tweaking git repo https://github.com/foreverbell/xv6fs
[INFO] finished tweaking git repo https://github.com/foreverbell/xv6fs
[INFO] tweaked toml for git repo https://github.com/foreverbell/xv6fs written to /workspace/builds/worker-4-tc1/source/Cargo.toml
[INFO] crate git repo https://github.com/foreverbell/xv6fs already has a lockfile, it will not be regenerated
[INFO] running `Command { std: CARGO_HOME="/workspace/cargo-home" RUSTUP_HOME="/workspace/rustup-home" "/workspace/cargo-home/bin/cargo" "+nightly-2024-10-28" "fetch" "--manifest-path" "Cargo.toml", kill_on_drop: false }`
[INFO] [stderr] warning: no edition set: defaulting to the 2015 edition while the latest is 2021
[INFO] [stderr]     Updating crates.io index
[INFO] [stderr]  Downloading crates ...
[INFO] [stderr]   Downloaded fuse v0.3.1
[INFO] [stderr]   Downloaded regex v1.0.0
[INFO] [stderr]   Downloaded regex-syntax v0.6.0
[INFO] running `Command { std: "docker" "create" "-v" "/var/lib/crater-agent-workspace/builds/worker-4-tc1/target:/opt/rustwide/target:rw,Z" "-v" "/var/lib/crater-agent-workspace/builds/worker-4-tc1/source:/opt/rustwide/workdir:ro,Z" "-v" "/var/lib/crater-agent-workspace/cargo-home:/opt/rustwide/cargo-home:ro,Z" "-v" "/var/lib/crater-agent-workspace/rustup-home:/opt/rustwide/rustup-home:ro,Z" "-e" "SOURCE_DIR=/opt/rustwide/workdir" "-e" "CARGO_TARGET_DIR=/opt/rustwide/target" "-e" "CARGO_HOME=/opt/rustwide/cargo-home" "-e" "RUSTUP_HOME=/opt/rustwide/rustup-home" "-w" "/opt/rustwide/workdir" "-m" "1610612736" "--user" "0:0" "--network" "none" "ghcr.io/rust-lang/crates-build-env/linux@sha256:4a844ea9eb2546a2d2c7022eacef16ef2e8229c7fbb2c7d4d55a9ceca922f72d" "/opt/rustwide/cargo-home/bin/cargo" "+nightly-2024-10-28" "metadata" "--no-deps" "--format-version=1", kill_on_drop: false }`
[INFO] [stdout] 47d7f67fbe8a807c51d75ee8966b798d0692de72bb09b40cab6ec1f4f7792a7f
[INFO] running `Command { std: "docker" "start" "-a" "47d7f67fbe8a807c51d75ee8966b798d0692de72bb09b40cab6ec1f4f7792a7f", kill_on_drop: false }`
[INFO] running `Command { std: "docker" "inspect" "47d7f67fbe8a807c51d75ee8966b798d0692de72bb09b40cab6ec1f4f7792a7f", kill_on_drop: false }`
[INFO] running `Command { std: "docker" "rm" "-f" "47d7f67fbe8a807c51d75ee8966b798d0692de72bb09b40cab6ec1f4f7792a7f", kill_on_drop: false }`
[INFO] [stdout] 47d7f67fbe8a807c51d75ee8966b798d0692de72bb09b40cab6ec1f4f7792a7f
[INFO] running `Command { std: "docker" "create" "-v" "/var/lib/crater-agent-workspace/builds/worker-4-tc1/target:/opt/rustwide/target:rw,Z" "-v" "/var/lib/crater-agent-workspace/builds/worker-4-tc1/source:/opt/rustwide/workdir:ro,Z" "-v" "/var/lib/crater-agent-workspace/cargo-home:/opt/rustwide/cargo-home:ro,Z" "-v" "/var/lib/crater-agent-workspace/rustup-home:/opt/rustwide/rustup-home:ro,Z" "-e" "SOURCE_DIR=/opt/rustwide/workdir" "-e" "CARGO_TARGET_DIR=/opt/rustwide/target" "-e" "CARGO_INCREMENTAL=0" "-e" "RUST_BACKTRACE=full" "-e" "RUSTFLAGS=--cap-lints=forbid" "-e" "RUSTDOCFLAGS=--cap-lints=forbid" "-e" "CARGO_HOME=/opt/rustwide/cargo-home" "-e" "RUSTUP_HOME=/opt/rustwide/rustup-home" "-w" "/opt/rustwide/workdir" "-m" "1610612736" "--user" "0:0" "--network" "none" "ghcr.io/rust-lang/crates-build-env/linux@sha256:4a844ea9eb2546a2d2c7022eacef16ef2e8229c7fbb2c7d4d55a9ceca922f72d" "/opt/rustwide/cargo-home/bin/cargo" "+nightly-2024-10-28" "build" "--frozen" "--message-format=json", kill_on_drop: false }`
[INFO] [stdout] 10bfe56f3150388473ef7d0b9f2dd3b0563e69c739b56fa73e5359b47fd44c93
[INFO] running `Command { std: "docker" "start" "-a" "10bfe56f3150388473ef7d0b9f2dd3b0563e69c739b56fa73e5359b47fd44c93", kill_on_drop: false }`
[INFO] [stderr] warning: no edition set: defaulting to the 2015 edition while the latest is 2021
[INFO] [stderr]    Compiling libc v0.2.40
[INFO] [stderr]    Compiling void v1.0.2
[INFO] [stderr]    Compiling cfg-if v0.1.3
[INFO] [stderr]    Compiling pkg-config v0.3.11
[INFO] [stderr]    Compiling regex v1.0.0
[INFO] [stderr]    Compiling ucd-util v0.1.1
[INFO] [stderr]    Compiling lazy_static v1.0.0
[INFO] [stderr]    Compiling utf8-ranges v1.0.0
[INFO] [stderr]    Compiling unreachable v1.0.0
[INFO] [stderr]    Compiling log v0.4.1
[INFO] [stderr]    Compiling quick-error v1.2.1
[INFO] [stderr]    Compiling regex-syntax v0.6.0
[INFO] [stderr]    Compiling thread_local v0.3.5
[INFO] [stderr]    Compiling humantime v1.1.1
[INFO] [stderr]    Compiling thread-scoped v1.0.2
[INFO] [stderr]    Compiling log v0.3.9
[INFO] [stderr]    Compiling termcolor v0.3.6
[INFO] [stderr]    Compiling bitflags v1.0.3
[INFO] [stderr]    Compiling fuse v0.3.1
[INFO] [stderr]    Compiling memchr v2.0.1
[INFO] [stderr]    Compiling time v0.1.40
[INFO] [stderr]    Compiling atty v0.2.10
[INFO] [stderr]    Compiling num_cpus v1.8.0
[INFO] [stderr]    Compiling aho-corasick v0.6.4
[INFO] [stderr]    Compiling threadpool v1.7.1
[INFO] [stderr]    Compiling env_logger v0.5.10
[INFO] [stderr]    Compiling xv6fs v0.1.0 (/opt/rustwide/workdir)
[INFO] [stdout] warning: the feature `specialization` is incomplete and may not be safe to use and/or cause compiler crashes
[INFO] [stdout]  --> src/lib.rs:1:12
[INFO] [stdout]   |
[INFO] [stdout] 1 | #![feature(specialization)]
[INFO] [stdout]   |            ^^^^^^^^^^^^^^
[INFO] [stdout]   |
[INFO] [stdout]   = note: see issue #31844 <https://github.com/rust-lang/rust/issues/31844> for more information
[INFO] [stdout]   = help: consider using `min_specialization` instead, which is more stable and complete
[INFO] [stdout]   = note: `#[warn(incomplete_features)]` on by default
[INFO] [stdout] 
[INFO] [stdout] 
[INFO] [stdout] warning: use of deprecated macro `try`: use the `?` operator instead
[INFO] [stdout]   --> src/buffer.rs:7:1
[INFO] [stdout]    |
[INFO] [stdout] 7  | / bitflags! {
[INFO] [stdout] 8  | |   struct BufFlags: u32 {
[INFO] [stdout] 9  | |     const VALID = 0b01;
[INFO] [stdout] 10 | |     const DIRTY = 0b10;
[INFO] [stdout] 11 | |   }
[INFO] [stdout] 12 | | }
[INFO] [stdout]    | |_^
[INFO] [stdout]    |
[INFO] [stdout]    = note: `#[warn(deprecated)]` on by default
[INFO] [stdout]    = note: this warning originates in the macro `__impl_bitflags` which comes from the expansion of the macro `bitflags` (in Nightly builds, run with -Z macro-backtrace for more info)
[INFO] [stdout] 
[INFO] [stdout] 
[INFO] [stdout] warning: use of deprecated macro `try`: use the `?` operator instead
[INFO] [stdout]   --> src/buffer.rs:7:1
[INFO] [stdout]    |
[INFO] [stdout] 7  | / bitflags! {
[INFO] [stdout] 8  | |   struct BufFlags: u32 {
[INFO] [stdout] 9  | |     const VALID = 0b01;
[INFO] [stdout] 10 | |     const DIRTY = 0b10;
[INFO] [stdout] 11 | |   }
[INFO] [stdout] 12 | | }
[INFO] [stdout]    | |_^
[INFO] [stdout]    |
[INFO] [stdout]    = note: this warning originates in the macro `__impl_bitflags` which comes from the expansion of the macro `bitflags` (in Nightly builds, run with -Z macro-backtrace for more info)
[INFO] [stdout] 
[INFO] [stdout] 
[INFO] [stdout] warning: use of deprecated macro `try`: use the `?` operator instead
[INFO] [stdout]   --> src/buffer.rs:7:1
[INFO] [stdout]    |
[INFO] [stdout] 7  | / bitflags! {
[INFO] [stdout] 8  | |   struct BufFlags: u32 {
[INFO] [stdout] 9  | |     const VALID = 0b01;
[INFO] [stdout] 10 | |     const DIRTY = 0b10;
[INFO] [stdout] 11 | |   }
[INFO] [stdout] 12 | | }
[INFO] [stdout]    | |_^
[INFO] [stdout]    |
[INFO] [stdout]    = note: this warning originates in the macro `__impl_bitflags` which comes from the expansion of the macro `bitflags` (in Nightly builds, run with -Z macro-backtrace for more info)
[INFO] [stdout] 
[INFO] [stdout] 
[INFO] [stdout] warning: use of deprecated constant `std::sync::ONCE_INIT`: the `Once::new()` function is now preferred
[INFO] [stdout]   --> src/disk.rs:33:1
[INFO] [stdout]    |
[INFO] [stdout] 33 | / lazy_static! {
[INFO] [stdout] 34 | |   pub static ref DISK: DiskService = DiskService {
[INFO] [stdout] 35 | |     channel: Mutex::new(None)
[INFO] [stdout] 36 | |   };
[INFO] [stdout] 37 | | }
[INFO] [stdout]    | |_^
[INFO] [stdout]    |
[INFO] [stdout]    = note: this warning originates in the macro `__lazy_static_create` which comes from the expansion of the macro `lazy_static` (in Nightly builds, run with -Z macro-backtrace for more info)
[INFO] [stdout] 
[INFO] [stdout] 
[INFO] [stdout] warning: use of deprecated constant `std::sync::ONCE_INIT`: the `Once::new()` function is now preferred
[INFO] [stdout]   --> src/inode.rs:44:1
[INFO] [stdout]    |
[INFO] [stdout] 44 | / lazy_static! {
[INFO] [stdout] 45 | |   pub static ref ICACHE: Cache = Cache::new(256);
[INFO] [stdout] 46 | | }
[INFO] [stdout]    | |_^
[INFO] [stdout]    |
[INFO] [stdout]    = note: this warning originates in the macro `__lazy_static_create` which comes from the expansion of the macro `lazy_static` (in Nightly builds, run with -Z macro-backtrace for more info)
[INFO] [stdout] 
[INFO] [stdout] 
[INFO] [stdout] warning: use of deprecated constant `std::sync::ONCE_INIT`: the `Once::new()` function is now preferred
[INFO] [stdout]   --> src/logging.rs:36:1
[INFO] [stdout]    |
[INFO] [stdout] 36 | / lazy_static! {
[INFO] [stdout] 37 | |   pub static ref LOGGING: Logging = Logging::new();
[INFO] [stdout] 38 | | }
[INFO] [stdout]    | |_^
[INFO] [stdout]    |
[INFO] [stdout]    = note: this warning originates in the macro `__lazy_static_create` which comes from the expansion of the macro `lazy_static` (in Nightly builds, run with -Z macro-backtrace for more info)
[INFO] [stdout] 
[INFO] [stdout] 
[INFO] [stdout] warning: use of deprecated constant `std::sync::ONCE_INIT`: the `Once::new()` function is now preferred
[INFO] [stdout]   --> src/buffer.rs:27:1
[INFO] [stdout]    |
[INFO] [stdout] 27 | / lazy_static! {
[INFO] [stdout] 28 | |   pub static ref BCACHE: Cache = Cache::new(256);
[INFO] [stdout] 29 | |
[INFO] [stdout] 30 | |   // Block 1 is immutable after file system is created, so we can safely
[INFO] [stdout] ...  |
[INFO] [stdout] 34 | |   );
[INFO] [stdout] 35 | | }
[INFO] [stdout]    | |_^
[INFO] [stdout]    |
[INFO] [stdout]    = note: this warning originates in the macro `__lazy_static_create` which comes from the expansion of the macro `lazy_static` (in Nightly builds, run with -Z macro-backtrace for more info)
[INFO] [stdout] 
[INFO] [stdout] 
[INFO] [stdout] warning: use of deprecated constant `std::sync::ONCE_INIT`: the `Once::new()` function is now preferred
[INFO] [stdout]   --> src/buffer.rs:27:1
[INFO] [stdout]    |
[INFO] [stdout] 27 | / lazy_static! {
[INFO] [stdout] 28 | |   pub static ref BCACHE: Cache = Cache::new(256);
[INFO] [stdout] 29 | |
[INFO] [stdout] 30 | |   // Block 1 is immutable after file system is created, so we can safely
[INFO] [stdout] ...  |
[INFO] [stdout] 34 | |   );
[INFO] [stdout] 35 | | }
[INFO] [stdout]    | |_^
[INFO] [stdout]    |
[INFO] [stdout]    = note: this warning originates in the macro `__lazy_static_create` which comes from the expansion of the macro `lazy_static` (in Nightly builds, run with -Z macro-backtrace for more info)
[INFO] [stdout] 
[INFO] [stdout] 
[INFO] [stderr]     Finished `dev` profile [unoptimized + debuginfo] target(s) in 3.03s
[INFO] running `Command { std: "docker" "inspect" "10bfe56f3150388473ef7d0b9f2dd3b0563e69c739b56fa73e5359b47fd44c93", kill_on_drop: false }`
[INFO] running `Command { std: "docker" "rm" "-f" "10bfe56f3150388473ef7d0b9f2dd3b0563e69c739b56fa73e5359b47fd44c93", kill_on_drop: false }`
[INFO] [stdout] 10bfe56f3150388473ef7d0b9f2dd3b0563e69c739b56fa73e5359b47fd44c93
[INFO] running `Command { std: "docker" "create" "-v" "/var/lib/crater-agent-workspace/builds/worker-4-tc1/target:/opt/rustwide/target:rw,Z" "-v" "/var/lib/crater-agent-workspace/builds/worker-4-tc1/source:/opt/rustwide/workdir:ro,Z" "-v" "/var/lib/crater-agent-workspace/cargo-home:/opt/rustwide/cargo-home:ro,Z" "-v" "/var/lib/crater-agent-workspace/rustup-home:/opt/rustwide/rustup-home:ro,Z" "-e" "SOURCE_DIR=/opt/rustwide/workdir" "-e" "CARGO_TARGET_DIR=/opt/rustwide/target" "-e" "CARGO_INCREMENTAL=0" "-e" "RUST_BACKTRACE=full" "-e" "RUSTFLAGS=--cap-lints=forbid" "-e" "RUSTDOCFLAGS=--cap-lints=forbid" "-e" "CARGO_HOME=/opt/rustwide/cargo-home" "-e" "RUSTUP_HOME=/opt/rustwide/rustup-home" "-w" "/opt/rustwide/workdir" "-m" "1610612736" "--user" "0:0" "--network" "none" "ghcr.io/rust-lang/crates-build-env/linux@sha256:4a844ea9eb2546a2d2c7022eacef16ef2e8229c7fbb2c7d4d55a9ceca922f72d" "/opt/rustwide/cargo-home/bin/cargo" "+nightly-2024-10-28" "test" "--frozen" "--no-run" "--message-format=json", kill_on_drop: false }`
[INFO] [stdout] 3887cab5962ae21e74c295793f5b9311ebcfbd73ffba8f2d27c37a1d0b9b270f
[INFO] running `Command { std: "docker" "start" "-a" "3887cab5962ae21e74c295793f5b9311ebcfbd73ffba8f2d27c37a1d0b9b270f", kill_on_drop: false }`
[INFO] [stderr] warning: no edition set: defaulting to the 2015 edition while the latest is 2021
[INFO] [stdout] warning: the feature `specialization` is incomplete and may not be safe to use and/or cause compiler crashes
[INFO] [stdout]  --> src/lib.rs:1:12
[INFO] [stdout]   |
[INFO] [stdout] 1 | #![feature(specialization)]
[INFO] [stdout]   |            ^^^^^^^^^^^^^^
[INFO] [stdout]   |
[INFO] [stdout]   = note: see issue #31844 <https://github.com/rust-lang/rust/issues/31844> for more information
[INFO] [stdout]   = help: consider using `min_specialization` instead, which is more stable and complete
[INFO] [stdout]   = note: `#[warn(incomplete_features)]` on by default
[INFO] [stdout] 
[INFO] [stdout] 
[INFO] [stdout] warning: use of deprecated macro `try`: use the `?` operator instead
[INFO] [stdout]   --> src/buffer.rs:7:1
[INFO] [stdout]    |
[INFO] [stdout] 7  | / bitflags! {
[INFO] [stdout] 8  | |   struct BufFlags: u32 {
[INFO] [stdout] 9  | |     const VALID = 0b01;
[INFO] [stdout] 10 | |     const DIRTY = 0b10;
[INFO] [stdout] 11 | |   }
[INFO] [stdout] 12 | | }
[INFO] [stdout]    | |_^
[INFO] [stdout]    |
[INFO] [stdout]    = note: `#[warn(deprecated)]` on by default
[INFO] [stdout]    = note: this warning originates in the macro `__impl_bitflags` which comes from the expansion of the macro `bitflags` (in Nightly builds, run with -Z macro-backtrace for more info)
[INFO] [stdout] 
[INFO] [stdout] 
[INFO] [stdout] warning: use of deprecated macro `try`: use the `?` operator instead
[INFO] [stdout]   --> src/buffer.rs:7:1
[INFO] [stdout]    |
[INFO] [stdout] 7  | / bitflags! {
[INFO] [stdout] 8  | |   struct BufFlags: u32 {
[INFO] [stdout] 9  | |     const VALID = 0b01;
[INFO] [stdout] 10 | |     const DIRTY = 0b10;
[INFO] [stdout] 11 | |   }
[INFO] [stdout] 12 | | }
[INFO] [stdout]    | |_^
[INFO] [stdout]    |
[INFO] [stdout]    = note: this warning originates in the macro `__impl_bitflags` which comes from the expansion of the macro `bitflags` (in Nightly builds, run with -Z macro-backtrace for more info)
[INFO] [stdout] 
[INFO] [stdout] 
[INFO] [stdout] warning: use of deprecated macro `try`: use the `?` operator instead
[INFO] [stdout]   --> src/buffer.rs:7:1
[INFO] [stdout]    |
[INFO] [stdout] 7  | / bitflags! {
[INFO] [stdout] 8  | |   struct BufFlags: u32 {
[INFO] [stdout] 9  | |     const VALID = 0b01;
[INFO] [stdout] 10 | |     const DIRTY = 0b10;
[INFO] [stdout] 11 | |   }
[INFO] [stdout] 12 | | }
[INFO] [stdout]    | |_^
[INFO] [stdout]    |
[INFO] [stdout]    = note: this warning originates in the macro `__impl_bitflags` which comes from the expansion of the macro `bitflags` (in Nightly builds, run with -Z macro-backtrace for more info)
[INFO] [stdout] 
[INFO] [stdout] 
[INFO] [stdout] warning: use of deprecated constant `std::sync::ONCE_INIT`: the `Once::new()` function is now preferred
[INFO] [stdout]   --> src/disk.rs:33:1
[INFO] [stdout]    |
[INFO] [stdout] 33 | / lazy_static! {
[INFO] [stdout] 34 | |   pub static ref DISK: DiskService = DiskService {
[INFO] [stdout] 35 | |     channel: Mutex::new(None)
[INFO] [stdout] 36 | |   };
[INFO] [stdout] 37 | | }
[INFO] [stdout]    | |_^
[INFO] [stdout]    |
[INFO] [stdout]    = note: this warning originates in the macro `__lazy_static_create` which comes from the expansion of the macro `lazy_static` (in Nightly builds, run with -Z macro-backtrace for more info)
[INFO] [stdout] 
[INFO] [stdout] 
[INFO] [stdout] warning: use of deprecated constant `std::sync::ONCE_INIT`: the `Once::new()` function is now preferred
[INFO] [stdout]   --> src/inode.rs:44:1
[INFO] [stdout]    |
[INFO] [stdout] 44 | / lazy_static! {
[INFO] [stdout] 45 | |   pub static ref ICACHE: Cache = Cache::new(256);
[INFO] [stdout] 46 | | }
[INFO] [stdout]    | |_^
[INFO] [stdout]    |
[INFO] [stdout]    = note: this warning originates in the macro `__lazy_static_create` which comes from the expansion of the macro `lazy_static` (in Nightly builds, run with -Z macro-backtrace for more info)
[INFO] [stdout] 
[INFO] [stdout] 
[INFO] [stdout] warning: use of deprecated constant `std::sync::ONCE_INIT`: the `Once::new()` function is now preferred
[INFO] [stdout]   --> src/logging.rs:36:1
[INFO] [stdout]    |
[INFO] [stdout] 36 | / lazy_static! {
[INFO] [stdout] 37 | |   pub static ref LOGGING: Logging = Logging::new();
[INFO] [stdout] 38 | | }
[INFO] [stdout]    | |_^
[INFO] [stdout]    |
[INFO] [stdout]    = note: this warning originates in the macro `__lazy_static_create` which comes from the expansion of the macro `lazy_static` (in Nightly builds, run with -Z macro-backtrace for more info)
[INFO] [stdout] 
[INFO] [stdout] 
[INFO] [stderr]    Compiling xv6fs v0.1.0 (/opt/rustwide/workdir)
[INFO] [stdout] warning: use of deprecated constant `std::sync::ONCE_INIT`: the `Once::new()` function is now preferred
[INFO] [stdout]   --> src/buffer.rs:27:1
[INFO] [stdout]    |
[INFO] [stdout] 27 | / lazy_static! {
[INFO] [stdout] 28 | |   pub static ref BCACHE: Cache = Cache::new(256);
[INFO] [stdout] 29 | |
[INFO] [stdout] 30 | |   // Block 1 is immutable after file system is created, so we can safely
[INFO] [stdout] ...  |
[INFO] [stdout] 34 | |   );
[INFO] [stdout] 35 | | }
[INFO] [stdout]    | |_^
[INFO] [stdout]    |
[INFO] [stdout]    = note: this warning originates in the macro `__lazy_static_create` which comes from the expansion of the macro `lazy_static` (in Nightly builds, run with -Z macro-backtrace for more info)
[INFO] [stdout] 
[INFO] [stdout] 
[INFO] [stdout] warning: use of deprecated constant `std::sync::ONCE_INIT`: the `Once::new()` function is now preferred
[INFO] [stdout]   --> src/buffer.rs:27:1
[INFO] [stdout]    |
[INFO] [stdout] 27 | / lazy_static! {
[INFO] [stdout] 28 | |   pub static ref BCACHE: Cache = Cache::new(256);
[INFO] [stdout] 29 | |
[INFO] [stdout] 30 | |   // Block 1 is immutable after file system is created, so we can safely
[INFO] [stdout] ...  |
[INFO] [stdout] 34 | |   );
[INFO] [stdout] 35 | | }
[INFO] [stdout]    | |_^
[INFO] [stdout]    |
[INFO] [stdout]    = note: this warning originates in the macro `__lazy_static_create` which comes from the expansion of the macro `lazy_static` (in Nightly builds, run with -Z macro-backtrace for more info)
[INFO] [stdout] 
[INFO] [stdout] 
[INFO] [stdout] warning: the feature `specialization` is incomplete and may not be safe to use and/or cause compiler crashes
[INFO] [stdout]  --> src/lib.rs:1:12
[INFO] [stdout]   |
[INFO] [stdout] 1 | #![feature(specialization)]
[INFO] [stdout]   |            ^^^^^^^^^^^^^^
[INFO] [stdout]   |
[INFO] [stdout]   = note: see issue #31844 <https://github.com/rust-lang/rust/issues/31844> for more information
[INFO] [stdout]   = help: consider using `min_specialization` instead, which is more stable and complete
[INFO] [stdout]   = note: `#[warn(incomplete_features)]` on by default
[INFO] [stdout] 
[INFO] [stdout] 
[INFO] [stdout] warning: use of deprecated macro `try`: use the `?` operator instead
[INFO] [stdout]   --> src/buffer.rs:7:1
[INFO] [stdout]    |
[INFO] [stdout] 7  | / bitflags! {
[INFO] [stdout] 8  | |   struct BufFlags: u32 {
[INFO] [stdout] 9  | |     const VALID = 0b01;
[INFO] [stdout] 10 | |     const DIRTY = 0b10;
[INFO] [stdout] 11 | |   }
[INFO] [stdout] 12 | | }
[INFO] [stdout]    | |_^
[INFO] [stdout]    |
[INFO] [stdout]    = note: `#[warn(deprecated)]` on by default
[INFO] [stdout]    = note: this warning originates in the macro `__impl_bitflags` which comes from the expansion of the macro `bitflags` (in Nightly builds, run with -Z macro-backtrace for more info)
[INFO] [stdout] 
[INFO] [stdout] 
[INFO] [stdout] warning: use of deprecated macro `try`: use the `?` operator instead
[INFO] [stdout]   --> src/buffer.rs:7:1
[INFO] [stdout]    |
[INFO] [stdout] 7  | / bitflags! {
[INFO] [stdout] 8  | |   struct BufFlags: u32 {
[INFO] [stdout] 9  | |     const VALID = 0b01;
[INFO] [stdout] 10 | |     const DIRTY = 0b10;
[INFO] [stdout] 11 | |   }
[INFO] [stdout] 12 | | }
[INFO] [stdout]    | |_^
[INFO] [stdout]    |
[INFO] [stdout]    = note: this warning originates in the macro `__impl_bitflags` which comes from the expansion of the macro `bitflags` (in Nightly builds, run with -Z macro-backtrace for more info)
[INFO] [stdout] 
[INFO] [stdout] 
[INFO] [stdout] warning: use of deprecated macro `try`: use the `?` operator instead
[INFO] [stdout]   --> src/buffer.rs:7:1
[INFO] [stdout]    |
[INFO] [stdout] 7  | / bitflags! {
[INFO] [stdout] 8  | |   struct BufFlags: u32 {
[INFO] [stdout] 9  | |     const VALID = 0b01;
[INFO] [stdout] 10 | |     const DIRTY = 0b10;
[INFO] [stdout] 11 | |   }
[INFO] [stdout] 12 | | }
[INFO] [stdout]    | |_^
[INFO] [stdout]    |
[INFO] [stdout]    = note: this warning originates in the macro `__impl_bitflags` which comes from the expansion of the macro `bitflags` (in Nightly builds, run with -Z macro-backtrace for more info)
[INFO] [stdout] 
[INFO] [stdout] 
[INFO] [stdout] warning: cannot test inner items
[INFO] [stdout]   --> src/bitmap.rs:66:5
[INFO] [stdout]    |
[INFO] [stdout] 66 |     #[test]
[INFO] [stdout]    |     ^^^^^^^
[INFO] [stdout]    |
[INFO] [stdout]    = note: `#[warn(unnameable_test_items)]` on by default
[INFO] [stdout]    = note: this warning originates in the attribute macro `test` (in Nightly builds, run with -Z macro-backtrace for more info)
[INFO] [stdout] 
[INFO] [stdout] 
[INFO] [stdout] warning: use of deprecated constant `std::sync::ONCE_INIT`: the `Once::new()` function is now preferred
[INFO] [stdout]   --> src/disk.rs:33:1
[INFO] [stdout]    |
[INFO] [stdout] 33 | / lazy_static! {
[INFO] [stdout] 34 | |   pub static ref DISK: DiskService = DiskService {
[INFO] [stdout] 35 | |     channel: Mutex::new(None)
[INFO] [stdout] 36 | |   };
[INFO] [stdout] 37 | | }
[INFO] [stdout]    | |_^
[INFO] [stdout]    |
[INFO] [stdout]    = note: this warning originates in the macro `__lazy_static_create` which comes from the expansion of the macro `lazy_static` (in Nightly builds, run with -Z macro-backtrace for more info)
[INFO] [stdout] 
[INFO] [stdout] 
[INFO] [stdout] warning: use of deprecated constant `std::sync::ONCE_INIT`: the `Once::new()` function is now preferred
[INFO] [stdout]   --> src/inode.rs:44:1
[INFO] [stdout]    |
[INFO] [stdout] 44 | / lazy_static! {
[INFO] [stdout] 45 | |   pub static ref ICACHE: Cache = Cache::new(256);
[INFO] [stdout] 46 | | }
[INFO] [stdout]    | |_^
[INFO] [stdout]    |
[INFO] [stdout]    = note: this warning originates in the macro `__lazy_static_create` which comes from the expansion of the macro `lazy_static` (in Nightly builds, run with -Z macro-backtrace for more info)
[INFO] [stdout] 
[INFO] [stdout] 
[INFO] [stdout] warning: use of deprecated constant `std::sync::ONCE_INIT`: the `Once::new()` function is now preferred
[INFO] [stdout]   --> src/logging.rs:36:1
[INFO] [stdout]    |
[INFO] [stdout] 36 | / lazy_static! {
[INFO] [stdout] 37 | |   pub static ref LOGGING: Logging = Logging::new();
[INFO] [stdout] 38 | | }
[INFO] [stdout]    | |_^
[INFO] [stdout]    |
[INFO] [stdout]    = note: this warning originates in the macro `__lazy_static_create` which comes from the expansion of the macro `lazy_static` (in Nightly builds, run with -Z macro-backtrace for more info)
[INFO] [stdout] 
[INFO] [stdout] 
[INFO] [stdout] warning: use of deprecated constant `std::sync::ONCE_INIT`: the `Once::new()` function is now preferred
[INFO] [stdout]   --> src/buffer.rs:27:1
[INFO] [stdout]    |
[INFO] [stdout] 27 | / lazy_static! {
[INFO] [stdout] 28 | |   pub static ref BCACHE: Cache = Cache::new(256);
[INFO] [stdout] 29 | |
[INFO] [stdout] 30 | |   // Block 1 is immutable after file system is created, so we can safely
[INFO] [stdout] ...  |
[INFO] [stdout] 34 | |   );
[INFO] [stdout] 35 | | }
[INFO] [stdout]    | |_^
[INFO] [stdout]    |
[INFO] [stdout]    = note: this warning originates in the macro `__lazy_static_create` which comes from the expansion of the macro `lazy_static` (in Nightly builds, run with -Z macro-backtrace for more info)
[INFO] [stdout] 
[INFO] [stdout] 
[INFO] [stdout] warning: use of deprecated constant `std::sync::ONCE_INIT`: the `Once::new()` function is now preferred
[INFO] [stdout]   --> src/buffer.rs:27:1
[INFO] [stdout]    |
[INFO] [stdout] 27 | / lazy_static! {
[INFO] [stdout] 28 | |   pub static ref BCACHE: Cache = Cache::new(256);
[INFO] [stdout] 29 | |
[INFO] [stdout] 30 | |   // Block 1 is immutable after file system is created, so we can safely
[INFO] [stdout] ...  |
[INFO] [stdout] 34 | |   );
[INFO] [stdout] 35 | | }
[INFO] [stdout]    | |_^
[INFO] [stdout]    |
[INFO] [stdout]    = note: this warning originates in the macro `__lazy_static_create` which comes from the expansion of the macro `lazy_static` (in Nightly builds, run with -Z macro-backtrace for more info)
[INFO] [stdout] 
[INFO] [stdout] 
[INFO] [stdout] warning: function `test` is never used
[INFO] [stdout]   --> src/bitmap.rs:67:8
[INFO] [stdout]    |
[INFO] [stdout] 67 |     fn test() {
[INFO] [stdout]    |        ^^^^
[INFO] [stdout]    |
[INFO] [stdout]    = note: `#[warn(dead_code)]` on by default
[INFO] [stdout] 
[INFO] [stdout] 
[INFO] [stderr]     Finished `test` profile [unoptimized + debuginfo] target(s) in 0.54s
[INFO] running `Command { std: "docker" "inspect" "3887cab5962ae21e74c295793f5b9311ebcfbd73ffba8f2d27c37a1d0b9b270f", kill_on_drop: false }`
[INFO] running `Command { std: "docker" "rm" "-f" "3887cab5962ae21e74c295793f5b9311ebcfbd73ffba8f2d27c37a1d0b9b270f", kill_on_drop: false }`
[INFO] [stdout] 3887cab5962ae21e74c295793f5b9311ebcfbd73ffba8f2d27c37a1d0b9b270f
[INFO] running `Command { std: "docker" "create" "-v" "/var/lib/crater-agent-workspace/builds/worker-4-tc1/target:/opt/rustwide/target:rw,Z" "-v" "/var/lib/crater-agent-workspace/builds/worker-4-tc1/source:/opt/rustwide/workdir:ro,Z" "-v" "/var/lib/crater-agent-workspace/cargo-home:/opt/rustwide/cargo-home:ro,Z" "-v" "/var/lib/crater-agent-workspace/rustup-home:/opt/rustwide/rustup-home:ro,Z" "-e" "SOURCE_DIR=/opt/rustwide/workdir" "-e" "CARGO_TARGET_DIR=/opt/rustwide/target" "-e" "CARGO_INCREMENTAL=0" "-e" "RUST_BACKTRACE=full" "-e" "RUSTFLAGS=--cap-lints=forbid" "-e" "RUSTDOCFLAGS=--cap-lints=forbid" "-e" "CARGO_HOME=/opt/rustwide/cargo-home" "-e" "RUSTUP_HOME=/opt/rustwide/rustup-home" "-w" "/opt/rustwide/workdir" "-m" "1610612736" "--user" "0:0" "--network" "none" "ghcr.io/rust-lang/crates-build-env/linux@sha256:4a844ea9eb2546a2d2c7022eacef16ef2e8229c7fbb2c7d4d55a9ceca922f72d" "/opt/rustwide/cargo-home/bin/cargo" "+nightly-2024-10-28" "test" "--frozen", kill_on_drop: false }`
[INFO] [stdout] 96bec5c81023fda9c9db0ae794b073be75c0085e2293eefddf0b8807c5dccb61
[INFO] running `Command { std: "docker" "start" "-a" "96bec5c81023fda9c9db0ae794b073be75c0085e2293eefddf0b8807c5dccb61", kill_on_drop: false }`
[INFO] [stderr] warning: no edition set: defaulting to the 2015 edition while the latest is 2021
[INFO] [stderr] warning: the feature `specialization` is incomplete and may not be safe to use and/or cause compiler crashes
[INFO] [stderr]  --> src/lib.rs:1:12
[INFO] [stderr]   |
[INFO] [stderr] 1 | #![feature(specialization)]
[INFO] [stderr]   |            ^^^^^^^^^^^^^^
[INFO] [stderr]   |
[INFO] [stderr]   = note: see issue #31844 <https://github.com/rust-lang/rust/issues/31844> for more information
[INFO] [stderr]   = help: consider using `min_specialization` instead, which is more stable and complete
[INFO] [stderr]   = note: `#[warn(incomplete_features)]` on by default
[INFO] [stderr] 
[INFO] [stderr] warning: use of deprecated macro `try`: use the `?` operator instead
[INFO] [stderr]   --> src/buffer.rs:7:1
[INFO] [stderr]    |
[INFO] [stderr] 7  | / bitflags! {
[INFO] [stderr] 8  | |   struct BufFlags: u32 {
[INFO] [stderr] 9  | |     const VALID = 0b01;
[INFO] [stderr] 10 | |     const DIRTY = 0b10;
[INFO] [stderr] 11 | |   }
[INFO] [stderr] 12 | | }
[INFO] [stderr]    | |_^
[INFO] [stderr]    |
[INFO] [stderr]    = note: `#[warn(deprecated)]` on by default
[INFO] [stderr]    = note: this warning originates in the macro `__impl_bitflags` which comes from the expansion of the macro `bitflags` (in Nightly builds, run with -Z macro-backtrace for more info)
[INFO] [stderr] 
[INFO] [stderr] warning: use of deprecated macro `try`: use the `?` operator instead
[INFO] [stderr]   --> src/buffer.rs:7:1
[INFO] [stderr]    |
[INFO] [stderr] 7  | / bitflags! {
[INFO] [stderr] 8  | |   struct BufFlags: u32 {
[INFO] [stderr] 9  | |     const VALID = 0b01;
[INFO] [stderr] 10 | |     const DIRTY = 0b10;
[INFO] [stderr] 11 | |   }
[INFO] [stderr] 12 | | }
[INFO] [stderr]    | |_^
[INFO] [stderr]    |
[INFO] [stderr]    = note: this warning originates in the macro `__impl_bitflags` which comes from the expansion of the macro `bitflags` (in Nightly builds, run with -Z macro-backtrace for more info)
[INFO] [stderr] 
[INFO] [stderr] warning: use of deprecated constant `std::sync::ONCE_INIT`: the `Once::new()` function is now preferred
[INFO] [stderr]   --> src/disk.rs:33:1
[INFO] [stderr]    |
[INFO] [stderr] 33 | / lazy_static! {
[INFO] [stderr] 34 | |   pub static ref DISK: DiskService = DiskService {
[INFO] [stderr] 35 | |     channel: Mutex::new(None)
[INFO] [stderr] 36 | |   };
[INFO] [stderr] 37 | | }
[INFO] [stderr]    | |_^
[INFO] [stderr]    |
[INFO] [stderr]    = note: this warning originates in the macro `__lazy_static_create` which comes from the expansion of the macro `lazy_static` (in Nightly builds, run with -Z macro-backtrace for more info)
[INFO] [stderr] 
[INFO] [stderr] warning: use of deprecated constant `std::sync::ONCE_INIT`: the `Once::new()` function is now preferred
[INFO] [stderr]   --> src/inode.rs:44:1
[INFO] [stderr]    |
[INFO] [stderr] 44 | / lazy_static! {
[INFO] [stderr] 45 | |   pub static ref ICACHE: Cache = Cache::new(256);
[INFO] [stderr] 46 | | }
[INFO] [stderr]    | |_^
[INFO] [stderr]    |
[INFO] [stderr]    = note: this warning originates in the macro `__lazy_static_create` which comes from the expansion of the macro `lazy_static` (in Nightly builds, run with -Z macro-backtrace for more info)
[INFO] [stderr] 
[INFO] [stderr] warning: use of deprecated constant `std::sync::ONCE_INIT`: the `Once::new()` function is now preferred
[INFO] [stderr]   --> src/logging.rs:36:1
[INFO] [stderr]    |
[INFO] [stderr] 36 | / lazy_static! {
[INFO] [stderr] 37 | |   pub static ref LOGGING: Logging = Logging::new();
[INFO] [stderr] 38 | | }
[INFO] [stderr]    | |_^
[INFO] [stderr]    |
[INFO] [stderr]    = note: this warning originates in the macro `__lazy_static_create` which comes from the expansion of the macro `lazy_static` (in Nightly builds, run with -Z macro-backtrace for more info)
[INFO] [stderr] 
[INFO] [stderr] warning: use of deprecated constant `std::sync::ONCE_INIT`: the `Once::new()` function is now preferred
[INFO] [stderr]   --> src/buffer.rs:27:1
[INFO] [stderr]    |
[INFO] [stderr] 27 | / lazy_static! {
[INFO] [stderr] 28 | |   pub static ref BCACHE: Cache = Cache::new(256);
[INFO] [stderr] 29 | |
[INFO] [stderr] 30 | |   // Block 1 is immutable after file system is created, so we can safely
[INFO] [stderr] ...  |
[INFO] [stderr] 34 | |   );
[INFO] [stderr] 35 | | }
[INFO] [stderr]    | |_^
[INFO] [stderr]    |
[INFO] [stderr]    = note: this warning originates in the macro `__lazy_static_create` which comes from the expansion of the macro `lazy_static` (in Nightly builds, run with -Z macro-backtrace for more info)
[INFO] [stderr] 
[INFO] [stderr] warning: cannot test inner items
[INFO] [stderr]   --> src/bitmap.rs:66:5
[INFO] [stderr]    |
[INFO] [stderr] 66 |     #[test]
[INFO] [stderr]    |     ^^^^^^^
[INFO] [stderr]    |
[INFO] [stderr]    = note: `#[warn(unnameable_test_items)]` on by default
[INFO] [stderr]    = note: this warning originates in the attribute macro `test` (in Nightly builds, run with -Z macro-backtrace for more info)
[INFO] [stderr] 
[INFO] [stderr] warning: function `test` is never used
[INFO] [stderr]   --> src/bitmap.rs:67:8
[INFO] [stderr]    |
[INFO] [stderr] 67 |     fn test() {
[INFO] [stderr]    |        ^^^^
[INFO] [stderr]    |
[INFO] [stderr]    = note: `#[warn(dead_code)]` on by default
[INFO] [stderr] 
[INFO] [stderr] warning: `xv6fs` (lib) generated 9 warnings (2 duplicates)
[INFO] [stderr] warning: `xv6fs` (lib test) generated 11 warnings (9 duplicates)
[INFO] [stderr]     Finished `test` profile [unoptimized + debuginfo] target(s) in 0.02s
[INFO] [stderr]      Running unittests src/lib.rs (/opt/rustwide/target/debug/deps/xv6fs-86ed9f9bbb97570c)
[INFO] [stdout] 
[INFO] [stdout] running 8 tests
[INFO] [stdout] test bitmap::test::test ... ok
[INFO] [stdout] test util::cast::test::test ... ok
[INFO] [stdout] test disk::test::test ... ok
[INFO] [stdout] test buffer::test::test1 ... FAILED
[INFO] [stdout] test buffer::test::test4 ... FAILED
[INFO] [stdout] test buffer::test::test3 ... FAILED
[INFO] [stderr] thread 'logging::test::test' panicked at core/src/panicking.rs:235:5:
[INFO] [stdout] test buffer::test::test2 ... FAILED
[INFO] [stderr] panic in a destructor during cleanup
[INFO] [stderr] thread caused non-unwinding panic. aborting.
[INFO] [stdout] thread 'logging::test::test' panicked at src/disk.rs:142:5:
[INFO] [stdout] assertion failed: channel.is_some()
[INFO] [stdout] stack backtrace:
[INFO] [stdout]    0:     0x582e3d42c44a - std::backtrace_rs::backtrace::libunwind::trace::h207520d6e9873551
[INFO] [stdout]                                at /rustc/df4ca44d3fbc9301ee17f30f4d474e6ae4b05252/library/std/src/../../backtrace/src/backtrace/libunwind.rs:116:5
[INFO] [stdout]    1:     0x582e3d42c44a - std::backtrace_rs::backtrace::trace_unsynchronized::h2ed7433f370e3eca
[INFO] [stdout]                                at /rustc/df4ca44d3fbc9301ee17f30f4d474e6ae4b05252/library/std/src/../../backtrace/src/backtrace/mod.rs:66:5
[INFO] [stdout]    2:     0x582e3d42c44a - std::sys::backtrace::_print_fmt::h916fac51166b18d7
[INFO] [stdout]                                at /rustc/df4ca44d3fbc9301ee17f30f4d474e6ae4b05252/library/std/src/sys/backtrace.rs:66:9
[INFO] [stdout]    3:     0x582e3d42c44a - <std::sys::backtrace::BacktraceLock::print::DisplayBacktrace as core::fmt::Display>::fmt::ha0a4c9b8ce3802e6
[INFO] [stdout]                                at /rustc/df4ca44d3fbc9301ee17f30f4d474e6ae4b05252/library/std/src/sys/backtrace.rs:39:26
[INFO] [stdout]    4:     0x582e3d452a93 - core::fmt::rt::Argument::fmt::h4cfc8587d52b3eb5
[INFO] [stdout]                                at /rustc/df4ca44d3fbc9301ee17f30f4d474e6ae4b05252/library/core/src/fmt/rt.rs:177:76
[INFO] [stdout]    5:     0x582e3d452a93 - core::fmt::write::h522cc39e5b36ae9f
[INFO] [stdout]                                at /rustc/df4ca44d3fbc9301ee17f30f4d474e6ae4b05252/library/core/src/fmt/mod.rs:1190:21
[INFO] [stdout]    6:     0x582e3d429063 - std::io::Write::write_fmt::h7d3c26752da97734
[INFO] [stdout]                                at /rustc/df4ca44d3fbc9301ee17f30f4d474e6ae4b05252/library/std/src/io/mod.rs:1839:15
[INFO] [stdout]    7:     0x582e3d42c292 - std::sys::backtrace::BacktraceLock::print::h4b9e00b29e9c0942
[INFO] [stdout]                                at /rustc/df4ca44d3fbc9301ee17f30f4d474e6ae4b05252/library/std/src/sys/backtrace.rs:42:9
[INFO] [stdout]    8:     0x582e3d42d8da - std::panicking::default_hook::{{closure}}::hb59b88280d0324d9
[INFO] [stdout]                                at /rustc/df4ca44d3fbc9301ee17f30f4d474e6ae4b05252/library/std/src/panicking.rs:268:22
[INFO] [stdout]    9:     0x582e3d42d6e4 - std::panicking::default_hook::he1dd496665be4a29
[INFO] [stdout]                                at /rustc/df4ca44d3fbc9301ee17f30f4d474e6ae4b05252/library/std/src/panicking.rs:292:9
[INFO] [stdout]   10:     0x582e3d3f5f69 - <alloc::boxed::Box<F,A> as core::ops::function::Fn<Args>>::call::h4ff71de18744e1dc
[INFO] [stdout]                                at /rustc/df4ca44d3fbc9301ee17f30f4d474e6ae4b05252/library/alloc/src/boxed.rs:2468:9
[INFO] [stdout]   11:     0x582e3d3f5f69 - test::test_main::{{closure}}::hcf7c055ce117aa81
[INFO] [stdout]                                at /rustc/df4ca44d3fbc9301ee17f30f4d474e6ae4b05252/library/test/src/lib.rs:133:21
[INFO] [stdout]   12:     0x582e3d42dfd8 - <alloc::boxed::Box<F,A> as core::ops::function::Fn<Args>>::call::h1d66c6bbd60c9692
[INFO] [stdout]                                at /rustc/df4ca44d3fbc9301ee17f30f4d474e6ae4b05252/library/alloc/src/boxed.rs:2468:9
[INFO] [stdout]   13:     0x582e3d42dfd8 - std::panicking::rust_panic_with_hook::h2ff17fe8f26dfcf8
[INFO] [stdout]                                at /rustc/df4ca44d3fbc9301ee17f30f4d474e6ae4b05252/library/std/src/panicking.rs:809:13
[INFO] [stdout]   14:     0x582e3d42dd66 - std::panicking::begin_panic_handler::{{closure}}::h4fad77951c07e101
[INFO] [stdout]                                at /rustc/df4ca44d3fbc9301ee17f30f4d474e6ae4b05252/library/std/src/panicking.rs:667:13
[INFO] [stdout]   15:     0x582e3d42c929 - std::sys::backtrace::__rust_end_short_backtrace::hb1a25b3da5d0ea08
[INFO] [stdout]                                at /rustc/df4ca44d3fbc9301ee17f30f4d474e6ae4b05252/library/std/src/sys/backtrace.rs:170:18
[INFO] [stdout]   16:     0x582e3d42da2c - rust_begin_unwind
[INFO] [stdout]                                at /rustc/df4ca44d3fbc9301ee17f30f4d474e6ae4b05252/library/std/src/panicking.rs:665:5
[INFO] [stdout]   17:     0x582e3d451490 - core::panicking::panic_fmt::ha9db07b529f9b256
[INFO] [stdout]                                at /rustc/df4ca44d3fbc9301ee17f30f4d474e6ae4b05252/library/core/src/panicking.rs:75:14
[INFO] [stdout]   18:     0x582e3d45151c - core::panicking::panic::h993086813d94accc
[INFO] [stdout]                                at /rustc/df4ca44d3fbc9301ee17f30f4d474e6ae4b05252/library/core/src/panicking.rs:152:5
[INFO] [stdout]   19:     0x582e3d3ab5cf - xv6fs::disk::DiskService::read::h7305309f1604c941
[INFO] [stdout]                                at /opt/rustwide/workdir/src/disk.rs:142:5
[INFO] [stdout]   20:     0x582e3d3a04c7 - xv6fs::buffer::Cache::read::hf0dd06a28cb437c4
[INFO] [stdout]                                at /opt/rustwide/workdir/src/buffer.rs:106:18
[INFO] [stdout]   21:     0x582e3d3ba8f9 - xv6fs::logging::Transaction::read::h958d0e1567c3c4fb
[INFO] [stdout]                                at /opt/rustwide/workdir/src/logging.rs:203:5
[INFO] [stdout]   22:     0x582e3d3bb468 - xv6fs::logging::test::test::h24998a7ec0b10a2a
[INFO] [stdout]                                at /opt/rustwide/workdir/src/logging.rs:257:22
[INFO] [stdout]   23:     0x582e3d3bb177 - xv6fs::logging::test::test::{{closure}}::h27f9119bbe9555fe
[INFO] [stdout]                                at /opt/rustwide/workdir/src/logging.rs:245:12
[INFO] [stdout]   24:     0x582e3d3a4da6 - core::ops::function::FnOnce::call_once::h49a36599603076dc
[INFO] [stdout]                                at /rustc/df4ca44d3fbc9301ee17f30f4d474e6ae4b05252/library/core/src/ops/function.rs:250:5
[INFO] [stdout]   25:     0x582e3d3fa83b - core::ops::function::FnOnce::call_once::h22c3ba5715e93f05
[INFO] [stdout]                                at /rustc/df4ca44d3fbc9301ee17f30f4d474e6ae4b05252/library/core/src/ops/function.rs:250:5
[INFO] [stdout]   26:     0x582e3d3fa83b - test::__rust_begin_short_backtrace::h8e82d8113d0da17f
[INFO] [stdout]                                at /rustc/df4ca44d3fbc9301ee17f30f4d474e6ae4b05252/library/test/src/lib.rs:621:18
[INFO] [stdout]   27:     0x582e3d3fa1b7 - test::run_test_in_process::{{closure}}::h33235f4f20b7b7c7
[INFO] [stdout]                                at /rustc/df4ca44d3fbc9301ee17f30f4d474e6ae4b05252/library/test/src/lib.rs:644:60
[INFO] [stdout]   28:     0x582e3d3fa1b7 - <core::panic::unwind_safe::AssertUnwindSafe<F> as core::ops::function::FnOnce<()>>::call_once::hb5043206310c586f
[INFO] [stdout]                                at /rustc/df4ca44d3fbc9301ee17f30f4d474e6ae4b05252/library/core/src/panic/unwind_safe.rs:272:9
[INFO] [stdout]   29:     0x582e3d3fa1b7 - std::panicking::try::do_call::h9ad4731a60ab23e2
[INFO] [stdout]                                at /rustc/df4ca44d3fbc9301ee17f30f4d474e6ae4b05252/library/std/src/panicking.rs:557:40
[INFO] [stdout]   30:     0x582e3d3fa1b7 - std::panicking::try::h3824d23db772a716
[INFO] [stdout]                                at /rustc/df4ca44d3fbc9301ee17f30f4d474e6ae4b05252/library/std/src/panicking.rs:520:19
[INFO] [stdout]   31:     0x582e3d3fa1b7 - std::panic::catch_unwind::h5afd514605fde46b
[INFO] [stdout]                                at /rustc/df4ca44d3fbc9301ee17f30f4d474e6ae4b05252/library/std/src/panic.rs:358:14
[INFO] [stdout]   32:     0x582e3d3fa1b7 - test::run_test_in_process::h0d5cbfa7067d1720
[INFO] [stdout]                                at /rustc/df4ca44d3fbc9301ee17f30f4d474e6ae4b05252/library/test/src/lib.rs:644:27
[INFO] [stdout]   33:     0x582e3d3fa1b7 - test::run_test::{{closure}}::h708eb8872708115d
[INFO] [stdout]                                at /rustc/df4ca44d3fbc9301ee17f30f4d474e6ae4b05252/library/test/src/lib.rs:565:43
[INFO] [stdout]   34:     0x582e3d3bd8d4 - test::run_test::{{closure}}::h392c51cee94713ab
[INFO] [stdout]                                at /rustc/df4ca44d3fbc9301ee17f30f4d474e6ae4b05252/library/test/src/lib.rs:595:41
[INFO] [stdout]   35:     0x582e3d3bd8d4 - std::sys::backtrace::__rust_begin_short_backtrace::h2f40290710935a8b
[INFO] [stdout]                                at /rustc/df4ca44d3fbc9301ee17f30f4d474e6ae4b05252/library/std/src/sys/backtrace.rs:154:18
[INFO] [stdout]   36:     0x582e3d3c107e - std::thread::Builder::spawn_unchecked_::{{closure}}::{{closure}}::h3fd968d89053a903
[INFO] [stdout]                                at /rustc/df4ca44d3fbc9301ee17f30f4d474e6ae4b05252/library/std/src/thread/mod.rs:541:17
[INFO] [stdout]   37:     0x582e3d3c107e - <core::panic::unwind_safe::AssertUnwindSafe<F> as core::ops::function::FnOnce<()>>::call_once::h743f637ba4229880
[INFO] [stdout]                                at /rustc/df4ca44d3fbc9301ee17f30f4d474e6ae4b05252/library/core/src/panic/unwind_safe.rs:272:9
[INFO] [stdout]   38:     0x582e3d3c107e - std::panicking::try::do_call::h07440897322525a6
[INFO] [stdout]                                at /rustc/df4ca44d3fbc9301ee17f30f4d474e6ae4b05252/library/std/src/panicking.rs:557:40
[INFO] [stdout]   39:     0x582e3d3c107e - std::panicking::try::he5a2e00188156637
[INFO] [stdout]                                at /rustc/df4ca44d3fbc9301ee17f30f4d474e6ae4b05252/library/std/src/panicking.rs:520:19
[INFO] [stdout]   40:     0x582e3d3c107e - std::panic::catch_unwind::hbaf3cae49b3c6433
[INFO] [stdout]                                at /rustc/df4ca44d3fbc9301ee17f30f4d474e6ae4b05252/library/std/src/panic.rs:358:14
[INFO] [stdout]   41:     0x582e3d3c107e - std::thread::Builder::spawn_unchecked_::{{closure}}::h8e141ea224820bce
[INFO] [stdout]                                at /rustc/df4ca44d3fbc9301ee17f30f4d474e6ae4b05252/library/std/src/thread/mod.rs:540:30
[INFO] [stdout]   42:     0x582e3d3c107e - core::ops::function::FnOnce::call_once{{vtable.shim}}::h90d312fedd7b8ea8
[INFO] [stdout]                                at /rustc/df4ca44d3fbc9301ee17f30f4d474e6ae4b05252/library/core/src/ops/function.rs:250:5
[INFO] [stdout]   43:     0x582e3d431dcb - <alloc::boxed::Box<F,A> as core::ops::function::FnOnce<Args>>::call_once::h69aa08ddb6adb8b6
[INFO] [stdout]                                at /rustc/df4ca44d3fbc9301ee17f30f4d474e6ae4b05252/library/alloc/src/boxed.rs:2454:9
[INFO] [stdout]   44:     0x582e3d431dcb - <alloc::boxed::Box<F,A> as core::ops::function::FnOnce<Args>>::call_once::h5aa36efdb79c806f
[INFO] [stdout]                                at /rustc/df4ca44d3fbc9301ee17f30f4d474e6ae4b05252/library/alloc/src/boxed.rs:2454:9
[INFO] [stdout]   45:     0x582e3d431dcb - std::sys::pal::unix::thread::Thread::new::thread_start::h6cd80a1b4be5158d
[INFO] [stdout]                                at /rustc/df4ca44d3fbc9301ee17f30f4d474e6ae4b05252/library/std/src/sys/pal/unix/thread.rs:105:17
[INFO] [stdout]   46:     0x7caeb8a21ac3 - <unknown>
[INFO] [stdout]   47:     0x7caeb8ab2a04 - clone
[INFO] [stdout]   48:                0x0 - <unknown>
[INFO] [stdout] thread 'logging::test::test' panicked at src/disk.rs:141:39:
[INFO] [stdout] called `Result::unwrap()` on an `Err` value: PoisonError { .. }
[INFO] [stdout] stack backtrace:
[INFO] [stdout]    0:     0x582e3d42c44a - std::backtrace_rs::backtrace::libunwind::trace::h207520d6e9873551
[INFO] [stdout]                                at /rustc/df4ca44d3fbc9301ee17f30f4d474e6ae4b05252/library/std/src/../../backtrace/src/backtrace/libunwind.rs:116:5
[INFO] [stdout]    1:     0x582e3d42c44a - std::backtrace_rs::backtrace::trace_unsynchronized::h2ed7433f370e3eca
[INFO] [stdout]                                at /rustc/df4ca44d3fbc9301ee17f30f4d474e6ae4b05252/library/std/src/../../backtrace/src/backtrace/mod.rs:66:5
[INFO] [stdout]    2:     0x582e3d42c44a - std::sys::backtrace::_print_fmt::h916fac51166b18d7
[INFO] [stdout]                                at /rustc/df4ca44d3fbc9301ee17f30f4d474e6ae4b05252/library/std/src/sys/backtrace.rs:66:9
[INFO] [stdout]    3:     0x582e3d42c44a - <std::sys::backtrace::BacktraceLock::print::DisplayBacktrace as core::fmt::Display>::fmt::ha0a4c9b8ce3802e6
[INFO] [stdout]                                at /rustc/df4ca44d3fbc9301ee17f30f4d474e6ae4b05252/library/std/src/sys/backtrace.rs:39:26
[INFO] [stdout]    4:     0x582e3d452a93 - core::fmt::rt::Argument::fmt::h4cfc8587d52b3eb5
[INFO] [stdout]                                at /rustc/df4ca44d3fbc9301ee17f30f4d474e6ae4b05252/library/core/src/fmt/rt.rs:177:76
[INFO] [stdout]    5:     0x582e3d452a93 - core::fmt::write::h522cc39e5b36ae9f
[INFO] [stdout]                                at /rustc/df4ca44d3fbc9301ee17f30f4d474e6ae4b05252/library/core/src/fmt/mod.rs:1190:21
[INFO] [stdout]    6:     0x582e3d429063 - std::io::Write::write_fmt::h7d3c26752da97734
[INFO] [stdout]                                at /rustc/df4ca44d3fbc9301ee17f30f4d474e6ae4b05252/library/std/src/io/mod.rs:1839:15
[INFO] [stdout]    7:     0x582e3d42c292 - std::sys::backtrace::BacktraceLock::print::h4b9e00b29e9c0942
[INFO] [stdout]                                at /rustc/df4ca44d3fbc9301ee17f30f4d474e6ae4b05252/library/std/src/sys/backtrace.rs:42:9
[INFO] [stdout]    8:     0x582e3d42d8da - std::panicking::default_hook::{{closure}}::hb59b88280d0324d9
[INFO] [stdout]                                at /rustc/df4ca44d3fbc9301ee17f30f4d474e6ae4b05252/library/std/src/panicking.rs:268:22
[INFO] [stdout]    9:     0x582e3d42d6e4 - std::panicking::default_hook::he1dd496665be4a29
[INFO] [stdout]                                at /rustc/df4ca44d3fbc9301ee17f30f4d474e6ae4b05252/library/std/src/panicking.rs:292:9
[INFO] [stdout]   10:     0x582e3d3f5f69 - <alloc::boxed::Box<F,A> as core::ops::function::Fn<Args>>::call::h4ff71de18744e1dc
[INFO] [stdout]                                at /rustc/df4ca44d3fbc9301ee17f30f4d474e6ae4b05252/library/alloc/src/boxed.rs:2468:9
[INFO] [stdout]   11:     0x582e3d3f5f69 - test::test_main::{{closure}}::hcf7c055ce117aa81
[INFO] [stdout]                                at /rustc/df4ca44d3fbc9301ee17f30f4d474e6ae4b05252/library/test/src/lib.rs:133:21
[INFO] [stdout]   12:     0x582e3d42dfd8 - <alloc::boxed::Box<F,A> as core::ops::function::Fn<Args>>::call::h1d66c6bbd60c9692
[INFO] [stdout]                                at /rustc/df4ca44d3fbc9301ee17f30f4d474e6ae4b05252/library/alloc/src/boxed.rs:2468:9
[INFO] [stdout]   13:     0x582e3d42dfd8 - std::panicking::rust_panic_with_hook::h2ff17fe8f26dfcf8
[INFO] [stdout]                                at /rustc/df4ca44d3fbc9301ee17f30f4d474e6ae4b05252/library/std/src/panicking.rs:809:13
[INFO] [stdout]   14:     0x582e3d42dd9a - std::panicking::begin_panic_handler::{{closure}}::h4fad77951c07e101
[INFO] [stdout]                                at /rustc/df4ca44d3fbc9301ee17f30f4d474e6ae4b05252/library/std/src/panicking.rs:674:13
[INFO] [stdout]   15:     0x582e3d42c929 - std::sys::backtrace::__rust_end_short_backtrace::hb1a25b3da5d0ea08
[INFO] [stdout]                                at /rustc/df4ca44d3fbc9301ee17f30f4d474e6ae4b05252/library/std/src/sys/backtrace.rs:170:18
[INFO] [stdout]   16:     0x582e3d42da2c - rust_begin_unwind
[INFO] [stdout]                                at /rustc/df4ca44d3fbc9301ee17f30f4d474e6ae4b05252/library/std/src/panicking.rs:665:5
[INFO] [stdout]   17:     0x582e3d451490 - core::panicking::panic_fmt::ha9db07b529f9b256
[INFO] [stdout]                                at /rustc/df4ca44d3fbc9301ee17f30f4d474e6ae4b05252/library/core/src/panicking.rs:75:14
[INFO] [stdout]   18:     0x582e3d4518d6 - core::result::unwrap_failed::h5e8218e4d4338b8a
[INFO] [stdout]                                at /rustc/df4ca44d3fbc9301ee17f30f4d474e6ae4b05252/library/core/src/result.rs:1698:5
[INFO] [stdout]   19:     0x582e3d3ab4f5 - core::result::Result<T,E>::unwrap::h59344ac25661740e
[INFO] [stdout]                                at /rustc/df4ca44d3fbc9301ee17f30f4d474e6ae4b05252/library/core/src/result.rs:1103:23
[INFO] [stdout]   20:     0x582e3d3ab4f5 - xv6fs::disk::DiskService::read::h7305309f1604c941
[INFO] [stdout]                                at /opt/rustwide/workdir/src/disk.rs:141:19
[INFO] [stdout]   21:     0x582e3d3a04c7 - xv6fs::buffer::Cache::read::hf0dd06a28cb437c4
[INFO] [stdout]                                at /opt/rustwide/workdir/src/buffer.rs:106:18
[INFO] [stdout]   22:     0x582e3d3b9574 - xv6fs::logging::Logging::write_log::h1ca19f0023a043a2
[INFO] [stdout]                                at /opt/rustwide/workdir/src/logging.rs:92:21
[INFO] [stdout]   23:     0x582e3d3ba7d0 - xv6fs::logging::Transaction::commit::hca5af6711432791a
[INFO] [stdout]                                at /opt/rustwide/workdir/src/logging.rs:194:7
[INFO] [stdout]   24:     0x582e3d3ba30b - xv6fs::logging::Transaction::end_txn::ha4cf276b6eb771e8
[INFO] [stdout]                                at /opt/rustwide/workdir/src/logging.rs:182:7
[INFO] [stdout]   25:     0x582e3d3bae2a - <xv6fs::logging::Transaction as core::ops::drop::Drop>::drop::hc71a19482631fc64
[INFO] [stdout]                                at /opt/rustwide/workdir/src/logging.rs:233:5
[INFO] [stdout]   26:     0x582e3d3a671a - core::ptr::drop_in_place<xv6fs::logging::Transaction>::h736bf2d41288671e
[INFO] [stdout]                                at /rustc/df4ca44d3fbc9301ee17f30f4d474e6ae4b05252/library/core/src/ptr/mod.rs:521:1
[INFO] [stdout]   27:     0x582e3d3bb34f - xv6fs::logging::test::test::h24998a7ec0b10a2a
[INFO] [stdout]                                at /opt/rustwide/workdir/src/logging.rs:264:5
[INFO] [stdout]   28:     0x582e3d3bb177 - xv6fs::logging::test::test::{{closure}}::h27f9119bbe9555fe
[INFO] [stdout]                                at /opt/rustwide/workdir/src/logging.rs:245:12
[INFO] [stdout]   29:     0x582e3d3a4da6 - core::ops::function::FnOnce::call_once::h49a36599603076dc
[INFO] [stdout]                                at /rustc/df4ca44d3fbc9301ee17f30f4d474e6ae4b05252/library/core/src/ops/function.rs:250:5
[INFO] [stdout]   30:     0x582e3d3fa83b - core::ops::function::FnOnce::call_once::h22c3ba5715e93f05
[INFO] [stdout]                                at /rustc/df4ca44d3fbc9301ee17f30f4d474e6ae4b05252/library/core/src/ops/function.rs:250:5
[INFO] [stdout]   31:     0x582e3d3fa83b - test::__rust_begin_short_backtrace::h8e82d8113d0da17f
[INFO] [stdout]                                at /rustc/df4ca44d3fbc9301ee17f30f4d474e6ae4b05252/library/test/src/lib.rs:621:18
[INFO] [stdout]   32:     0x582e3d3fa1b7 - test::run_test_in_process::{{closure}}::h33235f4f20b7b7c7
[INFO] [stdout]                                at /rustc/df4ca44d3fbc9301ee17f30f4d474e6ae4b05252/library/test/src/lib.rs:644:60
[INFO] [stdout]   33:     0x582e3d3fa1b7 - <core::panic::unwind_safe::AssertUnwindSafe<F> as core::ops::function::FnOnce<()>>::call_once::hb5043206310c586f
[INFO] [stdout]                                at /rustc/df4ca44d3fbc9301ee17f30f4d474e6ae4b05252/library/core/src/panic/unwind_safe.rs:272:9
[INFO] [stdout]   34:     0x582e3d3fa1b7 - std::panicking::try::do_call::h9ad4731a60ab23e2
[INFO] [stdout]                                at /rustc/df4ca44d3fbc9301ee17f30f4d474e6ae4b05252/library/std/src/panicking.rs:557:40
[INFO] [stdout]   35:     0x582e3d3fa1b7 - std::panicking::try::h3824d23db772a716
[INFO] [stdout]                                at /rustc/df4ca44d3fbc9301ee17f30f4d474e6ae4b05252/library/std/src/panicking.rs:520:19
[INFO] [stdout]   36:     0x582e3d3fa1b7 - std::panic::catch_unwind::h5afd514605fde46b
[INFO] [stdout]                                at /rustc/df4ca44d3fbc9301ee17f30f4d474e6ae4b05252/library/std/src/panic.rs:358:14
[INFO] [stdout]   37:     0x582e3d3fa1b7 - test::run_test_in_process::h0d5cbfa7067d1720
[INFO] [stdout]                                at /rustc/df4ca44d3fbc9301ee17f30f4d474e6ae4b05252/library/test/src/lib.rs:644:27
[INFO] [stdout]   38:     0x582e3d3fa1b7 - test::run_test::{{closure}}::h708eb8872708115d
[INFO] [stdout]                                at /rustc/df4ca44d3fbc9301ee17f30f4d474e6ae4b05252/library/test/src/lib.rs:565:43
[INFO] [stdout]   39:     0x582e3d3bd8d4 - test::run_test::{{closure}}::h392c51cee94713ab
[INFO] [stdout]                                at /rustc/df4ca44d3fbc9301ee17f30f4d474e6ae4b05252/library/test/src/lib.rs:595:41
[INFO] [stdout]   40:     0x582e3d3bd8d4 - std::sys::backtrace::__rust_begin_short_backtrace::h2f40290710935a8b
[INFO] [stdout]                                at /rustc/df4ca44d3fbc9301ee17f30f4d474e6ae4b05252/library/std/src/sys/backtrace.rs:154:18
[INFO] [stdout]   41:     0x582e3d3c107e - std::thread::Builder::spawn_unchecked_::{{closure}}::{{closure}}::h3fd968d89053a903
[INFO] [stdout]                                at /rustc/df4ca44d3fbc9301ee17f30f4d474e6ae4b05252/library/std/src/thread/mod.rs:541:17
[INFO] [stdout]   42:     0x582e3d3c107e - <core::panic::unwind_safe::AssertUnwindSafe<F> as core::ops::function::FnOnce<()>>::call_once::h743f637ba4229880
[INFO] [stdout]                                at /rustc/df4ca44d3fbc9301ee17f30f4d474e6ae4b05252/library/core/src/panic/unwind_safe.rs:272:9
[INFO] [stdout]   43:     0x582e3d3c107e - std::panicking::try::do_call::h07440897322525a6
[INFO] [stdout]                                at /rustc/df4ca44d3fbc9301ee17f30f4d474e6ae4b05252/library/std/src/panicking.rs:557:40
[INFO] [stdout]   44:     0x582e3d3c107e - std::panicking::try::he5a2e00188156637
[INFO] [stdout]                                at /rustc/df4ca44d3fbc9301ee17f30f4d474e6ae4b05252/library/std/src/panicking.rs:520:19
[INFO] [stdout]   45:     0x582e3d3c107e - std::panic::catch_unwind::hbaf3cae49b3c6433
[INFO] [stdout]                                at /rustc/df4ca44d3fbc9301ee17f30f4d474e6ae4b05252/library/std/src/panic.rs:358:14
[INFO] [stdout]   46:     0x582e3d3c107e - std::thread::Builder::spawn_unchecked_::{{closure}}::h8e141ea224820bce
[INFO] [stdout]                                at /rustc/df4ca44d3fbc9301ee17f30f4d474e6ae4b05252/library/std/src/thread/mod.rs:540:30
[INFO] [stdout]   47:     0x582e3d3c107e - core::ops::function::FnOnce::call_once{{vtable.shim}}::h90d312fedd7b8ea8
[INFO] [stdout]                                at /rustc/df4ca44d3fbc9301ee17f30f4d474e6ae4b05252/library/core/src/ops/function.rs:250:5
[INFO] [stdout]   48:     0x582e3d431dcb - <alloc::boxed::Box<F,A> as core::ops::function::FnOnce<Args>>::call_once::h69aa08ddb6adb8b6
[INFO] [stdout]                                at /rustc/df4ca44d3fbc9301ee17f30f4d474e6ae4b05252/library/alloc/src/boxed.rs:2454:9
[INFO] [stdout]   49:     0x582e3d431dcb - <alloc::boxed::Box<F,A> as core::ops::function::FnOnce<Args>>::call_once::h5aa36efdb79c806f
[INFO] [stdout]                                at /rustc/df4ca44d3fbc9301ee17f30f4d474e6ae4b05252/library/alloc/src/boxed.rs:2454:9
[INFO] [stdout]   50:     0x582e3d431dcb - std::sys::pal::unix::thread::Thread::new::thread_start::h6cd80a1b4be5158d
[INFO] [stdout]                                at /rustc/df4ca44d3fbc9301ee17f30f4d474e6ae4b05252/library/std/src/sys/pal/unix/thread.rs:105:17
[INFO] [stdout]   51:     0x7caeb8a21ac3 - <unknown>
[INFO] [stdout]   52:     0x7caeb8ab2a04 - clone
[INFO] [stdout]   53:                0x0 - <unknown>
[INFO] [stderr] error: test failed, to rerun pass `--lib`
[INFO] [stderr] 
[INFO] [stderr] Caused by:
[INFO] [stderr]   process didn't exit successfully: `/opt/rustwide/target/debug/deps/xv6fs-86ed9f9bbb97570c` (signal: 6, SIGABRT: process abort signal)
[INFO] running `Command { std: "docker" "inspect" "96bec5c81023fda9c9db0ae794b073be75c0085e2293eefddf0b8807c5dccb61", kill_on_drop: false }`
[INFO] running `Command { std: "docker" "rm" "-f" "96bec5c81023fda9c9db0ae794b073be75c0085e2293eefddf0b8807c5dccb61", kill_on_drop: false }`
[INFO] [stdout] 96bec5c81023fda9c9db0ae794b073be75c0085e2293eefddf0b8807c5dccb61
