[INFO] cloning repository https://github.com/ethankhall/release-manager
[INFO] running `Command { std: "git" "-c" "credential.helper=" "-c" "credential.helper=/workspace/cargo-home/bin/git-credential-null" "clone" "--bare" "https://github.com/ethankhall/release-manager" "/workspace/cache/git-repos/https%3A%2F%2Fgithub.com%2Fethankhall%2Frelease-manager", kill_on_drop: false }`
[INFO] [stderr] Cloning into bare repository '/workspace/cache/git-repos/https%3A%2F%2Fgithub.com%2Fethankhall%2Frelease-manager'...
[INFO] running `Command { std: "git" "rev-parse" "HEAD", kill_on_drop: false }`
[INFO] [stdout] 5bd998e579a4d37365c6a191051f456b3f547c3f
[INFO] testing ethankhall/release-manager/5bd998e579a4d37365c6a191051f456b3f547c3f against nightly-2024-10-28 for randomize-layout
[INFO] running `Command { std: "git" "clone" "/workspace/cache/git-repos/https%3A%2F%2Fgithub.com%2Fethankhall%2Frelease-manager" "/workspace/builds/worker-2-tc1/source", kill_on_drop: false }`
[INFO] [stderr] Cloning into '/workspace/builds/worker-2-tc1/source'...
[INFO] [stderr] done.
[INFO] validating manifest of git repo https://github.com/ethankhall/release-manager on toolchain nightly-2024-10-28
[INFO] running `Command { std: CARGO_HOME="/workspace/cargo-home" RUSTUP_HOME="/workspace/rustup-home" "/workspace/cargo-home/bin/cargo" "+nightly-2024-10-28" "metadata" "--manifest-path" "Cargo.toml" "--no-deps", kill_on_drop: false }`
[INFO] started tweaking git repo https://github.com/ethankhall/release-manager
[INFO] finished tweaking git repo https://github.com/ethankhall/release-manager
[INFO] tweaked toml for git repo https://github.com/ethankhall/release-manager written to /workspace/builds/worker-2-tc1/source/Cargo.toml
[INFO] crate git repo https://github.com/ethankhall/release-manager already has a lockfile, it will not be regenerated
[INFO] running `Command { std: CARGO_HOME="/workspace/cargo-home" RUSTUP_HOME="/workspace/rustup-home" "/workspace/cargo-home/bin/cargo" "+nightly-2024-10-28" "fetch" "--manifest-path" "Cargo.toml", kill_on_drop: false }`
[INFO] [stderr] warning: no edition set: defaulting to the 2015 edition while the latest is 2021
[INFO] [stderr]  Downloading crates ...
[INFO] [stderr]   Downloaded toml_edit v0.1.1
[INFO] [stderr]   Downloaded rust-ini v0.10.3
[INFO] [stderr]   Downloaded filetime v0.2.0
[INFO] [stderr]   Downloaded xattr v0.2.1
[INFO] [stderr]   Downloaded combine v3.0.0-alpha.2
[INFO] [stderr]   Downloaded fern v0.5.2
[INFO] [stderr]   Downloaded json v0.11.13
[INFO] [stderr]   Downloaded tar v0.4.15
[INFO] [stderr]   Downloaded hyper v0.11.15
[INFO] running `Command { std: "docker" "create" "-v" "/var/lib/crater-agent-workspace/builds/worker-2-tc1/target:/opt/rustwide/target:rw,Z" "-v" "/var/lib/crater-agent-workspace/builds/worker-2-tc1/source:/opt/rustwide/workdir:ro,Z" "-v" "/var/lib/crater-agent-workspace/cargo-home:/opt/rustwide/cargo-home:ro,Z" "-v" "/var/lib/crater-agent-workspace/rustup-home:/opt/rustwide/rustup-home:ro,Z" "-e" "SOURCE_DIR=/opt/rustwide/workdir" "-e" "CARGO_TARGET_DIR=/opt/rustwide/target" "-e" "CARGO_HOME=/opt/rustwide/cargo-home" "-e" "RUSTUP_HOME=/opt/rustwide/rustup-home" "-w" "/opt/rustwide/workdir" "-m" "1610612736" "--user" "0:0" "--network" "none" "ghcr.io/rust-lang/crates-build-env/linux@sha256:4a844ea9eb2546a2d2c7022eacef16ef2e8229c7fbb2c7d4d55a9ceca922f72d" "/opt/rustwide/cargo-home/bin/cargo" "+nightly-2024-10-28" "metadata" "--no-deps" "--format-version=1", kill_on_drop: false }`
[INFO] [stdout] 3b37612b98dc678c4e515a8fed01d2381de40fc3c396a844e6be8c49ae6a080b
[INFO] running `Command { std: "docker" "start" "-a" "3b37612b98dc678c4e515a8fed01d2381de40fc3c396a844e6be8c49ae6a080b", kill_on_drop: false }`
[INFO] running `Command { std: "docker" "inspect" "3b37612b98dc678c4e515a8fed01d2381de40fc3c396a844e6be8c49ae6a080b", kill_on_drop: false }`
[INFO] running `Command { std: "docker" "rm" "-f" "3b37612b98dc678c4e515a8fed01d2381de40fc3c396a844e6be8c49ae6a080b", kill_on_drop: false }`
[INFO] [stdout] 3b37612b98dc678c4e515a8fed01d2381de40fc3c396a844e6be8c49ae6a080b
[INFO] running `Command { std: "docker" "create" "-v" "/var/lib/crater-agent-workspace/builds/worker-2-tc1/target:/opt/rustwide/target:rw,Z" "-v" "/var/lib/crater-agent-workspace/builds/worker-2-tc1/source:/opt/rustwide/workdir:ro,Z" "-v" "/var/lib/crater-agent-workspace/cargo-home:/opt/rustwide/cargo-home:ro,Z" "-v" "/var/lib/crater-agent-workspace/rustup-home:/opt/rustwide/rustup-home:ro,Z" "-e" "SOURCE_DIR=/opt/rustwide/workdir" "-e" "CARGO_TARGET_DIR=/opt/rustwide/target" "-e" "CARGO_INCREMENTAL=0" "-e" "RUST_BACKTRACE=full" "-e" "RUSTFLAGS=--cap-lints=forbid" "-e" "RUSTDOCFLAGS=--cap-lints=forbid" "-e" "CARGO_HOME=/opt/rustwide/cargo-home" "-e" "RUSTUP_HOME=/opt/rustwide/rustup-home" "-w" "/opt/rustwide/workdir" "-m" "1610612736" "--user" "0:0" "--network" "none" "ghcr.io/rust-lang/crates-build-env/linux@sha256:4a844ea9eb2546a2d2c7022eacef16ef2e8229c7fbb2c7d4d55a9ceca922f72d" "/opt/rustwide/cargo-home/bin/cargo" "+nightly-2024-10-28" "build" "--frozen" "--message-format=json", kill_on_drop: false }`
[INFO] [stdout] 4e1d29ac402e8488a2084d56d2e45bce0d8cbee3b6182be01616dbf0d797752a
[INFO] running `Command { std: "docker" "start" "-a" "4e1d29ac402e8488a2084d56d2e45bce0d8cbee3b6182be01616dbf0d797752a", kill_on_drop: false }`
[INFO] [stderr] warning: no edition set: defaulting to the 2015 edition while the latest is 2021
[INFO] [stderr]    Compiling libc v0.2.36
[INFO] [stderr]    Compiling version_check v0.1.3
[INFO] [stderr]    Compiling cc v1.0.4
[INFO] [stderr]    Compiling pkg-config v0.3.9
[INFO] [stderr]    Compiling cfg-if v0.1.2
[INFO] [stderr]    Compiling byteorder v1.2.1
[INFO] [stderr]    Compiling futures v0.1.18
[INFO] [stderr]    Compiling lazy_static v0.2.11
[INFO] [stderr]    Compiling lazy_static v1.0.0
[INFO] [stderr]    Compiling siphasher v0.2.2
[INFO] [stderr]    Compiling num-traits v0.1.42
[INFO] [stderr]    Compiling slab v0.3.0
[INFO] [stderr]    Compiling lazycell v0.6.0
[INFO] [stderr]    Compiling scoped-tls v0.1.0
[INFO] [stderr]    Compiling foreign-types-shared v0.1.1
[INFO] [stderr]    Compiling openssl v0.9.24
[INFO] [stderr]    Compiling log v0.4.1
[INFO] [stderr]    Compiling void v1.0.2
[INFO] [stderr]    Compiling slab v0.4.0
[INFO] [stderr]    Compiling bitflags v0.9.1
[INFO] [stderr]    Compiling foreign-types v0.3.2
[INFO] [stderr]    Compiling stable_deref_trait v1.0.0
[INFO] [stderr]    Compiling unreachable v1.0.0
[INFO] [stderr]    Compiling unicode-width v0.1.4
[INFO] [stderr]    Compiling percent-encoding v1.0.1
[INFO] [stderr]    Compiling smallvec v0.6.1
[INFO] [stderr]    Compiling unicode-xid v0.0.4
[INFO] [stderr]    Compiling log v0.3.9
[INFO] [stderr]    Compiling matches v0.1.6
[INFO] [stderr]    Compiling thread_local v0.3.5
[INFO] [stderr]    Compiling owning_ref v0.3.3
[INFO] [stderr]    Compiling quote v0.3.15
[INFO] [stderr]    Compiling unicode-bidi v0.3.4
[INFO] [stderr]    Compiling synom v0.11.3
[INFO] [stderr]    Compiling utf8-ranges v1.0.0
[INFO] [stderr]    Compiling unicase v1.4.2
[INFO] [stderr]    Compiling unicase v2.1.0
[INFO] [stderr]    Compiling safemem v0.2.0
[INFO] [stderr]    Compiling take v0.1.0
[INFO] [stderr]    Compiling unicode-normalization v0.1.5
[INFO] [stderr]    Compiling gcc v0.3.54
[INFO] [stderr]    Compiling regex-syntax v0.4.2
[INFO] [stderr]    Compiling cmake v0.1.29
[INFO] [stderr]    Compiling rand v0.3.20
[INFO] [stderr]    Compiling iovec v0.1.2
[INFO] [stderr]    Compiling net2 v0.2.31
[INFO] [stderr]    Compiling time v0.1.39
[INFO] [stderr]    Compiling memchr v2.0.1
[INFO] [stderr]    Compiling bytes v0.4.6
[INFO] [stderr]    Compiling phf_shared v0.7.21
[INFO] [stderr]    Compiling num-integer v0.1.35
[INFO] [stderr]    Compiling rand v0.4.2
[INFO] [stderr]    Compiling aho-corasick v0.6.4
[INFO] [stderr]    Compiling num_cpus v1.8.0
[INFO] [stderr]    Compiling mio v0.6.12
[INFO] [stderr]    Compiling mime v0.3.5
[INFO] [stderr]    Compiling num-iter v0.1.34
[INFO] [stderr]    Compiling smallvec v0.2.1
[INFO] [stderr]    Compiling idna v0.1.4
[INFO] [stderr]    Compiling openssl-sys v0.9.24
[INFO] [stderr]    Compiling libz-sys v1.0.18
[INFO] [stderr]    Compiling libgit2-sys v0.6.19
[INFO] [stderr]    Compiling num v0.1.41
[INFO] [stderr]    Compiling syn v0.11.11
[INFO] [stderr]    Compiling phf_generator v0.7.21
[INFO] [stderr]    Compiling clicolors-control v0.2.0
[INFO] [stderr]    Compiling termios v0.2.2
[INFO] [stderr]    Compiling base64 v0.9.0
[INFO] [stderr]    Compiling httparse v1.2.4
[INFO] [stderr]    Compiling phf_codegen v0.7.21
[INFO] [stderr]    Compiling language-tags v0.2.2
[INFO] [stderr]    Compiling rust-crypto v0.2.36
[INFO] [stderr]    Compiling serde v1.0.27
[INFO] [stderr]    Compiling ascii v0.7.1
[INFO] [stderr]    Compiling regex v0.2.5
[INFO] [stderr]    Compiling parking_lot_core v0.2.14
[INFO] [stderr]    Compiling mime_guess v2.0.0-alpha.4
[INFO] [stderr]    Compiling chrono v0.4.0
[INFO] [stderr] error: failed to run custom build command for `openssl-sys v0.9.24`
[INFO] [stderr] note: To improve backtraces for build dependencies, set the CARGO_PROFILE_DEV_BUILD_OVERRIDE_DEBUG=true environment variable to enable debug information generation.
[INFO] [stderr] 
[INFO] [stderr] Caused by:
[INFO] [stderr]   process didn't exit successfully: `/opt/rustwide/target/debug/build/openssl-sys-9c9a0567a17caed1/build-script-build` (exit status: 101)
[INFO] [stderr]   --- stdout
[INFO] [stderr]   cargo:rerun-if-env-changed=X86_64_UNKNOWN_LINUX_GNU_OPENSSL_LIB_DIR
[INFO] [stderr]   cargo:rerun-if-env-changed=OPENSSL_LIB_DIR
[INFO] [stderr]   cargo:rerun-if-env-changed=X86_64_UNKNOWN_LINUX_GNU_OPENSSL_INCLUDE_DIR
[INFO] [stderr]   cargo:rerun-if-env-changed=OPENSSL_INCLUDE_DIR
[INFO] [stderr]   cargo:rerun-if-env-changed=X86_64_UNKNOWN_LINUX_GNU_OPENSSL_DIR
[INFO] [stderr]   cargo:rerun-if-env-changed=OPENSSL_DIR
[INFO] [stderr]   cargo:rustc-link-lib=ssl
[INFO] [stderr]   cargo:rustc-link-lib=crypto
[INFO] [stderr]   OPT_LEVEL = Some("0")
[INFO] [stderr]   TARGET = Some("x86_64-unknown-linux-gnu")
[INFO] [stderr]   HOST = Some("x86_64-unknown-linux-gnu")
[INFO] [stderr]   TARGET = Some("x86_64-unknown-linux-gnu")
[INFO] [stderr]   TARGET = Some("x86_64-unknown-linux-gnu")
[INFO] [stderr]   HOST = Some("x86_64-unknown-linux-gnu")
[INFO] [stderr]   CC_x86_64-unknown-linux-gnu = None
[INFO] [stderr]   CC_x86_64_unknown_linux_gnu = None
[INFO] [stderr]   HOST_CC = None
[INFO] [stderr]   CC = None
[INFO] [stderr]   HOST = Some("x86_64-unknown-linux-gnu")
[INFO] [stderr]   TARGET = Some("x86_64-unknown-linux-gnu")
[INFO] [stderr]   HOST = Some("x86_64-unknown-linux-gnu")
[INFO] [stderr]   CFLAGS_x86_64-unknown-linux-gnu = None
[INFO] [stderr]   CFLAGS_x86_64_unknown_linux_gnu = None
[INFO] [stderr]   HOST_CFLAGS = None
[INFO] [stderr]   CFLAGS = None
[INFO] [stderr]   DEBUG = Some("true")
[INFO] [stderr]   running: "cc" "-O0" "-ffunction-sections" "-fdata-sections" "-fPIC" "-g" "-m64" "-Wall" "-Wextra" "-E" "/opt/rustwide/target/debug/build/openssl-sys-476cbc46f098dc7a/out/expando.c"
[INFO] [stderr]   exit status: 0
[INFO] [stderr]   cargo:rustc-cfg=osslconf="OPENSSL_NO_SSL3_METHOD"
[INFO] [stderr]   cargo:conf=OPENSSL_NO_SSL3_METHOD
[INFO] [stderr] 
[INFO] [stderr]   --- stderr
[INFO] [stderr]   thread 'main' panicked at /opt/rustwide/cargo-home/registry/src/index.crates.io-6f17d22bba15001f/openssl-sys-0.9.24/build.rs:486:9:
[INFO] [stderr] 
[INFO] [stderr] 
[INFO] [stderr]   This crate is only compatible with OpenSSL 1.0.1, 1.0.2, and 1.1.0, or LibreSSL
[INFO] [stderr]   2.5 and 2.6.0, but a different version of OpenSSL was found. The build is now
[INFO] [stderr]   aborting due to this version mismatch.
[INFO] [stderr] 
[INFO] [stderr] 
[INFO] [stderr]   stack backtrace:
[INFO] [stderr]      0:     0x5c5c483fdb2a - std::backtrace_rs::backtrace::libunwind::trace::h207520d6e9873551
[INFO] [stderr]                                  at /rustc/df4ca44d3fbc9301ee17f30f4d474e6ae4b05252/library/std/src/../../backtrace/src/backtrace/libunwind.rs:116:5
[INFO] [stderr]      1:     0x5c5c483fdb2a - std::backtrace_rs::backtrace::trace_unsynchronized::h2ed7433f370e3eca
[INFO] [stderr]                                  at /rustc/df4ca44d3fbc9301ee17f30f4d474e6ae4b05252/library/std/src/../../backtrace/src/backtrace/mod.rs:66:5
[INFO] [stderr]      2:     0x5c5c483fdb2a - std::sys::backtrace::_print_fmt::h916fac51166b18d7
[INFO] [stderr]                                  at /rustc/df4ca44d3fbc9301ee17f30f4d474e6ae4b05252/library/std/src/sys/backtrace.rs:66:9
[INFO] [stderr]      3:     0x5c5c483fdb2a - <std::sys::backtrace::BacktraceLock::print::DisplayBacktrace as core::fmt::Display>::fmt::ha0a4c9b8ce3802e6
[INFO] [stderr]                                  at /rustc/df4ca44d3fbc9301ee17f30f4d474e6ae4b05252/library/std/src/sys/backtrace.rs:39:26
[INFO] [stderr]      4:     0x5c5c48421043 - core::fmt::rt::Argument::fmt::h4cfc8587d52b3eb5
[INFO] [stderr]                                  at /rustc/df4ca44d3fbc9301ee17f30f4d474e6ae4b05252/library/core/src/fmt/rt.rs:177:76
[INFO] [stderr]      5:     0x5c5c48421043 - core::fmt::write::h522cc39e5b36ae9f
[INFO] [stderr]                                  at /rustc/df4ca44d3fbc9301ee17f30f4d474e6ae4b05252/library/core/src/fmt/mod.rs:1190:21
[INFO] [stderr]      6:     0x5c5c483fa7e3 - std::io::Write::write_fmt::hf1c1dcc8cc1287f0
[INFO] [stderr]                                  at /rustc/df4ca44d3fbc9301ee17f30f4d474e6ae4b05252/library/std/src/io/mod.rs:1839:15
[INFO] [stderr]      7:     0x5c5c483fd972 - std::sys::backtrace::BacktraceLock::print::h4b9e00b29e9c0942
[INFO] [stderr]                                  at /rustc/df4ca44d3fbc9301ee17f30f4d474e6ae4b05252/library/std/src/sys/backtrace.rs:42:9
[INFO] [stderr]      8:     0x5c5c483feb6c - std::panicking::default_hook::{{closure}}::hb59b88280d0324d9
[INFO] [stderr]                                  at /rustc/df4ca44d3fbc9301ee17f30f4d474e6ae4b05252/library/std/src/panicking.rs:268:22
[INFO] [stderr]      9:     0x5c5c483fe9b2 - std::panicking::default_hook::he1dd496665be4a29
[INFO] [stderr]                                  at /rustc/df4ca44d3fbc9301ee17f30f4d474e6ae4b05252/library/std/src/panicking.rs:295:9
[INFO] [stderr]     10:     0x5c5c483ff1a7 - std::panicking::rust_panic_with_hook::h2ff17fe8f26dfcf8
[INFO] [stderr]                                  at /rustc/df4ca44d3fbc9301ee17f30f4d474e6ae4b05252/library/std/src/panicking.rs:801:13
[INFO] [stderr]     11:     0x5c5c483b3b0a - std::panicking::begin_panic::{{closure}}::h39453265acc925ec
[INFO] [stderr]     12:     0x5c5c483b933a - std::sys::backtrace::__rust_end_short_backtrace::h995226f22d170465
[INFO] [stderr]     13:     0x5c5c483b3abe - std::panicking::begin_panic::h8129726df6921b58
[INFO] [stderr]     14:     0x5c5c4839a4bd - build_script_build::validate_headers::h055b1c7ba262df02
[INFO] [stderr]     15:     0x5c5c483991bf - build_script_build::try_pkg_config::h4b3b281f2764973b
[INFO] [stderr]     16:     0x5c5c48398217 - build_script_build::find_openssl_dir::h62164b0b9bbc267d
[INFO] [stderr]     17:     0x5c5c48397fc8 - build_script_build::main::{{closure}}::h7058d3076e492cf3
[INFO] [stderr]     18:     0x5c5c4839d993 - core::option::Option<T>::unwrap_or_else::h9e29422bbf3f630b
[INFO] [stderr]     19:     0x5c5c4839710f - build_script_build::main::he4d96c8584bd76e3
[INFO] [stderr]     20:     0x5c5c4839fa23 - core::ops::function::FnOnce::call_once::h19b5d58120a6e17c
[INFO] [stderr]     21:     0x5c5c48395926 - std::sys::backtrace::__rust_begin_short_backtrace::h9de0cc5604aa1532
[INFO] [stderr]     22:     0x5c5c4839c949 - std::rt::lang_start::{{closure}}::h09ad615c14ff21f9
[INFO] [stderr]     23:     0x5c5c483f7007 - core::ops::function::impls::<impl core::ops::function::FnOnce<A> for &F>::call_once::hd87d66b906e0ccaf
[INFO] [stderr]                                  at /rustc/df4ca44d3fbc9301ee17f30f4d474e6ae4b05252/library/core/src/ops/function.rs:284:13
[INFO] [stderr]     24:     0x5c5c483f7007 - std::panicking::try::do_call::hae3703de71fc9e3a
[INFO] [stderr]                                  at /rustc/df4ca44d3fbc9301ee17f30f4d474e6ae4b05252/library/std/src/panicking.rs:557:40
[INFO] [stderr]     25:     0x5c5c483f7007 - std::panicking::try::h1178330e9a2b2645
[INFO] [stderr]                                  at /rustc/df4ca44d3fbc9301ee17f30f4d474e6ae4b05252/library/std/src/panicking.rs:520:19
[INFO] [stderr]     26:     0x5c5c483f7007 - std::panic::catch_unwind::h0acf49d2305d32ad
[INFO] [stderr]                                  at /rustc/df4ca44d3fbc9301ee17f30f4d474e6ae4b05252/library/std/src/panic.rs:358:14
[INFO] [stderr]     27:     0x5c5c483f7007 - std::rt::lang_start_internal::{{closure}}::h2d95182d798177be
[INFO] [stderr]                                  at /rustc/df4ca44d3fbc9301ee17f30f4d474e6ae4b05252/library/std/src/rt.rs:174:48
[INFO] [stderr]     28:     0x5c5c483f7007 - std::panicking::try::do_call::hb506f5bfe11fd30c
[INFO] [stderr]                                  at /rustc/df4ca44d3fbc9301ee17f30f4d474e6ae4b05252/library/std/src/panicking.rs:557:40
[INFO] [stderr]     29:     0x5c5c483f7007 - std::panicking::try::h54d825c46bd0fa95
[INFO] [stderr]                                  at /rustc/df4ca44d3fbc9301ee17f30f4d474e6ae4b05252/library/std/src/panicking.rs:520:19
[INFO] [stderr]     30:     0x5c5c483f7007 - std::panic::catch_unwind::hffbb0ad20c4e9fac
[INFO] [stderr]                                  at /rustc/df4ca44d3fbc9301ee17f30f4d474e6ae4b05252/library/std/src/panic.rs:358:14
[INFO] [stderr]     31:     0x5c5c483f7007 - std::rt::lang_start_internal::h52c291ef1962c925
[INFO] [stderr]                                  at /rustc/df4ca44d3fbc9301ee17f30f4d474e6ae4b05252/library/std/src/rt.rs:174:20
[INFO] [stderr]     32:     0x5c5c4839c927 - std::rt::lang_start::h3140cd4343e46adc
[INFO] [stderr]     33:     0x5c5c4839bf85 - main
[INFO] [stderr]     34:     0x71a75e664d90 - <unknown>
[INFO] [stderr]     35:     0x71a75e664e40 - __libc_start_main
[INFO] [stderr]     36:     0x5c5c4838eca5 - _start
[INFO] [stderr]     37:                0x0 - <unknown>
[INFO] [stderr] warning: build failed, waiting for other jobs to finish...
[INFO] [stderr] error: failed to run custom build command for `libgit2-sys v0.6.19`
[INFO] [stderr] note: To improve backtraces for build dependencies, set the CARGO_PROFILE_DEV_BUILD_OVERRIDE_DEBUG=true environment variable to enable debug information generation.
[INFO] [stderr] 
[INFO] [stderr] Caused by:
[INFO] [stderr]   process didn't exit successfully: `/opt/rustwide/target/debug/build/libgit2-sys-f74cf69107a06846/build-script-build` (exit status: 101)
[INFO] [stderr]   --- stdout
[INFO] [stderr]   running: cd "/opt/rustwide/target/debug/build/libgit2-sys-1547bb5f24eb0650/out/build" && CMAKE_PREFIX_PATH="" "cmake" "/opt/rustwide/cargo-home/registry/src/index.crates.io-6f17d22bba15001f/libgit2-sys-0.6.19/libgit2" "-DUSE_SSH=OFF" "-DUSE_OPENSSL=OFF" "-DCURL=OFF" "-DBUILD_SHARED_LIBS=OFF" "-DBUILD_CLAR=OFF" "-DCMAKE_INSTALL_PREFIX=/opt/rustwide/target/debug/build/libgit2-sys-1547bb5f24eb0650/out" "-DCMAKE_C_FLAGS= -ffunction-sections -fdata-sections -fPIC -m64" "-DCMAKE_C_COMPILER=/usr/bin/cc" "-DCMAKE_CXX_FLAGS= -ffunction-sections -fdata-sections -fPIC -m64" "-DCMAKE_CXX_COMPILER=/usr/bin/c++" "-DCMAKE_BUILD_TYPE=Debug"
[INFO] [stderr]   -- The C compiler identification is GNU 11.4.0
[INFO] [stderr]   -- Detecting C compiler ABI info
[INFO] [stderr]   -- Detecting C compiler ABI info - done
[INFO] [stderr]   -- Check for working C compiler: /usr/bin/cc - skipped
[INFO] [stderr]   -- Detecting C compile features
[INFO] [stderr]   -- Detecting C compile features - done
[INFO] [stderr]   -- Found PkgConfig: /usr/bin/pkg-config (found version "0.29.2") 
[INFO] [stderr]   -- Performing Test HAVE_STRUCT_STAT_ST_MTIM
[INFO] [stderr]   -- Performing Test HAVE_STRUCT_STAT_ST_MTIM - Success
[INFO] [stderr]   -- Performing Test HAVE_STRUCT_STAT_ST_MTIMESPEC
[INFO] [stderr]   -- Performing Test HAVE_STRUCT_STAT_ST_MTIMESPEC - Failed
[INFO] [stderr]   -- Performing Test HAVE_STRUCT_STAT_MTIME_NSEC
[INFO] [stderr]   -- Performing Test HAVE_STRUCT_STAT_MTIME_NSEC - Failed
[INFO] [stderr]   -- Performing Test HAVE_STRUCT_STAT_NSEC
[INFO] [stderr]   -- Performing Test HAVE_STRUCT_STAT_NSEC - Success
[INFO] [stderr]   -- Could NOT find HTTP_Parser (missing: HTTP_PARSER_INCLUDE_DIR HTTP_PARSER_LIBRARY) 
[INFO] [stderr]   -- http-parser version 2 was not found; using bundled 3rd-party sources.
[INFO] [stderr]   -- Found ZLIB: /usr/lib/x86_64-linux-gnu/libz.so (found version "1.2.11") 
[INFO] [stderr]   -- LIBSSH2 not found. Set CMAKE_PREFIX_PATH if it is installed outside of the default search path.
[INFO] [stderr]   -- Performing Test IS_WALL_SUPPORTED
[INFO] [stderr]   -- Performing Test IS_WALL_SUPPORTED - Success
[INFO] [stderr]   -- Performing Test IS_WEXTRA_SUPPORTED
[INFO] [stderr]   -- Performing Test IS_WEXTRA_SUPPORTED - Success
[INFO] [stderr]   -- Performing Test IS_WDOCUMENTATION_SUPPORTED
[INFO] [stderr]   -- Performing Test IS_WDOCUMENTATION_SUPPORTED - Failed
[INFO] [stderr]   -- Performing Test IS_WNO-MISSING-FIELD-INITIALIZERS_SUPPORTED
[INFO] [stderr]   -- Performing Test IS_WNO-MISSING-FIELD-INITIALIZERS_SUPPORTED - Success
[INFO] [stderr]   -- Performing Test IS_WSTRICT-ALIASING=2_SUPPORTED
[INFO] [stderr]   -- Performing Test IS_WSTRICT-ALIASING=2_SUPPORTED - Success
[INFO] [stderr]   -- Performing Test IS_WSTRICT-PROTOTYPES_SUPPORTED
[INFO] [stderr]   -- Performing Test IS_WSTRICT-PROTOTYPES_SUPPORTED - Success
[INFO] [stderr]   -- Performing Test IS_WDECLARATION-AFTER-STATEMENT_SUPPORTED
[INFO] [stderr]   -- Performing Test IS_WDECLARATION-AFTER-STATEMENT_SUPPORTED - Success
[INFO] [stderr]   -- Performing Test IS_WNO-UNUSED-CONST-VARIABLE_SUPPORTED
[INFO] [stderr]   -- Performing Test IS_WNO-UNUSED-CONST-VARIABLE_SUPPORTED - Success
[INFO] [stderr]   -- Performing Test IS_WNO-UNUSED-FUNCTION_SUPPORTED
[INFO] [stderr]   -- Performing Test IS_WNO-UNUSED-FUNCTION_SUPPORTED - Success
[INFO] [stderr]   -- Looking for regcomp_l
[INFO] [stderr]   -- Looking for regcomp_l - not found
[INFO] [stderr]   -- Looking for futimens
[INFO] [stderr]   -- Looking for futimens - found
[INFO] [stderr]   -- Looking for qsort_r
[INFO] [stderr]   -- Looking for qsort_r - found
[INFO] [stderr]   -- Looking for qsort_s
[INFO] [stderr]   -- Looking for qsort_s - not found
[INFO] [stderr]   -- Looking for pthread.h
[INFO] [stderr]   -- Looking for pthread.h - not found
[INFO] [stderr]   -- Configuring incomplete, errors occurred!
[INFO] [stderr]   See also "/opt/rustwide/target/debug/build/libgit2-sys-1547bb5f24eb0650/out/build/CMakeFiles/CMakeOutput.log".
[INFO] [stderr]   See also "/opt/rustwide/target/debug/build/libgit2-sys-1547bb5f24eb0650/out/build/CMakeFiles/CMakeError.log".
[INFO] [stderr] 
[INFO] [stderr]   --- stderr
[INFO] [stderr]   fatal: not a git repository (or any parent up to mount point /opt/rustwide)
[INFO] [stderr]   Stopping at filesystem boundary (GIT_DISCOVERY_ACROSS_FILESYSTEM not set).
[INFO] [stderr]   CMake Deprecation Warning at CMakeLists.txt:15 (CMAKE_MINIMUM_REQUIRED):
[INFO] [stderr]     Compatibility with CMake < 2.8.12 will be removed from a future version of
[INFO] [stderr]     CMake.
[INFO] [stderr] 
[INFO] [stderr]     Update the VERSION argument <min> value or use a ...<max> suffix to tell
[INFO] [stderr]     CMake that the project does not need compatibility with older versions.
[INFO] [stderr] 
[INFO] [stderr] 
[INFO] [stderr]   CMake Error at /usr/share/cmake-3.22/Modules/FindPackageHandleStandardArgs.cmake:230 (message):
[INFO] [stderr]     Could NOT find Threads (missing: Threads_FOUND)
[INFO] [stderr]   Call Stack (most recent call first):
[INFO] [stderr]     /usr/share/cmake-3.22/Modules/FindPackageHandleStandardArgs.cmake:594 (_FPHSA_FAILURE_MESSAGE)
[INFO] [stderr]     /usr/share/cmake-3.22/Modules/FindThreads.cmake:238 (FIND_PACKAGE_HANDLE_STANDARD_ARGS)
[INFO] [stderr]     CMakeLists.txt:563 (FIND_PACKAGE)
[INFO] [stderr] 
[INFO] [stderr] 
[INFO] [stderr]   thread 'main' panicked at /opt/rustwide/cargo-home/registry/src/index.crates.io-6f17d22bba15001f/cmake-0.1.29/src/lib.rs:632:5:
[INFO] [stderr] 
[INFO] [stderr]   command did not execute successfully, got: exit status: 1
[INFO] [stderr] 
[INFO] [stderr]   build script failed, must exit now
[INFO] [stderr]   stack backtrace:
[INFO] [stderr]      0:     0x58950a829e5a - std::backtrace_rs::backtrace::libunwind::trace::h207520d6e9873551
[INFO] [stderr]                                  at /rustc/df4ca44d3fbc9301ee17f30f4d474e6ae4b05252/library/std/src/../../backtrace/src/backtrace/libunwind.rs:116:5
[INFO] [stderr]      1:     0x58950a829e5a - std::backtrace_rs::backtrace::trace_unsynchronized::h2ed7433f370e3eca
[INFO] [stderr]                                  at /rustc/df4ca44d3fbc9301ee17f30f4d474e6ae4b05252/library/std/src/../../backtrace/src/backtrace/mod.rs:66:5
[INFO] [stderr]      2:     0x58950a829e5a - std::sys::backtrace::_print_fmt::h916fac51166b18d7
[INFO] [stderr]                                  at /rustc/df4ca44d3fbc9301ee17f30f4d474e6ae4b05252/library/std/src/sys/backtrace.rs:66:9
[INFO] [stderr]      3:     0x58950a829e5a - <std::sys::backtrace::BacktraceLock::print::DisplayBacktrace as core::fmt::Display>::fmt::ha0a4c9b8ce3802e6
[INFO] [stderr]                                  at /rustc/df4ca44d3fbc9301ee17f30f4d474e6ae4b05252/library/std/src/sys/backtrace.rs:39:26
[INFO] [stderr]      4:     0x58950a84c693 - core::fmt::rt::Argument::fmt::h4cfc8587d52b3eb5
[INFO] [stderr]                                  at /rustc/df4ca44d3fbc9301ee17f30f4d474e6ae4b05252/library/core/src/fmt/rt.rs:177:76
[INFO] [stderr]      5:     0x58950a84c693 - core::fmt::write::h522cc39e5b36ae9f
[INFO] [stderr]                                  at /rustc/df4ca44d3fbc9301ee17f30f4d474e6ae4b05252/library/core/src/fmt/mod.rs:1190:21
[INFO] [stderr]      6:     0x58950a826ac3 - std::io::Write::write_fmt::hf1c1dcc8cc1287f0
[INFO] [stderr]                                  at /rustc/df4ca44d3fbc9301ee17f30f4d474e6ae4b05252/library/std/src/io/mod.rs:1839:15
[INFO] [stderr]      7:     0x58950a829ca2 - std::sys::backtrace::BacktraceLock::print::h4b9e00b29e9c0942
[INFO] [stderr]                                  at /rustc/df4ca44d3fbc9301ee17f30f4d474e6ae4b05252/library/std/src/sys/backtrace.rs:42:9
[INFO] [stderr]      8:     0x58950a82ae9c - std::panicking::default_hook::{{closure}}::hb59b88280d0324d9
[INFO] [stderr]                                  at /rustc/df4ca44d3fbc9301ee17f30f4d474e6ae4b05252/library/std/src/panicking.rs:268:22
[INFO] [stderr]      9:     0x58950a82ace2 - std::panicking::default_hook::he1dd496665be4a29
[INFO] [stderr]                                  at /rustc/df4ca44d3fbc9301ee17f30f4d474e6ae4b05252/library/std/src/panicking.rs:295:9
[INFO] [stderr]     10:     0x58950a82b497 - std::panicking::rust_panic_with_hook::h2ff17fe8f26dfcf8
[INFO] [stderr]                                  at /rustc/df4ca44d3fbc9301ee17f30f4d474e6ae4b05252/library/std/src/panicking.rs:801:13
[INFO] [stderr]     11:     0x58950a82b32a - std::panicking::begin_panic_handler::{{closure}}::h4fad77951c07e101
[INFO] [stderr]                                  at /rustc/df4ca44d3fbc9301ee17f30f4d474e6ae4b05252/library/std/src/panicking.rs:674:13
[INFO] [stderr]     12:     0x58950a82a339 - std::sys::backtrace::__rust_end_short_backtrace::hb1a25b3da5d0ea08
[INFO] [stderr]                                  at /rustc/df4ca44d3fbc9301ee17f30f4d474e6ae4b05252/library/std/src/sys/backtrace.rs:170:18
[INFO] [stderr]     13:     0x58950a82afbc - rust_begin_unwind
[INFO] [stderr]                                  at /rustc/df4ca44d3fbc9301ee17f30f4d474e6ae4b05252/library/std/src/panicking.rs:665:5
[INFO] [stderr]     14:     0x58950a84b4f0 - core::panicking::panic_fmt::ha9db07b529f9b256
[INFO] [stderr]                                  at /rustc/df4ca44d3fbc9301ee17f30f4d474e6ae4b05252/library/core/src/panicking.rs:75:14
[INFO] [stderr]     15:     0x58950a7dee22 - cmake::fail::h02aafb8805e2da73
[INFO] [stderr]     16:     0x58950a7de559 - cmake::run::h726f18663c2f2f6d
[INFO] [stderr]     17:     0x58950a7db646 - cmake::Config::build::h95eeaf7d659707c1
[INFO] [stderr]     18:     0x58950a7c530e - build_script_build::main::h60f6fc8d7ac4e4eb
[INFO] [stderr]     19:     0x58950a7c18a3 - core::ops::function::FnOnce::call_once::h4bbc1a234bec6476
[INFO] [stderr]     20:     0x58950a7c1666 - std::sys::backtrace::__rust_begin_short_backtrace::h88df604d775f9a05
[INFO] [stderr]     21:     0x58950a7c0979 - std::rt::lang_start::{{closure}}::he2df0e82d0f3e58e
[INFO] [stderr]     22:     0x58950a8234c7 - core::ops::function::impls::<impl core::ops::function::FnOnce<A> for &F>::call_once::hd87d66b906e0ccaf
[INFO] [stderr]                                  at /rustc/df4ca44d3fbc9301ee17f30f4d474e6ae4b05252/library/core/src/ops/function.rs:284:13
[INFO] [stderr]     23:     0x58950a8234c7 - std::panicking::try::do_call::hae3703de71fc9e3a
[INFO] [stderr]                                  at /rustc/df4ca44d3fbc9301ee17f30f4d474e6ae4b05252/library/std/src/panicking.rs:557:40
[INFO] [stderr]     24:     0x58950a8234c7 - std::panicking::try::h1178330e9a2b2645
[INFO] [stderr]                                  at /rustc/df4ca44d3fbc9301ee17f30f4d474e6ae4b05252/library/std/src/panicking.rs:520:19
[INFO] [stderr]     25:     0x58950a8234c7 - std::panic::catch_unwind::h0acf49d2305d32ad
[INFO] [stderr]                                  at /rustc/df4ca44d3fbc9301ee17f30f4d474e6ae4b05252/library/std/src/panic.rs:358:14
[INFO] [stderr]     26:     0x58950a8234c7 - std::rt::lang_start_internal::{{closure}}::h2d95182d798177be
[INFO] [stderr]                                  at /rustc/df4ca44d3fbc9301ee17f30f4d474e6ae4b05252/library/std/src/rt.rs:174:48
[INFO] [stderr]     27:     0x58950a8234c7 - std::panicking::try::do_call::hb506f5bfe11fd30c
[INFO] [stderr]                                  at /rustc/df4ca44d3fbc9301ee17f30f4d474e6ae4b05252/library/std/src/panicking.rs:557:40
[INFO] [stderr]     28:     0x58950a8234c7 - std::panicking::try::h54d825c46bd0fa95
[INFO] [stderr]                                  at /rustc/df4ca44d3fbc9301ee17f30f4d474e6ae4b05252/library/std/src/panicking.rs:520:19
[INFO] [stderr]     29:     0x58950a8234c7 - std::panic::catch_unwind::hffbb0ad20c4e9fac
[INFO] [stderr]                                  at /rustc/df4ca44d3fbc9301ee17f30f4d474e6ae4b05252/library/std/src/panic.rs:358:14
[INFO] [stderr]     30:     0x58950a8234c7 - std::rt::lang_start_internal::h52c291ef1962c925
[INFO] [stderr]                                  at /rustc/df4ca44d3fbc9301ee17f30f4d474e6ae4b05252/library/std/src/rt.rs:174:20
[INFO] [stderr]     31:     0x58950a7c0957 - std::rt::lang_start::h0e7e98fb8ef7a9c6
[INFO] [stderr]     32:     0x58950a7c6c45 - main
[INFO] [stderr]     33:     0x7ed66bbb2d90 - <unknown>
[INFO] [stderr]     34:     0x7ed66bbb2e40 - __libc_start_main
[INFO] [stderr]     35:     0x58950a7c0285 - _start
[INFO] [stderr]     36:                0x0 - <unknown>
[INFO] [stdout] error: failed to write to `/opt/rustwide/target/debug/deps/rmeta6jXwBs/lib.rmeta`: No space left on device (os error 28)
[INFO] [stdout] 
[INFO] [stdout] 
[INFO] [stderr] error: could not compile `serde` (lib) due to 1 previous error
[INFO] running `Command { std: "docker" "inspect" "4e1d29ac402e8488a2084d56d2e45bce0d8cbee3b6182be01616dbf0d797752a", kill_on_drop: false }`
[INFO] running `Command { std: "docker" "rm" "-f" "4e1d29ac402e8488a2084d56d2e45bce0d8cbee3b6182be01616dbf0d797752a", kill_on_drop: false }`
[INFO] [stdout] 4e1d29ac402e8488a2084d56d2e45bce0d8cbee3b6182be01616dbf0d797752a
