[INFO] cloning repository https://github.com/dalecgu/jd_comments
[INFO] running `Command { std: "git" "-c" "credential.helper=" "-c" "credential.helper=/workspace/cargo-home/bin/git-credential-null" "clone" "--bare" "https://github.com/dalecgu/jd_comments" "/workspace/cache/git-repos/https%3A%2F%2Fgithub.com%2Fdalecgu%2Fjd_comments", kill_on_drop: false }`
[INFO] [stderr] Cloning into bare repository '/workspace/cache/git-repos/https%3A%2F%2Fgithub.com%2Fdalecgu%2Fjd_comments'...
[INFO] running `Command { std: "git" "rev-parse" "HEAD", kill_on_drop: false }`
[INFO] [stdout] f4cf98b2dae80266c9dcf0fc055afc88d64fae2a
[INFO] testing dalecgu/jd_comments/f4cf98b2dae80266c9dcf0fc055afc88d64fae2a against nightly-2024-10-28+rustflags=-Zrandomize-layout for randomize-layout
[INFO] running `Command { std: "git" "clone" "/workspace/cache/git-repos/https%3A%2F%2Fgithub.com%2Fdalecgu%2Fjd_comments" "/workspace/builds/worker-1-tc2/source", kill_on_drop: false }`
[INFO] [stderr] Cloning into '/workspace/builds/worker-1-tc2/source'...
[INFO] [stderr] done.
[INFO] validating manifest of git repo https://github.com/dalecgu/jd_comments on toolchain nightly-2024-10-28
[INFO] running `Command { std: CARGO_HOME="/workspace/cargo-home" RUSTUP_HOME="/workspace/rustup-home" "/workspace/cargo-home/bin/cargo" "+nightly-2024-10-28" "metadata" "--manifest-path" "Cargo.toml" "--no-deps", kill_on_drop: false }`
[INFO] started tweaking git repo https://github.com/dalecgu/jd_comments
[INFO] finished tweaking git repo https://github.com/dalecgu/jd_comments
[INFO] tweaked toml for git repo https://github.com/dalecgu/jd_comments written to /workspace/builds/worker-1-tc2/source/Cargo.toml
[INFO] crate git repo https://github.com/dalecgu/jd_comments already has a lockfile, it will not be regenerated
[INFO] running `Command { std: CARGO_HOME="/workspace/cargo-home" RUSTUP_HOME="/workspace/rustup-home" "/workspace/cargo-home/bin/cargo" "+nightly-2024-10-28" "fetch" "--manifest-path" "Cargo.toml", kill_on_drop: false }`
[INFO] [stderr] warning: no edition set: defaulting to the 2015 edition while the latest is 2021
[INFO] [stderr]     Blocking waiting for file lock on package cache
[INFO] [stderr]     Blocking waiting for file lock on package cache
[INFO] [stderr]     Blocking waiting for file lock on package cache
[ERROR] error running command: no output for 300 seconds
[INFO] testing dalecgu/jd_comments/f4cf98b2dae80266c9dcf0fc055afc88d64fae2a against nightly-2024-10-28+rustflags=-Zrandomize-layout for randomize-layout
[INFO] running `Command { std: "git" "clone" "/workspace/cache/git-repos/https%3A%2F%2Fgithub.com%2Fdalecgu%2Fjd_comments" "/workspace/builds/worker-1-tc2/source", kill_on_drop: false }`
[INFO] [stderr] Cloning into '/workspace/builds/worker-1-tc2/source'...
[INFO] [stderr] done.
[INFO] validating manifest of git repo https://github.com/dalecgu/jd_comments on toolchain nightly-2024-10-28
[INFO] running `Command { std: CARGO_HOME="/workspace/cargo-home" RUSTUP_HOME="/workspace/rustup-home" "/workspace/cargo-home/bin/cargo" "+nightly-2024-10-28" "metadata" "--manifest-path" "Cargo.toml" "--no-deps", kill_on_drop: false }`
[INFO] started tweaking git repo https://github.com/dalecgu/jd_comments
[INFO] finished tweaking git repo https://github.com/dalecgu/jd_comments
[INFO] tweaked toml for git repo https://github.com/dalecgu/jd_comments written to /workspace/builds/worker-1-tc2/source/Cargo.toml
[INFO] crate git repo https://github.com/dalecgu/jd_comments already has a lockfile, it will not be regenerated
[INFO] running `Command { std: CARGO_HOME="/workspace/cargo-home" RUSTUP_HOME="/workspace/rustup-home" "/workspace/cargo-home/bin/cargo" "+nightly-2024-10-28" "fetch" "--manifest-path" "Cargo.toml", kill_on_drop: false }`
[INFO] [stderr] warning: no edition set: defaulting to the 2015 edition while the latest is 2021
[INFO] [stderr]     Blocking waiting for file lock on package cache
[INFO] [stderr]     Blocking waiting for file lock on package cache
[ERROR] error running command: no output for 300 seconds
[INFO] testing dalecgu/jd_comments/f4cf98b2dae80266c9dcf0fc055afc88d64fae2a against nightly-2024-10-28+rustflags=-Zrandomize-layout for randomize-layout
[INFO] running `Command { std: "git" "clone" "/workspace/cache/git-repos/https%3A%2F%2Fgithub.com%2Fdalecgu%2Fjd_comments" "/workspace/builds/worker-1-tc2/source", kill_on_drop: false }`
[INFO] [stderr] Cloning into '/workspace/builds/worker-1-tc2/source'...
[INFO] [stderr] done.
[INFO] validating manifest of git repo https://github.com/dalecgu/jd_comments on toolchain nightly-2024-10-28
[INFO] running `Command { std: CARGO_HOME="/workspace/cargo-home" RUSTUP_HOME="/workspace/rustup-home" "/workspace/cargo-home/bin/cargo" "+nightly-2024-10-28" "metadata" "--manifest-path" "Cargo.toml" "--no-deps", kill_on_drop: false }`
[INFO] started tweaking git repo https://github.com/dalecgu/jd_comments
[INFO] finished tweaking git repo https://github.com/dalecgu/jd_comments
[INFO] tweaked toml for git repo https://github.com/dalecgu/jd_comments written to /workspace/builds/worker-1-tc2/source/Cargo.toml
[INFO] crate git repo https://github.com/dalecgu/jd_comments already has a lockfile, it will not be regenerated
[INFO] running `Command { std: CARGO_HOME="/workspace/cargo-home" RUSTUP_HOME="/workspace/rustup-home" "/workspace/cargo-home/bin/cargo" "+nightly-2024-10-28" "fetch" "--manifest-path" "Cargo.toml", kill_on_drop: false }`
[INFO] [stderr] warning: no edition set: defaulting to the 2015 edition while the latest is 2021
[INFO] [stderr]     Blocking waiting for file lock on package cache
[INFO] [stderr]     Blocking waiting for file lock on package cache
[INFO] [stderr]     Blocking waiting for file lock on package cache
[INFO] [stderr]  Downloading crates ...
[INFO] [stderr]   Downloaded tokio-core v0.1.10
[INFO] [stderr]   Downloaded mio v0.6.11
[INFO] [stderr]   Downloaded tokio-tls v0.1.3
[INFO] [stderr]   Downloaded lazycell v0.5.1
[INFO] [stderr]   Downloaded schannel v0.1.8
[INFO] [stderr]   Downloaded openssl-sys v0.9.20
[INFO] [stderr]   Downloaded serde v1.0.16
[INFO] [stderr]   Downloaded foreign-types v0.2.0
[INFO] [stderr]   Downloaded lazy_static v0.2.9
[INFO] [stderr]   Downloaded num_cpus v1.7.0
[INFO] [stderr]   Downloaded log v0.3.8
[INFO] [stderr]   Downloaded secur32-sys v0.2.0
[INFO] [stderr]   Downloaded nix v0.9.0
[INFO] [stderr]   Downloaded yaml-rust v0.3.5
[INFO] [stderr]   Downloaded futures-cpupool v0.1.7
[INFO] [stderr]   Downloaded httparse v1.2.3
[INFO] [stderr]   Downloaded rustc_version v0.1.7
[INFO] [stderr]   Downloaded unicase v2.0.0
[INFO] [stderr]   Downloaded crypt32-sys v0.2.0
[INFO] [stderr]   Downloaded native-tls v0.1.4
[INFO] [stderr]   Downloaded base64 v0.6.0
[INFO] [stderr]   Downloaded fnv v1.0.5
[INFO] [stderr]   Downloaded bit-vec v0.4.4
[INFO] [stderr]   Downloaded redox_syscall v0.1.31
[INFO] [stderr]   Downloaded time v0.1.38
[INFO] [stderr]   Downloaded regex v0.2.2
[INFO] [stderr]   Downloaded openssl v0.9.20
[INFO] [stderr]   Downloaded serde_json v1.0.4
[INFO] [stderr]   Downloaded fuchsia-zircon v0.2.1
[INFO] [stderr]   Downloaded bytes v0.4.5
[INFO] [stderr]   Downloaded tokio-io v0.1.3
[INFO] [stderr]   Downloaded linked-hash-map v0.3.0
[INFO] [stderr]   Downloaded aho-corasick v0.6.3
[INFO] [stderr]   Downloaded fuchsia-zircon-sys v0.2.0
[INFO] [stderr]   Downloaded serde_derive v1.0.16
[INFO] [stderr]   Downloaded hex v0.2.0
[INFO] [stderr]   Downloaded kernel32-sys v0.1.4
[INFO] [stderr]   Downloaded twox-hash v1.1.0
[INFO] [stderr]   Downloaded percent-encoding v1.0.0
[INFO] [stderr]   Downloaded hyper v0.11.6
[INFO] [stderr]   Downloaded winutil v0.1.0
[INFO] [stderr]   Downloaded textnonce v0.6.3
[INFO] [stderr]   Downloaded rand v0.3.17
[INFO] [stderr]   Downloaded data-encoding v1.2.0
[INFO] [stderr]   Downloaded atoi v0.2.2
[INFO] [stderr]   Downloaded named_pipe v0.2.4
[INFO] [stderr]   Downloaded hostname v0.1.3
[INFO] [stderr]   Downloaded scan_fmt v0.1.1
[INFO] [stderr]   Downloaded bufstream v0.1.3
[INFO] [stderr]   Downloaded smallvec v0.4.4
[INFO] [stderr]   Downloaded bitflags v1.0.0
[INFO] [stderr]   Downloaded mysql_common v0.2.0
[INFO] [stderr]   Downloaded mysql v12.0.3
[INFO] [stderr]   Downloaded config v0.7.0
[INFO] [stderr]   Downloaded advapi32-sys v0.2.0
[INFO] [stderr]   Downloaded cc v1.0.2
[INFO] [stderr]   Downloaded bson v0.10.0
[INFO] [stderr]   Downloaded url v1.5.1
[INFO] [stderr]   Downloaded futures v0.1.16
[INFO] [stderr]   Downloaded nom v3.2.0
[INFO] [stderr]   Downloaded mongodb v0.3.7
[INFO] running `Command { std: "docker" "create" "-v" "/var/lib/crater-agent-workspace/builds/worker-1-tc2/target:/opt/rustwide/target:rw,Z" "-v" "/var/lib/crater-agent-workspace/builds/worker-1-tc2/source:/opt/rustwide/workdir:ro,Z" "-v" "/var/lib/crater-agent-workspace/cargo-home:/opt/rustwide/cargo-home:ro,Z" "-v" "/var/lib/crater-agent-workspace/rustup-home:/opt/rustwide/rustup-home:ro,Z" "-e" "SOURCE_DIR=/opt/rustwide/workdir" "-e" "CARGO_TARGET_DIR=/opt/rustwide/target" "-e" "CARGO_HOME=/opt/rustwide/cargo-home" "-e" "RUSTUP_HOME=/opt/rustwide/rustup-home" "-w" "/opt/rustwide/workdir" "-m" "1610612736" "--user" "0:0" "--network" "none" "ghcr.io/rust-lang/crates-build-env/linux@sha256:4a844ea9eb2546a2d2c7022eacef16ef2e8229c7fbb2c7d4d55a9ceca922f72d" "/opt/rustwide/cargo-home/bin/cargo" "+nightly-2024-10-28" "metadata" "--no-deps" "--format-version=1", kill_on_drop: false }`
[INFO] [stdout] c24a79769b663150aa483dfe5dfde16d473f8e2cf329057fa3eb2d11d1f9cafa
[INFO] running `Command { std: "docker" "start" "-a" "c24a79769b663150aa483dfe5dfde16d473f8e2cf329057fa3eb2d11d1f9cafa", kill_on_drop: false }`
[INFO] running `Command { std: "docker" "inspect" "c24a79769b663150aa483dfe5dfde16d473f8e2cf329057fa3eb2d11d1f9cafa", kill_on_drop: false }`
[INFO] running `Command { std: "docker" "rm" "-f" "c24a79769b663150aa483dfe5dfde16d473f8e2cf329057fa3eb2d11d1f9cafa", kill_on_drop: false }`
[INFO] [stdout] c24a79769b663150aa483dfe5dfde16d473f8e2cf329057fa3eb2d11d1f9cafa
[INFO] running `Command { std: "docker" "create" "-v" "/var/lib/crater-agent-workspace/builds/worker-1-tc2/target:/opt/rustwide/target:rw,Z" "-v" "/var/lib/crater-agent-workspace/builds/worker-1-tc2/source:/opt/rustwide/workdir:ro,Z" "-v" "/var/lib/crater-agent-workspace/cargo-home:/opt/rustwide/cargo-home:ro,Z" "-v" "/var/lib/crater-agent-workspace/rustup-home:/opt/rustwide/rustup-home:ro,Z" "-e" "SOURCE_DIR=/opt/rustwide/workdir" "-e" "CARGO_TARGET_DIR=/opt/rustwide/target" "-e" "CARGO_INCREMENTAL=0" "-e" "RUST_BACKTRACE=full" "-e" "RUSTFLAGS=--cap-lints=forbid -Zrandomize-layout" "-e" "RUSTDOCFLAGS=--cap-lints=forbid" "-e" "CARGO_HOME=/opt/rustwide/cargo-home" "-e" "RUSTUP_HOME=/opt/rustwide/rustup-home" "-w" "/opt/rustwide/workdir" "-m" "1610612736" "--user" "0:0" "--network" "none" "ghcr.io/rust-lang/crates-build-env/linux@sha256:4a844ea9eb2546a2d2c7022eacef16ef2e8229c7fbb2c7d4d55a9ceca922f72d" "/opt/rustwide/cargo-home/bin/cargo" "+nightly-2024-10-28" "build" "--frozen" "--message-format=json", kill_on_drop: false }`
[INFO] [stdout] 27e728ef67a4cf3001ca8acbdb36d31647aa6821e7d23a8d6aea281a16531cd7
[INFO] running `Command { std: "docker" "start" "-a" "27e728ef67a4cf3001ca8acbdb36d31647aa6821e7d23a8d6aea281a16531cd7", kill_on_drop: false }`
[INFO] [stderr] warning: no edition set: defaulting to the 2015 edition while the latest is 2021
[INFO] [stderr]    Compiling libc v0.2.32
[INFO] [stderr]    Compiling byteorder v1.1.0
[INFO] [stderr]    Compiling num-traits v0.1.40
[INFO] [stderr]    Compiling lazy_static v0.2.9
[INFO] [stderr]    Compiling futures v0.1.16
[INFO] [stderr]    Compiling log v0.3.8
[INFO] [stderr]    Compiling pkg-config v0.3.9
[INFO] [stderr]    Compiling cc v1.0.2
[INFO] [stderr]    Compiling serde v1.0.16
[INFO] [stderr]    Compiling void v1.0.2
[INFO] [stderr]    Compiling bitflags v0.9.1
[INFO] [stderr]    Compiling semver v0.1.20
[INFO] [stderr]    Compiling slab v0.3.0
[INFO] [stderr]    Compiling dtoa v0.4.2
[INFO] [stderr]    Compiling lazycell v0.5.1
[INFO] [stderr]    Compiling linked-hash-map v0.4.2
[INFO] [stderr]    Compiling encoding_index_tests v0.1.4
[INFO] [stderr]    Compiling itoa v0.3.4
[INFO] [stderr]    Compiling unreachable v1.0.0
[INFO] [stderr]    Compiling safemem v0.2.0
[INFO] [stderr]    Compiling scoped-tls v0.1.0
[INFO] [stderr]    Compiling slab v0.4.0
[INFO] [stderr]    Compiling gcc v0.3.54
[INFO] [stderr]    Compiling openssl v0.9.20
[INFO] [stderr]    Compiling syn v0.11.11
[INFO] [stderr]    Compiling thread_local v0.3.4
[INFO] [stderr]    Compiling matches v0.1.6
[INFO] [stderr]    Compiling rustc_version v0.1.7
[INFO] [stderr]    Compiling base64 v0.6.0
[INFO] [stderr]    Compiling regex-syntax v0.4.1
[INFO] [stderr]    Compiling foreign-types v0.2.0
[INFO] [stderr]    Compiling percent-encoding v1.0.0
[INFO] [stderr]    Compiling unicode-bidi v0.3.4
[INFO] [stderr]    Compiling take v0.1.0
[INFO] [stderr]    Compiling rustc-serialize v0.3.24
[INFO] [stderr]    Compiling smallvec v0.2.1
[INFO] [stderr]    Compiling rand v0.3.17
[INFO] [stderr]    Compiling time v0.1.38
[INFO] [stderr]    Compiling num-integer v0.1.35
[INFO] [stderr]    Compiling iovec v0.1.1
[INFO] [stderr]    Compiling net2 v0.2.31
[INFO] [stderr]    Compiling memchr v1.0.2
[INFO] [stderr]    Compiling unicase v2.0.0
[INFO] [stderr]    Compiling num_cpus v1.7.0
[INFO] [stderr]    Compiling bytes v0.4.5
[INFO] [stderr]    Compiling aho-corasick v0.6.3
[INFO] [stdout] error[E0310]: the parameter type `T` may not live long enough
[INFO] [stdout]     --> /opt/rustwide/cargo-home/registry/src/index.crates.io-6f17d22bba15001f/rustc-serialize-0.3.24/src/serialize.rs:1155:5
[INFO] [stdout]      |
[INFO] [stdout] 1155 |     fn decode<D: Decoder>(d: &mut D) -> Result<Cow<'static, T>, D::Error> {
[INFO] [stdout]      |     ^^^^^^^^^^^^^^^^^^^^^^^^^^^^^^^^^^^^^^^^^^^^^^^^^^^^^^^^^^^^^^^^^^^^^
[INFO] [stdout]      |     |
[INFO] [stdout]      |     the parameter type `T` must be valid for the static lifetime...
[INFO] [stdout]      |     ...so that the type `T` will meet its required lifetime bounds...
[INFO] [stdout]      |
[INFO] [stdout] note: ...that is required by this bound
[INFO] [stdout]     --> /rustc/df4ca44d3fbc9301ee17f30f4d474e6ae4b05252/library/alloc/src/borrow.rs:179:30
[INFO] [stdout] help: consider adding an explicit lifetime bound
[INFO] [stdout]      |
[INFO] [stdout] 1151 | impl<'a, T: ?Sized + 'static> Decodable for Cow<'a, T>
[INFO] [stdout]      |                    +++++++++
[INFO] [stdout] 
[INFO] [stdout] 
[INFO] [stderr]    Compiling openssl-sys v0.9.20
[INFO] [stderr]    Compiling num-iter v0.1.34
[INFO] [stderr]    Compiling num v0.1.40
[INFO] [stderr]    Compiling mio v0.6.11
[INFO] [stderr]    Compiling rust-crypto v0.2.36
[INFO] [stderr]    Compiling chrono v0.4.0
[INFO] [stderr]    Compiling unicode-normalization v0.1.5
[INFO] [stderr]    Compiling mime v0.3.5
[INFO] [stderr]    Compiling twox-hash v1.1.0
[INFO] [stderr]    Compiling atoi v0.2.2
[INFO] [stdout] error[E0214]: parenthesized type parameters may only be used with a `Fn` trait
[INFO] [stdout]   --> /opt/rustwide/cargo-home/registry/src/index.crates.io-6f17d22bba15001f/twox-hash-1.1.0/src/number_streams.rs:67:23
[INFO] [stdout]    |
[INFO] [stdout] 67 |     fn count(self) -> usize() {
[INFO] [stdout]    |                       ^^^^^^^ only `Fn` traits may use parentheses
[INFO] [stdout] ...
[INFO] [stdout] 74 | number_stream!(U32FromBytes, u32, U32_BYTES);
[INFO] [stdout]    | -------------------------------------------- in this macro invocation
[INFO] [stdout]    |
[INFO] [stdout]    = note: this error originates in the macro `number_stream` (in Nightly builds, run with -Z macro-backtrace for more info)
[INFO] [stdout] 
[INFO] [stdout] 
[INFO] [stdout] error[E0214]: parenthesized type parameters may only be used with a `Fn` trait
[INFO] [stdout]   --> /opt/rustwide/cargo-home/registry/src/index.crates.io-6f17d22bba15001f/twox-hash-1.1.0/src/number_streams.rs:67:23
[INFO] [stdout]    |
[INFO] [stdout] 67 |     fn count(self) -> usize() {
[INFO] [stdout]    |                       ^^^^^^^ only `Fn` traits may use parentheses
[INFO] [stdout] ...
[INFO] [stdout] 75 | number_stream!(U64FromBytes, u64, U64_BYTES);
[INFO] [stdout]    | -------------------------------------------- in this macro invocation
[INFO] [stdout]    |
[INFO] [stdout]    = note: this error originates in the macro `number_stream` (in Nightly builds, run with -Z macro-backtrace for more info)
[INFO] [stdout] 
[INFO] [stdout] 
[INFO] [stderr]    Compiling hostname v0.1.3
[INFO] [stderr]    Compiling language-tags v0.2.2
[INFO] [stdout] For more information about this error, try `rustc --explain E0214`.
[INFO] [stdout] 
[INFO] [stderr] error: could not compile `twox-hash` (lib) due to 2 previous errors
[INFO] [stderr] warning: build failed, waiting for other jobs to finish...
[INFO] [stderr] error: failed to run custom build command for `openssl-sys v0.9.20`
[INFO] [stderr] note: To improve backtraces for build dependencies, set the CARGO_PROFILE_DEV_BUILD_OVERRIDE_DEBUG=true environment variable to enable debug information generation.
[INFO] [stderr] 
[INFO] [stderr] Caused by:
[INFO] [stderr]   process didn't exit successfully: `/opt/rustwide/target/debug/build/openssl-sys-c93e67cfcba34c26/build-script-build` (exit status: 101)
[INFO] [stderr]   --- stdout
[INFO] [stderr]   cargo:rerun-if-env-changed=X86_64_UNKNOWN_LINUX_GNU_OPENSSL_LIB_DIR
[INFO] [stderr]   cargo:rerun-if-env-changed=OPENSSL_LIB_DIR
[INFO] [stderr]   cargo:rerun-if-env-changed=X86_64_UNKNOWN_LINUX_GNU_OPENSSL_INCLUDE_DIR
[INFO] [stderr]   cargo:rerun-if-env-changed=OPENSSL_INCLUDE_DIR
[INFO] [stderr]   cargo:rerun-if-env-changed=X86_64_UNKNOWN_LINUX_GNU_OPENSSL_DIR
[INFO] [stderr]   cargo:rerun-if-env-changed=OPENSSL_DIR
[INFO] [stderr]   cargo:rustc-link-lib=ssl
[INFO] [stderr]   cargo:rustc-link-lib=crypto
[INFO] [stderr]   OPT_LEVEL = Some("0")
[INFO] [stderr]   TARGET = Some("x86_64-unknown-linux-gnu")
[INFO] [stderr]   HOST = Some("x86_64-unknown-linux-gnu")
[INFO] [stderr]   TARGET = Some("x86_64-unknown-linux-gnu")
[INFO] [stderr]   TARGET = Some("x86_64-unknown-linux-gnu")
[INFO] [stderr]   HOST = Some("x86_64-unknown-linux-gnu")
[INFO] [stderr]   CC_x86_64-unknown-linux-gnu = None
[INFO] [stderr]   CC_x86_64_unknown_linux_gnu = None
[INFO] [stderr]   HOST_CC = None
[INFO] [stderr]   CC = None
[INFO] [stderr]   HOST = Some("x86_64-unknown-linux-gnu")
[INFO] [stderr]   TARGET = Some("x86_64-unknown-linux-gnu")
[INFO] [stderr]   HOST = Some("x86_64-unknown-linux-gnu")
[INFO] [stderr]   CFLAGS_x86_64-unknown-linux-gnu = None
[INFO] [stderr]   CFLAGS_x86_64_unknown_linux_gnu = None
[INFO] [stderr]   HOST_CFLAGS = None
[INFO] [stderr]   CFLAGS = None
[INFO] [stderr]   DEBUG = Some("true")
[INFO] [stderr]   running: "cc" "-O0" "-ffunction-sections" "-fdata-sections" "-fPIC" "-g" "-m64" "-Wall" "-Wextra" "-E" "/opt/rustwide/target/debug/build/openssl-sys-cdad3fbc52173606/out/expando.c"
[INFO] [stderr]   exit status: 0
[INFO] [stderr]   cargo:rustc-cfg=osslconf="OPENSSL_NO_SSL3_METHOD"
[INFO] [stderr]   cargo:conf=OPENSSL_NO_SSL3_METHOD
[INFO] [stderr] 
[INFO] [stderr]   --- stderr
[INFO] [stderr]   thread 'main' panicked at /opt/rustwide/cargo-home/registry/src/index.crates.io-6f17d22bba15001f/openssl-sys-0.9.20/build.rs:497:9:
[INFO] [stderr] 
[INFO] [stderr] 
[INFO] [stderr]   This crate is only compatible with OpenSSL 1.0.1, 1.0.2, and 1.1.0, or LibreSSL
[INFO] [stderr]   2.5 and 2.6.0, but a different version of OpenSSL was found. The build is now
[INFO] [stderr]   aborting due to this version mismatch.
[INFO] [stderr] 
[INFO] [stderr] 
[INFO] [stderr]   stack backtrace:
[INFO] [stderr]      0:     0x64173eb67b0a - std::backtrace_rs::backtrace::libunwind::trace::h207520d6e9873551
[INFO] [stderr]                                  at /rustc/df4ca44d3fbc9301ee17f30f4d474e6ae4b05252/library/std/src/../../backtrace/src/backtrace/libunwind.rs:116:5
[INFO] [stderr]      1:     0x64173eb67b0a - std::backtrace_rs::backtrace::trace_unsynchronized::h2ed7433f370e3eca
[INFO] [stderr]                                  at /rustc/df4ca44d3fbc9301ee17f30f4d474e6ae4b05252/library/std/src/../../backtrace/src/backtrace/mod.rs:66:5
[INFO] [stderr]      2:     0x64173eb67b0a - std::sys::backtrace::_print_fmt::h916fac51166b18d7
[INFO] [stderr]                                  at /rustc/df4ca44d3fbc9301ee17f30f4d474e6ae4b05252/library/std/src/sys/backtrace.rs:66:9
[INFO] [stderr]      3:     0x64173eb67b0a - <std::sys::backtrace::BacktraceLock::print::DisplayBacktrace as core::fmt::Display>::fmt::ha0a4c9b8ce3802e6
[INFO] [stderr]                                  at /rustc/df4ca44d3fbc9301ee17f30f4d474e6ae4b05252/library/std/src/sys/backtrace.rs:39:26
[INFO] [stderr]      4:     0x64173eb8b023 - core::fmt::rt::Argument::fmt::h4cfc8587d52b3eb5
[INFO] [stderr]                                  at /rustc/df4ca44d3fbc9301ee17f30f4d474e6ae4b05252/library/core/src/fmt/rt.rs:177:76
[INFO] [stderr]      5:     0x64173eb8b023 - core::fmt::write::h522cc39e5b36ae9f
[INFO] [stderr]                                  at /rustc/df4ca44d3fbc9301ee17f30f4d474e6ae4b05252/library/core/src/fmt/mod.rs:1190:21
[INFO] [stderr]      6:     0x64173eb647c3 - std::io::Write::write_fmt::hf1c1dcc8cc1287f0
[INFO] [stderr]                                  at /rustc/df4ca44d3fbc9301ee17f30f4d474e6ae4b05252/library/std/src/io/mod.rs:1839:15
[INFO] [stderr]      7:     0x64173eb67952 - std::sys::backtrace::BacktraceLock::print::h4b9e00b29e9c0942
[INFO] [stderr]                                  at /rustc/df4ca44d3fbc9301ee17f30f4d474e6ae4b05252/library/std/src/sys/backtrace.rs:42:9
[INFO] [stderr]      8:     0x64173eb68b4c - std::panicking::default_hook::{{closure}}::hb59b88280d0324d9
[INFO] [stderr]                                  at /rustc/df4ca44d3fbc9301ee17f30f4d474e6ae4b05252/library/std/src/panicking.rs:268:22
[INFO] [stderr]      9:     0x64173eb68992 - std::panicking::default_hook::he1dd496665be4a29
[INFO] [stderr]                                  at /rustc/df4ca44d3fbc9301ee17f30f4d474e6ae4b05252/library/std/src/panicking.rs:295:9
[INFO] [stderr]     10:     0x64173eb69187 - std::panicking::rust_panic_with_hook::h2ff17fe8f26dfcf8
[INFO] [stderr]                                  at /rustc/df4ca44d3fbc9301ee17f30f4d474e6ae4b05252/library/std/src/panicking.rs:801:13
[INFO] [stderr]     11:     0x64173eb35c1a - std::panicking::begin_panic::{{closure}}::h185e43637387c882
[INFO] [stderr]     12:     0x64173eb35b9a - std::sys::backtrace::__rust_end_short_backtrace::h077565c7cac01253
[INFO] [stderr]     13:     0x64173eb35bc7 - std::panicking::begin_panic::h29256bac6e851de7
[INFO] [stderr]     14:     0x64173eb0695a - build_script_build::validate_headers::h072c572ca0025d9c
[INFO] [stderr]     15:     0x64173eb055df - build_script_build::try_pkg_config::h8d7267dcaeea1b00
[INFO] [stderr]     16:     0x64173eb04637 - build_script_build::find_openssl_dir::hd6a57c64e6a9c975
[INFO] [stderr]     17:     0x64173eb043e8 - build_script_build::main::{{closure}}::hec1ea55137e9cbe1
[INFO] [stderr]     18:     0x64173eb0cd33 - core::option::Option<T>::unwrap_or_else::h8b43de668cce34c8
[INFO] [stderr]     19:     0x64173eb0352f - build_script_build::main::hc269856fc9e734d2
[INFO] [stderr]     20:     0x64173eb0b8d3 - core::ops::function::FnOnce::call_once::h5c1835dc9bf55576
[INFO] [stderr]     21:     0x64173eb08fb6 - std::sys::backtrace::__rust_begin_short_backtrace::hd69eea8d65dd4769
[INFO] [stderr]     22:     0x64173eb08bb9 - std::rt::lang_start::{{closure}}::h9bc856fff40ac4d8
[INFO] [stderr]     23:     0x64173eb60fe7 - core::ops::function::impls::<impl core::ops::function::FnOnce<A> for &F>::call_once::hd87d66b906e0ccaf
[INFO] [stderr]                                  at /rustc/df4ca44d3fbc9301ee17f30f4d474e6ae4b05252/library/core/src/ops/function.rs:284:13
[INFO] [stderr]     24:     0x64173eb60fe7 - std::panicking::try::do_call::hae3703de71fc9e3a
[INFO] [stderr]                                  at /rustc/df4ca44d3fbc9301ee17f30f4d474e6ae4b05252/library/std/src/panicking.rs:557:40
[INFO] [stderr]     25:     0x64173eb60fe7 - std::panicking::try::h1178330e9a2b2645
[INFO] [stderr]                                  at /rustc/df4ca44d3fbc9301ee17f30f4d474e6ae4b05252/library/std/src/panicking.rs:520:19
[INFO] [stderr]     26:     0x64173eb60fe7 - std::panic::catch_unwind::h0acf49d2305d32ad
[INFO] [stderr]                                  at /rustc/df4ca44d3fbc9301ee17f30f4d474e6ae4b05252/library/std/src/panic.rs:358:14
[INFO] [stderr]     27:     0x64173eb60fe7 - std::rt::lang_start_internal::{{closure}}::h2d95182d798177be
[INFO] [stderr]                                  at /rustc/df4ca44d3fbc9301ee17f30f4d474e6ae4b05252/library/std/src/rt.rs:174:48
[INFO] [stderr]     28:     0x64173eb60fe7 - std::panicking::try::do_call::hb506f5bfe11fd30c
[INFO] [stderr]                                  at /rustc/df4ca44d3fbc9301ee17f30f4d474e6ae4b05252/library/std/src/panicking.rs:557:40
[INFO] [stderr]     29:     0x64173eb60fe7 - std::panicking::try::h54d825c46bd0fa95
[INFO] [stderr]                                  at /rustc/df4ca44d3fbc9301ee17f30f4d474e6ae4b05252/library/std/src/panicking.rs:520:19
[INFO] [stderr]     30:     0x64173eb60fe7 - std::panic::catch_unwind::hffbb0ad20c4e9fac
[INFO] [stderr]                                  at /rustc/df4ca44d3fbc9301ee17f30f4d474e6ae4b05252/library/std/src/panic.rs:358:14
[INFO] [stderr]     31:     0x64173eb60fe7 - std::rt::lang_start_internal::h52c291ef1962c925
[INFO] [stderr]                                  at /rustc/df4ca44d3fbc9301ee17f30f4d474e6ae4b05252/library/std/src/rt.rs:174:20
[INFO] [stderr]     32:     0x64173eb08b97 - std::rt::lang_start::h57b80e2f0ce4ef06
[INFO] [stderr]     33:     0x64173eb084f5 - main
[INFO] [stderr]     34:     0x73527d189d90 - <unknown>
[INFO] [stderr]     35:     0x73527d189e40 - __libc_start_main
[INFO] [stderr]     36:     0x64173eafaec5 - _start
[INFO] [stderr]     37:                0x0 - <unknown>
[INFO] [stdout] For more information about this error, try `rustc --explain E0310`.
[INFO] [stdout] 
[INFO] [stderr] error: could not compile `rustc-serialize` (lib) due to 1 previous error
[INFO] running `Command { std: "docker" "inspect" "27e728ef67a4cf3001ca8acbdb36d31647aa6821e7d23a8d6aea281a16531cd7", kill_on_drop: false }`
[INFO] running `Command { std: "docker" "rm" "-f" "27e728ef67a4cf3001ca8acbdb36d31647aa6821e7d23a8d6aea281a16531cd7", kill_on_drop: false }`
[INFO] [stdout] 27e728ef67a4cf3001ca8acbdb36d31647aa6821e7d23a8d6aea281a16531cd7
