[INFO] cloning repository https://github.com/costingrasu/Memory_Matching_Game
[INFO] running `Command { std: "git" "-c" "credential.helper=" "-c" "credential.helper=/workspace/cargo-home/bin/git-credential-null" "clone" "--bare" "https://github.com/costingrasu/Memory_Matching_Game" "/workspace/cache/git-repos/https%3A%2F%2Fgithub.com%2Fcostingrasu%2FMemory_Matching_Game", kill_on_drop: false }`
[INFO] [stderr] Cloning into bare repository '/workspace/cache/git-repos/https%3A%2F%2Fgithub.com%2Fcostingrasu%2FMemory_Matching_Game'...
[INFO] running `Command { std: "git" "rev-parse" "HEAD", kill_on_drop: false }`
[INFO] [stdout] c84c47070c9f3ddf47a60ffa438fa9a630e624a7
[INFO] testing costingrasu/Memory_Matching_Game/c84c47070c9f3ddf47a60ffa438fa9a630e624a7 against nightly-2024-10-28 for randomize-layout
[INFO] running `Command { std: "git" "clone" "/workspace/cache/git-repos/https%3A%2F%2Fgithub.com%2Fcostingrasu%2FMemory_Matching_Game" "/workspace/builds/worker-2-tc1/source", kill_on_drop: false }`
[INFO] [stderr] Cloning into '/workspace/builds/worker-2-tc1/source'...
[INFO] [stderr] done.
[INFO] validating manifest of git repo https://github.com/costingrasu/Memory_Matching_Game on toolchain nightly-2024-10-28
[INFO] running `Command { std: CARGO_HOME="/workspace/cargo-home" RUSTUP_HOME="/workspace/rustup-home" "/workspace/cargo-home/bin/cargo" "+nightly-2024-10-28" "metadata" "--manifest-path" "Cargo.toml" "--no-deps", kill_on_drop: false }`
[INFO] started tweaking git repo https://github.com/costingrasu/Memory_Matching_Game
[INFO] finished tweaking git repo https://github.com/costingrasu/Memory_Matching_Game
[INFO] tweaked toml for git repo https://github.com/costingrasu/Memory_Matching_Game written to /workspace/builds/worker-2-tc1/source/Cargo.toml
[INFO] crate git repo https://github.com/costingrasu/Memory_Matching_Game already has a lockfile, it will not be regenerated
[INFO] running `Command { std: CARGO_HOME="/workspace/cargo-home" RUSTUP_HOME="/workspace/rustup-home" "/workspace/cargo-home/bin/cargo" "+nightly-2024-10-28" "fetch" "--manifest-path" "Cargo.toml", kill_on_drop: false }`
[INFO] running `Command { std: "docker" "create" "-v" "/var/lib/crater-agent-workspace/builds/worker-2-tc1/target:/opt/rustwide/target:rw,Z" "-v" "/var/lib/crater-agent-workspace/builds/worker-2-tc1/source:/opt/rustwide/workdir:ro,Z" "-v" "/var/lib/crater-agent-workspace/cargo-home:/opt/rustwide/cargo-home:ro,Z" "-v" "/var/lib/crater-agent-workspace/rustup-home:/opt/rustwide/rustup-home:ro,Z" "-e" "SOURCE_DIR=/opt/rustwide/workdir" "-e" "CARGO_TARGET_DIR=/opt/rustwide/target" "-e" "CARGO_HOME=/opt/rustwide/cargo-home" "-e" "RUSTUP_HOME=/opt/rustwide/rustup-home" "-w" "/opt/rustwide/workdir" "-m" "1610612736" "--user" "0:0" "--network" "none" "ghcr.io/rust-lang/crates-build-env/linux@sha256:4a844ea9eb2546a2d2c7022eacef16ef2e8229c7fbb2c7d4d55a9ceca922f72d" "/opt/rustwide/cargo-home/bin/cargo" "+nightly-2024-10-28" "metadata" "--no-deps" "--format-version=1", kill_on_drop: false }`
[INFO] [stdout] bd33712ebd8a58077ba0275a63923da7363f25183419de520710fddbeff57741
[INFO] running `Command { std: "docker" "start" "-a" "bd33712ebd8a58077ba0275a63923da7363f25183419de520710fddbeff57741", kill_on_drop: false }`
[INFO] running `Command { std: "docker" "inspect" "bd33712ebd8a58077ba0275a63923da7363f25183419de520710fddbeff57741", kill_on_drop: false }`
[INFO] running `Command { std: "docker" "rm" "-f" "bd33712ebd8a58077ba0275a63923da7363f25183419de520710fddbeff57741", kill_on_drop: false }`
[INFO] [stdout] bd33712ebd8a58077ba0275a63923da7363f25183419de520710fddbeff57741
[INFO] running `Command { std: "docker" "create" "-v" "/var/lib/crater-agent-workspace/builds/worker-2-tc1/target:/opt/rustwide/target:rw,Z" "-v" "/var/lib/crater-agent-workspace/builds/worker-2-tc1/source:/opt/rustwide/workdir:ro,Z" "-v" "/var/lib/crater-agent-workspace/cargo-home:/opt/rustwide/cargo-home:ro,Z" "-v" "/var/lib/crater-agent-workspace/rustup-home:/opt/rustwide/rustup-home:ro,Z" "-e" "SOURCE_DIR=/opt/rustwide/workdir" "-e" "CARGO_TARGET_DIR=/opt/rustwide/target" "-e" "CARGO_INCREMENTAL=0" "-e" "RUST_BACKTRACE=full" "-e" "RUSTFLAGS=--cap-lints=forbid" "-e" "RUSTDOCFLAGS=--cap-lints=forbid" "-e" "CARGO_HOME=/opt/rustwide/cargo-home" "-e" "RUSTUP_HOME=/opt/rustwide/rustup-home" "-w" "/opt/rustwide/workdir" "-m" "1610612736" "--user" "0:0" "--network" "none" "ghcr.io/rust-lang/crates-build-env/linux@sha256:4a844ea9eb2546a2d2c7022eacef16ef2e8229c7fbb2c7d4d55a9ceca922f72d" "/opt/rustwide/cargo-home/bin/cargo" "+nightly-2024-10-28" "build" "--frozen" "--message-format=json", kill_on_drop: false }`
[INFO] [stdout] 1887a5889aabb4f96d47010a272219b2c39a87a3fb2fe19b90c2f1f02415ed2f
[INFO] running `Command { std: "docker" "start" "-a" "1887a5889aabb4f96d47010a272219b2c39a87a3fb2fe19b90c2f1f02415ed2f", kill_on_drop: false }`
[INFO] [stderr]    Compiling proc-macro2 v1.0.86
[INFO] [stderr]    Compiling unicode-ident v1.0.12
[INFO] [stderr]    Compiling autocfg v1.3.0
[INFO] [stderr]    Compiling version_check v0.9.5
[INFO] [stderr]    Compiling log v0.4.22
[INFO] [stderr]    Compiling libc v0.2.155
[INFO] [stderr]    Compiling portable-atomic v1.7.0
[INFO] [stderr]    Compiling critical-section v1.1.2
[INFO] [stderr]    Compiling memchr v2.7.4
[INFO] [stderr]    Compiling crossbeam-utils v0.8.20
[INFO] [stderr]    Compiling rayon-core v1.12.1
[INFO] [stderr]    Compiling allocator-api2 v0.2.18
[INFO] [stderr]    Compiling either v1.13.0
[INFO] [stderr]    Compiling byteorder v1.5.0
[INFO] [stderr]    Compiling pin-project-lite v0.2.14
[INFO] [stderr]    Compiling libloading v0.8.5
[INFO] [stderr]    Compiling bitflags v2.6.0
[INFO] [stderr]    Compiling zerocopy v0.7.35
[INFO] [stderr]    Compiling once_cell v1.19.0
[INFO] [stderr]    Compiling bitflags v1.3.2
[INFO] [stderr]    Compiling shlex v1.3.0
[INFO] [stderr]    Compiling pkg-config v0.3.30
[INFO] [stderr]    Compiling simd-adler32 v0.3.7
[INFO] [stderr]    Compiling equivalent v1.0.1
[INFO] [stderr]    Compiling adler v1.0.2
[INFO] [stderr]    Compiling smallvec v1.13.2
[INFO] [stderr]    Compiling cc v1.1.11
[INFO] [stderr]    Compiling libm v0.2.8
[INFO] [stderr]    Compiling ahash v0.8.11
[INFO] [stderr]    Compiling toml_datetime v0.6.8
[INFO] [stderr]    Compiling num-traits v0.2.19
[INFO] [stderr]    Compiling miniz_oxide v0.7.4
[INFO] [stdout] error: failed to build archive at `/opt/rustwide/target/debug/deps/liballocator_api2-8e4287854e2d1221.rlib`: No space left on device (os error 28)
[INFO] [stdout] 
[INFO] [stdout] 
[INFO] [stderr] error: could not compile `allocator-api2` (lib) due to 1 previous error
[INFO] [stderr] warning: build failed, waiting for other jobs to finish...
[INFO] [stdout] error: failed to write /tmp/rustcr4VKdY/lib.rmeta: No space left on device (os error 28)
[INFO] [stdout] 
[INFO] [stdout] 
[INFO] [stdout] error: failed to write to `/opt/rustwide/target/debug/deps/rmetaTE9b8Q/lib.rmeta`: No space left on device (os error 28)
[INFO] [stdout] 
[INFO] [stdout] 
[INFO] [stdout] error: failed to write to `/opt/rustwide/target/debug/deps/rmetaBXJDGF/lib.rmeta`: No space left on device (os error 28)
[INFO] [stdout] 
[INFO] [stdout] 
[INFO] [stdout] error: failed to write to `/opt/rustwide/target/debug/deps/rmetaLp0Bxx/lib.rmeta`: No space left on device (os error 28)
[INFO] [stdout] 
[INFO] [stdout] 
[INFO] [stderr] error: could not compile `simd-adler32` (lib) due to 1 previous error
[INFO] [stderr] error: could not compile `toml_datetime` (lib) due to 1 previous error
[INFO] [stderr] error: could not compile `smallvec` (lib) due to 1 previous error
[INFO] [stderr] error: could not compile `pkg-config` (lib) due to 1 previous error
[INFO] [stdout] error: failed to write to `/opt/rustwide/target/debug/deps/rmetaMBiCxe/lib.rmeta`: No space left on device (os error 28)
[INFO] [stdout] 
[INFO] [stdout] 
[INFO] [stderr] error: could not compile `zerocopy` (lib) due to 1 previous error
[INFO] [stdout] error: failed to write to `/opt/rustwide/target/debug/deps/rmetaFUWmgv/lib.rmeta`: No space left on device (os error 28)
[INFO] [stdout] 
[INFO] [stdout] 
[INFO] [stderr] error: could not compile `memchr` (lib) due to 1 previous error
[INFO] [stdout] error: linking with `cc` failed: exit status: 1
[INFO] [stdout]   |
[INFO] [stdout]   = note: LC_ALL="C" PATH="/opt/rustwide/rustup-home/toolchains/nightly-2024-10-28-x86_64-unknown-linux-gnu/lib/rustlib/x86_64-unknown-linux-gnu/bin:/opt/rustwide/rustup-home/toolchains/nightly-2024-10-28-x86_64-unknown-linux-gnu/lib/rustlib/x86_64-unknown-linux-gnu/bin/self-contained:/opt/rustwide/cargo-home/bin:/usr/local/sbin:/usr/local/bin:/usr/sbin:/usr/bin:/sbin:/bin" VSLANG="1033" "cc" "-m64" "/tmp/rustcagT6cy/symbols.o" "/opt/rustwide/target/debug/build/ahash-3f1773a5fe1be026/build_script_build-3f1773a5fe1be026.build_script_build.27b55476b906b524-cgu.0.rcgu.o" "/opt/rustwide/target/debug/build/ahash-3f1773a5fe1be026/build_script_build-3f1773a5fe1be026.ae69ckfs1yqzr36fz7pbmp3qa.rcgu.o" "-Wl,--as-needed" "-Wl,-Bstatic" "/opt/rustwide/target/debug/deps/libversion_check-e39cc59db5cde1cc.rlib" "/opt/rustwide/rustup-home/toolchains/nightly-2024-10-28-x86_64-unknown-linux-gnu/lib/rustlib/x86_64-unknown-linux-gnu/lib/libstd-fb8c387236db3c10.rlib" "/opt/rustwide/rustup-home/toolchains/nightly-2024-10-28-x86_64-unknown-linux-gnu/lib/rustlib/x86_64-unknown-linux-gnu/lib/libpanic_unwind-b251837809b2f64b.rlib" "/opt/rustwide/rustup-home/toolchains/nightly-2024-10-28-x86_64-unknown-linux-gnu/lib/rustlib/x86_64-unknown-linux-gnu/lib/libobject-cbef83eaa4e01f04.rlib" "/opt/rustwide/rustup-home/toolchains/nightly-2024-10-28-x86_64-unknown-linux-gnu/lib/rustlib/x86_64-unknown-linux-gnu/lib/libmemchr-12a772286de2fca7.rlib" "/opt/rustwide/rustup-home/toolchains/nightly-2024-10-28-x86_64-unknown-linux-gnu/lib/rustlib/x86_64-unknown-linux-gnu/lib/libaddr2line-023bbe5ada7abfc3.rlib" "/opt/rustwide/rustup-home/toolchains/nightly-2024-10-28-x86_64-unknown-linux-gnu/lib/rustlib/x86_64-unknown-linux-gnu/lib/libgimli-de2bcdf10ec69c2b.rlib" "/opt/rustwide/rustup-home/toolchains/nightly-2024-10-28-x86_64-unknown-linux-gnu/lib/rustlib/x86_64-unknown-linux-gnu/lib/librustc_demangle-8e1754df350800fd.rlib" "/opt/rustwide/rustup-home/toolchains/nightly-2024-10-28-x86_64-unknown-linux-gnu/lib/rustlib/x86_64-unknown-linux-gnu/lib/libstd_detect-06c2ab7b9c32e037.rlib" "/opt/rustwide/rustup-home/toolchains/nightly-2024-10-28-x86_64-unknown-linux-gnu/lib/rustlib/x86_64-unknown-linux-gnu/lib/libhashbrown-51d2621fc57a281b.rlib" "/opt/rustwide/rustup-home/toolchains/nightly-2024-10-28-x86_64-unknown-linux-gnu/lib/rustlib/x86_64-unknown-linux-gnu/lib/librustc_std_workspace_alloc-54a930408793772f.rlib" "/opt/rustwide/rustup-home/toolchains/nightly-2024-10-28-x86_64-unknown-linux-gnu/lib/rustlib/x86_64-unknown-linux-gnu/lib/libminiz_oxide-0c7d01cba400dcb2.rlib" "/opt/rustwide/rustup-home/toolchains/nightly-2024-10-28-x86_64-unknown-linux-gnu/lib/rustlib/x86_64-unknown-linux-gnu/lib/libadler-b9f84d69e331b75b.rlib" "/opt/rustwide/rustup-home/toolchains/nightly-2024-10-28-x86_64-unknown-linux-gnu/lib/rustlib/x86_64-unknown-linux-gnu/lib/libunwind-eec95493246aae39.rlib" "/opt/rustwide/rustup-home/toolchains/nightly-2024-10-28-x86_64-unknown-linux-gnu/lib/rustlib/x86_64-unknown-linux-gnu/lib/libcfg_if-6f6676c475e08ab0.rlib" "/opt/rustwide/rustup-home/toolchains/nightly-2024-10-28-x86_64-unknown-linux-gnu/lib/rustlib/x86_64-unknown-linux-gnu/lib/liblibc-799d520624f8b2e0.rlib" "/opt/rustwide/rustup-home/toolchains/nightly-2024-10-28-x86_64-unknown-linux-gnu/lib/rustlib/x86_64-unknown-linux-gnu/lib/liballoc-fcf93d4842acd9a9.rlib" "/opt/rustwide/rustup-home/toolchains/nightly-2024-10-28-x86_64-unknown-linux-gnu/lib/rustlib/x86_64-unknown-linux-gnu/lib/librustc_std_workspace_core-395a38b8e0851c9b.rlib" "/opt/rustwide/rustup-home/toolchains/nightly-2024-10-28-x86_64-unknown-linux-gnu/lib/rustlib/x86_64-unknown-linux-gnu/lib/libcore-d453bab70303062c.rlib" "/opt/rustwide/rustup-home/toolchains/nightly-2024-10-28-x86_64-unknown-linux-gnu/lib/rustlib/x86_64-unknown-linux-gnu/lib/libcompiler_builtins-0e6386368b0a24e8.rlib" "-Wl,-Bdynamic" "-lgcc_s" "-lutil" "-lrt" "-lpthread" "-lm" "-ldl" "-lc" "-B/opt/rustwide/rustup-home/toolchains/nightly-2024-10-28-x86_64-unknown-linux-gnu/lib/rustlib/x86_64-unknown-linux-gnu/bin/gcc-ld" "-fuse-ld=lld" "-Wl,--eh-frame-hdr" "-Wl,-z,noexecstack" "-L" "/opt/rustwide/rustup-home/toolchains/nightly-2024-10-28-x86_64-unknown-linux-gnu/lib/rustlib/x86_64-unknown-linux-gnu/lib" "-o" "/opt/rustwide/target/debug/build/ahash-3f1773a5fe1be026/build_script_build-3f1773a5fe1be026" "-Wl,--gc-sections" "-pie" "-Wl,-z,relro,-z,now" "-nodefaultlibs"
[INFO] [stdout]   = note: collect2: fatal error: ld terminated with signal 7 [Bus error], core dumped
[INFO] [stdout]           compilation terminated.
[INFO] [stdout]           
[INFO] [stdout] 
[INFO] [stdout] 
[INFO] [stderr] error: could not compile `ahash` (build script) due to 1 previous error
[INFO] [stdout] error: linking with `cc` failed: exit status: 1
[INFO] [stdout]   |
[INFO] [stdout]   = note: LC_ALL="C" PATH="/opt/rustwide/rustup-home/toolchains/nightly-2024-10-28-x86_64-unknown-linux-gnu/lib/rustlib/x86_64-unknown-linux-gnu/bin:/opt/rustwide/rustup-home/toolchains/nightly-2024-10-28-x86_64-unknown-linux-gnu/lib/rustlib/x86_64-unknown-linux-gnu/bin/self-contained:/opt/rustwide/cargo-home/bin:/usr/local/sbin:/usr/local/bin:/usr/sbin:/usr/bin:/sbin:/bin" VSLANG="1033" "cc" "-m64" "/tmp/rustcZwDUFn/symbols.o" "/opt/rustwide/target/debug/build/num-traits-e1509ac5f46e572f/build_script_build-e1509ac5f46e572f.build_script_build.d1027990b82aea31-cgu.0.rcgu.o" "/opt/rustwide/target/debug/build/num-traits-e1509ac5f46e572f/build_script_build-e1509ac5f46e572f.5pz56c63g1e0c33m8peagid9g.rcgu.o" "-Wl,--as-needed" "-Wl,-Bstatic" "/opt/rustwide/target/debug/deps/libautocfg-12e34dc06f010928.rlib" "/opt/rustwide/rustup-home/toolchains/nightly-2024-10-28-x86_64-unknown-linux-gnu/lib/rustlib/x86_64-unknown-linux-gnu/lib/libstd-fb8c387236db3c10.rlib" "/opt/rustwide/rustup-home/toolchains/nightly-2024-10-28-x86_64-unknown-linux-gnu/lib/rustlib/x86_64-unknown-linux-gnu/lib/libpanic_unwind-b251837809b2f64b.rlib" "/opt/rustwide/rustup-home/toolchains/nightly-2024-10-28-x86_64-unknown-linux-gnu/lib/rustlib/x86_64-unknown-linux-gnu/lib/libobject-cbef83eaa4e01f04.rlib" "/opt/rustwide/rustup-home/toolchains/nightly-2024-10-28-x86_64-unknown-linux-gnu/lib/rustlib/x86_64-unknown-linux-gnu/lib/libmemchr-12a772286de2fca7.rlib" "/opt/rustwide/rustup-home/toolchains/nightly-2024-10-28-x86_64-unknown-linux-gnu/lib/rustlib/x86_64-unknown-linux-gnu/lib/libaddr2line-023bbe5ada7abfc3.rlib" "/opt/rustwide/rustup-home/toolchains/nightly-2024-10-28-x86_64-unknown-linux-gnu/lib/rustlib/x86_64-unknown-linux-gnu/lib/libgimli-de2bcdf10ec69c2b.rlib" "/opt/rustwide/rustup-home/toolchains/nightly-2024-10-28-x86_64-unknown-linux-gnu/lib/rustlib/x86_64-unknown-linux-gnu/lib/librustc_demangle-8e1754df350800fd.rlib" "/opt/rustwide/rustup-home/toolchains/nightly-2024-10-28-x86_64-unknown-linux-gnu/lib/rustlib/x86_64-unknown-linux-gnu/lib/libstd_detect-06c2ab7b9c32e037.rlib" "/opt/rustwide/rustup-home/toolchains/nightly-2024-10-28-x86_64-unknown-linux-gnu/lib/rustlib/x86_64-unknown-linux-gnu/lib/libhashbrown-51d2621fc57a281b.rlib" "/opt/rustwide/rustup-home/toolchains/nightly-2024-10-28-x86_64-unknown-linux-gnu/lib/rustlib/x86_64-unknown-linux-gnu/lib/librustc_std_workspace_alloc-54a930408793772f.rlib" "/opt/rustwide/rustup-home/toolchains/nightly-2024-10-28-x86_64-unknown-linux-gnu/lib/rustlib/x86_64-unknown-linux-gnu/lib/libminiz_oxide-0c7d01cba400dcb2.rlib" "/opt/rustwide/rustup-home/toolchains/nightly-2024-10-28-x86_64-unknown-linux-gnu/lib/rustlib/x86_64-unknown-linux-gnu/lib/libadler-b9f84d69e331b75b.rlib" "/opt/rustwide/rustup-home/toolchains/nightly-2024-10-28-x86_64-unknown-linux-gnu/lib/rustlib/x86_64-unknown-linux-gnu/lib/libunwind-eec95493246aae39.rlib" "/opt/rustwide/rustup-home/toolchains/nightly-2024-10-28-x86_64-unknown-linux-gnu/lib/rustlib/x86_64-unknown-linux-gnu/lib/libcfg_if-6f6676c475e08ab0.rlib" "/opt/rustwide/rustup-home/toolchains/nightly-2024-10-28-x86_64-unknown-linux-gnu/lib/rustlib/x86_64-unknown-linux-gnu/lib/liblibc-799d520624f8b2e0.rlib" "/opt/rustwide/rustup-home/toolchains/nightly-2024-10-28-x86_64-unknown-linux-gnu/lib/rustlib/x86_64-unknown-linux-gnu/lib/liballoc-fcf93d4842acd9a9.rlib" "/opt/rustwide/rustup-home/toolchains/nightly-2024-10-28-x86_64-unknown-linux-gnu/lib/rustlib/x86_64-unknown-linux-gnu/lib/librustc_std_workspace_core-395a38b8e0851c9b.rlib" "/opt/rustwide/rustup-home/toolchains/nightly-2024-10-28-x86_64-unknown-linux-gnu/lib/rustlib/x86_64-unknown-linux-gnu/lib/libcore-d453bab70303062c.rlib" "/opt/rustwide/rustup-home/toolchains/nightly-2024-10-28-x86_64-unknown-linux-gnu/lib/rustlib/x86_64-unknown-linux-gnu/lib/libcompiler_builtins-0e6386368b0a24e8.rlib" "-Wl,-Bdynamic" "-lgcc_s" "-lutil" "-lrt" "-lpthread" "-lm" "-ldl" "-lc" "-B/opt/rustwide/rustup-home/toolchains/nightly-2024-10-28-x86_64-unknown-linux-gnu/lib/rustlib/x86_64-unknown-linux-gnu/bin/gcc-ld" "-fuse-ld=lld" "-Wl,--eh-frame-hdr" "-Wl,-z,noexecstack" "-L" "/opt/rustwide/rustup-home/toolchains/nightly-2024-10-28-x86_64-unknown-linux-gnu/lib/rustlib/x86_64-unknown-linux-gnu/lib" "-o" "/opt/rustwide/target/debug/build/num-traits-e1509ac5f46e572f/build_script_build-e1509ac5f46e572f" "-Wl,--gc-sections" "-pie" "-Wl,-z,relro,-z,now" "-nodefaultlibs"
[INFO] [stdout]   = note: collect2: fatal error: ld terminated with signal 7 [Bus error], core dumped
[INFO] [stdout]           compilation terminated.
[INFO] [stdout]           
[INFO] [stdout] 
[INFO] [stdout] 
[INFO] [stderr] error: could not compile `num-traits` (build script) due to 1 previous error
[INFO] [stdout] error: couldn't create a temp dir: No space left on device (os error 28) at path "/opt/rustwide/target/debug/deps/rmetaHcSkmZ"
[INFO] [stdout] 
[INFO] [stdout] 
[INFO] [stdout] error: couldn't create a temp dir: No space left on device (os error 28) at path "/opt/rustwide/target/debug/deps/rmetaKnSs7W"
[INFO] [stdout] 
[INFO] [stdout] 
[INFO] [stderr] error: could not compile `crossbeam-utils` (lib) due to 1 previous error
[INFO] [stderr] error: could not compile `proc-macro2` (lib) due to 1 previous error
[INFO] [stdout] error: linking with `cc` failed: exit status: 1
[INFO] [stdout]   |
[INFO] [stdout]   = note: LC_ALL="C" PATH="/opt/rustwide/rustup-home/toolchains/nightly-2024-10-28-x86_64-unknown-linux-gnu/lib/rustlib/x86_64-unknown-linux-gnu/bin:/opt/rustwide/rustup-home/toolchains/nightly-2024-10-28-x86_64-unknown-linux-gnu/lib/rustlib/x86_64-unknown-linux-gnu/bin/self-contained:/opt/rustwide/cargo-home/bin:/usr/local/sbin:/usr/local/bin:/usr/sbin:/usr/bin:/sbin:/bin" VSLANG="1033" "cc" "-m64" "/tmp/rustc4nrfv6/symbols.o" "/opt/rustwide/target/debug/build/libm-5ee7c19f749000d1/build_script_build-5ee7c19f749000d1.build_script_build.790af739f88ba4d9-cgu.0.rcgu.o" "/opt/rustwide/target/debug/build/libm-5ee7c19f749000d1/build_script_build-5ee7c19f749000d1.0bcnlsftdmk21xy8wlo7tgvus.rcgu.o" "-Wl,--as-needed" "-Wl,-Bstatic" "/opt/rustwide/rustup-home/toolchains/nightly-2024-10-28-x86_64-unknown-linux-gnu/lib/rustlib/x86_64-unknown-linux-gnu/lib/libstd-fb8c387236db3c10.rlib" "/opt/rustwide/rustup-home/toolchains/nightly-2024-10-28-x86_64-unknown-linux-gnu/lib/rustlib/x86_64-unknown-linux-gnu/lib/libpanic_unwind-b251837809b2f64b.rlib" "/opt/rustwide/rustup-home/toolchains/nightly-2024-10-28-x86_64-unknown-linux-gnu/lib/rustlib/x86_64-unknown-linux-gnu/lib/libobject-cbef83eaa4e01f04.rlib" "/opt/rustwide/rustup-home/toolchains/nightly-2024-10-28-x86_64-unknown-linux-gnu/lib/rustlib/x86_64-unknown-linux-gnu/lib/libmemchr-12a772286de2fca7.rlib" "/opt/rustwide/rustup-home/toolchains/nightly-2024-10-28-x86_64-unknown-linux-gnu/lib/rustlib/x86_64-unknown-linux-gnu/lib/libaddr2line-023bbe5ada7abfc3.rlib" "/opt/rustwide/rustup-home/toolchains/nightly-2024-10-28-x86_64-unknown-linux-gnu/lib/rustlib/x86_64-unknown-linux-gnu/lib/libgimli-de2bcdf10ec69c2b.rlib" "/opt/rustwide/rustup-home/toolchains/nightly-2024-10-28-x86_64-unknown-linux-gnu/lib/rustlib/x86_64-unknown-linux-gnu/lib/librustc_demangle-8e1754df350800fd.rlib" "/opt/rustwide/rustup-home/toolchains/nightly-2024-10-28-x86_64-unknown-linux-gnu/lib/rustlib/x86_64-unknown-linux-gnu/lib/libstd_detect-06c2ab7b9c32e037.rlib" "/opt/rustwide/rustup-home/toolchains/nightly-2024-10-28-x86_64-unknown-linux-gnu/lib/rustlib/x86_64-unknown-linux-gnu/lib/libhashbrown-51d2621fc57a281b.rlib" "/opt/rustwide/rustup-home/toolchains/nightly-2024-10-28-x86_64-unknown-linux-gnu/lib/rustlib/x86_64-unknown-linux-gnu/lib/librustc_std_workspace_alloc-54a930408793772f.rlib" "/opt/rustwide/rustup-home/toolchains/nightly-2024-10-28-x86_64-unknown-linux-gnu/lib/rustlib/x86_64-unknown-linux-gnu/lib/libminiz_oxide-0c7d01cba400dcb2.rlib" "/opt/rustwide/rustup-home/toolchains/nightly-2024-10-28-x86_64-unknown-linux-gnu/lib/rustlib/x86_64-unknown-linux-gnu/lib/libadler-b9f84d69e331b75b.rlib" "/opt/rustwide/rustup-home/toolchains/nightly-2024-10-28-x86_64-unknown-linux-gnu/lib/rustlib/x86_64-unknown-linux-gnu/lib/libunwind-eec95493246aae39.rlib" "/opt/rustwide/rustup-home/toolchains/nightly-2024-10-28-x86_64-unknown-linux-gnu/lib/rustlib/x86_64-unknown-linux-gnu/lib/libcfg_if-6f6676c475e08ab0.rlib" "/opt/rustwide/rustup-home/toolchains/nightly-2024-10-28-x86_64-unknown-linux-gnu/lib/rustlib/x86_64-unknown-linux-gnu/lib/liblibc-799d520624f8b2e0.rlib" "/opt/rustwide/rustup-home/toolchains/nightly-2024-10-28-x86_64-unknown-linux-gnu/lib/rustlib/x86_64-unknown-linux-gnu/lib/liballoc-fcf93d4842acd9a9.rlib" "/opt/rustwide/rustup-home/toolchains/nightly-2024-10-28-x86_64-unknown-linux-gnu/lib/rustlib/x86_64-unknown-linux-gnu/lib/librustc_std_workspace_core-395a38b8e0851c9b.rlib" "/opt/rustwide/rustup-home/toolchains/nightly-2024-10-28-x86_64-unknown-linux-gnu/lib/rustlib/x86_64-unknown-linux-gnu/lib/libcore-d453bab70303062c.rlib" "/opt/rustwide/rustup-home/toolchains/nightly-2024-10-28-x86_64-unknown-linux-gnu/lib/rustlib/x86_64-unknown-linux-gnu/lib/libcompiler_builtins-0e6386368b0a24e8.rlib" "-Wl,-Bdynamic" "-lgcc_s" "-lutil" "-lrt" "-lpthread" "-lm" "-ldl" "-lc" "-B/opt/rustwide/rustup-home/toolchains/nightly-2024-10-28-x86_64-unknown-linux-gnu/lib/rustlib/x86_64-unknown-linux-gnu/bin/gcc-ld" "-fuse-ld=lld" "-Wl,--eh-frame-hdr" "-Wl,-z,noexecstack" "-L" "/opt/rustwide/rustup-home/toolchains/nightly-2024-10-28-x86_64-unknown-linux-gnu/lib/rustlib/x86_64-unknown-linux-gnu/lib" "-o" "/opt/rustwide/target/debug/build/libm-5ee7c19f749000d1/build_script_build-5ee7c19f749000d1" "-Wl,--gc-sections" "-pie" "-Wl,-z,relro,-z,now" "-nodefaultlibs"
[INFO] [stdout]   = note: collect2: fatal error: ld terminated with signal 7 [Bus error], core dumped
[INFO] [stdout]           compilation terminated.
[INFO] [stdout]           
[INFO] [stdout] 
[INFO] [stdout] 
[INFO] [stderr] error: could not compile `libm` (build script) due to 1 previous error
[INFO] [stdout] error: couldn't create a temp dir: No space left on device (os error 28) at path "/opt/rustwide/target/debug/deps/rmetaf5YN1w"
[INFO] [stdout] 
[INFO] [stdout] 
[INFO] [stderr] error: could not compile `miniz_oxide` (lib) due to 1 previous error
[INFO] [stdout] error: couldn't create a temp dir: No space left on device (os error 28) at path "/opt/rustwide/target/debug/deps/rmetaygMftC"
[INFO] [stdout] 
[INFO] [stdout] 
[INFO] [stderr] error: could not compile `cc` (lib) due to 1 previous error
[INFO] [stdout] error: couldn't create a temp dir: No space left on device (os error 28) at path "/opt/rustwide/target/debug/deps/rmetavwP1yX"
[INFO] [stdout] 
[INFO] [stdout] 
[INFO] [stderr] error: could not compile `libc` (lib) due to 1 previous error
[INFO] running `Command { std: "docker" "inspect" "1887a5889aabb4f96d47010a272219b2c39a87a3fb2fe19b90c2f1f02415ed2f", kill_on_drop: false }`
[INFO] running `Command { std: "docker" "rm" "-f" "1887a5889aabb4f96d47010a272219b2c39a87a3fb2fe19b90c2f1f02415ed2f", kill_on_drop: false }`
[INFO] [stdout] 1887a5889aabb4f96d47010a272219b2c39a87a3fb2fe19b90c2f1f02415ed2f
