[INFO] cloning repository https://github.com/bulwark-security/bulwark
[INFO] running `Command { std: "git" "-c" "credential.helper=" "-c" "credential.helper=/workspace/cargo-home/bin/git-credential-null" "clone" "--bare" "https://github.com/bulwark-security/bulwark" "/workspace/cache/git-repos/https%3A%2F%2Fgithub.com%2Fbulwark-security%2Fbulwark", kill_on_drop: false }`
[INFO] [stderr] Cloning into bare repository '/workspace/cache/git-repos/https%3A%2F%2Fgithub.com%2Fbulwark-security%2Fbulwark'...
[INFO] running `Command { std: "git" "rev-parse" "HEAD", kill_on_drop: false }`
[INFO] [stdout] 3e85196873342c1cbf92c3c7db9cedb1f4935dae
[INFO] testing bulwark-security/bulwark/3e85196873342c1cbf92c3c7db9cedb1f4935dae against nightly-2024-10-28 for randomize-layout
[INFO] running `Command { std: "git" "clone" "/workspace/cache/git-repos/https%3A%2F%2Fgithub.com%2Fbulwark-security%2Fbulwark" "/workspace/builds/worker-7-tc1/source", kill_on_drop: false }`
[INFO] [stderr] Cloning into '/workspace/builds/worker-7-tc1/source'...
[INFO] [stderr] done.
[INFO] validating manifest of git repo https://github.com/bulwark-security/bulwark on toolchain nightly-2024-10-28
[INFO] running `Command { std: CARGO_HOME="/workspace/cargo-home" RUSTUP_HOME="/workspace/rustup-home" "/workspace/cargo-home/bin/cargo" "+nightly-2024-10-28" "metadata" "--manifest-path" "Cargo.toml" "--no-deps", kill_on_drop: false }`
[INFO] started tweaking git repo https://github.com/bulwark-security/bulwark
[INFO] finished tweaking git repo https://github.com/bulwark-security/bulwark
[INFO] tweaked toml for git repo https://github.com/bulwark-security/bulwark written to /workspace/builds/worker-7-tc1/source/Cargo.toml
[INFO] crate git repo https://github.com/bulwark-security/bulwark already has a lockfile, it will not be regenerated
[INFO] running `Command { std: CARGO_HOME="/workspace/cargo-home" RUSTUP_HOME="/workspace/rustup-home" "/workspace/cargo-home/bin/cargo" "+nightly-2024-10-28" "fetch" "--manifest-path" "Cargo.toml", kill_on_drop: false }`
[INFO] [stderr]     Updating crates.io index
[INFO] [stderr]  Downloading crates ...
[INFO] [stderr]   Downloaded wit-bindgen-rust-macro v0.26.0
[INFO] [stderr]   Downloaded cadence v1.4.0
[INFO] [stderr]   Downloaded metrics-exporter-statsd v0.8.0
[INFO] [stderr]   Downloaded wit-bindgen-rust v0.26.0
[INFO] [stderr]   Downloaded quoted-string v0.6.1
[INFO] [stderr]   Downloaded wasmtime-jit-debug v22.0.0
[INFO] [stderr]   Downloaded cranelift-native v0.109.0
[INFO] [stderr]   Downloaded wit-bindgen v0.26.0
[INFO] [stderr]   Downloaded wasmtime-types v22.0.0
[INFO] [stderr]   Downloaded wit-bindgen-core v0.26.0
[INFO] [stderr]   Downloaded clap_mangen v0.2.21
[INFO] [stderr]   Downloaded redis-test v0.4.0
[INFO] [stderr]   Downloaded cap-net-ext v3.1.0
[INFO] [stderr]   Downloaded wasmtime-slab v22.0.0
[INFO] [stderr]   Downloaded wasmtime-asm-macros v22.0.0
[INFO] [stderr]   Downloaded wasmtime-jit-icache-coherence v22.0.0
[INFO] [stderr]   Downloaded cap-rand v3.1.0
[INFO] [stderr]   Downloaded wasm-metadata v0.209.1
[INFO] [stderr]   Downloaded cap-time-ext v3.1.0
[INFO] [stderr]   Downloaded wasmprinter v0.209.1
[INFO] [stderr]   Downloaded matchit v0.8.2
[INFO] [stderr]   Downloaded wasmtime-fiber v22.0.0
[INFO] [stderr]   Downloaded wasmtime-cache v22.0.0
[INFO] [stderr]   Downloaded cranelift-bforest v0.109.0
[INFO] [stderr]   Downloaded wasm-encoder v0.209.1
[INFO] [stderr]   Downloaded wasi-common v22.0.0
[INFO] [stderr]   Downloaded winch-codegen v0.20.0
[INFO] [stderr]   Downloaded wasmtime-component-macro v22.0.0
[INFO] [stderr]   Downloaded wasmtime-cranelift v22.0.0
[INFO] [stderr]   Downloaded wasmtime-wasi v22.0.0
[INFO] [stderr]   Downloaded wast v211.0.1
[INFO] [stderr]   Downloaded wasmtime-environ v22.0.0
[INFO] [stderr]   Downloaded wasmparser v0.211.1
[INFO] [stderr]   Downloaded wasmparser v0.209.1
[INFO] [stderr]   Downloaded wit-component v0.211.1
[INFO] [stderr]   Downloaded wit-parser v0.211.1
[INFO] [stderr]   Downloaded wit-component v0.209.1
[INFO] [stderr]   Downloaded wit-parser v0.209.1
[INFO] [stderr]   Downloaded cranelift-codegen-meta v0.109.0
[INFO] [stderr]   Downloaded cranelift-isle v0.109.0
[INFO] [stderr]   Downloaded wasmtime-wasi-http v22.0.0
[INFO] [stderr]   Downloaded wasmtime-wit-bindgen v22.0.0
[INFO] [stderr]   Downloaded cranelift-wasm v0.109.0
[INFO] [stderr]   Downloaded wiggle-generate v22.0.0
[INFO] [stderr]   Downloaded wasm-encoder v0.211.1
[INFO] [stderr]   Downloaded cranelift-frontend v0.109.0
[INFO] [stderr]   Downloaded cranelift-entity v0.109.0
[INFO] [stderr]   Downloaded wasm-metadata v0.211.1
[INFO] [stderr]   Downloaded wiggle v22.0.0
[INFO] [stderr]   Downloaded cranelift-codegen-shared v0.109.0
[INFO] [stderr]   Downloaded cranelift-control v0.109.0
[INFO] [stderr]   Downloaded wasmtime-component-util v22.0.0
[INFO] [stderr]   Downloaded wasmtime v22.0.0
[INFO] [stderr]   Downloaded cap-fs-ext v3.1.0
[INFO] [stderr]   Downloaded wasmtime-winch v22.0.0
[INFO] [stderr]   Downloaded wat v1.211.1
[INFO] [stderr]   Downloaded wasmtime-versioned-export-macros v22.0.0
[INFO] [stderr]   Downloaded wiggle-macro v22.0.0
[INFO] [stderr]   Downloaded cranelift-codegen v0.109.0
[INFO] running `Command { std: "docker" "create" "-v" "/var/lib/crater-agent-workspace/builds/worker-7-tc1/target:/opt/rustwide/target:rw,Z" "-v" "/var/lib/crater-agent-workspace/builds/worker-7-tc1/source:/opt/rustwide/workdir:ro,Z" "-v" "/var/lib/crater-agent-workspace/cargo-home:/opt/rustwide/cargo-home:ro,Z" "-v" "/var/lib/crater-agent-workspace/rustup-home:/opt/rustwide/rustup-home:ro,Z" "-e" "SOURCE_DIR=/opt/rustwide/workdir" "-e" "CARGO_TARGET_DIR=/opt/rustwide/target" "-e" "CARGO_HOME=/opt/rustwide/cargo-home" "-e" "RUSTUP_HOME=/opt/rustwide/rustup-home" "-w" "/opt/rustwide/workdir" "-m" "1610612736" "--user" "0:0" "--network" "none" "ghcr.io/rust-lang/crates-build-env/linux@sha256:4a844ea9eb2546a2d2c7022eacef16ef2e8229c7fbb2c7d4d55a9ceca922f72d" "/opt/rustwide/cargo-home/bin/cargo" "+nightly-2024-10-28" "metadata" "--no-deps" "--format-version=1", kill_on_drop: false }`
[INFO] [stdout] 8b800f8256c14edf444017bebc51d0ef2a9ee520d75d14a52ca51aae06710943
[INFO] running `Command { std: "docker" "start" "-a" "8b800f8256c14edf444017bebc51d0ef2a9ee520d75d14a52ca51aae06710943", kill_on_drop: false }`
[INFO] running `Command { std: "docker" "inspect" "8b800f8256c14edf444017bebc51d0ef2a9ee520d75d14a52ca51aae06710943", kill_on_drop: false }`
[INFO] running `Command { std: "docker" "rm" "-f" "8b800f8256c14edf444017bebc51d0ef2a9ee520d75d14a52ca51aae06710943", kill_on_drop: false }`
[INFO] [stdout] 8b800f8256c14edf444017bebc51d0ef2a9ee520d75d14a52ca51aae06710943
[INFO] running `Command { std: "docker" "create" "-v" "/var/lib/crater-agent-workspace/builds/worker-7-tc1/target:/opt/rustwide/target:rw,Z" "-v" "/var/lib/crater-agent-workspace/builds/worker-7-tc1/source:/opt/rustwide/workdir:ro,Z" "-v" "/var/lib/crater-agent-workspace/cargo-home:/opt/rustwide/cargo-home:ro,Z" "-v" "/var/lib/crater-agent-workspace/rustup-home:/opt/rustwide/rustup-home:ro,Z" "-e" "SOURCE_DIR=/opt/rustwide/workdir" "-e" "CARGO_TARGET_DIR=/opt/rustwide/target" "-e" "CARGO_INCREMENTAL=0" "-e" "RUST_BACKTRACE=full" "-e" "RUSTFLAGS=--cap-lints=forbid" "-e" "RUSTDOCFLAGS=--cap-lints=forbid" "-e" "CARGO_HOME=/opt/rustwide/cargo-home" "-e" "RUSTUP_HOME=/opt/rustwide/rustup-home" "-w" "/opt/rustwide/workdir" "-m" "1610612736" "--user" "0:0" "--network" "none" "ghcr.io/rust-lang/crates-build-env/linux@sha256:4a844ea9eb2546a2d2c7022eacef16ef2e8229c7fbb2c7d4d55a9ceca922f72d" "/opt/rustwide/cargo-home/bin/cargo" "+nightly-2024-10-28" "build" "--frozen" "--message-format=json", kill_on_drop: false }`
[INFO] [stdout] 6e57832a98c377578db002cc5cd2c9b39ca21fbc235509ebddd2fe14b0e3716c
[INFO] running `Command { std: "docker" "start" "-a" "6e57832a98c377578db002cc5cd2c9b39ca21fbc235509ebddd2fe14b0e3716c", kill_on_drop: false }`
[INFO] [stderr]    Compiling proc-macro2 v1.0.86
[INFO] [stderr]    Compiling unicode-ident v1.0.12
[INFO] [stderr]    Compiling once_cell v1.19.0
[INFO] [stderr]    Compiling cfg-if v1.0.0
[INFO] [stderr]    Compiling libc v0.2.155
[INFO] [stderr]    Compiling version_check v0.9.4
[INFO] [stderr]    Compiling serde v1.0.203
[INFO] [stderr]    Compiling zerocopy v0.7.34
[INFO] [stderr]    Compiling itoa v1.0.11
[INFO] [stderr]    Compiling equivalent v1.0.1
[INFO] [stderr]    Compiling bitflags v2.6.0
[INFO] [stderr]    Compiling memchr v2.7.4
[INFO] [stderr]    Compiling log v0.4.21
[INFO] [stderr]    Compiling pin-project-lite v0.2.14
[INFO] [stderr]    Compiling autocfg v1.3.0
[INFO] [stderr]    Compiling bytes v1.7.1
[INFO] [stderr]    Compiling ahash v0.8.11
[INFO] [stderr]    Compiling anyhow v1.0.72
[INFO] [stderr]    Compiling futures-core v0.3.30
[INFO] [stderr]    Compiling futures-sink v0.3.30
[INFO] [stderr]    Compiling ryu v1.0.18
[INFO] [stderr]    Compiling slab v0.4.9
[INFO] [stderr]    Compiling tracing-core v0.1.32
[INFO] [stderr]    Compiling quote v1.0.36
[INFO] [stderr]    Compiling syn v2.0.68
[INFO] [stderr]    Compiling jobserver v0.1.31
[INFO] [stderr]    Compiling num_cpus v1.16.0
[INFO] [stderr]    Compiling getrandom v0.2.15
[INFO] [stderr]    Compiling socket2 v0.5.7
[INFO] [stderr]    Compiling mio v0.8.11
[INFO] [stderr]    Compiling futures-channel v0.3.30
[INFO] [stderr]    Compiling cc v1.0.101
[INFO] [stderr]    Compiling futures-task v0.3.30
[INFO] [stderr]    Compiling futures-io v0.3.30
[INFO] [stderr]    Compiling pin-utils v0.1.0
[INFO] [stderr]    Compiling thiserror v1.0.43
[INFO] [stderr]    Compiling leb128 v0.2.5
[INFO] [stderr]    Compiling fnv v1.0.7
[INFO] [stderr]    Compiling hashbrown v0.14.5
[INFO] [stderr]    Compiling semver v1.0.23
[INFO] [stderr]    Compiling pkg-config v0.3.30
[INFO] [stderr]    Compiling syn v1.0.109
[INFO] [stderr]    Compiling rand_core v0.6.4
[INFO] [stderr]    Compiling ppv-lite86 v0.2.17
[INFO] [stderr]    Compiling paste v1.0.15
[INFO] [stderr]    Compiling rustversion v1.0.17
[INFO] [stderr]    Compiling rand_chacha v0.3.1
[INFO] [stderr]    Compiling aho-corasick v1.1.3
[INFO] [stderr]    Compiling regex-syntax v0.8.4
[INFO] [stderr]    Compiling rustix v0.38.34
[INFO] [stderr]    Compiling crossbeam-utils v0.8.20
[INFO] [stderr]    Compiling serde_json v1.0.118
[INFO] [stderr]    Compiling rand v0.8.5
[INFO] [stderr]    Compiling cmake v0.1.50
[INFO] [stderr]    Compiling percent-encoding v2.3.1
[INFO] [stderr]    Compiling fs_extra v1.3.0
[INFO] [stderr]    Compiling unicode-xid v0.2.4
[INFO] [stderr]    Compiling dunce v1.0.4
[INFO] [stderr]    Compiling linux-raw-sys v0.4.14
[INFO] [stderr]    Compiling lazy_static v1.5.0
[INFO] [stderr]    Compiling id-arena v2.2.1
[INFO] [stderr]    Compiling aws-lc-sys v0.19.0
[INFO] [stderr]    Compiling regex-automata v0.4.7
[INFO] [stderr]    Compiling indexmap v2.2.6
[INFO] [stderr]    Compiling wasmparser v0.209.1
[INFO] [stderr]    Compiling ring v0.17.8
[INFO] [stderr]    Compiling http v1.1.0
[INFO] [stderr]    Compiling serde_derive v1.0.203
[INFO] [stderr]    Compiling tokio-macros v2.3.0
[INFO] [stderr]    Compiling tracing-attributes v0.1.27
[INFO] [stderr]    Compiling tokio v1.38.0
[INFO] [stderr]    Compiling tracing v0.1.40
[INFO] [stderr]    Compiling futures-macro v0.3.30
[INFO] [stderr]    Compiling thiserror-impl v1.0.43
[INFO] [stderr]    Compiling futures-util v0.3.30
[INFO] [stderr]    Compiling regex v1.10.5
[INFO] [stderr]    Compiling async-trait v0.1.80
[INFO] [stderr]    Compiling zeroize_derive v1.4.2
[INFO] [stderr]    Compiling tinyvec_macros v0.1.1
[INFO] [stderr]    Compiling httparse v1.9.4
[INFO] [stderr]    Compiling tower-service v0.3.2
[INFO] [stderr]    Compiling rustls-pki-types v1.7.0
[INFO] [stderr]    Compiling aws-lc-rs v1.8.0
[INFO] [stderr]    Compiling tokio-util v0.7.11
[INFO] [stderr]    Compiling cranelift-isle v0.109.0
[INFO] [stderr]    Compiling zeroize v1.8.1
[INFO] [stderr]    Compiling tinyvec v1.6.1
[INFO] [stderr]    Compiling wit-parser v0.209.1
[INFO] [stderr]    Compiling wasm-encoder v0.209.1
[INFO] [stderr]    Compiling target-lexicon v0.12.14
[INFO] [stderr]    Compiling cranelift-codegen-shared v0.109.0
[INFO] [stderr]    Compiling typenum v1.17.0
[INFO] [stderr]    Compiling try-lock v0.2.5
[INFO] [stderr]    Compiling heck v0.4.1
[INFO] [stderr]    Compiling smallvec v1.13.2
[INFO] [stderr]    Compiling cranelift-entity v0.109.0
[INFO] [stderr]    Compiling io-lifetimes v2.0.3
[INFO] [stderr]    Compiling want v0.3.1
[INFO] [stderr]    Compiling cranelift-codegen-meta v0.109.0
[INFO] [stderr]    Compiling unicode-normalization v0.1.23
[INFO] [stderr]    Compiling gimli v0.28.1
[INFO] [stderr]    Compiling wasmparser v0.211.1
[INFO] [stderr]    Compiling wasmtime-versioned-export-macros v22.0.0
[INFO] [stderr]    Compiling form_urlencoded v1.2.1
[INFO] [stderr]    Compiling generic-array v0.14.7
[INFO] [stderr]    Compiling httpdate v1.0.3
[INFO] [stderr]    Compiling spin v0.9.8
[INFO] [stderr]    Compiling untrusted v0.9.0
[INFO] [stderr]    Compiling mirai-annotations v1.12.0
[INFO] [stderr]    Compiling unicode-bidi v0.3.15
[INFO] [stderr]    Compiling tower-layer v0.3.2
[INFO] [stderr]    Compiling bumpalo v3.16.0
[INFO] [stderr]    Compiling http-body v1.0.0
[INFO] [stderr]    Compiling zstd-sys v2.0.11+zstd.1.5.6
[INFO] [stderr]    Compiling hashbrown v0.13.2
[INFO] [stderr]    Compiling cranelift-codegen v0.109.0
[INFO] [stderr]    Compiling indexmap v1.9.3
[INFO] [stderr]    Compiling slice-group-by v0.3.1
[INFO] [stderr]    Compiling arbitrary v1.3.2
[INFO] [stderr]    Compiling io-extras v0.18.2
[INFO] [stderr]    Compiling rustc-hash v1.1.0
[INFO] [stderr]    Compiling ipnet v2.9.0
[INFO] [stderr]    Compiling either v1.13.0
[INFO] [stderr]    Compiling heck v0.5.0
[INFO] [stderr]    Compiling regalloc2 v0.9.3
[INFO] [stderr]    Compiling cranelift-control v0.109.0
[INFO] [stderr]    Compiling idna v0.5.0
[INFO] [stderr]    Compiling cranelift-bforest v0.109.0
[INFO] [stderr]    Compiling toml_datetime v0.6.6
[INFO] [stderr]    Compiling serde_spanned v0.6.6
[INFO] [stderr]    Compiling pin-project-internal v1.1.5
[INFO] [stderr]    Compiling crossbeam-epoch v0.9.18
[INFO] [stderr]    Compiling num-traits v0.2.19
[INFO] [stderr]    Compiling winnow v0.6.13
[INFO] [stderr]    Compiling cap-primitives v3.1.0
[INFO] [stderr]    Compiling subtle v2.6.1
[INFO] [stderr]    Compiling wasm-encoder v0.211.1
[INFO] [stderr]    Compiling vcpkg v0.2.15
[INFO] [stderr]    Compiling hashbrown v0.12.3
[INFO] [stderr]    Compiling ambient-authority v0.0.2
[INFO] [stderr]    Compiling toml_edit v0.22.14
[INFO] [stderr]    Compiling openssl-sys v0.9.103
[INFO] [stderr]    Compiling pin-project v1.1.5
[INFO] [stderr]    Compiling url v2.5.2
[INFO] [stderr]    Compiling itertools v0.10.5
[INFO] [stderr]    Compiling fs-set-times v0.20.1
[INFO] [stderr]    Compiling crc32fast v1.4.2
[INFO] [stderr]    Compiling cpp_demangle v0.4.3
[INFO] [stderr]    Compiling atomic-waker v1.1.2
[INFO] [stderr]    Compiling openssl-probe v0.1.5
[INFO] [stderr]    Compiling zstd-safe v7.1.0
[INFO] [stderr]    Compiling rustc-demangle v0.1.24
[INFO] [stderr]    Compiling cobs v0.2.3
[INFO] [stderr]    Compiling embedded-io v0.4.0
[INFO] [stderr]    Compiling maybe-owned v0.3.4
[INFO] [stderr]    Compiling postcard v1.0.8
[INFO] [stderr]    Compiling wasmtime-types v22.0.0
[INFO] [stderr]    Compiling h2 v0.4.5
[INFO] [stderr]    Compiling prost-derive v0.11.9
[INFO] [stderr]    Compiling object v0.36.0
[INFO] [stderr]    Compiling toml v0.8.14
[INFO] [stderr] rustc-LLVM ERROR: IO failure on output stream: No space left on device
[INFO] [stdout] error: failed to write to `/opt/rustwide/target/debug/deps/rmetar0Fd2p/lib.rmeta`: No space left on device (os error 28)
[INFO] [stdout] 
[INFO] [stdout] 
[INFO] [stderr] error: could not compile `prost-derive` (lib)
[INFO] [stderr] 
[INFO] [stderr] Caused by:
[INFO] [stderr]   No space left on device (os error 28)
[INFO] [stderr] 
[INFO] [stderr] Caused by:
[INFO] [stderr]   failed to parse process output: `/opt/rustwide/rustup-home/toolchains/nightly-2024-10-28-x86_64-unknown-linux-gnu/bin/rustc --crate-name prost_derive --edition=2021 /opt/rustwide/cargo-home/registry/src/index.crates.io-6f17d22bba15001f/prost-derive-0.11.9/src/lib.rs --error-format=json --json=diagnostic-rendered-ansi,artifacts,future-incompat --crate-type proc-macro --emit=dep-info,link -C prefer-dynamic -C embed-bitcode=no --check-cfg 'cfg(docsrs)' --check-cfg 'cfg(feature, values())' -C metadata=5dfb16a781a1273c -C extra-filename=-5dfb16a781a1273c --out-dir /opt/rustwide/target/debug/deps -L dependency=/opt/rustwide/target/debug/deps --extern anyhow=/opt/rustwide/target/debug/deps/libanyhow-f0d64982bb7b8f4e.rlib --extern itertools=/opt/rustwide/target/debug/deps/libitertools-0dba36220d97629c.rlib --extern proc_macro2=/opt/rustwide/target/debug/deps/libproc_macro2-999306cb2722a44d.rlib --extern quote=/opt/rustwide/target/debug/deps/libquote-588522ccb60d1420.rlib --extern syn=/opt/rustwide/target/debug/deps/libsyn-b8e8b146445aad50.rlib --extern proc_macro --cap-lints allow --cap-lints=forbid` (exit status: 101)
[INFO] [stderr] warning: build failed, waiting for other jobs to finish...
[INFO] [stderr] error: could not compile `toml` (lib) due to 1 previous error
[INFO] [stderr] rustc-LLVM ERROR: IO failure on output stream: No space left on device
[INFO] [stderr] error: could not compile `wasmparser` (lib)
[INFO] [stderr] 
[INFO] [stderr] Caused by:
[INFO] [stderr]   process didn't exit successfully: `/opt/rustwide/rustup-home/toolchains/nightly-2024-10-28-x86_64-unknown-linux-gnu/bin/rustc --crate-name wasmparser --edition=2021 /opt/rustwide/cargo-home/registry/src/index.crates.io-6f17d22bba15001f/wasmparser-0.209.1/src/lib.rs --error-format=json --json=diagnostic-rendered-ansi,artifacts,future-incompat --crate-type lib --emit=dep-info,metadata,link -C embed-bitcode=no -C debuginfo=2 --deny=unsafe_code '--allow=clippy::all' --cfg 'feature="serde"' --cfg 'feature="std"' --cfg 'feature="validate"' --check-cfg 'cfg(docsrs)' --check-cfg 'cfg(feature, values("default", "no-hash-maps", "serde", "std", "validate"))' -C metadata=76be3f40594fef67 -C extra-filename=-76be3f40594fef67 --out-dir /opt/rustwide/target/debug/deps -L dependency=/opt/rustwide/target/debug/deps --extern ahash=/opt/rustwide/target/debug/deps/libahash-d746a58a3cef3faa.rmeta --extern bitflags=/opt/rustwide/target/debug/deps/libbitflags-2a54fc7d8f815a15.rmeta --extern hashbrown=/opt/rustwide/target/debug/deps/libhashbrown-fa614b83fdab1e62.rmeta --extern indexmap=/opt/rustwide/target/debug/deps/libindexmap-c6d346d5b111e8b1.rmeta --extern semver=/opt/rustwide/target/debug/deps/libsemver-bed5d40cf6a951b4.rmeta --extern serde=/opt/rustwide/target/debug/deps/libserde-76452756a4207885.rmeta --cap-lints allow --cap-lints=forbid` (exit status: 101)
[INFO] [stderr] The following warnings were emitted during compilation:
[INFO] [stderr] 
[INFO] [stderr] warning: zstd-sys@2.0.11+zstd.1.5.6: zstd/lib/compress/zstd_ldm.c:730:1: fatal error: error writing to /tmp/cci3190c.s: No space left on device
[INFO] [stderr] warning: zstd-sys@2.0.11+zstd.1.5.6:   730 | }
[INFO] [stderr] warning: zstd-sys@2.0.11+zstd.1.5.6:       | ^
[INFO] [stderr] warning: zstd-sys@2.0.11+zstd.1.5.6: compilation terminated.
[INFO] [stderr] warning: zstd-sys@2.0.11+zstd.1.5.6: ToolExecError: Command "cc" "-O0" "-ffunction-sections" "-fdata-sections" "-fPIC" "-gdwarf-4" "-fno-omit-frame-pointer" "-m64" "-I" "zstd/lib/" "-I" "zstd/lib/common" "-fvisibility=hidden" "-ffunction-sections" "-fdata-sections" "-fmerge-all-constants" "-DZSTD_LIB_DEPRECATED=0" "-DXXH_PRIVATE_API=" "-DZSTDLIB_VISIBILITY=" "-DZSTDERRORLIB_VISIBILITY=" "-o" "/opt/rustwide/target/debug/build/zstd-sys-b48245a1ba6806be/out/1ddd1489cc625d97-zstd_ldm.o" "-c" "zstd/lib/compress/zstd_ldm.c" with args cc did not execute successfully (status code exit status: 1).cargo:warning=zstd/lib/compress/zstd_opt.c:1571:1: fatal error: error writing to /tmp/ccUBKDxZ.s: No space left on device
[INFO] [stderr] warning: zstd-sys@2.0.11+zstd.1.5.6:  1571 | }
[INFO] [stderr] warning: zstd-sys@2.0.11+zstd.1.5.6:       | ^
[INFO] [stderr] warning: zstd-sys@2.0.11+zstd.1.5.6: compilation terminated.
[INFO] [stderr] warning: zstd-sys@2.0.11+zstd.1.5.6: ToolExecError: Command "cc" "-O0" "-ffunction-sections" "-fdata-sections" "-fPIC" "-gdwarf-4" "-fno-omit-frame-pointer" "-m64" "-I" "zstd/lib/" "-I" "zstd/lib/common" "-fvisibility=hidden" "-ffunction-sections" "-fdata-sections" "-fmerge-all-constants" "-DZSTD_LIB_DEPRECATED=0" "-DXXH_PRIVATE_API=" "-DZSTDLIB_VISIBILITY=" "-DZSTDERRORLIB_VISIBILITY=" "-o" "/opt/rustwide/target/debug/build/zstd-sys-b48245a1ba6806be/out/1ddd1489cc625d97-zstd_opt.o" "-c" "zstd/lib/compress/zstd_opt.c" with args cc did not execute successfully (status code exit status: 1).cargo:warning=zstd/lib/compress/zstdmt_compress.c:1882:1: fatal error: error writing to /tmp/ccIP0gpH.s: No space left on device
[INFO] [stderr] warning: zstd-sys@2.0.11+zstd.1.5.6:  1882 | }
[INFO] [stderr] warning: zstd-sys@2.0.11+zstd.1.5.6:       | ^
[INFO] [stderr] warning: zstd-sys@2.0.11+zstd.1.5.6: compilation terminated.
[INFO] [stderr] warning: zstd-sys@2.0.11+zstd.1.5.6: ToolExecError: Command "cc" "-O0" "-ffunction-sections" "-fdata-sections" "-fPIC" "-gdwarf-4" "-fno-omit-frame-pointer" "-m64" "-I" "zstd/lib/" "-I" "zstd/lib/common" "-fvisibility=hidden" "-ffunction-sections" "-fdata-sections" "-fmerge-all-constants" "-DZSTD_LIB_DEPRECATED=0" "-DXXH_PRIVATE_API=" "-DZSTDLIB_VISIBILITY=" "-DZSTDERRORLIB_VISIBILITY=" "-o" "/opt/rustwide/target/debug/build/zstd-sys-b48245a1ba6806be/out/1ddd1489cc625d97-zstdmt_compress.o" "-c" "zstd/lib/compress/zstdmt_compress.c" with args cc did not execute successfully (status code exit status: 1).cargo:warning=zstd/lib/decompress/huf_decompress.c:1944:1: fatal error: error writing to /tmp/ccSC8G01.s: No space left on device
[INFO] [stderr] warning: zstd-sys@2.0.11+zstd.1.5.6:  1944 | }
[INFO] [stderr] warning: zstd-sys@2.0.11+zstd.1.5.6:       | ^
[INFO] [stderr] warning: zstd-sys@2.0.11+zstd.1.5.6: compilation terminated.
[INFO] [stderr] warning: zstd-sys@2.0.11+zstd.1.5.6: ToolExecError: Command "cc" "-O0" "-ffunction-sections" "-fdata-sections" "-fPIC" "-gdwarf-4" "-fno-omit-frame-pointer" "-m64" "-I" "zstd/lib/" "-I" "zstd/lib/common" "-fvisibility=hidden" "-ffunction-sections" "-fdata-sections" "-fmerge-all-constants" "-DZSTD_LIB_DEPRECATED=0" "-DXXH_PRIVATE_API=" "-DZSTDLIB_VISIBILITY=" "-DZSTDERRORLIB_VISIBILITY=" "-o" "/opt/rustwide/target/debug/build/zstd-sys-b48245a1ba6806be/out/690f776bf7b37aeb-huf_decompress.o" "-c" "zstd/lib/decompress/huf_decompress.c" with args cc did not execute successfully (status code exit status: 1).cargo:warning=/tmp/ccQ7ivoQ.s: Assembler messages:
[INFO] [stderr] warning: zstd-sys@2.0.11+zstd.1.5.6: /tmp/ccQ7ivoQ.s: Fatal error: can't write 12 bytes to section .rodata.repStartValue of /opt/rustwide/target/debug/build/zstd-sys-b48245a1ba6806be/out/690f776bf7b37aeb-zstd_decompress.o: 'No space left on device'
[INFO] [stderr] warning: zstd-sys@2.0.11+zstd.1.5.6: ToolExecError: Command "cc" "-O0" "-ffunction-sections" "-fdata-sections" "-fPIC" "-gdwarf-4" "-fno-omit-frame-pointer" "-m64" "-I" "zstd/lib/" "-I" "zstd/lib/common" "-fvisibility=hidden" "-ffunction-sections" "-fdata-sections" "-fmerge-all-constants" "-DZSTD_LIB_DEPRECATED=0" "-DXXH_PRIVATE_API=" "-DZSTDLIB_VISIBILITY=" "-DZSTDERRORLIB_VISIBILITY=" "-o" "/opt/rustwide/target/debug/build/zstd-sys-b48245a1ba6806be/out/690f776bf7b37aeb-zstd_decompress.o" "-c" "zstd/lib/decompress/zstd_decompress.c" with args cc did not execute successfully (status code exit status: 1).cargo:warning=zstd/lib/decompress/huf_decompress_amd64.S:12: fatal error: when writing output to /tmp/ccwdXGpB.s: No space left on device
[INFO] [stderr] warning: zstd-sys@2.0.11+zstd.1.5.6:    12 | 
[INFO] [stderr] warning: zstd-sys@2.0.11+zstd.1.5.6:       | 
[INFO] [stderr] warning: zstd-sys@2.0.11+zstd.1.5.6: compilation terminated.
[INFO] [stderr] warning: zstd-sys@2.0.11+zstd.1.5.6: ToolExecError: Command "cc" "-O0" "-ffunction-sections" "-fdata-sections" "-fPIC" "-gdwarf-4" "-fno-omit-frame-pointer" "-m64" "-I" "zstd/lib/" "-I" "zstd/lib/common" "-fvisibility=hidden" "-ffunction-sections" "-fdata-sections" "-fmerge-all-constants" "-DZSTD_LIB_DEPRECATED=0" "-DXXH_PRIVATE_API=" "-DZSTDLIB_VISIBILITY=" "-DZSTDERRORLIB_VISIBILITY=" "-o" "/opt/rustwide/target/debug/build/zstd-sys-b48245a1ba6806be/out/690f776bf7b37aeb-huf_decompress_amd64.o" "-c" "zstd/lib/decompress/huf_decompress_amd64.S" with args cc did not execute successfully (status code exit status: 1).cargo:warning=zstd/lib/decompress/zstd_decompress_block.c:2215:1: fatal error: error writing to /tmp/ccH6nFun.s: No space left on device
[INFO] [stderr] warning: zstd-sys@2.0.11+zstd.1.5.6:  2215 | }
[INFO] [stderr] warning: zstd-sys@2.0.11+zstd.1.5.6:       | ^
[INFO] [stderr] warning: zstd-sys@2.0.11+zstd.1.5.6: compilation terminated.
[INFO] [stderr] warning: zstd-sys@2.0.11+zstd.1.5.6: ToolExecError: Command "cc" "-O0" "-ffunction-sections" "-fdata-sections" "-fPIC" "-gdwarf-4" "-fno-omit-frame-pointer" "-m64" "-I" "zstd/lib/" "-I" "zstd/lib/common" "-fvisibility=hidden" "-ffunction-sections" "-fdata-sections" "-fmerge-all-constants" "-DZSTD_LIB_DEPRECATED=0" "-DXXH_PRIVATE_API=" "-DZSTDLIB_VISIBILITY=" "-DZSTDERRORLIB_VISIBILITY=" "-o" "/opt/rustwide/target/debug/build/zstd-sys-b48245a1ba6806be/out/690f776bf7b37aeb-zstd_decompress_block.o" "-c" "zstd/lib/decompress/zstd_decompress_block.c" with args cc did not execute successfully (status code exit status: 1).
[INFO] [stderr] 
[INFO] [stderr] error: failed to run custom build command for `zstd-sys v2.0.11+zstd.1.5.6`
[INFO] [stderr] note: To improve backtraces for build dependencies, set the CARGO_PROFILE_DEV_BUILD_OVERRIDE_DEBUG=true environment variable to enable debug information generation.
[INFO] [stderr] 
[INFO] [stderr] Caused by:
[INFO] [stderr]   process didn't exit successfully: `/opt/rustwide/target/debug/build/zstd-sys-2ddf4e097afdde21/build-script-build` (exit status: 1)
[INFO] [stderr]   --- stdout
[INFO] [stderr]   cargo:rerun-if-env-changed=ZSTD_SYS_USE_PKG_CONFIG
[INFO] [stderr]   OUT_DIR = Some(/opt/rustwide/target/debug/build/zstd-sys-b48245a1ba6806be/out)
[INFO] [stderr]   TARGET = Some(x86_64-unknown-linux-gnu)
[INFO] [stderr]   OPT_LEVEL = Some(0)
[INFO] [stderr]   HOST = Some(x86_64-unknown-linux-gnu)
[INFO] [stderr]   cargo:rerun-if-env-changed=CC_x86_64-unknown-linux-gnu
[INFO] [stderr]   CC_x86_64-unknown-linux-gnu = None
[INFO] [stderr]   cargo:rerun-if-env-changed=CC_x86_64_unknown_linux_gnu
[INFO] [stderr]   CC_x86_64_unknown_linux_gnu = None
[INFO] [stderr]   cargo:rerun-if-env-changed=HOST_CC
[INFO] [stderr]   HOST_CC = None
[INFO] [stderr]   cargo:rerun-if-env-changed=CC
[INFO] [stderr]   CC = None
[INFO] [stderr]   cargo:rerun-if-env-changed=CC_ENABLE_DEBUG_OUTPUT
[INFO] [stderr]   RUSTC_WRAPPER = None
[INFO] [stderr]   cargo:rerun-if-env-changed=CRATE_CC_NO_DEFAULTS
[INFO] [stderr]   CRATE_CC_NO_DEFAULTS = None
[INFO] [stderr]   DEBUG = Some(true)
[INFO] [stderr]   CARGO_CFG_TARGET_FEATURE = Some(fxsr,sse,sse2)
[INFO] [stderr]   cargo:rerun-if-env-changed=CFLAGS_x86_64-unknown-linux-gnu
[INFO] [stderr]   CFLAGS_x86_64-unknown-linux-gnu = None
[INFO] [stderr]   cargo:rerun-if-env-changed=CFLAGS_x86_64_unknown_linux_gnu
[INFO] [stderr]   CFLAGS_x86_64_unknown_linux_gnu = None
[INFO] [stderr]   cargo:rerun-if-env-changed=HOST_CFLAGS
[INFO] [stderr]   HOST_CFLAGS = None
[INFO] [stderr]   cargo:rerun-if-env-changed=CFLAGS
[INFO] [stderr]   CFLAGS = None
[INFO] [stderr]   OUT_DIR = Some(/opt/rustwide/target/debug/build/zstd-sys-b48245a1ba6806be/out)
[INFO] [stderr]   cargo:rerun-if-env-changed=CC_ENABLE_DEBUG_OUTPUT
[INFO] [stderr]   cargo:rerun-if-env-changed=CRATE_CC_NO_DEFAULTS
[INFO] [stderr]   CRATE_CC_NO_DEFAULTS = None
[INFO] [stderr]   CARGO_CFG_TARGET_FEATURE = Some(fxsr,sse,sse2)
[INFO] [stderr]   cargo:rerun-if-env-changed=CFLAGS_x86_64-unknown-linux-gnu
[INFO] [stderr]   CFLAGS_x86_64-unknown-linux-gnu = None
[INFO] [stderr]   cargo:rerun-if-env-changed=CFLAGS_x86_64_unknown_linux_gnu
[INFO] [stderr]   CFLAGS_x86_64_unknown_linux_gnu = None
[INFO] [stderr]   cargo:rerun-if-env-changed=HOST_CFLAGS
[INFO] [stderr]   HOST_CFLAGS = None
[INFO] [stderr]   cargo:rerun-if-env-changed=CFLAGS
[INFO] [stderr]   CFLAGS = None
[INFO] [stderr]   OUT_DIR = Some(/opt/rustwide/target/debug/build/zstd-sys-b48245a1ba6806be/out)
[INFO] [stderr]   cargo:rerun-if-env-changed=CC_ENABLE_DEBUG_OUTPUT
[INFO] [stderr]   cargo:rerun-if-env-changed=CRATE_CC_NO_DEFAULTS
[INFO] [stderr]   CRATE_CC_NO_DEFAULTS = None
[INFO] [stderr]   CARGO_CFG_TARGET_FEATURE = Some(fxsr,sse,sse2)
[INFO] [stderr]   cargo:rerun-if-env-changed=CFLAGS_x86_64-unknown-linux-gnu
[INFO] [stderr]   CFLAGS_x86_64-unknown-linux-gnu = None
[INFO] [stderr]   cargo:rerun-if-env-changed=CFLAGS_x86_64_unknown_linux_gnu
[INFO] [stderr]   CFLAGS_x86_64_unknown_linux_gnu = None
[INFO] [stderr]   cargo:rerun-if-env-changed=HOST_CFLAGS
[INFO] [stderr]   HOST_CFLAGS = None
[INFO] [stderr]   cargo:rerun-if-env-changed=CFLAGS
[INFO] [stderr]   CFLAGS = None
[INFO] [stderr]   OUT_DIR = Some(/opt/rustwide/target/debug/build/zstd-sys-b48245a1ba6806be/out)
[INFO] [stderr]   cargo:rerun-if-env-changed=CC_ENABLE_DEBUG_OUTPUT
[INFO] [stderr]   cargo:rerun-if-env-changed=CRATE_CC_NO_DEFAULTS
[INFO] [stderr]   CRATE_CC_NO_DEFAULTS = None
[INFO] [stderr]   CARGO_CFG_TARGET_FEATURE = Some(fxsr,sse,sse2)
[INFO] [stderr]   cargo:rerun-if-env-changed=CFLAGS_x86_64-unknown-linux-gnu
[INFO] [stderr]   CFLAGS_x86_64-unknown-linux-gnu = None
[INFO] [stderr]   cargo:rerun-if-env-changed=CFLAGS_x86_64_unknown_linux_gnu
[INFO] [stderr]   CFLAGS_x86_64_unknown_linux_gnu = None
[INFO] [stderr]   cargo:rerun-if-env-changed=HOST_CFLAGS
[INFO] [stderr]   HOST_CFLAGS = None
[INFO] [stderr]   cargo:rerun-if-env-changed=CFLAGS
[INFO] [stderr]   CFLAGS = None
[INFO] [stderr]   exit status: 0
[INFO] [stderr]   exit status: 0
[INFO] [stderr]   exit status: 0
[INFO] [stderr]   exit status: 0
[INFO] [stderr]   exit status: 0
[INFO] [stderr]   exit status: 0
[INFO] [stderr]   exit status: 0
[INFO] [stderr]   exit status: 0
[INFO] [stderr]   exit status: 0
[INFO] [stderr]   exit status: 0
[INFO] [stderr]   exit status: 0
[INFO] [stderr]   exit status: 0
[INFO] [stderr]   exit status: 0
[INFO] [stderr]   exit status: 0
[INFO] [stderr]   exit status: 0
[INFO] [stderr]   exit status: 0
[INFO] [stderr]   cargo:warning=zstd/lib/compress/zstd_ldm.c:730:1: fatal error: error writing to /tmp/cci3190c.s: No space left on device
[INFO] [stderr]   cargo:warning=  730 | }
[INFO] [stderr]   cargo:warning=      | ^
[INFO] [stderr]   cargo:warning=compilation terminated.
[INFO] [stderr]   exit status: 0
[INFO] [stderr]   exit status: 1
[INFO] [stderr]   cargo:warning=ToolExecError: Command "cc" "-O0" "-ffunction-sections" "-fdata-sections" "-fPIC" "-gdwarf-4" "-fno-omit-frame-pointer" "-m64" "-I" "zstd/lib/" "-I" "zstd/lib/common" "-fvisibility=hidden" "-ffunction-sections" "-fdata-sections" "-fmerge-all-constants" "-DZSTD_LIB_DEPRECATED=0" "-DXXH_PRIVATE_API=" "-DZSTDLIB_VISIBILITY=" "-DZSTDERRORLIB_VISIBILITY=" "-o" "/opt/rustwide/target/debug/build/zstd-sys-b48245a1ba6806be/out/1ddd1489cc625d97-zstd_ldm.o" "-c" "zstd/lib/compress/zstd_ldm.c" with args cc did not execute successfully (status code exit status: 1).cargo:warning=zstd/lib/compress/zstd_opt.c:1571:1: fatal error: error writing to /tmp/ccUBKDxZ.s: No space left on device
[INFO] [stderr]   cargo:warning= 1571 | }
[INFO] [stderr]   cargo:warning=      | ^
[INFO] [stderr]   cargo:warning=compilation terminated.
[INFO] [stderr] 
[INFO] [stderr]   exit status: 1
[INFO] [stderr]   cargo:warning=ToolExecError: Command "cc" "-O0" "-ffunction-sections" "-fdata-sections" "-fPIC" "-gdwarf-4" "-fno-omit-frame-pointer" "-m64" "-I" "zstd/lib/" "-I" "zstd/lib/common" "-fvisibility=hidden" "-ffunction-sections" "-fdata-sections" "-fmerge-all-constants" "-DZSTD_LIB_DEPRECATED=0" "-DXXH_PRIVATE_API=" "-DZSTDLIB_VISIBILITY=" "-DZSTDERRORLIB_VISIBILITY=" "-o" "/opt/rustwide/target/debug/build/zstd-sys-b48245a1ba6806be/out/1ddd1489cc625d97-zstd_opt.o" "-c" "zstd/lib/compress/zstd_opt.c" with args cc did not execute successfully (status code exit status: 1).cargo:warning=zstd/lib/compress/zstdmt_compress.c:1882:1: fatal error: error writing to /tmp/ccIP0gpH.s: No space left on device
[INFO] [stderr]   cargo:warning= 1882 | }
[INFO] [stderr]   cargo:warning=      | ^
[INFO] [stderr]   cargo:warning=compilation terminated.
[INFO] [stderr] 
[INFO] [stderr]   exit status: 1
[INFO] [stderr]   cargo:warning=ToolExecError: Command "cc" "-O0" "-ffunction-sections" "-fdata-sections" "-fPIC" "-gdwarf-4" "-fno-omit-frame-pointer" "-m64" "-I" "zstd/lib/" "-I" "zstd/lib/common" "-fvisibility=hidden" "-ffunction-sections" "-fdata-sections" "-fmerge-all-constants" "-DZSTD_LIB_DEPRECATED=0" "-DXXH_PRIVATE_API=" "-DZSTDLIB_VISIBILITY=" "-DZSTDERRORLIB_VISIBILITY=" "-o" "/opt/rustwide/target/debug/build/zstd-sys-b48245a1ba6806be/out/1ddd1489cc625d97-zstdmt_compress.o" "-c" "zstd/lib/compress/zstdmt_compress.c" with args cc did not execute successfully (status code exit status: 1).cargo:warning=zstd/lib/decompress/huf_decompress.c:1944:1: fatal error: error writing to /tmp/ccSC8G01.s: No space left on device
[INFO] [stderr]   cargo:warning= 1944 | }
[INFO] [stderr]   cargo:warning=      | ^
[INFO] [stderr]   cargo:warning=compilation terminated.
[INFO] [stderr] 
[INFO] [stderr]   exit status: 0
[INFO] [stderr]   exit status: 1
[INFO] [stderr]   cargo:warning=ToolExecError: Command "cc" "-O0" "-ffunction-sections" "-fdata-sections" "-fPIC" "-gdwarf-4" "-fno-omit-frame-pointer" "-m64" "-I" "zstd/lib/" "-I" "zstd/lib/common" "-fvisibility=hidden" "-ffunction-sections" "-fdata-sections" "-fmerge-all-constants" "-DZSTD_LIB_DEPRECATED=0" "-DXXH_PRIVATE_API=" "-DZSTDLIB_VISIBILITY=" "-DZSTDERRORLIB_VISIBILITY=" "-o" "/opt/rustwide/target/debug/build/zstd-sys-b48245a1ba6806be/out/690f776bf7b37aeb-huf_decompress.o" "-c" "zstd/lib/decompress/huf_decompress.c" with args cc did not execute successfully (status code exit status: 1).cargo:warning=/tmp/ccQ7ivoQ.s: Assembler messages:
[INFO] [stderr]   cargo:warning=/tmp/ccQ7ivoQ.s: Fatal error: can't write 12 bytes to section .rodata.repStartValue of /opt/rustwide/target/debug/build/zstd-sys-b48245a1ba6806be/out/690f776bf7b37aeb-zstd_decompress.o: 'No space left on device'
[INFO] [stderr] 
[INFO] [stderr]   exit status: 1
[INFO] [stderr]   cargo:warning=ToolExecError: Command "cc" "-O0" "-ffunction-sections" "-fdata-sections" "-fPIC" "-gdwarf-4" "-fno-omit-frame-pointer" "-m64" "-I" "zstd/lib/" "-I" "zstd/lib/common" "-fvisibility=hidden" "-ffunction-sections" "-fdata-sections" "-fmerge-all-constants" "-DZSTD_LIB_DEPRECATED=0" "-DXXH_PRIVATE_API=" "-DZSTDLIB_VISIBILITY=" "-DZSTDERRORLIB_VISIBILITY=" "-o" "/opt/rustwide/target/debug/build/zstd-sys-b48245a1ba6806be/out/690f776bf7b37aeb-zstd_decompress.o" "-c" "zstd/lib/decompress/zstd_decompress.c" with args cc did not execute successfully (status code exit status: 1).cargo:warning=zstd/lib/decompress/huf_decompress_amd64.S:12: fatal error: when writing output to /tmp/ccwdXGpB.s: No space left on device
[INFO] [stderr]   cargo:warning=   12 | 
[INFO] [stderr]   cargo:warning=      | 
[INFO] [stderr]   cargo:warning=compilation terminated.
[INFO] [stderr] 
[INFO] [stderr]   exit status: 1
[INFO] [stderr]   cargo:warning=ToolExecError: Command "cc" "-O0" "-ffunction-sections" "-fdata-sections" "-fPIC" "-gdwarf-4" "-fno-omit-frame-pointer" "-m64" "-I" "zstd/lib/" "-I" "zstd/lib/common" "-fvisibility=hidden" "-ffunction-sections" "-fdata-sections" "-fmerge-all-constants" "-DZSTD_LIB_DEPRECATED=0" "-DXXH_PRIVATE_API=" "-DZSTDLIB_VISIBILITY=" "-DZSTDERRORLIB_VISIBILITY=" "-o" "/opt/rustwide/target/debug/build/zstd-sys-b48245a1ba6806be/out/690f776bf7b37aeb-huf_decompress_amd64.o" "-c" "zstd/lib/decompress/huf_decompress_amd64.S" with args cc did not execute successfully (status code exit status: 1).cargo:warning=zstd/lib/decompress/zstd_decompress_block.c:2215:1: fatal error: error writing to /tmp/ccH6nFun.s: No space left on device
[INFO] [stderr]   cargo:warning= 2215 | }
[INFO] [stderr]   cargo:warning=      | ^
[INFO] [stderr]   cargo:warning=compilation terminated.
[INFO] [stderr] 
[INFO] [stderr]   exit status: 1
[INFO] [stderr]   cargo:warning=ToolExecError: Command "cc" "-O0" "-ffunction-sections" "-fdata-sections" "-fPIC" "-gdwarf-4" "-fno-omit-frame-pointer" "-m64" "-I" "zstd/lib/" "-I" "zstd/lib/common" "-fvisibility=hidden" "-ffunction-sections" "-fdata-sections" "-fmerge-all-constants" "-DZSTD_LIB_DEPRECATED=0" "-DXXH_PRIVATE_API=" "-DZSTDLIB_VISIBILITY=" "-DZSTDERRORLIB_VISIBILITY=" "-o" "/opt/rustwide/target/debug/build/zstd-sys-b48245a1ba6806be/out/690f776bf7b37aeb-zstd_decompress_block.o" "-c" "zstd/lib/decompress/zstd_decompress_block.c" with args cc did not execute successfully (status code exit status: 1).
[INFO] [stderr] 
[INFO] [stderr]   --- stderr
[INFO] [stderr] 
[INFO] [stderr] 
[INFO] [stderr]   error occurred: Command "cc" "-O0" "-ffunction-sections" "-fdata-sections" "-fPIC" "-gdwarf-4" "-fno-omit-frame-pointer" "-m64" "-I" "zstd/lib/" "-I" "zstd/lib/common" "-fvisibility=hidden" "-ffunction-sections" "-fdata-sections" "-fmerge-all-constants" "-DZSTD_LIB_DEPRECATED=0" "-DXXH_PRIVATE_API=" "-DZSTDLIB_VISIBILITY=" "-DZSTDERRORLIB_VISIBILITY=" "-o" "/opt/rustwide/target/debug/build/zstd-sys-b48245a1ba6806be/out/690f776bf7b37aeb-zstd_decompress_block.o" "-c" "zstd/lib/decompress/zstd_decompress_block.c" with args cc did not execute successfully (status code exit status: 1).
[INFO] [stderr] 
[INFO] [stderr] 
[INFO] [stdout] error: failed to write to `/opt/rustwide/target/debug/deps/rmetai7wBzo/lib.rmeta`: No space left on device (os error 28)
[INFO] [stdout] 
[INFO] [stdout] 
[INFO] [stderr] error: could not compile `h2` (lib) due to 1 previous error
[INFO] [stdout] error: failed to write to `/opt/rustwide/target/debug/deps/rmetaRBH95U/lib.rmeta`: No space left on device (os error 28)
[INFO] [stdout] 
[INFO] [stdout] 
[INFO] [stderr] error: could not compile `object` (lib) due to 1 previous error
[INFO] [stderr] The following warnings were emitted during compilation:
[INFO] [stderr] 
[INFO] [stderr] warning: aws-lc-sys@0.19.0: /opt/rustwide/cargo-home/registry/src/index.crates.io-6f17d22bba15001f/aws-lc-sys-0.19.0/aws-lc/crypto/fipsmodule/bcm.c:413:1: fatal error: error writing to /tmp/ccCVgT2p.s: No space left on device
[INFO] [stderr] warning: aws-lc-sys@0.19.0:   413 | }
[INFO] [stderr] warning: aws-lc-sys@0.19.0:       | ^
[INFO] [stderr] warning: aws-lc-sys@0.19.0: compilation terminated.
[INFO] [stderr] warning: aws-lc-sys@0.19.0: ToolExecError: Command "cc" "-O0" "-ffunction-sections" "-fdata-sections" "-fPIC" "-gdwarf-4" "-fno-omit-frame-pointer" "-m64" "-static" "-I" "/opt/rustwide/cargo-home/registry/src/index.crates.io-6f17d22bba15001f/aws-lc-sys-0.19.0/include" "-I" "/opt/rustwide/cargo-home/registry/src/index.crates.io-6f17d22bba15001f/aws-lc-sys-0.19.0/generated-include" "-I" "/opt/rustwide/cargo-home/registry/src/index.crates.io-6f17d22bba15001f/aws-lc-sys-0.19.0/aws-lc/include" "-I" "/opt/rustwide/cargo-home/registry/src/index.crates.io-6f17d22bba15001f/aws-lc-sys-0.19.0/aws-lc/third_party/s2n-bignum/include" "-Wall" "-Wextra" "-std=c99" "-Wno-unused-parameter" "-lpthread" "-D_XOPEN_SOURCE=700" "-DBORINGSSL_IMPLEMENTATION=1" "-DBORINGSSL_PREFIX=aws_lc_0_19_0" "-o" "/opt/rustwide/target/debug/build/aws-lc-sys-8d9ffb4903c9e0ff/out/8385233015a0781b-bcm.o" "-c" "/opt/rustwide/cargo-home/registry/src/index.crates.io-6f17d22bba15001f/aws-lc-sys-0.19.0/aws-lc/crypto/fipsmodule/bcm.c" with args cc did not execute successfully (status code exit status: 1).cargo:warning=/opt/rustwide/cargo-home/registry/src/index.crates.io-6f17d22bba15001f/aws-lc-sys-0.19.0/aws-lc/crypto/hrss/asm/poly_rq_mul.S:16: fatal error: when writing output to /tmp/ccSM0ion.s: No space left on device
[INFO] [stderr] warning: aws-lc-sys@0.19.0:    16 | 
[INFO] [stderr] warning: aws-lc-sys@0.19.0:       | 
[INFO] [stderr] warning: aws-lc-sys@0.19.0: compilation terminated.
[INFO] [stderr] warning: aws-lc-sys@0.19.0: ToolExecError: Command "cc" "-O0" "-ffunction-sections" "-fdata-sections" "-fPIC" "-gdwarf-4" "-fno-omit-frame-pointer" "-m64" "-static" "-I" "/opt/rustwide/cargo-home/registry/src/index.crates.io-6f17d22bba15001f/aws-lc-sys-0.19.0/include" "-I" "/opt/rustwide/cargo-home/registry/src/index.crates.io-6f17d22bba15001f/aws-lc-sys-0.19.0/generated-include" "-I" "/opt/rustwide/cargo-home/registry/src/index.crates.io-6f17d22bba15001f/aws-lc-sys-0.19.0/aws-lc/include" "-I" "/opt/rustwide/cargo-home/registry/src/index.crates.io-6f17d22bba15001f/aws-lc-sys-0.19.0/aws-lc/third_party/s2n-bignum/include" "-Wall" "-Wextra" "-std=c99" "-Wno-unused-parameter" "-lpthread" "-D_XOPEN_SOURCE=700" "-DBORINGSSL_IMPLEMENTATION=1" "-DBORINGSSL_PREFIX=aws_lc_0_19_0" "-o" "/opt/rustwide/target/debug/build/aws-lc-sys-8d9ffb4903c9e0ff/out/37699094f124d209-poly_rq_mul.o" "-c" "/opt/rustwide/cargo-home/registry/src/index.crates.io-6f17d22bba15001f/aws-lc-sys-0.19.0/aws-lc/crypto/hrss/asm/poly_rq_mul.S" with args cc did not execute successfully (status code exit status: 1).cargo:warning=/opt/rustwide/cargo-home/registry/src/index.crates.io-6f17d22bba15001f/aws-lc-sys-0.19.0/aws-lc/crypto/kem/kem.c:173:1: fatal error: error writing to /tmp/ccl0uUk1.s: No space left on device
[INFO] [stderr] warning: aws-lc-sys@0.19.0:   173 | }
[INFO] [stderr] warning: aws-lc-sys@0.19.0:       | ^
[INFO] [stderr] warning: aws-lc-sys@0.19.0: compilation terminated.
[INFO] [stderr] warning: aws-lc-sys@0.19.0: ToolExecError: Command "cc" "-O0" "-ffunction-sections" "-fdata-sections" "-fPIC" "-gdwarf-4" "-fno-omit-frame-pointer" "-m64" "-static" "-I" "/opt/rustwide/cargo-home/registry/src/index.crates.io-6f17d22bba15001f/aws-lc-sys-0.19.0/include" "-I" "/opt/rustwide/cargo-home/registry/src/index.crates.io-6f17d22bba15001f/aws-lc-sys-0.19.0/generated-include" "-I" "/opt/rustwide/cargo-home/registry/src/index.crates.io-6f17d22bba15001f/aws-lc-sys-0.19.0/aws-lc/include" "-I" "/opt/rustwide/cargo-home/registry/src/index.crates.io-6f17d22bba15001f/aws-lc-sys-0.19.0/aws-lc/third_party/s2n-bignum/include" "-Wall" "-Wextra" "-std=c99" "-Wno-unused-parameter" "-lpthread" "-D_XOPEN_SOURCE=700" "-DBORINGSSL_IMPLEMENTATION=1" "-DBORINGSSL_PREFIX=aws_lc_0_19_0" "-o" "/opt/rustwide/target/debug/build/aws-lc-sys-8d9ffb4903c9e0ff/out/8333133950ee3938-kem.o" "-c" "/opt/rustwide/cargo-home/registry/src/index.crates.io-6f17d22bba15001f/aws-lc-sys-0.19.0/aws-lc/crypto/kem/kem.c" with args cc did not execute successfully (status code exit status: 1).cargo:warning=/opt/rustwide/cargo-home/registry/src/index.crates.io-6f17d22bba15001f/aws-lc-sys-0.19.0/aws-lc/crypto/hrss/hrss.c:2262:1: fatal error: error writing to /tmp/cc3ZRalo.s: No space left on device
[INFO] [stderr] warning: aws-lc-sys@0.19.0:  2262 | }
[INFO] [stderr] warning: aws-lc-sys@0.19.0:       | ^
[INFO] [stderr] warning: aws-lc-sys@0.19.0: compilation terminated.
[INFO] [stderr] warning: aws-lc-sys@0.19.0: ToolExecError: Command "cc" "-O0" "-ffunction-sections" "-fdata-sections" "-fPIC" "-gdwarf-4" "-fno-omit-frame-pointer" "-m64" "-static" "-I" "/opt/rustwide/cargo-home/registry/src/index.crates.io-6f17d22bba15001f/aws-lc-sys-0.19.0/include" "-I" "/opt/rustwide/cargo-home/registry/src/index.crates.io-6f17d22bba15001f/aws-lc-sys-0.19.0/generated-include" "-I" "/opt/rustwide/cargo-home/registry/src/index.crates.io-6f17d22bba15001f/aws-lc-sys-0.19.0/aws-lc/include" "-I" "/opt/rustwide/cargo-home/registry/src/index.crates.io-6f17d22bba15001f/aws-lc-sys-0.19.0/aws-lc/third_party/s2n-bignum/include" "-Wall" "-Wextra" "-std=c99" "-Wno-unused-parameter" "-lpthread" "-D_XOPEN_SOURCE=700" "-DBORINGSSL_IMPLEMENTATION=1" "-DBORINGSSL_PREFIX=aws_lc_0_19_0" "-o" "/opt/rustwide/target/debug/build/aws-lc-sys-8d9ffb4903c9e0ff/out/f59f10c61230174c-hrss.o" "-c" "/opt/rustwide/cargo-home/registry/src/index.crates.io-6f17d22bba15001f/aws-lc-sys-0.19.0/aws-lc/crypto/hrss/hrss.c" with args cc did not execute successfully (status code exit status: 1).cargo:warning=/tmp/cc9yRxTf.s: Assembler messages:
[INFO] [stderr] warning: aws-lc-sys@0.19.0: /tmp/cc9yRxTf.s: Fatal error: /opt/rustwide/target/debug/build/aws-lc-sys-8d9ffb4903c9e0ff/out/dbe4e0b19a5f45b4-kyber1024r3_ref.o: No space left on device
[INFO] [stderr] warning: aws-lc-sys@0.19.0: ToolExecError: Command "cc" "-O0" "-ffunction-sections" "-fdata-sections" "-fPIC" "-gdwarf-4" "-fno-omit-frame-pointer" "-m64" "-static" "-I" "/opt/rustwide/cargo-home/registry/src/index.crates.io-6f17d22bba15001f/aws-lc-sys-0.19.0/include" "-I" "/opt/rustwide/cargo-home/registry/src/index.crates.io-6f17d22bba15001f/aws-lc-sys-0.19.0/generated-include" "-I" "/opt/rustwide/cargo-home/registry/src/index.crates.io-6f17d22bba15001f/aws-lc-sys-0.19.0/aws-lc/include" "-I" "/opt/rustwide/cargo-home/registry/src/index.crates.io-6f17d22bba15001f/aws-lc-sys-0.19.0/aws-lc/third_party/s2n-bignum/include" "-Wall" "-Wextra" "-std=c99" "-Wno-unused-parameter" "-lpthread" "-D_XOPEN_SOURCE=700" "-DBORINGSSL_IMPLEMENTATION=1" "-DBORINGSSL_PREFIX=aws_lc_0_19_0" "-o" "/opt/rustwide/target/debug/build/aws-lc-sys-8d9ffb4903c9e0ff/out/dbe4e0b19a5f45b4-kyber1024r3_ref.o" "-c" "/opt/rustwide/cargo-home/registry/src/index.crates.io-6f17d22bba15001f/aws-lc-sys-0.19.0/aws-lc/crypto/kyber/kyber1024r3_ref.c" with args cc did not execute successfully (status code exit status: 1).cargo:warning=/opt/rustwide/cargo-home/registry/src/index.crates.io-6f17d22bba15001f/aws-lc-sys-0.19.0/aws-lc/crypto/obj/obj.c:572:1: fatal error: error writing to /tmp/ccGayYjb.s: No space left on device
[INFO] [stderr] warning: aws-lc-sys@0.19.0:   572 | void OBJ_cleanup(void) {}
[INFO] [stderr] warning: aws-lc-sys@0.19.0:       | ^~~~
[INFO] [stderr] warning: aws-lc-sys@0.19.0: compilation terminated.
[INFO] [stderr] warning: aws-lc-sys@0.19.0: ToolExecError: Command "cc" "-O0" "-ffunction-sections" "-fdata-sections" "-fPIC" "-gdwarf-4" "-fno-omit-frame-pointer" "-m64" "-static" "-I" "/opt/rustwide/cargo-home/registry/src/index.crates.io-6f17d22bba15001f/aws-lc-sys-0.19.0/include" "-I" "/opt/rustwide/cargo-home/registry/src/index.crates.io-6f17d22bba15001f/aws-lc-sys-0.19.0/generated-include" "-I" "/opt/rustwide/cargo-home/registry/src/index.crates.io-6f17d22bba15001f/aws-lc-sys-0.19.0/aws-lc/include" "-I" "/opt/rustwide/cargo-home/registry/src/index.crates.io-6f17d22bba15001f/aws-lc-sys-0.19.0/aws-lc/third_party/s2n-bignum/include" "-Wall" "-Wextra" "-std=c99" "-Wno-unused-parameter" "-lpthread" "-D_XOPEN_SOURCE=700" "-DBORINGSSL_IMPLEMENTATION=1" "-DBORINGSSL_PREFIX=aws_lc_0_19_0" "-o" "/opt/rustwide/target/debug/build/aws-lc-sys-8d9ffb4903c9e0ff/out/158a5a2beabd9e7f-obj.o" "-c" "/opt/rustwide/cargo-home/registry/src/index.crates.io-6f17d22bba15001f/aws-lc-sys-0.19.0/aws-lc/crypto/obj/obj.c" with args cc did not execute successfully (status code exit status: 1).cargo:warning=/opt/rustwide/cargo-home/registry/src/index.crates.io-6f17d22bba15001f/aws-lc-sys-0.19.0/aws-lc/crypto/ocsp/ocsp_lib.c:236:1: fatal error: error writing to /tmp/ccGYtUDU.s: No space left on device
[INFO] [stderr] warning: aws-lc-sys@0.19.0:   236 | }
[INFO] [stderr] warning: aws-lc-sys@0.19.0:       | ^
[INFO] [stderr] warning: aws-lc-sys@0.19.0: compilation terminated.
[INFO] [stderr] warning: aws-lc-sys@0.19.0: ToolExecError: Command "cc" "-O0" "-ffunction-sections" "-fdata-sections" "-fPIC" "-gdwarf-4" "-fno-omit-frame-pointer" "-m64" "-static" "-I" "/opt/rustwide/cargo-home/registry/src/index.crates.io-6f17d22bba15001f/aws-lc-sys-0.19.0/include" "-I" "/opt/rustwide/cargo-home/registry/src/index.crates.io-6f17d22bba15001f/aws-lc-sys-0.19.0/generated-include" "-I" "/opt/rustwide/cargo-home/registry/src/index.crates.io-6f17d22bba15001f/aws-lc-sys-0.19.0/aws-lc/include" "-I" "/opt/rustwide/cargo-home/registry/src/index.crates.io-6f17d22bba15001f/aws-lc-sys-0.19.0/aws-lc/third_party/s2n-bignum/include" "-Wall" "-Wextra" "-std=c99" "-Wno-unused-parameter" "-lpthread" "-D_XOPEN_SOURCE=700" "-DBORINGSSL_IMPLEMENTATION=1" "-DBORINGSSL_PREFIX=aws_lc_0_19_0" "-o" "/opt/rustwide/target/debug/build/aws-lc-sys-8d9ffb4903c9e0ff/out/5af30604008bd15a-ocsp_lib.o" "-c" "/opt/rustwide/cargo-home/registry/src/index.crates.io-6f17d22bba15001f/aws-lc-sys-0.19.0/aws-lc/crypto/ocsp/ocsp_lib.c" with args cc did not execute successfully (status code exit status: 1).cargo:warning=/opt/rustwide/cargo-home/registry/src/index.crates.io-6f17d22bba15001f/aws-lc-sys-0.19.0/aws-lc/crypto/ocsp/ocsp_print.c:275:1: fatal error: error writing to /tmp/ccEWpf3t.s: No space left on device
[INFO] [stderr] warning: aws-lc-sys@0.19.0:   275 | }
[INFO] [stderr] warning: aws-lc-sys@0.19.0:       | ^
[INFO] [stderr] warning: aws-lc-sys@0.19.0: compilation terminated.
[INFO] [stderr] warning: aws-lc-sys@0.19.0: ToolExecError: Command "cc" "-O0" "-ffunction-sections" "-fdata-sections" "-fPIC" "-gdwarf-4" "-fno-omit-frame-pointer" "-m64" "-static" "-I" "/opt/rustwide/cargo-home/registry/src/index.crates.io-6f17d22bba15001f/aws-lc-sys-0.19.0/include" "-I" "/opt/rustwide/cargo-home/registry/src/index.crates.io-6f17d22bba15001f/aws-lc-sys-0.19.0/generated-include" "-I" "/opt/rustwide/cargo-home/registry/src/index.crates.io-6f17d22bba15001f/aws-lc-sys-0.19.0/aws-lc/include" "-I" "/opt/rustwide/cargo-home/registry/src/index.crates.io-6f17d22bba15001f/aws-lc-sys-0.19.0/aws-lc/third_party/s2n-bignum/include" "-Wall" "-Wextra" "-std=c99" "-Wno-unused-parameter" "-lpthread" "-D_XOPEN_SOURCE=700" "-DBORINGSSL_IMPLEMENTATION=1" "-DBORINGSSL_PREFIX=aws_lc_0_19_0" "-o" "/opt/rustwide/target/debug/build/aws-lc-sys-8d9ffb4903c9e0ff/out/5af30604008bd15a-ocsp_print.o" "-c" "/opt/rustwide/cargo-home/registry/src/index.crates.io-6f17d22bba15001f/aws-lc-sys-0.19.0/aws-lc/crypto/ocsp/ocsp_print.c" with args cc did not execute successfully (status code exit status: 1).cargo:warning=/opt/rustwide/cargo-home/registry/src/index.crates.io-6f17d22bba15001f/aws-lc-sys-0.19.0/aws-lc/crypto/pem/pem_pk8.c:247:1: fatal error: error writing to /tmp/ccHiKvuh.s: No space left on device
[INFO] [stderr] warning: aws-lc-sys@0.19.0:   247 | IMPLEMENT_PEM_rw(PKCS8_PRIV_KEY_INFO, PKCS8_PRIV_KEY_INFO, PEM_STRING_PKCS8INF,
[INFO] [stderr] warning: aws-lc-sys@0.19.0:       | ^~~~~~~~~~~~~~~~
[INFO] [stderr] warning: aws-lc-sys@0.19.0: compilation terminated.
[INFO] [stderr] warning: aws-lc-sys@0.19.0: ToolExecError: Command "cc" "-O0" "-ffunction-sections" "-fdata-sections" "-fPIC" "-gdwarf-4" "-fno-omit-frame-pointer" "-m64" "-static" "-I" "/opt/rustwide/cargo-home/registry/src/index.crates.io-6f17d22bba15001f/aws-lc-sys-0.19.0/include" "-I" "/opt/rustwide/cargo-home/registry/src/index.crates.io-6f17d22bba15001f/aws-lc-sys-0.19.0/generated-include" "-I" "/opt/rustwide/cargo-home/registry/src/index.crates.io-6f17d22bba15001f/aws-lc-sys-0.19.0/aws-lc/include" "-I" "/opt/rustwide/cargo-home/registry/src/index.crates.io-6f17d22bba15001f/aws-lc-sys-0.19.0/aws-lc/third_party/s2n-bignum/include" "-Wall" "-Wextra" "-std=c99" "-Wno-unused-parameter" "-lpthread" "-D_XOPEN_SOURCE=700" "-DBORINGSSL_IMPLEMENTATION=1" "-DBORINGSSL_PREFIX=aws_lc_0_19_0" "-o" "/opt/rustwide/target/debug/build/aws-lc-sys-8d9ffb4903c9e0ff/out/748b753622702fd7-pem_pk8.o" "-c" "/opt/rustwide/cargo-home/registry/src/index.crates.io-6f17d22bba15001f/aws-lc-sys-0.19.0/aws-lc/crypto/pem/pem_pk8.c" with args cc did not execute successfully (status code exit status: 1).cargo:warning=/opt/rustwide/cargo-home/registry/src/index.crates.io-6f17d22bba15001f/aws-lc-sys-0.19.0/aws-lc/crypto/pkcs8/pkcs8_x509.c:1355:1: fatal error: error writing to /tmp/cce2p12h.s: No space left on device
[INFO] [stderr] warning: aws-lc-sys@0.19.0:  1355 | }
[INFO] [stderr] warning: aws-lc-sys@0.19.0:       | ^
[INFO] [stderr] warning: aws-lc-sys@0.19.0: compilation terminated.
[INFO] [stderr] warning: aws-lc-sys@0.19.0: ToolExecError: Command "cc" "-O0" "-ffunction-sections" "-fdata-sections" "-fPIC" "-gdwarf-4" "-fno-omit-frame-pointer" "-m64" "-static" "-I" "/opt/rustwide/cargo-home/registry/src/index.crates.io-6f17d22bba15001f/aws-lc-sys-0.19.0/include" "-I" "/opt/rustwide/cargo-home/registry/src/index.crates.io-6f17d22bba15001f/aws-lc-sys-0.19.0/generated-include" "-I" "/opt/rustwide/cargo-home/registry/src/index.crates.io-6f17d22bba15001f/aws-lc-sys-0.19.0/aws-lc/include" "-I" "/opt/rustwide/cargo-home/registry/src/index.crates.io-6f17d22bba15001f/aws-lc-sys-0.19.0/aws-lc/third_party/s2n-bignum/include" "-Wall" "-Wextra" "-std=c99" "-Wno-unused-parameter" "-lpthread" "-D_XOPEN_SOURCE=700" "-DBORINGSSL_IMPLEMENTATION=1" "-DBORINGSSL_PREFIX=aws_lc_0_19_0" "-o" "/opt/rustwide/target/debug/build/aws-lc-sys-8d9ffb4903c9e0ff/out/5117680dddcc8fa6-pkcs8_x509.o" "-c" "/opt/rustwide/cargo-home/registry/src/index.crates.io-6f17d22bba15001f/aws-lc-sys-0.19.0/aws-lc/crypto/pkcs8/pkcs8_x509.c" with args cc did not execute successfully (status code exit status: 1).cargo:warning=/opt/rustwide/cargo-home/registry/src/index.crates.io-6f17d22bba15001f/aws-lc-sys-0.19.0/aws-lc/crypto/pool/pool.c:261:1: fatal error: error writing to /tmp/ccDYNpfY.s: No space left on device
[INFO] [stderr] warning: aws-lc-sys@0.19.0:   261 | }
[INFO] [stderr] warning: aws-lc-sys@0.19.0:       | ^
[INFO] [stderr] warning: aws-lc-sys@0.19.0: compilation terminated.
[INFO] [stderr] warning: aws-lc-sys@0.19.0: ToolExecError: Command "cc" "-O0" "-ffunction-sections" "-fdata-sections" "-fPIC" "-gdwarf-4" "-fno-omit-frame-pointer" "-m64" "-static" "-I" "/opt/rustwide/cargo-home/registry/src/index.crates.io-6f17d22bba15001f/aws-lc-sys-0.19.0/include" "-I" "/opt/rustwide/cargo-home/registry/src/index.crates.io-6f17d22bba15001f/aws-lc-sys-0.19.0/generated-include" "-I" "/opt/rustwide/cargo-home/registry/src/index.crates.io-6f17d22bba15001f/aws-lc-sys-0.19.0/aws-lc/include" "-I" "/opt/rustwide/cargo-home/registry/src/index.crates.io-6f17d22bba15001f/aws-lc-sys-0.19.0/aws-lc/third_party/s2n-bignum/include" "-Wall" "-Wextra" "-std=c99" "-Wno-unused-parameter" "-lpthread" "-D_XOPEN_SOURCE=700" "-DBORINGSSL_IMPLEMENTATION=1" "-DBORINGSSL_PREFIX=aws_lc_0_19_0" "-o" "/opt/rustwide/target/debug/build/aws-lc-sys-8d9ffb4903c9e0ff/out/fbb75e29ba1cd96a-pool.o" "-c" "/opt/rustwide/cargo-home/registry/src/index.crates.io-6f17d22bba15001f/aws-lc-sys-0.19.0/aws-lc/crypto/pool/pool.c" with args cc did not execute successfully (status code exit status: 1).cargo:warning=/opt/rustwide/cargo-home/registry/src/index.crates.io-6f17d22bba15001f/aws-lc-sys-0.19.0/aws-lc/crypto/rc4/rc4.c:98:1: fatal error: error closing /tmp/ccBX4xbo.s: No space left on device
[INFO] [stderr] warning: aws-lc-sys@0.19.0:    98 | }
[INFO] [stderr] warning: aws-lc-sys@0.19.0:       | ^
[INFO] [stderr] warning: aws-lc-sys@0.19.0: compilation terminated.
[INFO] [stderr] warning: aws-lc-sys@0.19.0: ToolExecError: Command "cc" "-O0" "-ffunction-sections" "-fdata-sections" "-fPIC" "-gdwarf-4" "-fno-omit-frame-pointer" "-m64" "-static" "-I" "/opt/rustwide/cargo-home/registry/src/index.crates.io-6f17d22bba15001f/aws-lc-sys-0.19.0/include" "-I" "/opt/rustwide/cargo-home/registry/src/index.crates.io-6f17d22bba15001f/aws-lc-sys-0.19.0/generated-include" "-I" "/opt/rustwide/cargo-home/registry/src/index.crates.io-6f17d22bba15001f/aws-lc-sys-0.19.0/aws-lc/include" "-I" "/opt/rustwide/cargo-home/registry/src/index.crates.io-6f17d22bba15001f/aws-lc-sys-0.19.0/aws-lc/third_party/s2n-bignum/include" "-Wall" "-Wextra" "-std=c99" "-Wno-unused-parameter" "-lpthread" "-D_XOPEN_SOURCE=700" "-DBORINGSSL_IMPLEMENTATION=1" "-DBORINGSSL_PREFIX=aws_lc_0_19_0" "-o" "/opt/rustwide/target/debug/build/aws-lc-sys-8d9ffb4903c9e0ff/out/79b82a7cdbad248e-rc4.o" "-c" "/opt/rustwide/cargo-home/registry/src/index.crates.io-6f17d22bba15001f/aws-lc-sys-0.19.0/aws-lc/crypto/rc4/rc4.c" with args cc did not execute successfully (status code exit status: 1).
[INFO] [stderr] warning: aws-lc-sys@0.19.0: /opt/rustwide/cargo-home/registry/src/index.crates.io-6f17d22bba15001f/aws-lc-sys-0.19.0/aws-lc/crypto/x509/a_verify.c:116:1: fatal error: error writing to /tmp/cc5VDUO1.s: No space left on device
[INFO] [stderr] warning: aws-lc-sys@0.19.0:   116 | }
[INFO] [stderr] warning: aws-lc-sys@0.19.0:       | ^
[INFO] [stderr] warning: aws-lc-sys@0.19.0: compilation terminated.
[INFO] [stderr] warning: aws-lc-sys@0.19.0: ToolExecError: Command "cc" "-O0" "-ffunction-sections" "-fdata-sections" "-fPIC" "-gdwarf-4" "-fno-omit-frame-pointer" "-m64" "-static" "-I" "/opt/rustwide/cargo-home/registry/src/index.crates.io-6f17d22bba15001f/aws-lc-sys-0.19.0/include" "-I" "/opt/rustwide/cargo-home/registry/src/index.crates.io-6f17d22bba15001f/aws-lc-sys-0.19.0/generated-include" "-I" "/opt/rustwide/cargo-home/registry/src/index.crates.io-6f17d22bba15001f/aws-lc-sys-0.19.0/aws-lc/include" "-I" "/opt/rustwide/cargo-home/registry/src/index.crates.io-6f17d22bba15001f/aws-lc-sys-0.19.0/aws-lc/third_party/s2n-bignum/include" "-Wall" "-Wextra" "-std=c99" "-Wno-unused-parameter" "-lpthread" "-D_XOPEN_SOURCE=700" "-DBORINGSSL_IMPLEMENTATION=1" "-DBORINGSSL_PREFIX=aws_lc_0_19_0" "-o" "/opt/rustwide/target/debug/build/aws-lc-sys-8d9ffb4903c9e0ff/out/0a1ebc4c1cc3f669-a_verify.o" "-c" "/opt/rustwide/cargo-home/registry/src/index.crates.io-6f17d22bba15001f/aws-lc-sys-0.19.0/aws-lc/crypto/x509/a_verify.c" with args cc did not execute successfully (status code exit status: 1).cargo:warning=/opt/rustwide/cargo-home/registry/src/index.crates.io-6f17d22bba15001f/aws-lc-sys-0.19.0/aws-lc/crypto/x509/policy.c:783:1: fatal error: error writing to /tmp/cc4qz4jb.s: No space left on device
[INFO] [stderr] warning: aws-lc-sys@0.19.0:   783 | }
[INFO] [stderr] warning: aws-lc-sys@0.19.0:       | ^
[INFO] [stderr] warning: aws-lc-sys@0.19.0: compilation terminated.
[INFO] [stderr] warning: aws-lc-sys@0.19.0: ToolExecError: Command "cc" "-O0" "-ffunction-sections" "-fdata-sections" "-fPIC" "-gdwarf-4" "-fno-omit-frame-pointer" "-m64" "-static" "-I" "/opt/rustwide/cargo-home/registry/src/index.crates.io-6f17d22bba15001f/aws-lc-sys-0.19.0/include" "-I" "/opt/rustwide/cargo-home/registry/src/index.crates.io-6f17d22bba15001f/aws-lc-sys-0.19.0/generated-include" "-I" "/opt/rustwide/cargo-home/registry/src/index.crates.io-6f17d22bba15001f/aws-lc-sys-0.19.0/aws-lc/include" "-I" "/opt/rustwide/cargo-home/registry/src/index.crates.io-6f17d22bba15001f/aws-lc-sys-0.19.0/aws-lc/third_party/s2n-bignum/include" "-Wall" "-Wextra" "-std=c99" "-Wno-unused-parameter" "-lpthread" "-D_XOPEN_SOURCE=700" "-DBORINGSSL_IMPLEMENTATION=1" "-DBORINGSSL_PREFIX=aws_lc_0_19_0" "-o" "/opt/rustwide/target/debug/build/aws-lc-sys-8d9ffb4903c9e0ff/out/0a1ebc4c1cc3f669-policy.o" "-c" "/opt/rustwide/cargo-home/registry/src/index.crates.io-6f17d22bba15001f/aws-lc-sys-0.19.0/aws-lc/crypto/x509/policy.c" with args cc did not execute successfully (status code exit status: 1).
[INFO] [stderr] warning: aws-lc-sys@0.19.0: /opt/rustwide/cargo-home/registry/src/index.crates.io-6f17d22bba15001f/aws-lc-sys-0.19.0/aws-lc/crypto/x509/v3_ocsp.c:165:1: fatal error: error writing to /tmp/ccxLy5zn.s: No space left on device
[INFO] [stderr] warning: aws-lc-sys@0.19.0:   165 | }
[INFO] [stderr] warning: aws-lc-sys@0.19.0:       | ^
[INFO] [stderr] warning: aws-lc-sys@0.19.0: compilation terminated.
[INFO] [stderr] warning: aws-lc-sys@0.19.0: ToolExecError: Command "cc" "-O0" "-ffunction-sections" "-fdata-sections" "-fPIC" "-gdwarf-4" "-fno-omit-frame-pointer" "-m64" "-static" "-I" "/opt/rustwide/cargo-home/registry/src/index.crates.io-6f17d22bba15001f/aws-lc-sys-0.19.0/include" "-I" "/opt/rustwide/cargo-home/registry/src/index.crates.io-6f17d22bba15001f/aws-lc-sys-0.19.0/generated-include" "-I" "/opt/rustwide/cargo-home/registry/src/index.crates.io-6f17d22bba15001f/aws-lc-sys-0.19.0/aws-lc/include" "-I" "/opt/rustwide/cargo-home/registry/src/index.crates.io-6f17d22bba15001f/aws-lc-sys-0.19.0/aws-lc/third_party/s2n-bignum/include" "-Wall" "-Wextra" "-std=c99" "-Wno-unused-parameter" "-lpthread" "-D_XOPEN_SOURCE=700" "-DBORINGSSL_IMPLEMENTATION=1" "-DBORINGSSL_PREFIX=aws_lc_0_19_0" "-o" "/opt/rustwide/target/debug/build/aws-lc-sys-8d9ffb4903c9e0ff/out/0a1ebc4c1cc3f669-v3_ocsp.o" "-c" "/opt/rustwide/cargo-home/registry/src/index.crates.io-6f17d22bba15001f/aws-lc-sys-0.19.0/aws-lc/crypto/x509/v3_ocsp.c" with args cc did not execute successfully (status code exit status: 1).cargo:warning=/opt/rustwide/cargo-home/registry/src/index.crates.io-6f17d22bba15001f/aws-lc-sys-0.19.0/aws-lc/crypto/x509/v3_purp.c:732:1: fatal error: error writing to /tmp/ccOruLIa.s: No space left on device
[INFO] [stderr] warning: aws-lc-sys@0.19.0:   732 | }
[INFO] [stderr] warning: aws-lc-sys@0.19.0:       | ^
[INFO] [stderr] warning: aws-lc-sys@0.19.0: compilation terminated.
[INFO] [stderr] warning: aws-lc-sys@0.19.0: ToolExecError: Command "cc" "-O0" "-ffunction-sections" "-fdata-sections" "-fPIC" "-gdwarf-4" "-fno-omit-frame-pointer" "-m64" "-static" "-I" "/opt/rustwide/cargo-home/registry/src/index.crates.io-6f17d22bba15001f/aws-lc-sys-0.19.0/include" "-I" "/opt/rustwide/cargo-home/registry/src/index.crates.io-6f17d22bba15001f/aws-lc-sys-0.19.0/generated-include" "-I" "/opt/rustwide/cargo-home/registry/src/index.crates.io-6f17d22bba15001f/aws-lc-sys-0.19.0/aws-lc/include" "-I" "/opt/rustwide/cargo-home/registry/src/index.crates.io-6f17d22bba15001f/aws-lc-sys-0.19.0/aws-lc/third_party/s2n-bignum/include" "-Wall" "-Wextra" "-std=c99" "-Wno-unused-parameter" "-lpthread" "-D_XOPEN_SOURCE=700" "-DBORINGSSL_IMPLEMENTATION=1" "-DBORINGSSL_PREFIX=aws_lc_0_19_0" "-o" "/opt/rustwide/target/debug/build/aws-lc-sys-8d9ffb4903c9e0ff/out/0a1ebc4c1cc3f669-v3_purp.o" "-c" "/opt/rustwide/cargo-home/registry/src/index.crates.io-6f17d22bba15001f/aws-lc-sys-0.19.0/aws-lc/crypto/x509/v3_purp.c" with args cc did not execute successfully (status code exit status: 1).cargo:warning=/opt/rustwide/cargo-home/registry/src/index.crates.io-6f17d22bba15001f/aws-lc-sys-0.19.0/aws-lc/crypto/x509/x509_d2.c:108:1: fatal error: error writing to /tmp/cck5azFi.s: No space left on device
[INFO] [stderr] warning: aws-lc-sys@0.19.0:   108 | }
[INFO] [stderr] warning: aws-lc-sys@0.19.0:       | ^
[INFO] [stderr] warning: aws-lc-sys@0.19.0: compilation terminated.
[INFO] [stderr] warning: aws-lc-sys@0.19.0: ToolExecError: Command "cc" "-O0" "-ffunction-sections" "-fdata-sections" "-fPIC" "-gdwarf-4" "-fno-omit-frame-pointer" "-m64" "-static" "-I" "/opt/rustwide/cargo-home/registry/src/index.crates.io-6f17d22bba15001f/aws-lc-sys-0.19.0/include" "-I" "/opt/rustwide/cargo-home/registry/src/index.crates.io-6f17d22bba15001f/aws-lc-sys-0.19.0/generated-include" "-I" "/opt/rustwide/cargo-home/registry/src/index.crates.io-6f17d22bba15001f/aws-lc-sys-0.19.0/aws-lc/include" "-I" "/opt/rustwide/cargo-home/registry/src/index.crates.io-6f17d22bba15001f/aws-lc-sys-0.19.0/aws-lc/third_party/s2n-bignum/include" "-Wall" "-Wextra" "-std=c99" "-Wno-unused-parameter" "-lpthread" "-D_XOPEN_SOURCE=700" "-DBORINGSSL_IMPLEMENTATION=1" "-DBORINGSSL_PREFIX=aws_lc_0_19_0" "-o" "/opt/rustwide/target/debug/build/aws-lc-sys-8d9ffb4903c9e0ff/out/0a1ebc4c1cc3f669-x509_d2.o" "-c" "/opt/rustwide/cargo-home/registry/src/index.crates.io-6f17d22bba15001f/aws-lc-sys-0.19.0/aws-lc/crypto/x509/x509_d2.c" with args cc did not execute successfully (status code exit status: 1).cargo:warning=/opt/rustwide/cargo-home/registry/src/index.crates.io-6f17d22bba15001f/aws-lc-sys-0.19.0/aws-lc/crypto/x509/x509_cmp.c:280:1: fatal error: error writing to /tmp/ccziXhw8.s: No space left on device
[INFO] [stderr] warning: aws-lc-sys@0.19.0:   280 | }
[INFO] [stderr] warning: aws-lc-sys@0.19.0:       | ^
[INFO] [stderr] warning: aws-lc-sys@0.19.0: compilation terminated.
[INFO] [stderr] warning: aws-lc-sys@0.19.0: ToolExecError: Command "cc" "-O0" "-ffunction-sections" "-fdata-sections" "-fPIC" "-gdwarf-4" "-fno-omit-frame-pointer" "-m64" "-static" "-I" "/opt/rustwide/cargo-home/registry/src/index.crates.io-6f17d22bba15001f/aws-lc-sys-0.19.0/include" "-I" "/opt/rustwide/cargo-home/registry/src/index.crates.io-6f17d22bba15001f/aws-lc-sys-0.19.0/generated-include" "-I" "/opt/rustwide/cargo-home/registry/src/index.crates.io-6f17d22bba15001f/aws-lc-sys-0.19.0/aws-lc/include" "-I" "/opt/rustwide/cargo-home/registry/src/index.crates.io-6f17d22bba15001f/aws-lc-sys-0.19.0/aws-lc/third_party/s2n-bignum/include" "-Wall" "-Wextra" "-std=c99" "-Wno-unused-parameter" "-lpthread" "-D_XOPEN_SOURCE=700" "-DBORINGSSL_IMPLEMENTATION=1" "-DBORINGSSL_PREFIX=aws_lc_0_19_0" "-o" "/opt/rustwide/target/debug/build/aws-lc-sys-8d9ffb4903c9e0ff/out/0a1ebc4c1cc3f669-x509_cmp.o" "-c" "/opt/rustwide/cargo-home/registry/src/index.crates.io-6f17d22bba15001f/aws-lc-sys-0.19.0/aws-lc/crypto/x509/x509_cmp.c" with args cc did not execute successfully (status code exit status: 1).cargo:warning=/opt/rustwide/cargo-home/registry/src/index.crates.io-6f17d22bba15001f/aws-lc-sys-0.19.0/aws-lc/crypto/x509/x509_lu.c:674:1: fatal error: error writing to /tmp/ccDceePn.s: No space left on device
[INFO] [stderr] warning: aws-lc-sys@0.19.0:   674 | }
[INFO] [stderr] warning: aws-lc-sys@0.19.0:       | ^
[INFO] [stderr] warning: aws-lc-sys@0.19.0: compilation terminated.
[INFO] [stderr] warning: aws-lc-sys@0.19.0: ToolExecError: Command "cc" "-O0" "-ffunction-sections" "-fdata-sections" "-fPIC" "-gdwarf-4" "-fno-omit-frame-pointer" "-m64" "-static" "-I" "/opt/rustwide/cargo-home/registry/src/index.crates.io-6f17d22bba15001f/aws-lc-sys-0.19.0/include" "-I" "/opt/rustwide/cargo-home/registry/src/index.crates.io-6f17d22bba15001f/aws-lc-sys-0.19.0/generated-include" "-I" "/opt/rustwide/cargo-home/registry/src/index.crates.io-6f17d22bba15001f/aws-lc-sys-0.19.0/aws-lc/include" "-I" "/opt/rustwide/cargo-home/registry/src/index.crates.io-6f17d22bba15001f/aws-lc-sys-0.19.0/aws-lc/third_party/s2n-bignum/include" "-Wall" "-Wextra" "-std=c99" "-Wno-unused-parameter" "-lpthread" "-D_XOPEN_SOURCE=700" "-DBORINGSSL_IMPLEMENTATION=1" "-DBORINGSSL_PREFIX=aws_lc_0_19_0" "-o" "/opt/rustwide/target/debug/build/aws-lc-sys-8d9ffb4903c9e0ff/out/0a1ebc4c1cc3f669-x509_lu.o" "-c" "/opt/rustwide/cargo-home/registry/src/index.crates.io-6f17d22bba15001f/aws-lc-sys-0.19.0/aws-lc/crypto/x509/x509_lu.c" with args cc did not execute successfully (status code exit status: 1).cargo:warning=/opt/rustwide/cargo-home/registry/src/index.crates.io-6f17d22bba15001f/aws-lc-sys-0.19.0/aws-lc/crypto/x509/x509_req.c:304:1: fatal error: error writing to /tmp/ccFIxa0Q.s: No space left on device
[INFO] [stderr] warning: aws-lc-sys@0.19.0:   304 | }
[INFO] [stderr] warning: aws-lc-sys@0.19.0:       | ^
[INFO] [stderr] warning: aws-lc-sys@0.19.0: compilation terminated.
[INFO] [stderr] warning: aws-lc-sys@0.19.0: ToolExecError: Command "cc" "-O0" "-ffunction-sections" "-fdata-sections" "-fPIC" "-gdwarf-4" "-fno-omit-frame-pointer" "-m64" "-static" "-I" "/opt/rustwide/cargo-home/registry/src/index.crates.io-6f17d22bba15001f/aws-lc-sys-0.19.0/include" "-I" "/opt/rustwide/cargo-home/registry/src/index.crates.io-6f17d22bba15001f/aws-lc-sys-0.19.0/generated-include" "-I" "/opt/rustwide/cargo-home/registry/src/index.crates.io-6f17d22bba15001f/aws-lc-sys-0.19.0/aws-lc/include" "-I" "/opt/rustwide/cargo-home/registry/src/index.crates.io-6f17d22bba15001f/aws-lc-sys-0.19.0/aws-lc/third_party/s2n-bignum/include" "-Wall" "-Wextra" "-std=c99" "-Wno-unused-parameter" "-lpthread" "-D_XOPEN_SOURCE=700" "-DBORINGSSL_IMPLEMENTATION=1" "-DBORINGSSL_PREFIX=aws_lc_0_19_0" "-o" "/opt/rustwide/target/debug/build/aws-lc-sys-8d9ffb4903c9e0ff/out/0a1ebc4c1cc3f669-x509_req.o" "-c" "/opt/rustwide/cargo-home/registry/src/index.crates.io-6f17d22bba15001f/aws-lc-sys-0.19.0/aws-lc/crypto/x509/x509_req.c" with args cc did not execute successfully (status code exit status: 1).
[INFO] [stderr] warning: aws-lc-sys@0.19.0: /opt/rustwide/cargo-home/registry/src/index.crates.io-6f17d22bba15001f/aws-lc-sys-0.19.0/aws-lc/crypto/x509/x_all.c:363:1: fatal error: error writing to /tmp/ccGRE1MF.s: No space left on device
[INFO] [stderr] warning: aws-lc-sys@0.19.0:   363 | IMPLEMENT_I2D_BIO(const DH, i2d_DHparams_bio, i2d_DHparams)
[INFO] [stderr] warning: aws-lc-sys@0.19.0:       | ^~~~~~~~~~~~~~~~~
[INFO] [stderr] warning: aws-lc-sys@0.19.0: compilation terminated.
[INFO] [stderr] warning: aws-lc-sys@0.19.0: ToolExecError: Command "cc" "-O0" "-ffunction-sections" "-fdata-sections" "-fPIC" "-gdwarf-4" "-fno-omit-frame-pointer" "-m64" "-static" "-I" "/opt/rustwide/cargo-home/registry/src/index.crates.io-6f17d22bba15001f/aws-lc-sys-0.19.0/include" "-I" "/opt/rustwide/cargo-home/registry/src/index.crates.io-6f17d22bba15001f/aws-lc-sys-0.19.0/generated-include" "-I" "/opt/rustwide/cargo-home/registry/src/index.crates.io-6f17d22bba15001f/aws-lc-sys-0.19.0/aws-lc/include" "-I" "/opt/rustwide/cargo-home/registry/src/index.crates.io-6f17d22bba15001f/aws-lc-sys-0.19.0/aws-lc/third_party/s2n-bignum/include" "-Wall" "-Wextra" "-std=c99" "-Wno-unused-parameter" "-lpthread" "-D_XOPEN_SOURCE=700" "-DBORINGSSL_IMPLEMENTATION=1" "-DBORINGSSL_PREFIX=aws_lc_0_19_0" "-o" "/opt/rustwide/target/debug/build/aws-lc-sys-8d9ffb4903c9e0ff/out/0a1ebc4c1cc3f669-x_all.o" "-c" "/opt/rustwide/cargo-home/registry/src/index.crates.io-6f17d22bba15001f/aws-lc-sys-0.19.0/aws-lc/crypto/x509/x_all.c" with args cc did not execute successfully (status code exit status: 1).cargo:warning=/tmp/cc1mZdNp.s: Assembler messages:
[INFO] [stderr] warning: aws-lc-sys@0.19.0: /tmp/cc1mZdNp.s: Fatal error: can't write 96 bytes to section .data.rel.ro.X509_EXTENSION_seq_tt of /opt/rustwide/target/debug/build/aws-lc-sys-8d9ffb4903c9e0ff/out/0a1ebc4c1cc3f669-x_exten.o: 'No space left on device'
[INFO] [stderr] warning: aws-lc-sys@0.19.0: ToolExecError: Command "cc" "-O0" "-ffunction-sections" "-fdata-sections" "-fPIC" "-gdwarf-4" "-fno-omit-frame-pointer" "-m64" "-static" "-I" "/opt/rustwide/cargo-home/registry/src/index.crates.io-6f17d22bba15001f/aws-lc-sys-0.19.0/include" "-I" "/opt/rustwide/cargo-home/registry/src/index.crates.io-6f17d22bba15001f/aws-lc-sys-0.19.0/generated-include" "-I" "/opt/rustwide/cargo-home/registry/src/index.crates.io-6f17d22bba15001f/aws-lc-sys-0.19.0/aws-lc/include" "-I" "/opt/rustwide/cargo-home/registry/src/index.crates.io-6f17d22bba15001f/aws-lc-sys-0.19.0/aws-lc/third_party/s2n-bignum/include" "-Wall" "-Wextra" "-std=c99" "-Wno-unused-parameter" "-lpthread" "-D_XOPEN_SOURCE=700" "-DBORINGSSL_IMPLEMENTATION=1" "-DBORINGSSL_PREFIX=aws_lc_0_19_0" "-o" "/opt/rustwide/target/debug/build/aws-lc-sys-8d9ffb4903c9e0ff/out/0a1ebc4c1cc3f669-x_exten.o" "-c" "/opt/rustwide/cargo-home/registry/src/index.crates.io-6f17d22bba15001f/aws-lc-sys-0.19.0/aws-lc/crypto/x509/x_exten.c" with args cc did not execute successfully (status code exit status: 1).cargo:warning=/opt/rustwide/cargo-home/registry/src/index.crates.io-6f17d22bba15001f/aws-lc-sys-0.19.0/aws-lc/crypto/x509/x_name.c:529:1: fatal error: error writing to /tmp/ccIzDzCT.s: No space left on device
[INFO] [stderr] warning: aws-lc-sys@0.19.0:   529 | }
[INFO] [stderr] warning: aws-lc-sys@0.19.0:       | ^
[INFO] [stderr] warning: aws-lc-sys@0.19.0: compilation terminated.
[INFO] [stderr] warning: aws-lc-sys@0.19.0: /opt/rustwide/cargo-home/registry/src/index.crates.io-6f17d22bba15001f/aws-lc-sys-0.19.0/aws-lc/crypto/x509/x_crl.c:383:1: fatal error: error writing to /tmp/cc8LwULb.s: No space left on device
[INFO] [stderr] warning: aws-lc-sys@0.19.0:   383 | }
[INFO] [stderr] warning: aws-lc-sys@0.19.0:       | ^
[INFO] [stderr] warning: aws-lc-sys@0.19.0: compilation terminated.
[INFO] [stderr] warning: aws-lc-sys@0.19.0: ToolExecError: Command "cc" "-O0" "-ffunction-sections" "-fdata-sections" "-fPIC" "-gdwarf-4" "-fno-omit-frame-pointer" "-m64" "-static" "-I" "/opt/rustwide/cargo-home/registry/src/index.crates.io-6f17d22bba15001f/aws-lc-sys-0.19.0/include" "-I" "/opt/rustwide/cargo-home/registry/src/index.crates.io-6f17d22bba15001f/aws-lc-sys-0.19.0/generated-include" "-I" "/opt/rustwide/cargo-home/registry/src/index.crates.io-6f17d22bba15001f/aws-lc-sys-0.19.0/aws-lc/include" "-I" "/opt/rustwide/cargo-home/registry/src/index.crates.io-6f17d22bba15001f/aws-lc-sys-0.19.0/aws-lc/third_party/s2n-bignum/include" "-Wall" "-Wextra" "-std=c99" "-Wno-unused-parameter" "-lpthread" "-D_XOPEN_SOURCE=700" "-DBORINGSSL_IMPLEMENTATION=1" "-DBORINGSSL_PREFIX=aws_lc_0_19_0" "-o" "/opt/rustwide/target/debug/build/aws-lc-sys-8d9ffb4903c9e0ff/out/0a1ebc4c1cc3f669-x_crl.o" "-c" "/opt/rustwide/cargo-home/registry/src/index.crates.io-6f17d22bba15001f/aws-lc-sys-0.19.0/aws-lc/crypto/x509/x_crl.c" with args cc did not execute successfully (status code exit status: 1).
[INFO] [stderr] warning: aws-lc-sys@0.19.0: ToolExecError: Command "cc" "-O0" "-ffunction-sections" "-fdata-sections" "-fPIC" "-gdwarf-4" "-fno-omit-frame-pointer" "-m64" "-static" "-I" "/opt/rustwide/cargo-home/registry/src/index.crates.io-6f17d22bba15001f/aws-lc-sys-0.19.0/include" "-I" "/opt/rustwide/cargo-home/registry/src/index.crates.io-6f17d22bba15001f/aws-lc-sys-0.19.0/generated-include" "-I" "/opt/rustwide/cargo-home/registry/src/index.crates.io-6f17d22bba15001f/aws-lc-sys-0.19.0/aws-lc/include" "-I" "/opt/rustwide/cargo-home/registry/src/index.crates.io-6f17d22bba15001f/aws-lc-sys-0.19.0/aws-lc/third_party/s2n-bignum/include" "-Wall" "-Wextra" "-std=c99" "-Wno-unused-parameter" "-lpthread" "-D_XOPEN_SOURCE=700" "-DBORINGSSL_IMPLEMENTATION=1" "-DBORINGSSL_PREFIX=aws_lc_0_19_0" "-o" "/opt/rustwide/target/debug/build/aws-lc-sys-8d9ffb4903c9e0ff/out/0a1ebc4c1cc3f669-x_name.o" "-c" "/opt/rustwide/cargo-home/registry/src/index.crates.io-6f17d22bba15001f/aws-lc-sys-0.19.0/aws-lc/crypto/x509/x_name.c" with args cc did not execute successfully (status code exit status: 1).cargo:warning=/opt/rustwide/cargo-home/registry/src/index.crates.io-6f17d22bba15001f/aws-lc-sys-0.19.0/aws-lc/crypto/x509/x_pubkey.c:210:1: fatal error: error writing to /tmp/ccGeu3qR.s: No space left on device
[INFO] [stderr] warning: aws-lc-sys@0.19.0:   210 | }
[INFO] [stderr] warning: aws-lc-sys@0.19.0:       | ^
[INFO] [stderr] warning: aws-lc-sys@0.19.0: compilation terminated.
[INFO] [stderr] warning: aws-lc-sys@0.19.0: ToolExecError: Command "cc" "-O0" "-ffunction-sections" "-fdata-sections" "-fPIC" "-gdwarf-4" "-fno-omit-frame-pointer" "-m64" "-static" "-I" "/opt/rustwide/cargo-home/registry/src/index.crates.io-6f17d22bba15001f/aws-lc-sys-0.19.0/include" "-I" "/opt/rustwide/cargo-home/registry/src/index.crates.io-6f17d22bba15001f/aws-lc-sys-0.19.0/generated-include" "-I" "/opt/rustwide/cargo-home/registry/src/index.crates.io-6f17d22bba15001f/aws-lc-sys-0.19.0/aws-lc/include" "-I" "/opt/rustwide/cargo-home/registry/src/index.crates.io-6f17d22bba15001f/aws-lc-sys-0.19.0/aws-lc/third_party/s2n-bignum/include" "-Wall" "-Wextra" "-std=c99" "-Wno-unused-parameter" "-lpthread" "-D_XOPEN_SOURCE=700" "-DBORINGSSL_IMPLEMENTATION=1" "-DBORINGSSL_PREFIX=aws_lc_0_19_0" "-o" "/opt/rustwide/target/debug/build/aws-lc-sys-8d9ffb4903c9e0ff/out/0a1ebc4c1cc3f669-x_pubkey.o" "-c" "/opt/rustwide/cargo-home/registry/src/index.crates.io-6f17d22bba15001f/aws-lc-sys-0.19.0/aws-lc/crypto/x509/x_pubkey.c" with args cc did not execute successfully (status code exit status: 1).cargo:warning=/opt/rustwide/cargo-home/registry/src/index.crates.io-6f17d22bba15001f/aws-lc-sys-0.19.0/aws-lc/crypto/x509/x_sig.c:93:1: fatal error: error writing to /tmp/ccehro5R.s: No space left on device
[INFO] [stderr] warning: aws-lc-sys@0.19.0:    93 | }
[INFO] [stderr] warning: aws-lc-sys@0.19.0:       | ^
[INFO] [stderr] warning: aws-lc-sys@0.19.0: compilation terminated.
[INFO] [stderr] warning: aws-lc-sys@0.19.0: ToolExecError: Command "cc" "-O0" "-ffunction-sections" "-fdata-sections" "-fPIC" "-gdwarf-4" "-fno-omit-frame-pointer" "-m64" "-static" "-I" "/opt/rustwide/cargo-home/registry/src/index.crates.io-6f17d22bba15001f/aws-lc-sys-0.19.0/include" "-I" "/opt/rustwide/cargo-home/registry/src/index.crates.io-6f17d22bba15001f/aws-lc-sys-0.19.0/generated-include" "-I" "/opt/rustwide/cargo-home/registry/src/index.crates.io-6f17d22bba15001f/aws-lc-sys-0.19.0/aws-lc/include" "-I" "/opt/rustwide/cargo-home/registry/src/index.crates.io-6f17d22bba15001f/aws-lc-sys-0.19.0/aws-lc/third_party/s2n-bignum/include" "-Wall" "-Wextra" "-std=c99" "-Wno-unused-parameter" "-lpthread" "-D_XOPEN_SOURCE=700" "-DBORINGSSL_IMPLEMENTATION=1" "-DBORINGSSL_PREFIX=aws_lc_0_19_0" "-o" "/opt/rustwide/target/debug/build/aws-lc-sys-8d9ffb4903c9e0ff/out/0a1ebc4c1cc3f669-x_sig.o" "-c" "/opt/rustwide/cargo-home/registry/src/index.crates.io-6f17d22bba15001f/aws-lc-sys-0.19.0/aws-lc/crypto/x509/x_sig.c" with args cc did not execute successfully (status code exit status: 1).cargo:warning=/opt/rustwide/cargo-home/registry/src/index.crates.io-6f17d22bba15001f/aws-lc-sys-0.19.0/aws-lc/generated-src/linux-x86_64/crypto/chacha/chacha-x86_64.S:5: fatal error: when writing output to /tmp/cc6csXgj.s: No space left on device
[INFO] [stderr] warning: aws-lc-sys@0.19.0:     5 | 
[INFO] [stderr] warning: aws-lc-sys@0.19.0:       | 
[INFO] [stderr] warning: aws-lc-sys@0.19.0: compilation terminated.
[INFO] [stderr] warning: aws-lc-sys@0.19.0: ToolExecError: Command "cc" "-O0" "-ffunction-sections" "-fdata-sections" "-fPIC" "-gdwarf-4" "-fno-omit-frame-pointer" "-m64" "-static" "-I" "/opt/rustwide/cargo-home/registry/src/index.crates.io-6f17d22bba15001f/aws-lc-sys-0.19.0/include" "-I" "/opt/rustwide/cargo-home/registry/src/index.crates.io-6f17d22bba15001f/aws-lc-sys-0.19.0/generated-include" "-I" "/opt/rustwide/cargo-home/registry/src/index.crates.io-6f17d22bba15001f/aws-lc-sys-0.19.0/aws-lc/include" "-I" "/opt/rustwide/cargo-home/registry/src/index.crates.io-6f17d22bba15001f/aws-lc-sys-0.19.0/aws-lc/third_party/s2n-bignum/include" "-Wall" "-Wextra" "-std=c99" "-Wno-unused-parameter" "-lpthread" "-D_XOPEN_SOURCE=700" "-DBORINGSSL_IMPLEMENTATION=1" "-DBORINGSSL_PREFIX=aws_lc_0_19_0" "-o" "/opt/rustwide/target/debug/build/aws-lc-sys-8d9ffb4903c9e0ff/out/cc01a100af562f07-chacha-x86_64.o" "-c" "/opt/rustwide/cargo-home/registry/src/index.crates.io-6f17d22bba15001f/aws-lc-sys-0.19.0/aws-lc/generated-src/linux-x86_64/crypto/chacha/chacha-x86_64.S" with args cc did not execute successfully (status code exit status: 1).cargo:warning=/opt/rustwide/cargo-home/registry/src/index.crates.io-6f17d22bba15001f/aws-lc-sys-0.19.0/aws-lc/generated-src/linux-x86_64/crypto/cipher_extra/aes128gcmsiv-x86_64.S:5: fatal error: when writing output to /tmp/cc6HgsUy.s: No space left on device
[INFO] [stderr] warning: aws-lc-sys@0.19.0:     5 | 
[INFO] [stderr] warning: aws-lc-sys@0.19.0:       | 
[INFO] [stderr] warning: aws-lc-sys@0.19.0: compilation terminated.
[INFO] [stderr] warning: aws-lc-sys@0.19.0: ToolExecError: Command "cc" "-O0" "-ffunction-sections" "-fdata-sections" "-fPIC" "-gdwarf-4" "-fno-omit-frame-pointer" "-m64" "-static" "-I" "/opt/rustwide/cargo-home/registry/src/index.crates.io-6f17d22bba15001f/aws-lc-sys-0.19.0/include" "-I" "/opt/rustwide/cargo-home/registry/src/index.crates.io-6f17d22bba15001f/aws-lc-sys-0.19.0/generated-include" "-I" "/opt/rustwide/cargo-home/registry/src/index.crates.io-6f17d22bba15001f/aws-lc-sys-0.19.0/aws-lc/include" "-I" "/opt/rustwide/cargo-home/registry/src/index.crates.io-6f17d22bba15001f/aws-lc-sys-0.19.0/aws-lc/third_party/s2n-bignum/include" "-Wall" "-Wextra" "-std=c99" "-Wno-unused-parameter" "-lpthread" "-D_XOPEN_SOURCE=700" "-DBORINGSSL_IMPLEMENTATION=1" "-DBORINGSSL_PREFIX=aws_lc_0_19_0" "-o" "/opt/rustwide/target/debug/build/aws-lc-sys-8d9ffb4903c9e0ff/out/dd17f32f3088ea49-aes128gcmsiv-x86_64.o" "-c" "/opt/rustwide/cargo-home/registry/src/index.crates.io-6f17d22bba15001f/aws-lc-sys-0.19.0/aws-lc/generated-src/linux-x86_64/crypto/cipher_extra/aes128gcmsiv-x86_64.S" with args cc did not execute successfully (status code exit status: 1).cargo:warning=/opt/rustwide/cargo-home/registry/src/index.crates.io-6f17d22bba15001f/aws-lc-sys-0.19.0/aws-lc/generated-src/linux-x86_64/crypto/cipher_extra/aesni-sha256-x86_64.S:5: fatal error: when writing output to /tmp/cczeHEVe.s: No space left on device
[INFO] [stderr] warning: aws-lc-sys@0.19.0:     5 | 
[INFO] [stderr] warning: aws-lc-sys@0.19.0:       | 
[INFO] [stderr] warning: aws-lc-sys@0.19.0: compilation terminated.
[INFO] [stderr] warning: aws-lc-sys@0.19.0: ToolExecError: Command "cc" "-O0" "-ffunction-sections" "-fdata-sections" "-fPIC" "-gdwarf-4" "-fno-omit-frame-pointer" "-m64" "-static" "-I" "/opt/rustwide/cargo-home/registry/src/index.crates.io-6f17d22bba15001f/aws-lc-sys-0.19.0/include" "-I" "/opt/rustwide/cargo-home/registry/src/index.crates.io-6f17d22bba15001f/aws-lc-sys-0.19.0/generated-include" "-I" "/opt/rustwide/cargo-home/registry/src/index.crates.io-6f17d22bba15001f/aws-lc-sys-0.19.0/aws-lc/include" "-I" "/opt/rustwide/cargo-home/registry/src/index.crates.io-6f17d22bba15001f/aws-lc-sys-0.19.0/aws-lc/third_party/s2n-bignum/include" "-Wall" "-Wextra" "-std=c99" "-Wno-unused-parameter" "-lpthread" "-D_XOPEN_SOURCE=700" "-DBORINGSSL_IMPLEMENTATION=1" "-DBORINGSSL_PREFIX=aws_lc_0_19_0" "-o" "/opt/rustwide/target/debug/build/aws-lc-sys-8d9ffb4903c9e0ff/out/dd17f32f3088ea49-aesni-sha256-x86_64.o" "-c" "/opt/rustwide/cargo-home/registry/src/index.crates.io-6f17d22bba15001f/aws-lc-sys-0.19.0/aws-lc/generated-src/linux-x86_64/crypto/cipher_extra/aesni-sha256-x86_64.S" with args cc did not execute successfully (status code exit status: 1).cargo:warning=/opt/rustwide/cargo-home/registry/src/index.crates.io-6f17d22bba15001f/aws-lc-sys-0.19.0/aws-lc/generated-src/linux-x86_64/crypto/cipher_extra/chacha20_poly1305_x86_64.S:5: fatal error: when writing output to /tmp/ccLan9Dy.s: No space left on device
[INFO] [stderr] warning: aws-lc-sys@0.19.0:     5 | 
[INFO] [stderr] warning: aws-lc-sys@0.19.0:       | 
[INFO] [stderr] warning: aws-lc-sys@0.19.0: compilation terminated.
[INFO] [stderr] warning: aws-lc-sys@0.19.0: ToolExecError: Command "cc" "-O0" "-ffunction-sections" "-fdata-sections" "-fPIC" "-gdwarf-4" "-fno-omit-frame-pointer" "-m64" "-static" "-I" "/opt/rustwide/cargo-home/registry/src/index.crates.io-6f17d22bba15001f/aws-lc-sys-0.19.0/include" "-I" "/opt/rustwide/cargo-home/registry/src/index.crates.io-6f17d22bba15001f/aws-lc-sys-0.19.0/generated-include" "-I" "/opt/rustwide/cargo-home/registry/src/index.crates.io-6f17d22bba15001f/aws-lc-sys-0.19.0/aws-lc/include" "-I" "/opt/rustwide/cargo-home/registry/src/index.crates.io-6f17d22bba15001f/aws-lc-sys-0.19.0/aws-lc/third_party/s2n-bignum/include" "-Wall" "-Wextra" "-std=c99" "-Wno-unused-parameter" "-lpthread" "-D_XOPEN_SOURCE=700" "-DBORINGSSL_IMPLEMENTATION=1" "-DBORINGSSL_PREFIX=aws_lc_0_19_0" "-o" "/opt/rustwide/target/debug/build/aws-lc-sys-8d9ffb4903c9e0ff/out/dd17f32f3088ea49-chacha20_poly1305_x86_64.o" "-c" "/opt/rustwide/cargo-home/registry/src/index.crates.io-6f17d22bba15001f/aws-lc-sys-0.19.0/aws-lc/generated-src/linux-x86_64/crypto/cipher_extra/chacha20_poly1305_x86_64.S" with args cc did not execute successfully (status code exit status: 1).cargo:warning=/opt/rustwide/cargo-home/registry/src/index.crates.io-6f17d22bba15001f/aws-lc-sys-0.19.0/aws-lc/generated-src/linux-x86_64/crypto/fipsmodule/aesni-x86_64.S:5: fatal error: when writing output to /tmp/ccGYWGPF.s: No space left on device
[INFO] [stderr] warning: aws-lc-sys@0.19.0:     5 | 
[INFO] [stderr] warning: aws-lc-sys@0.19.0:       | 
[INFO] [stderr] warning: aws-lc-sys@0.19.0: compilation terminated.
[INFO] [stderr] warning: aws-lc-sys@0.19.0: ToolExecError: Command "cc" "-O0" "-ffunction-sections" "-fdata-sections" "-fPIC" "-gdwarf-4" "-fno-omit-frame-pointer" "-m64" "-static" "-I" "/opt/rustwide/cargo-home/registry/src/index.crates.io-6f17d22bba15001f/aws-lc-sys-0.19.0/include" "-I" "/opt/rustwide/cargo-home/registry/src/index.crates.io-6f17d22bba15001f/aws-lc-sys-0.19.0/generated-include" "-I" "/opt/rustwide/cargo-home/registry/src/index.crates.io-6f17d22bba15001f/aws-lc-sys-0.19.0/aws-lc/include" "-I" "/opt/rustwide/cargo-home/registry/src/index.crates.io-6f17d22bba15001f/aws-lc-sys-0.19.0/aws-lc/third_party/s2n-bignum/include" "-Wall" "-Wextra" "-std=c99" "-Wno-unused-parameter" "-lpthread" "-D_XOPEN_SOURCE=700" "-DBORINGSSL_IMPLEMENTATION=1" "-DBORINGSSL_PREFIX=aws_lc_0_19_0" "-o" "/opt/rustwide/target/debug/build/aws-lc-sys-8d9ffb4903c9e0ff/out/b358fe7f06bd479f-aesni-x86_64.o" "-c" "/opt/rustwide/cargo-home/registry/src/index.crates.io-6f17d22bba15001f/aws-lc-sys-0.19.0/aws-lc/generated-src/linux-x86_64/crypto/fipsmodule/aesni-x86_64.S" with args cc did not execute successfully (status code exit status: 1).cargo:warning=/opt/rustwide/cargo-home/registry/src/index.crates.io-6f17d22bba15001f/aws-lc-sys-0.19.0/aws-lc/generated-src/linux-x86_64/crypto/fipsmodule/aesni-xts-avx512.S:5: fatal error: when writing output to /tmp/ccZ6FYEb.s: No space left on device
[INFO] [stderr] warning: aws-lc-sys@0.19.0:     5 | 
[INFO] [stderr] warning: aws-lc-sys@0.19.0:       | 
[INFO] [stderr] warning: aws-lc-sys@0.19.0: compilation terminated.
[INFO] [stderr] warning: aws-lc-sys@0.19.0: ToolExecError: Command "cc" "-O0" "-ffunction-sections" "-fdata-sections" "-fPIC" "-gdwarf-4" "-fno-omit-frame-pointer" "-m64" "-static" "-I" "/opt/rustwide/cargo-home/registry/src/index.crates.io-6f17d22bba15001f/aws-lc-sys-0.19.0/include" "-I" "/opt/rustwide/cargo-home/registry/src/index.crates.io-6f17d22bba15001f/aws-lc-sys-0.19.0/generated-include" "-I" "/opt/rustwide/cargo-home/registry/src/index.crates.io-6f17d22bba15001f/aws-lc-sys-0.19.0/aws-lc/include" "-I" "/opt/rustwide/cargo-home/registry/src/index.crates.io-6f17d22bba15001f/aws-lc-sys-0.19.0/aws-lc/third_party/s2n-bignum/include" "-Wall" "-Wextra" "-std=c99" "-Wno-unused-parameter" "-lpthread" "-D_XOPEN_SOURCE=700" "-DBORINGSSL_IMPLEMENTATION=1" "-DBORINGSSL_PREFIX=aws_lc_0_19_0" "-o" "/opt/rustwide/target/debug/build/aws-lc-sys-8d9ffb4903c9e0ff/out/b358fe7f06bd479f-aesni-xts-avx512.o" "-c" "/opt/rustwide/cargo-home/registry/src/index.crates.io-6f17d22bba15001f/aws-lc-sys-0.19.0/aws-lc/generated-src/linux-x86_64/crypto/fipsmodule/aesni-xts-avx512.S" with args cc did not execute successfully (status code exit status: 1).cargo:warning=/opt/rustwide/cargo-home/registry/src/index.crates.io-6f17d22bba15001f/aws-lc-sys-0.19.0/aws-lc/generated-src/linux-x86_64/crypto/fipsmodule/aesni-gcm-avx512.S:5: fatal error: when writing output to /tmp/cc9xJDWQ.s: No space left on device
[INFO] [stderr] warning: aws-lc-sys@0.19.0:     5 | 
[INFO] [stderr] warning: aws-lc-sys@0.19.0:       | 
[INFO] [stderr] warning: aws-lc-sys@0.19.0: compilation terminated.
[INFO] [stderr] warning: aws-lc-sys@0.19.0: ToolExecError: Command "cc" "-O0" "-ffunction-sections" "-fdata-sections" "-fPIC" "-gdwarf-4" "-fno-omit-frame-pointer" "-m64" "-static" "-I" "/opt/rustwide/cargo-home/registry/src/index.crates.io-6f17d22bba15001f/aws-lc-sys-0.19.0/include" "-I" "/opt/rustwide/cargo-home/registry/src/index.crates.io-6f17d22bba15001f/aws-lc-sys-0.19.0/generated-include" "-I" "/opt/rustwide/cargo-home/registry/src/index.crates.io-6f17d22bba15001f/aws-lc-sys-0.19.0/aws-lc/include" "-I" "/opt/rustwide/cargo-home/registry/src/index.crates.io-6f17d22bba15001f/aws-lc-sys-0.19.0/aws-lc/third_party/s2n-bignum/include" "-Wall" "-Wextra" "-std=c99" "-Wno-unused-parameter" "-lpthread" "-D_XOPEN_SOURCE=700" "-DBORINGSSL_IMPLEMENTATION=1" "-DBORINGSSL_PREFIX=aws_lc_0_19_0" "-o" "/opt/rustwide/target/debug/build/aws-lc-sys-8d9ffb4903c9e0ff/out/b358fe7f06bd479f-aesni-gcm-avx512.o" "-c" "/opt/rustwide/cargo-home/registry/src/index.crates.io-6f17d22bba15001f/aws-lc-sys-0.19.0/aws-lc/generated-src/linux-x86_64/crypto/fipsmodule/aesni-gcm-avx512.S" with args cc did not execute successfully (status code exit status: 1).cargo:warning=/opt/rustwide/cargo-home/registry/src/index.crates.io-6f17d22bba15001f/aws-lc-sys-0.19.0/aws-lc/generated-src/linux-x86_64/crypto/fipsmodule/ghash-ssse3-x86_64.S:5: fatal error: when writing output to /tmp/ccnUjhzx.s: No space left on device
[INFO] [stderr] warning: aws-lc-sys@0.19.0:     5 | 
[INFO] [stderr] warning: aws-lc-sys@0.19.0:       | 
[INFO] [stderr] warning: aws-lc-sys@0.19.0: compilation terminated.
[INFO] [stderr] warning: aws-lc-sys@0.19.0: ToolExecError: Command "cc" "-O0" "-ffunction-sections" "-fdata-sections" "-fPIC" "-gdwarf-4" "-fno-omit-frame-pointer" "-m64" "-static" "-I" "/opt/rustwide/cargo-home/registry/src/index.crates.io-6f17d22bba15001f/aws-lc-sys-0.19.0/include" "-I" "/opt/rustwide/cargo-home/registry/src/index.crates.io-6f17d22bba15001f/aws-lc-sys-0.19.0/generated-include" "-I" "/opt/rustwide/cargo-home/registry/src/index.crates.io-6f17d22bba15001f/aws-lc-sys-0.19.0/aws-lc/include" "-I" "/opt/rustwide/cargo-home/registry/src/index.crates.io-6f17d22bba15001f/aws-lc-sys-0.19.0/aws-lc/third_party/s2n-bignum/include" "-Wall" "-Wextra" "-std=c99" "-Wno-unused-parameter" "-lpthread" "-D_XOPEN_SOURCE=700" "-DBORINGSSL_IMPLEMENTATION=1" "-DBORINGSSL_PREFIX=aws_lc_0_19_0" "-o" "/opt/rustwide/target/debug/build/aws-lc-sys-8d9ffb4903c9e0ff/out/b358fe7f06bd479f-ghash-ssse3-x86_64.o" "-c" "/opt/rustwide/cargo-home/registry/src/index.crates.io-6f17d22bba15001f/aws-lc-sys-0.19.0/aws-lc/generated-src/linux-x86_64/crypto/fipsmodule/ghash-ssse3-x86_64.S" with args cc did not execute successfully (status code exit status: 1).cargo:warning=/opt/rustwide/cargo-home/registry/src/index.crates.io-6f17d22bba15001f/aws-lc-sys-0.19.0/aws-lc/generated-src/linux-x86_64/crypto/fipsmodule/ghash-x86_64.S:5: fatal error: when writing output to /tmp/ccUwR1MA.s: No space left on device
[INFO] [stderr] warning: aws-lc-sys@0.19.0:     5 | 
[INFO] [stderr] warning: aws-lc-sys@0.19.0:       | 
[INFO] [stderr] warning: aws-lc-sys@0.19.0: compilation terminated.
[INFO] [stderr] warning: aws-lc-sys@0.19.0: ToolExecError: Command "cc" "-O0" "-ffunction-sections" "-fdata-sections" "-fPIC" "-gdwarf-4" "-fno-omit-frame-pointer" "-m64" "-static" "-I" "/opt/rustwide/cargo-home/registry/src/index.crates.io-6f17d22bba15001f/aws-lc-sys-0.19.0/include" "-I" "/opt/rustwide/cargo-home/registry/src/index.crates.io-6f17d22bba15001f/aws-lc-sys-0.19.0/generated-include" "-I" "/opt/rustwide/cargo-home/registry/src/index.crates.io-6f17d22bba15001f/aws-lc-sys-0.19.0/aws-lc/include" "-I" "/opt/rustwide/cargo-home/registry/src/index.crates.io-6f17d22bba15001f/aws-lc-sys-0.19.0/aws-lc/third_party/s2n-bignum/include" "-Wall" "-Wextra" "-std=c99" "-Wno-unused-parameter" "-lpthread" "-D_XOPEN_SOURCE=700" "-DBORINGSSL_IMPLEMENTATION=1" "-DBORINGSSL_PREFIX=aws_lc_0_19_0" "-o" "/opt/rustwide/target/debug/build/aws-lc-sys-8d9ffb4903c9e0ff/out/b358fe7f06bd479f-ghash-x86_64.o" "-c" "/opt/rustwide/cargo-home/registry/src/index.crates.io-6f17d22bba15001f/aws-lc-sys-0.19.0/aws-lc/generated-src/linux-x86_64/crypto/fipsmodule/ghash-x86_64.S" with args cc did not execute successfully (status code exit status: 1).cargo:warning=/opt/rustwide/cargo-home/registry/src/index.crates.io-6f17d22bba15001f/aws-lc-sys-0.19.0/aws-lc/generated-src/linux-x86_64/crypto/fipsmodule/md5-x86_64.S:5: fatal error: when writing output to /tmp/cciy8Ubp.s: No space left on device
[INFO] [stderr] warning: aws-lc-sys@0.19.0:     5 | 
[INFO] [stderr] warning: aws-lc-sys@0.19.0:       | 
[INFO] [stderr] warning: aws-lc-sys@0.19.0: compilation terminated.
[INFO] [stderr] warning: aws-lc-sys@0.19.0: ToolExecError: Command "cc" "-O0" "-ffunction-sections" "-fdata-sections" "-fPIC" "-gdwarf-4" "-fno-omit-frame-pointer" "-m64" "-static" "-I" "/opt/rustwide/cargo-home/registry/src/index.crates.io-6f17d22bba15001f/aws-lc-sys-0.19.0/include" "-I" "/opt/rustwide/cargo-home/registry/src/index.crates.io-6f17d22bba15001f/aws-lc-sys-0.19.0/generated-include" "-I" "/opt/rustwide/cargo-home/registry/src/index.crates.io-6f17d22bba15001f/aws-lc-sys-0.19.0/aws-lc/include" "-I" "/opt/rustwide/cargo-home/registry/src/index.crates.io-6f17d22bba15001f/aws-lc-sys-0.19.0/aws-lc/third_party/s2n-bignum/include" "-Wall" "-Wextra" "-std=c99" "-Wno-unused-parameter" "-lpthread" "-D_XOPEN_SOURCE=700" "-DBORINGSSL_IMPLEMENTATION=1" "-DBORINGSSL_PREFIX=aws_lc_0_19_0" "-o" "/opt/rustwide/target/debug/build/aws-lc-sys-8d9ffb4903c9e0ff/out/b358fe7f06bd479f-md5-x86_64.o" "-c" "/opt/rustwide/cargo-home/registry/src/index.crates.io-6f17d22bba15001f/aws-lc-sys-0.19.0/aws-lc/generated-src/linux-x86_64/crypto/fipsmodule/md5-x86_64.S" with args cc did not execute successfully (status code exit status: 1).cargo:warning=/opt/rustwide/cargo-home/registry/src/index.crates.io-6f17d22bba15001f/aws-lc-sys-0.19.0/aws-lc/generated-src/linux-x86_64/crypto/fipsmodule/p256-x86_64-asm.S:5: fatal error: when writing output to /tmp/cc6sUufo.s: No space left on device
[INFO] [stderr] warning: aws-lc-sys@0.19.0:     5 | 
[INFO] [stderr] warning: aws-lc-sys@0.19.0:       | 
[INFO] [stderr] warning: aws-lc-sys@0.19.0: compilation terminated.
[INFO] [stderr] warning: aws-lc-sys@0.19.0: ToolExecError: Command "cc" "-O0" "-ffunction-sections" "-fdata-sections" "-fPIC" "-gdwarf-4" "-fno-omit-frame-pointer" "-m64" "-static" "-I" "/opt/rustwide/cargo-home/registry/src/index.crates.io-6f17d22bba15001f/aws-lc-sys-0.19.0/include" "-I" "/opt/rustwide/cargo-home/registry/src/index.crates.io-6f17d22bba15001f/aws-lc-sys-0.19.0/generated-include" "-I" "/opt/rustwide/cargo-home/registry/src/index.crates.io-6f17d22bba15001f/aws-lc-sys-0.19.0/aws-lc/include" "-I" "/opt/rustwide/cargo-home/registry/src/index.crates.io-6f17d22bba15001f/aws-lc-sys-0.19.0/aws-lc/third_party/s2n-bignum/include" "-Wall" "-Wextra" "-std=c99" "-Wno-unused-parameter" "-lpthread" "-D_XOPEN_SOURCE=700" "-DBORINGSSL_IMPLEMENTATION=1" "-DBORINGSSL_PREFIX=aws_lc_0_19_0" "-o" "/opt/rustwide/target/debug/build/aws-lc-sys-8d9ffb4903c9e0ff/out/b358fe7f06bd479f-p256-x86_64-asm.o" "-c" "/opt/rustwide/cargo-home/registry/src/index.crates.io-6f17d22bba15001f/aws-lc-sys-0.19.0/aws-lc/generated-src/linux-x86_64/crypto/fipsmodule/p256-x86_64-asm.S" with args cc did not execute successfully (status code exit status: 1).cargo:warning=/opt/rustwide/cargo-home/registry/src/index.crates.io-6f17d22bba15001f/aws-lc-sys-0.19.0/aws-lc/generated-src/linux-x86_64/crypto/fipsmodule/rsaz-avx2.S:5: fatal error: when writing output to /tmp/ccyXhb9y.s: No space left on device
[INFO] [stderr] warning: aws-lc-sys@0.19.0:     5 | 
[INFO] [stderr] warning: aws-lc-sys@0.19.0:       | 
[INFO] [stderr] warning: aws-lc-sys@0.19.0: compilation terminated.
[INFO] [stderr] warning: aws-lc-sys@0.19.0: ToolExecError: Command "cc" "-O0" "-ffunction-sections" "-fdata-sections" "-fPIC" "-gdwarf-4" "-fno-omit-frame-pointer" "-m64" "-static" "-I" "/opt/rustwide/cargo-home/registry/src/index.crates.io-6f17d22bba15001f/aws-lc-sys-0.19.0/include" "-I" "/opt/rustwide/cargo-home/registry/src/index.crates.io-6f17d22bba15001f/aws-lc-sys-0.19.0/generated-include" "-I" "/opt/rustwide/cargo-home/registry/src/index.crates.io-6f17d22bba15001f/aws-lc-sys-0.19.0/aws-lc/include" "-I" "/opt/rustwide/cargo-home/registry/src/index.crates.io-6f17d22bba15001f/aws-lc-sys-0.19.0/aws-lc/third_party/s2n-bignum/include" "-Wall" "-Wextra" "-std=c99" "-Wno-unused-parameter" "-lpthread" "-D_XOPEN_SOURCE=700" "-DBORINGSSL_IMPLEMENTATION=1" "-DBORINGSSL_PREFIX=aws_lc_0_19_0" "-o" "/opt/rustwide/target/debug/build/aws-lc-sys-8d9ffb4903c9e0ff/out/b358fe7f06bd479f-rsaz-avx2.o" "-c" "/opt/rustwide/cargo-home/registry/src/index.crates.io-6f17d22bba15001f/aws-lc-sys-0.19.0/aws-lc/generated-src/linux-x86_64/crypto/fipsmodule/rsaz-avx2.S" with args cc did not execute successfully (status code exit status: 1).cargo:warning=/opt/rustwide/cargo-home/registry/src/index.crates.io-6f17d22bba15001f/aws-lc-sys-0.19.0/aws-lc/generated-src/linux-x86_64/crypto/fipsmodule/sha1-x86_64.S:5: fatal error: when writing output to /tmp/cck5SO7F.s: No space left on device
[INFO] [stderr] warning: aws-lc-sys@0.19.0:     5 | 
[INFO] [stderr] warning: aws-lc-sys@0.19.0:       | 
[INFO] [stderr] warning: aws-lc-sys@0.19.0: compilation terminated.
[INFO] [stderr] warning: aws-lc-sys@0.19.0: ToolExecError: Command "cc" "-O0" "-ffunction-sections" "-fdata-sections" "-fPIC" "-gdwarf-4" "-fno-omit-frame-pointer" "-m64" "-static" "-I" "/opt/rustwide/cargo-home/registry/src/index.crates.io-6f17d22bba15001f/aws-lc-sys-0.19.0/include" "-I" "/opt/rustwide/cargo-home/registry/src/index.crates.io-6f17d22bba15001f/aws-lc-sys-0.19.0/generated-include" "-I" "/opt/rustwide/cargo-home/registry/src/index.crates.io-6f17d22bba15001f/aws-lc-sys-0.19.0/aws-lc/include" "-I" "/opt/rustwide/cargo-home/registry/src/index.crates.io-6f17d22bba15001f/aws-lc-sys-0.19.0/aws-lc/third_party/s2n-bignum/include" "-Wall" "-Wextra" "-std=c99" "-Wno-unused-parameter" "-lpthread" "-D_XOPEN_SOURCE=700" "-DBORINGSSL_IMPLEMENTATION=1" "-DBORINGSSL_PREFIX=aws_lc_0_19_0" "-o" "/opt/rustwide/target/debug/build/aws-lc-sys-8d9ffb4903c9e0ff/out/b358fe7f06bd479f-sha1-x86_64.o" "-c" "/opt/rustwide/cargo-home/registry/src/index.crates.io-6f17d22bba15001f/aws-lc-sys-0.19.0/aws-lc/generated-src/linux-x86_64/crypto/fipsmodule/sha1-x86_64.S" with args cc did not execute successfully (status code exit status: 1).cargo:warning=/opt/rustwide/cargo-home/registry/src/index.crates.io-6f17d22bba15001f/aws-lc-sys-0.19.0/aws-lc/generated-src/linux-x86_64/crypto/test/trampoline-x86_64.S:5: fatal error: when writing output to /tmp/ccM03gTG.s: No space left on device
[INFO] [stderr] warning: aws-lc-sys@0.19.0:     5 | 
[INFO] [stderr] warning: aws-lc-sys@0.19.0:       | 
[INFO] [stderr] warning: aws-lc-sys@0.19.0: compilation terminated.
[INFO] [stderr] warning: aws-lc-sys@0.19.0: ToolExecError: Command "cc" "-O0" "-ffunction-sections" "-fdata-sections" "-fPIC" "-gdwarf-4" "-fno-omit-frame-pointer" "-m64" "-static" "-I" "/opt/rustwide/cargo-home/registry/src/index.crates.io-6f17d22bba15001f/aws-lc-sys-0.19.0/include" "-I" "/opt/rustwide/cargo-home/registry/src/index.crates.io-6f17d22bba15001f/aws-lc-sys-0.19.0/generated-include" "-I" "/opt/rustwide/cargo-home/registry/src/index.crates.io-6f17d22bba15001f/aws-lc-sys-0.19.0/aws-lc/include" "-I" "/opt/rustwide/cargo-home/registry/src/index.crates.io-6f17d22bba15001f/aws-lc-sys-0.19.0/aws-lc/third_party/s2n-bignum/include" "-Wall" "-Wextra" "-std=c99" "-Wno-unused-parameter" "-lpthread" "-D_XOPEN_SOURCE=700" "-DBORINGSSL_IMPLEMENTATION=1" "-DBORINGSSL_PREFIX=aws_lc_0_19_0" "-o" "/opt/rustwide/target/debug/build/aws-lc-sys-8d9ffb4903c9e0ff/out/dc4817a68c331d46-trampoline-x86_64.o" "-c" "/opt/rustwide/cargo-home/registry/src/index.crates.io-6f17d22bba15001f/aws-lc-sys-0.19.0/aws-lc/generated-src/linux-x86_64/crypto/test/trampoline-x86_64.S" with args cc did not execute successfully (status code exit status: 1).cargo:warning=/opt/rustwide/cargo-home/registry/src/index.crates.io-6f17d22bba15001f/aws-lc-sys-0.19.0/aws-lc/third_party/s2n-bignum/x86_att/curve25519/curve25519_x25519.S:30: fatal error: when writing output to /tmp/cc6m5CPI.s: No space left on device
[INFO] [stderr] warning: aws-lc-sys@0.19.0:    30 | 
[INFO] [stderr] warning: aws-lc-sys@0.19.0:       | 
[INFO] [stderr] warning: aws-lc-sys@0.19.0: compilation terminated.
[INFO] [stderr] warning: aws-lc-sys@0.19.0: ToolExecError: Command "cc" "-O0" "-ffunction-sections" "-fdata-sections" "-fPIC" "-gdwarf-4" "-fno-omit-frame-pointer" "-m64" "-static" "-I" "/opt/rustwide/cargo-home/registry/src/index.crates.io-6f17d22bba15001f/aws-lc-sys-0.19.0/include" "-I" "/opt/rustwide/cargo-home/registry/src/index.crates.io-6f17d22bba15001f/aws-lc-sys-0.19.0/generated-include" "-I" "/opt/rustwide/cargo-home/registry/src/index.crates.io-6f17d22bba15001f/aws-lc-sys-0.19.0/aws-lc/include" "-I" "/opt/rustwide/cargo-home/registry/src/index.crates.io-6f17d22bba15001f/aws-lc-sys-0.19.0/aws-lc/third_party/s2n-bignum/include" "-Wall" "-Wextra" "-std=c99" "-Wno-unused-parameter" "-lpthread" "-D_XOPEN_SOURCE=700" "-DBORINGSSL_IMPLEMENTATION=1" "-DBORINGSSL_PREFIX=aws_lc_0_19_0" "-o" "/opt/rustwide/target/debug/build/aws-lc-sys-8d9ffb4903c9e0ff/out/c3fb8209d9038ebe-curve25519_x25519.o" "-c" "/opt/rustwide/cargo-home/registry/src/index.crates.io-6f17d22bba15001f/aws-lc-sys-0.19.0/aws-lc/third_party/s2n-bignum/x86_att/curve25519/curve25519_x25519.S" with args cc did not execute successfully (status code exit status: 1).cargo:warning=/opt/rustwide/cargo-home/registry/src/index.crates.io-6f17d22bba15001f/aws-lc-sys-0.19.0/aws-lc/third_party/s2n-bignum/x86_att/curve25519/curve25519_x25519_alt.S:30: fatal error: when writing output to /tmp/ccwILoxU.s: No space left on device
[INFO] [stderr] warning: aws-lc-sys@0.19.0:    30 | 
[INFO] [stderr] warning: aws-lc-sys@0.19.0:       | 
[INFO] [stderr] warning: aws-lc-sys@0.19.0: compilation terminated.
[INFO] [stderr] warning: aws-lc-sys@0.19.0: ToolExecError: Command "cc" "-O0" "-ffunction-sections" "-fdata-sections" "-fPIC" "-gdwarf-4" "-fno-omit-frame-pointer" "-m64" "-static" "-I" "/opt/rustwide/cargo-home/registry/src/index.crates.io-6f17d22bba15001f/aws-lc-sys-0.19.0/include" "-I" "/opt/rustwide/cargo-home/registry/src/index.crates.io-6f17d22bba15001f/aws-lc-sys-0.19.0/generated-include" "-I" "/opt/rustwide/cargo-home/registry/src/index.crates.io-6f17d22bba15001f/aws-lc-sys-0.19.0/aws-lc/include" "-I" "/opt/rustwide/cargo-home/registry/src/index.crates.io-6f17d22bba15001f/aws-lc-sys-0.19.0/aws-lc/third_party/s2n-bignum/include" "-Wall" "-Wextra" "-std=c99" "-Wno-unused-parameter" "-lpthread" "-D_XOPEN_SOURCE=700" "-DBORINGSSL_IMPLEMENTATION=1" "-DBORINGSSL_PREFIX=aws_lc_0_19_0" "-o" "/opt/rustwide/target/debug/build/aws-lc-sys-8d9ffb4903c9e0ff/out/c3fb8209d9038ebe-curve25519_x25519_alt.o" "-c" "/opt/rustwide/cargo-home/registry/src/index.crates.io-6f17d22bba15001f/aws-lc-sys-0.19.0/aws-lc/third_party/s2n-bignum/x86_att/curve25519/curve25519_x25519_alt.S" with args cc did not execute successfully (status code exit status: 1).cargo:warning=/opt/rustwide/cargo-home/registry/src/index.crates.io-6f17d22bba15001f/aws-lc-sys-0.19.0/aws-lc/third_party/s2n-bignum/x86_att/curve25519/curve25519_x25519base.S:26: fatal error: when writing output to /tmp/ccRNIWLc.s: No space left on device
[INFO] [stderr] warning: aws-lc-sys@0.19.0:    26 | 
[INFO] [stderr] warning: aws-lc-sys@0.19.0:       | 
[INFO] [stderr] warning: aws-lc-sys@0.19.0: compilation terminated.
[INFO] [stderr] warning: aws-lc-sys@0.19.0: ToolExecError: Command "cc" "-O0" "-ffunction-sections" "-fdata-sections" "-fPIC" "-gdwarf-4" "-fno-omit-frame-pointer" "-m64" "-static" "-I" "/opt/rustwide/cargo-home/registry/src/index.crates.io-6f17d22bba15001f/aws-lc-sys-0.19.0/include" "-I" "/opt/rustwide/cargo-home/registry/src/index.crates.io-6f17d22bba15001f/aws-lc-sys-0.19.0/generated-include" "-I" "/opt/rustwide/cargo-home/registry/src/index.crates.io-6f17d22bba15001f/aws-lc-sys-0.19.0/aws-lc/include" "-I" "/opt/rustwide/cargo-home/registry/src/index.crates.io-6f17d22bba15001f/aws-lc-sys-0.19.0/aws-lc/third_party/s2n-bignum/include" "-Wall" "-Wextra" "-std=c99" "-Wno-unused-parameter" "-lpthread" "-D_XOPEN_SOURCE=700" "-DBORINGSSL_IMPLEMENTATION=1" "-DBORINGSSL_PREFIX=aws_lc_0_19_0" "-o" "/opt/rustwide/target/debug/build/aws-lc-sys-8d9ffb4903c9e0ff/out/c3fb8209d9038ebe-curve25519_x25519base.o" "-c" "/opt/rustwide/cargo-home/registry/src/index.crates.io-6f17d22bba15001f/aws-lc-sys-0.19.0/aws-lc/third_party/s2n-bignum/x86_att/curve25519/curve25519_x25519base.S" with args cc did not execute successfully (status code exit status: 1).cargo:warning=/opt/rustwide/cargo-home/registry/src/index.crates.io-6f17d22bba15001f/aws-lc-sys-0.19.0/aws-lc/third_party/s2n-bignum/x86_att/curve25519/curve25519_x25519base_alt.S:26: fatal error: when writing output to /tmp/ccoGuWPC.s: No space left on device
[INFO] [stderr] warning: aws-lc-sys@0.19.0:    26 | 
[INFO] [stderr] warning: aws-lc-sys@0.19.0:       | 
[INFO] [stderr] warning: aws-lc-sys@0.19.0: compilation terminated.
[INFO] [stderr] warning: aws-lc-sys@0.19.0: ToolExecError: Command "cc" "-O0" "-ffunction-sections" "-fdata-sections" "-fPIC" "-gdwarf-4" "-fno-omit-frame-pointer" "-m64" "-static" "-I" "/opt/rustwide/cargo-home/registry/src/index.crates.io-6f17d22bba15001f/aws-lc-sys-0.19.0/include" "-I" "/opt/rustwide/cargo-home/registry/src/index.crates.io-6f17d22bba15001f/aws-lc-sys-0.19.0/generated-include" "-I" "/opt/rustwide/cargo-home/registry/src/index.crates.io-6f17d22bba15001f/aws-lc-sys-0.19.0/aws-lc/include" "-I" "/opt/rustwide/cargo-home/registry/src/index.crates.io-6f17d22bba15001f/aws-lc-sys-0.19.0/aws-lc/third_party/s2n-bignum/include" "-Wall" "-Wextra" "-std=c99" "-Wno-unused-parameter" "-lpthread" "-D_XOPEN_SOURCE=700" "-DBORINGSSL_IMPLEMENTATION=1" "-DBORINGSSL_PREFIX=aws_lc_0_19_0" "-o" "/opt/rustwide/target/debug/build/aws-lc-sys-8d9ffb4903c9e0ff/out/c3fb8209d9038ebe-curve25519_x25519base_alt.o" "-c" "/opt/rustwide/cargo-home/registry/src/index.crates.io-6f17d22bba15001f/aws-lc-sys-0.19.0/aws-lc/third_party/s2n-bignum/x86_att/curve25519/curve25519_x25519base_alt.S" with args cc did not execute successfully (status code exit status: 1).cargo:warning=/opt/rustwide/cargo-home/registry/src/index.crates.io-6f17d22bba15001f/aws-lc-sys-0.19.0/aws-lc/third_party/s2n-bignum/x86_att/curve25519/edwards25519_scalarmulbase.S:18: fatal error: when writing output to /tmp/cc5pCYIl.s: No space left on device
[INFO] [stderr] warning: aws-lc-sys@0.19.0:    18 | 
[INFO] [stderr] warning: aws-lc-sys@0.19.0:       | 
[INFO] [stderr] warning: aws-lc-sys@0.19.0: compilation terminated.
[INFO] [stderr] warning: aws-lc-sys@0.19.0: ToolExecError: Command "cc" "-O0" "-ffunction-sections" "-fdata-sections" "-fPIC" "-gdwarf-4" "-fno-omit-frame-pointer" "-m64" "-static" "-I" "/opt/rustwide/cargo-home/registry/src/index.crates.io-6f17d22bba15001f/aws-lc-sys-0.19.0/include" "-I" "/opt/rustwide/cargo-home/registry/src/index.crates.io-6f17d22bba15001f/aws-lc-sys-0.19.0/generated-include" "-I" "/opt/rustwide/cargo-home/registry/src/index.crates.io-6f17d22bba15001f/aws-lc-sys-0.19.0/aws-lc/include" "-I" "/opt/rustwide/cargo-home/registry/src/index.crates.io-6f17d22bba15001f/aws-lc-sys-0.19.0/aws-lc/third_party/s2n-bignum/include" "-Wall" "-Wextra" "-std=c99" "-Wno-unused-parameter" "-lpthread" "-D_XOPEN_SOURCE=700" "-DBORINGSSL_IMPLEMENTATION=1" "-DBORINGSSL_PREFIX=aws_lc_0_19_0" "-o" "/opt/rustwide/target/debug/build/aws-lc-sys-8d9ffb4903c9e0ff/out/c3fb8209d9038ebe-edwards25519_scalarmulbase.o" "-c" "/opt/rustwide/cargo-home/registry/src/index.crates.io-6f17d22bba15001f/aws-lc-sys-0.19.0/aws-lc/third_party/s2n-bignum/x86_att/curve25519/edwards25519_scalarmulbase.S" with args cc did not execute successfully (status code exit status: 1).cargo:warning=/opt/rustwide/cargo-home/registry/src/index.crates.io-6f17d22bba15001f/aws-lc-sys-0.19.0/aws-lc/third_party/s2n-bignum/x86_att/curve25519/edwards25519_scalarmulbase_alt.S:18: fatal error: when writing output to /tmp/ccWk2HHC.s: No space left on device
[INFO] [stderr] warning: aws-lc-sys@0.19.0:    18 | 
[INFO] [stderr] warning: aws-lc-sys@0.19.0:       | 
[INFO] [stderr] warning: aws-lc-sys@0.19.0: compilation terminated.
[INFO] [stderr] warning: aws-lc-sys@0.19.0: ToolExecError: Command "cc" "-O0" "-ffunction-sections" "-fdata-sections" "-fPIC" "-gdwarf-4" "-fno-omit-frame-pointer" "-m64" "-static" "-I" "/opt/rustwide/cargo-home/registry/src/index.crates.io-6f17d22bba15001f/aws-lc-sys-0.19.0/include" "-I" "/opt/rustwide/cargo-home/registry/src/index.crates.io-6f17d22bba15001f/aws-lc-sys-0.19.0/generated-include" "-I" "/opt/rustwide/cargo-home/registry/src/index.crates.io-6f17d22bba15001f/aws-lc-sys-0.19.0/aws-lc/include" "-I" "/opt/rustwide/cargo-home/registry/src/index.crates.io-6f17d22bba15001f/aws-lc-sys-0.19.0/aws-lc/third_party/s2n-bignum/include" "-Wall" "-Wextra" "-std=c99" "-Wno-unused-parameter" "-lpthread" "-D_XOPEN_SOURCE=700" "-DBORINGSSL_IMPLEMENTATION=1" "-DBORINGSSL_PREFIX=aws_lc_0_19_0" "-o" "/opt/rustwide/target/debug/build/aws-lc-sys-8d9ffb4903c9e0ff/out/c3fb8209d9038ebe-edwards25519_scalarmulbase_alt.o" "-c" "/opt/rustwide/cargo-home/registry/src/index.crates.io-6f17d22bba15001f/aws-lc-sys-0.19.0/aws-lc/third_party/s2n-bignum/x86_att/curve25519/edwards25519_scalarmulbase_alt.S" with args cc did not execute successfully (status code exit status: 1).cargo:warning=/opt/rustwide/cargo-home/registry/src/index.crates.io-6f17d22bba15001f/aws-lc-sys-0.19.0/aws-lc/third_party/s2n-bignum/x86_att/curve25519/edwards25519_scalarmuldouble.S:26: fatal error: when writing output to /tmp/ccADlVHK.s: No space left on device
[INFO] [stderr] warning: aws-lc-sys@0.19.0:    26 | 
[INFO] [stderr] warning: aws-lc-sys@0.19.0:       | 
[INFO] [stderr] warning: aws-lc-sys@0.19.0: compilation terminated.
[INFO] [stderr] warning: aws-lc-sys@0.19.0: ToolExecError: Command "cc" "-O0" "-ffunction-sections" "-fdata-sections" "-fPIC" "-gdwarf-4" "-fno-omit-frame-pointer" "-m64" "-static" "-I" "/opt/rustwide/cargo-home/registry/src/index.crates.io-6f17d22bba15001f/aws-lc-sys-0.19.0/include" "-I" "/opt/rustwide/cargo-home/registry/src/index.crates.io-6f17d22bba15001f/aws-lc-sys-0.19.0/generated-include" "-I" "/opt/rustwide/cargo-home/registry/src/index.crates.io-6f17d22bba15001f/aws-lc-sys-0.19.0/aws-lc/include" "-I" "/opt/rustwide/cargo-home/registry/src/index.crates.io-6f17d22bba15001f/aws-lc-sys-0.19.0/aws-lc/third_party/s2n-bignum/include" "-Wall" "-Wextra" "-std=c99" "-Wno-unused-parameter" "-lpthread" "-D_XOPEN_SOURCE=700" "-DBORINGSSL_IMPLEMENTATION=1" "-DBORINGSSL_PREFIX=aws_lc_0_19_0" "-o" "/opt/rustwide/target/debug/build/aws-lc-sys-8d9ffb4903c9e0ff/out/c3fb8209d9038ebe-edwards25519_scalarmuldouble.o" "-c" "/opt/rustwide/cargo-home/registry/src/index.crates.io-6f17d22bba15001f/aws-lc-sys-0.19.0/aws-lc/third_party/s2n-bignum/x86_att/curve25519/edwards25519_scalarmuldouble.S" with args cc did not execute successfully (status code exit status: 1).cargo:warning=/opt/rustwide/cargo-home/registry/src/index.crates.io-6f17d22bba15001f/aws-lc-sys-0.19.0/aws-lc/third_party/s2n-bignum/x86_att/curve25519/edwards25519_scalarmuldouble_alt.S:26: fatal error: when writing output to /tmp/cc3cnUi1.s: No space left on device
[INFO] [stderr] warning: aws-lc-sys@0.19.0:    26 | 
[INFO] [stderr] warning: aws-lc-sys@0.19.0:       | 
[INFO] [stderr] warning: aws-lc-sys@0.19.0: compilation terminated.
[INFO] [stderr] warning: aws-lc-sys@0.19.0: ToolExecError: Command "cc" "-O0" "-ffunction-sections" "-fdata-sections" "-fPIC" "-gdwarf-4" "-fno-omit-frame-pointer" "-m64" "-static" "-I" "/opt/rustwide/cargo-home/registry/src/index.crates.io-6f17d22bba15001f/aws-lc-sys-0.19.0/include" "-I" "/opt/rustwide/cargo-home/registry/src/index.crates.io-6f17d22bba15001f/aws-lc-sys-0.19.0/generated-include" "-I" "/opt/rustwide/cargo-home/registry/src/index.crates.io-6f17d22bba15001f/aws-lc-sys-0.19.0/aws-lc/include" "-I" "/opt/rustwide/cargo-home/registry/src/index.crates.io-6f17d22bba15001f/aws-lc-sys-0.19.0/aws-lc/third_party/s2n-bignum/include" "-Wall" "-Wextra" "-std=c99" "-Wno-unused-parameter" "-lpthread" "-D_XOPEN_SOURCE=700" "-DBORINGSSL_IMPLEMENTATION=1" "-DBORINGSSL_PREFIX=aws_lc_0_19_0" "-o" "/opt/rustwide/target/debug/build/aws-lc-sys-8d9ffb4903c9e0ff/out/c3fb8209d9038ebe-edwards25519_scalarmuldouble_alt.o" "-c" "/opt/rustwide/cargo-home/registry/src/index.crates.io-6f17d22bba15001f/aws-lc-sys-0.19.0/aws-lc/third_party/s2n-bignum/x86_att/curve25519/edwards25519_scalarmuldouble_alt.S" with args cc did not execute successfully (status code exit status: 1).
[INFO] [stderr] warning: aws-lc-sys@0.19.0: /opt/rustwide/cargo-home/registry/src/index.crates.io-6f17d22bba15001f/aws-lc-sys-0.19.0/aws-lc/third_party/s2n-bignum/x86_att/p521/bignum_add_p521.S:16: fatal error: when writing output to /tmp/ccKB0sx2.s: No space left on device
[INFO] [stderr] warning: aws-lc-sys@0.19.0:    16 | 
[INFO] [stderr] warning: aws-lc-sys@0.19.0:       | 
[INFO] [stderr] warning: aws-lc-sys@0.19.0: compilation terminated.
[INFO] [stderr] warning: aws-lc-sys@0.19.0: ToolExecError: Command "cc" "-O0" "-ffunction-sections" "-fdata-sections" "-fPIC" "-gdwarf-4" "-fno-omit-frame-pointer" "-m64" "-static" "-I" "/opt/rustwide/cargo-home/registry/src/index.crates.io-6f17d22bba15001f/aws-lc-sys-0.19.0/include" "-I" "/opt/rustwide/cargo-home/registry/src/index.crates.io-6f17d22bba15001f/aws-lc-sys-0.19.0/generated-include" "-I" "/opt/rustwide/cargo-home/registry/src/index.crates.io-6f17d22bba15001f/aws-lc-sys-0.19.0/aws-lc/include" "-I" "/opt/rustwide/cargo-home/registry/src/index.crates.io-6f17d22bba15001f/aws-lc-sys-0.19.0/aws-lc/third_party/s2n-bignum/include" "-Wall" "-Wextra" "-std=c99" "-Wno-unused-parameter" "-lpthread" "-D_XOPEN_SOURCE=700" "-DBORINGSSL_IMPLEMENTATION=1" "-DBORINGSSL_PREFIX=aws_lc_0_19_0" "-o" "/opt/rustwide/target/debug/build/aws-lc-sys-8d9ffb4903c9e0ff/out/ae28b3d713fc0998-bignum_add_p521.o" "-c" "/opt/rustwide/cargo-home/registry/src/index.crates.io-6f17d22bba15001f/aws-lc-sys-0.19.0/aws-lc/third_party/s2n-bignum/x86_att/p521/bignum_add_p521.S" with args cc did not execute successfully (status code exit status: 1).cargo:warning=/tmp/ccfnNmxy.s: Assembler messages:
[INFO] [stderr] warning: aws-lc-sys@0.19.0: /tmp/ccfnNmxy.s: Fatal error: can't write 71 bytes to section .text of /opt/rustwide/target/debug/build/aws-lc-sys-8d9ffb4903c9e0ff/out/ae28b3d713fc0998-bignum_tolebytes_p521.o: 'No space left on device'
[INFO] [stderr] warning: aws-lc-sys@0.19.0: /tmp/ccfnNmxy.s: Fatal error: /opt/rustwide/target/debug/build/aws-lc-sys-8d9ffb4903c9e0ff/out/ae28b3d713fc0998-bignum_tolebytes_p521.o: No space left on device
[INFO] [stderr] warning: aws-lc-sys@0.19.0: ToolExecError: Command "cc" "-O0" "-ffunction-sections" "-fdata-sections" "-fPIC" "-gdwarf-4" "-fno-omit-frame-pointer" "-m64" "-static" "-I" "/opt/rustwide/cargo-home/registry/src/index.crates.io-6f17d22bba15001f/aws-lc-sys-0.19.0/include" "-I" "/opt/rustwide/cargo-home/registry/src/index.crates.io-6f17d22bba15001f/aws-lc-sys-0.19.0/generated-include" "-I" "/opt/rustwide/cargo-home/registry/src/index.crates.io-6f17d22bba15001f/aws-lc-sys-0.19.0/aws-lc/include" "-I" "/opt/rustwide/cargo-home/registry/src/index.crates.io-6f17d22bba15001f/aws-lc-sys-0.19.0/aws-lc/third_party/s2n-bignum/include" "-Wall" "-Wextra" "-std=c99" "-Wno-unused-parameter" "-lpthread" "-D_XOPEN_SOURCE=700" "-DBORINGSSL_IMPLEMENTATION=1" "-DBORINGSSL_PREFIX=aws_lc_0_19_0" "-o" "/opt/rustwide/target/debug/build/aws-lc-sys-8d9ffb4903c9e0ff/out/ae28b3d713fc0998-bignum_tolebytes_p521.o" "-c" "/opt/rustwide/cargo-home/registry/src/index.crates.io-6f17d22bba15001f/aws-lc-sys-0.19.0/aws-lc/third_party/s2n-bignum/x86_att/p521/bignum_tolebytes_p521.S" with args cc did not execute successfully (status code exit status: 1).
[INFO] [stderr] 
[INFO] [stderr] error: failed to run custom build command for `aws-lc-sys v0.19.0`
[INFO] [stderr] note: To improve backtraces for build dependencies, set the CARGO_PROFILE_DEV_BUILD_OVERRIDE_DEBUG=true environment variable to enable debug information generation.
[INFO] [stderr] 
[INFO] [stderr] Caused by:
[INFO] [stderr]   process didn't exit successfully: `/opt/rustwide/target/debug/build/aws-lc-sys-3299abcf74f4de78/build-script-main` (exit status: 1)
[INFO] [stderr]   --- stdout
[INFO] [stderr]   cargo:rerun-if-env-changed=AWS_LC_SYS_NO_PREFIX
[INFO] [stderr]   cargo:rerun-if-env-changed=AWS_LC_SYS_INTERNAL_BINDGEN
[INFO] [stderr]   cargo:rerun-if-env-changed=AWS_LC_SYS_EXTERNAL_BINDGEN
[INFO] [stderr]   cargo:rerun-if-env-changed=AWS_LC_SYS_NO_ASM
[INFO] [stderr]   cargo:rustc-cfg=x86_64_unknown_linux_gnu
[INFO] [stderr]   cargo:rerun-if-env-changed=AWS_LC_SYS_CMAKE_BUILDER
[INFO] [stderr]   cargo:rerun-if-env-changed=AWS_LC_SYS_STATIC
[INFO] [stderr]   default_for Target: 'x86_64-unknown-linux-gnu'
[INFO] [stderr]   cargo:rerun-if-env-changed=CARGO_FEATURE_SSL
[INFO] [stderr]   default_for Target: 'x86_64-unknown-linux-gnu'
[INFO] [stderr]   cargo:rerun-if-env-changed=CARGO_FEATURE_SSL
[INFO] [stderr]   cargo:root=/opt/rustwide/target/debug/build/aws-lc-sys-8d9ffb4903c9e0ff/out
[INFO] [stderr]   default_for Target: 'x86_64-unknown-linux-gnu'
[INFO] [stderr]   OPT_LEVEL = Some(0)
[INFO] [stderr]   TARGET = Some(x86_64-unknown-linux-gnu)
[INFO] [stderr]   OUT_DIR = Some(/opt/rustwide/target/debug/build/aws-lc-sys-8d9ffb4903c9e0ff/out)
[INFO] [stderr]   HOST = Some(x86_64-unknown-linux-gnu)
[INFO] [stderr]   cargo:rerun-if-env-changed=CC_x86_64-unknown-linux-gnu
[INFO] [stderr]   CC_x86_64-unknown-linux-gnu = None
[INFO] [stderr]   cargo:rerun-if-env-changed=CC_x86_64_unknown_linux_gnu
[INFO] [stderr]   CC_x86_64_unknown_linux_gnu = None
[INFO] [stderr]   cargo:rerun-if-env-changed=HOST_CC
[INFO] [stderr]   HOST_CC = None
[INFO] [stderr]   cargo:rerun-if-env-changed=CC
[INFO] [stderr]   CC = None
[INFO] [stderr]   cargo:rerun-if-env-changed=CC_ENABLE_DEBUG_OUTPUT
[INFO] [stderr]   RUSTC_WRAPPER = None
[INFO] [stderr]   cargo:rerun-if-env-changed=CRATE_CC_NO_DEFAULTS
[INFO] [stderr]   CRATE_CC_NO_DEFAULTS = None
[INFO] [stderr]   DEBUG = Some(true)
[INFO] [stderr]   CARGO_CFG_TARGET_FEATURE = Some(fxsr,sse,sse2)
[INFO] [stderr]   cargo:rerun-if-env-changed=CFLAGS_x86_64-unknown-linux-gnu
[INFO] [stderr]   CFLAGS_x86_64-unknown-linux-gnu = None
[INFO] [stderr]   cargo:rerun-if-env-changed=CFLAGS_x86_64_unknown_linux_gnu
[INFO] [stderr]   CFLAGS_x86_64_unknown_linux_gnu = None
[INFO] [stderr]   cargo:rerun-if-env-changed=HOST_CFLAGS
[INFO] [stderr]   HOST_CFLAGS = None
[INFO] [stderr]   cargo:rerun-if-env-changed=CFLAGS
[INFO] [stderr]   CFLAGS = None
[INFO] [stderr]   TARGET = Some(x86_64-unknown-linux-gnu)
[INFO] [stderr]   OPT_LEVEL = Some(0)
[INFO] [stderr]   HOST = Some(x86_64-unknown-linux-gnu)
[INFO] [stderr]   cargo:rerun-if-env-changed=CC_x86_64-unknown-linux-gnu
[INFO] [stderr]   CC_x86_64-unknown-linux-gnu = None
[INFO] [stderr]   cargo:rerun-if-env-changed=CC_x86_64_unknown_linux_gnu
[INFO] [stderr]   CC_x86_64_unknown_linux_gnu = None
[INFO] [stderr]   cargo:rerun-if-env-changed=HOST_CC
[INFO] [stderr]   HOST_CC = None
[INFO] [stderr]   cargo:rerun-if-env-changed=CC
[INFO] [stderr]   CC = None
[INFO] [stderr]   cargo:rerun-if-env-changed=CC_ENABLE_DEBUG_OUTPUT
[INFO] [stderr]   RUSTC_WRAPPER = None
[INFO] [stderr]   cargo:rerun-if-env-changed=CRATE_CC_NO_DEFAULTS
[INFO] [stderr]   CRATE_CC_NO_DEFAULTS = None
[INFO] [stderr]   DEBUG = Some(true)
[INFO] [stderr]   cargo:rerun-if-env-changed=CFLAGS_x86_64-unknown-linux-gnu
[INFO] [stderr]   CFLAGS_x86_64-unknown-linux-gnu = None
[INFO] [stderr]   cargo:rerun-if-env-changed=CFLAGS_x86_64_unknown_linux_gnu
[INFO] [stderr]   CFLAGS_x86_64_unknown_linux_gnu = None
[INFO] [stderr]   cargo:rerun-if-env-changed=HOST_CFLAGS
[INFO] [stderr]   HOST_CFLAGS = None
[INFO] [stderr]   cargo:rerun-if-env-changed=CFLAGS
[INFO] [stderr]   CFLAGS = None
[INFO] [stderr]   exit status: 0
[INFO] [stderr]   exit status: 0
[INFO] [stderr]   exit status: 0
[INFO] [stderr]   exit status: 0
[INFO] [stderr]   exit status: 0
[INFO] [stderr]   exit status: 0
[INFO] [stderr]   exit status: 0
[INFO] [stderr]   exit status: 0
[INFO] [stderr]   exit status: 0
[INFO] [stderr]   exit status: 0
[INFO] [stderr]   exit status: 0
[INFO] [stderr]   exit status: 0
[INFO] [stderr]   exit status: 0
[INFO] [stderr]   exit status: 0
[INFO] [stderr]   exit status: 0
[INFO] [stderr]   exit status: 0
[INFO] [stderr]   exit status: 0
[INFO] [stderr]   exit status: 0
[INFO] [stderr]   exit status: 0
[INFO] [stderr]   exit status: 0
[INFO] [stderr]   exit status: 0
[INFO] [stderr]   exit status: 0
[INFO] [stderr]   exit status: 0
[INFO] [stderr]   exit status: 0
[INFO] [stderr]   exit status: 0
[INFO] [stderr]   exit status: 0
[INFO] [stderr]   exit status: 0
[INFO] [stderr]   exit status: 0
[INFO] [stderr]   exit status: 0
[INFO] [stderr]   exit status: 0
[INFO] [stderr]   exit status: 0
[INFO] [stderr]   exit status: 0
[INFO] [stderr]   exit status: 0
[INFO] [stderr]   exit status: 0
[INFO] [stderr]   exit status: 0
[INFO] [stderr]   exit status: 0
[INFO] [stderr]   exit status: 0
[INFO] [stderr]   exit status: 0
[INFO] [stderr]   exit status: 0
[INFO] [stderr]   exit status: 0
[INFO] [stderr]   exit status: 0
[INFO] [stderr]   exit status: 0
[INFO] [stderr]   exit status: 0
[INFO] [stderr]   exit status: 0
[INFO] [stderr]   exit status: 0
[INFO] [stderr]   exit status: 0
[INFO] [stderr]   exit status: 0
[INFO] [stderr]   exit status: 0
[INFO] [stderr]   exit status: 0
[INFO] [stderr]   exit status: 0
[INFO] [stderr]   exit status: 0
[INFO] [stderr]   exit status: 0
[INFO] [stderr]   exit status: 0
[INFO] [stderr]   exit status: 0
[INFO] [stderr]   exit status: 0
[INFO] [stderr]   exit status: 0
[INFO] [stderr]   exit status: 0
[INFO] [stderr]   exit status: 0
[INFO] [stderr]   exit status: 0
[INFO] [stderr]   exit status: 0
[INFO] [stderr]   exit status: 0
[INFO] [stderr]   exit status: 0
[INFO] [stderr]   exit status: 0
[INFO] [stderr]   exit status: 0
[INFO] [stderr]   exit status: 0
[INFO] [stderr]   exit status: 0
[INFO] [stderr]   exit status: 0
[INFO] [stderr]   exit status: 0
[INFO] [stderr]   exit status: 0
[INFO] [stderr]   exit status: 0
[INFO] [stderr]   exit status: 0
[INFO] [stderr]   exit status: 0
[INFO] [stderr]   exit status: 0
[INFO] [stderr]   exit status: 0
[INFO] [stderr]   exit status: 0
[INFO] [stderr]   exit status: 0
[INFO] [stderr]   exit status: 0
[INFO] [stderr]   exit status: 0
[INFO] [stderr]   exit status: 0
[INFO] [stderr]   exit status: 0
[INFO] [stderr]   exit status: 0
[INFO] [stderr]   exit status: 0
[INFO] [stderr]   exit status: 0
[INFO] [stderr]   exit status: 0
[INFO] [stderr]   exit status: 0
[INFO] [stderr]   exit status: 0
[INFO] [stderr]   exit status: 0
[INFO] [stderr]   exit status: 0
[INFO] [stderr]   exit status: 0
[INFO] [stderr]   exit status: 0
[INFO] [stderr]   exit status: 0
[INFO] [stderr]   exit status: 0
[INFO] [stderr]   exit status: 0
[INFO] [stderr]   exit status: 0
[INFO] [stderr]   exit status: 0
[INFO] [stderr]   exit status: 0
[INFO] [stderr]   exit status: 0
[INFO] [stderr]   exit status: 0
[INFO] [stderr]   exit status: 0
[INFO] [stderr]   exit status: 0
[INFO] [stderr]   exit status: 0
[INFO] [stderr]   exit status: 0
[INFO] [stderr]   exit status: 0
[INFO] [stderr]   exit status: 0
[INFO] [stderr]   cargo:warning=/opt/rustwide/cargo-home/registry/src/index.crates.io-6f17d22bba15001f/aws-lc-sys-0.19.0/aws-lc/crypto/fipsmodule/bcm.c:413:1: fatal error: error writing to /tmp/ccCVgT2p.s: No space left on device
[INFO] [stderr]   cargo:warning=  413 | }
[INFO] [stderr]   cargo:warning=      | ^
[INFO] [stderr]   cargo:warning=compilation terminated.
[INFO] [stderr]   exit status: 0
[INFO] [stderr]   exit status: 0
[INFO] [stderr]   exit status: 0
[INFO] [stderr]   exit status: 0
[INFO] [stderr]   exit status: 0
[INFO] [stderr]   exit status: 0
[INFO] [stderr]   exit status: 1
[INFO] [stderr]   cargo:warning=ToolExecError: Command "cc" "-O0" "-ffunction-sections" "-fdata-sections" "-fPIC" "-gdwarf-4" "-fno-omit-frame-pointer" "-m64" "-static" "-I" "/opt/rustwide/cargo-home/registry/src/index.crates.io-6f17d22bba15001f/aws-lc-sys-0.19.0/include" "-I" "/opt/rustwide/cargo-home/registry/src/index.crates.io-6f17d22bba15001f/aws-lc-sys-0.19.0/generated-include" "-I" "/opt/rustwide/cargo-home/registry/src/index.crates.io-6f17d22bba15001f/aws-lc-sys-0.19.0/aws-lc/include" "-I" "/opt/rustwide/cargo-home/registry/src/index.crates.io-6f17d22bba15001f/aws-lc-sys-0.19.0/aws-lc/third_party/s2n-bignum/include" "-Wall" "-Wextra" "-std=c99" "-Wno-unused-parameter" "-lpthread" "-D_XOPEN_SOURCE=700" "-DBORINGSSL_IMPLEMENTATION=1" "-DBORINGSSL_PREFIX=aws_lc_0_19_0" "-o" "/opt/rustwide/target/debug/build/aws-lc-sys-8d9ffb4903c9e0ff/out/8385233015a0781b-bcm.o" "-c" "/opt/rustwide/cargo-home/registry/src/index.crates.io-6f17d22bba15001f/aws-lc-sys-0.19.0/aws-lc/crypto/fipsmodule/bcm.c" with args cc did not execute successfully (status code exit status: 1).cargo:warning=/opt/rustwide/cargo-home/registry/src/index.crates.io-6f17d22bba15001f/aws-lc-sys-0.19.0/aws-lc/crypto/hrss/asm/poly_rq_mul.S:16: fatal error: when writing output to /tmp/ccSM0ion.s: No space left on device
[INFO] [stderr]   cargo:warning=   16 | 
[INFO] [stderr]   cargo:warning=      | 
[INFO] [stderr]   cargo:warning=compilation terminated.
[INFO] [stderr] 
[INFO] [stderr]   exit status: 0
[INFO] [stderr]   exit status: 0
[INFO] [stderr]   exit status: 0
[INFO] [stderr]   exit status: 1
[INFO] [stderr]   cargo:warning=ToolExecError: Command "cc" "-O0" "-ffunction-sections" "-fdata-sections" "-fPIC" "-gdwarf-4" "-fno-omit-frame-pointer" "-m64" "-static" "-I" "/opt/rustwide/cargo-home/registry/src/index.crates.io-6f17d22bba15001f/aws-lc-sys-0.19.0/include" "-I" "/opt/rustwide/cargo-home/registry/src/index.crates.io-6f17d22bba15001f/aws-lc-sys-0.19.0/generated-include" "-I" "/opt/rustwide/cargo-home/registry/src/index.crates.io-6f17d22bba15001f/aws-lc-sys-0.19.0/aws-lc/include" "-I" "/opt/rustwide/cargo-home/registry/src/index.crates.io-6f17d22bba15001f/aws-lc-sys-0.19.0/aws-lc/third_party/s2n-bignum/include" "-Wall" "-Wextra" "-std=c99" "-Wno-unused-parameter" "-lpthread" "-D_XOPEN_SOURCE=700" "-DBORINGSSL_IMPLEMENTATION=1" "-DBORINGSSL_PREFIX=aws_lc_0_19_0" "-o" "/opt/rustwide/target/debug/build/aws-lc-sys-8d9ffb4903c9e0ff/out/37699094f124d209-poly_rq_mul.o" "-c" "/opt/rustwide/cargo-home/registry/src/index.crates.io-6f17d22bba15001f/aws-lc-sys-0.19.0/aws-lc/crypto/hrss/asm/poly_rq_mul.S" with args cc did not execute successfully (status code exit status: 1).cargo:warning=/opt/rustwide/cargo-home/registry/src/index.crates.io-6f17d22bba15001f/aws-lc-sys-0.19.0/aws-lc/crypto/kem/kem.c:173:1: fatal error: error writing to /tmp/ccl0uUk1.s: No space left on device
[INFO] [stderr]   cargo:warning=  173 | }
[INFO] [stderr]   cargo:warning=      | ^
[INFO] [stderr]   cargo:warning=compilation terminated.
[INFO] [stderr] 
[INFO] [stderr]   exit status: 1
[INFO] [stderr]   cargo:warning=ToolExecError: Command "cc" "-O0" "-ffunction-sections" "-fdata-sections" "-fPIC" "-gdwarf-4" "-fno-omit-frame-pointer" "-m64" "-static" "-I" "/opt/rustwide/cargo-home/registry/src/index.crates.io-6f17d22bba15001f/aws-lc-sys-0.19.0/include" "-I" "/opt/rustwide/cargo-home/registry/src/index.crates.io-6f17d22bba15001f/aws-lc-sys-0.19.0/generated-include" "-I" "/opt/rustwide/cargo-home/registry/src/index.crates.io-6f17d22bba15001f/aws-lc-sys-0.19.0/aws-lc/include" "-I" "/opt/rustwide/cargo-home/registry/src/index.crates.io-6f17d22bba15001f/aws-lc-sys-0.19.0/aws-lc/third_party/s2n-bignum/include" "-Wall" "-Wextra" "-std=c99" "-Wno-unused-parameter" "-lpthread" "-D_XOPEN_SOURCE=700" "-DBORINGSSL_IMPLEMENTATION=1" "-DBORINGSSL_PREFIX=aws_lc_0_19_0" "-o" "/opt/rustwide/target/debug/build/aws-lc-sys-8d9ffb4903c9e0ff/out/8333133950ee3938-kem.o" "-c" "/opt/rustwide/cargo-home/registry/src/index.crates.io-6f17d22bba15001f/aws-lc-sys-0.19.0/aws-lc/crypto/kem/kem.c" with args cc did not execute successfully (status code exit status: 1).cargo:warning=/opt/rustwide/cargo-home/registry/src/index.crates.io-6f17d22bba15001f/aws-lc-sys-0.19.0/aws-lc/crypto/hrss/hrss.c:2262:1: fatal error: error writing to /tmp/cc3ZRalo.s: No space left on device
[INFO] [stderr]   cargo:warning= 2262 | }
[INFO] [stderr]   cargo:warning=      | ^
[INFO] [stderr]   cargo:warning=compilation terminated.
[INFO] [stderr] 
[INFO] [stderr]   exit status: 0
[INFO] [stderr]   exit status: 0
[INFO] [stderr]   exit status: 1
[INFO] [stderr]   cargo:warning=ToolExecError: Command "cc" "-O0" "-ffunction-sections" "-fdata-sections" "-fPIC" "-gdwarf-4" "-fno-omit-frame-pointer" "-m64" "-static" "-I" "/opt/rustwide/cargo-home/registry/src/index.crates.io-6f17d22bba15001f/aws-lc-sys-0.19.0/include" "-I" "/opt/rustwide/cargo-home/registry/src/index.crates.io-6f17d22bba15001f/aws-lc-sys-0.19.0/generated-include" "-I" "/opt/rustwide/cargo-home/registry/src/index.crates.io-6f17d22bba15001f/aws-lc-sys-0.19.0/aws-lc/include" "-I" "/opt/rustwide/cargo-home/registry/src/index.crates.io-6f17d22bba15001f/aws-lc-sys-0.19.0/aws-lc/third_party/s2n-bignum/include" "-Wall" "-Wextra" "-std=c99" "-Wno-unused-parameter" "-lpthread" "-D_XOPEN_SOURCE=700" "-DBORINGSSL_IMPLEMENTATION=1" "-DBORINGSSL_PREFIX=aws_lc_0_19_0" "-o" "/opt/rustwide/target/debug/build/aws-lc-sys-8d9ffb4903c9e0ff/out/f59f10c61230174c-hrss.o" "-c" "/opt/rustwide/cargo-home/registry/src/index.crates.io-6f17d22bba15001f/aws-lc-sys-0.19.0/aws-lc/crypto/hrss/hrss.c" with args cc did not execute successfully (status code exit status: 1).cargo:warning=/tmp/cc9yRxTf.s: Assembler messages:
[INFO] [stderr]   cargo:warning=/tmp/cc9yRxTf.s: Fatal error: /opt/rustwide/target/debug/build/aws-lc-sys-8d9ffb4903c9e0ff/out/dbe4e0b19a5f45b4-kyber1024r3_ref.o: No space left on device
[INFO] [stderr] 
[INFO] [stderr]   exit status: 0
[INFO] [stderr]   exit status: 1
[INFO] [stderr]   cargo:warning=ToolExecError: Command "cc" "-O0" "-ffunction-sections" "-fdata-sections" "-fPIC" "-gdwarf-4" "-fno-omit-frame-pointer" "-m64" "-static" "-I" "/opt/rustwide/cargo-home/registry/src/index.crates.io-6f17d22bba15001f/aws-lc-sys-0.19.0/include" "-I" "/opt/rustwide/cargo-home/registry/src/index.crates.io-6f17d22bba15001f/aws-lc-sys-0.19.0/generated-include" "-I" "/opt/rustwide/cargo-home/registry/src/index.crates.io-6f17d22bba15001f/aws-lc-sys-0.19.0/aws-lc/include" "-I" "/opt/rustwide/cargo-home/registry/src/index.crates.io-6f17d22bba15001f/aws-lc-sys-0.19.0/aws-lc/third_party/s2n-bignum/include" "-Wall" "-Wextra" "-std=c99" "-Wno-unused-parameter" "-lpthread" "-D_XOPEN_SOURCE=700" "-DBORINGSSL_IMPLEMENTATION=1" "-DBORINGSSL_PREFIX=aws_lc_0_19_0" "-o" "/opt/rustwide/target/debug/build/aws-lc-sys-8d9ffb4903c9e0ff/out/dbe4e0b19a5f45b4-kyber1024r3_ref.o" "-c" "/opt/rustwide/cargo-home/registry/src/index.crates.io-6f17d22bba15001f/aws-lc-sys-0.19.0/aws-lc/crypto/kyber/kyber1024r3_ref.c" with args cc did not execute successfully (status code exit status: 1).cargo:warning=/opt/rustwide/cargo-home/registry/src/index.crates.io-6f17d22bba15001f/aws-lc-sys-0.19.0/aws-lc/crypto/obj/obj.c:572:1: fatal error: error writing to /tmp/ccGayYjb.s: No space left on device
[INFO] [stderr]   cargo:warning=  572 | void OBJ_cleanup(void) {}
[INFO] [stderr]   cargo:warning=      | ^~~~
[INFO] [stderr]   cargo:warning=compilation terminated.
[INFO] [stderr] 
[INFO] [stderr]   exit status: 0
[INFO] [stderr]   exit status: 0
[INFO] [stderr]   exit status: 0
[INFO] [stderr]   exit status: 0
[INFO] [stderr]   exit status: 0
[INFO] [stderr]   exit status: 1
[INFO] [stderr]   cargo:warning=ToolExecError: Command "cc" "-O0" "-ffunction-sections" "-fdata-sections" "-fPIC" "-gdwarf-4" "-fno-omit-frame-pointer" "-m64" "-static" "-I" "/opt/rustwide/cargo-home/registry/src/index.crates.io-6f17d22bba15001f/aws-lc-sys-0.19.0/include" "-I" "/opt/rustwide/cargo-home/registry/src/index.crates.io-6f17d22bba15001f/aws-lc-sys-0.19.0/generated-include" "-I" "/opt/rustwide/cargo-home/registry/src/index.crates.io-6f17d22bba15001f/aws-lc-sys-0.19.0/aws-lc/include" "-I" "/opt/rustwide/cargo-home/registry/src/index.crates.io-6f17d22bba15001f/aws-lc-sys-0.19.0/aws-lc/third_party/s2n-bignum/include" "-Wall" "-Wextra" "-std=c99" "-Wno-unused-parameter" "-lpthread" "-D_XOPEN_SOURCE=700" "-DBORINGSSL_IMPLEMENTATION=1" "-DBORINGSSL_PREFIX=aws_lc_0_19_0" "-o" "/opt/rustwide/target/debug/build/aws-lc-sys-8d9ffb4903c9e0ff/out/158a5a2beabd9e7f-obj.o" "-c" "/opt/rustwide/cargo-home/registry/src/index.crates.io-6f17d22bba15001f/aws-lc-sys-0.19.0/aws-lc/crypto/obj/obj.c" with args cc did not execute successfully (status code exit status: 1).cargo:warning=/opt/rustwide/cargo-home/registry/src/index.crates.io-6f17d22bba15001f/aws-lc-sys-0.19.0/aws-lc/crypto/ocsp/ocsp_lib.c:236:1: fatal error: error writing to /tmp/ccGYtUDU.s: No space left on device
[INFO] [stderr]   cargo:warning=  236 | }
[INFO] [stderr]   cargo:warning=      | ^
[INFO] [stderr]   cargo:warning=compilation terminated.
[INFO] [stderr] 
[INFO] [stderr]   exit status: 0
[INFO] [stderr]   exit status: 0
[INFO] [stderr]   exit status: 0
[INFO] [stderr]   exit status: 0
[INFO] [stderr]   exit status: 0
[INFO] [stderr]   exit status: 0
[INFO] [stderr]   exit status: 1
[INFO] [stderr]   cargo:warning=ToolExecError: Command "cc" "-O0" "-ffunction-sections" "-fdata-sections" "-fPIC" "-gdwarf-4" "-fno-omit-frame-pointer" "-m64" "-static" "-I" "/opt/rustwide/cargo-home/registry/src/index.crates.io-6f17d22bba15001f/aws-lc-sys-0.19.0/include" "-I" "/opt/rustwide/cargo-home/registry/src/index.crates.io-6f17d22bba15001f/aws-lc-sys-0.19.0/generated-include" "-I" "/opt/rustwide/cargo-home/registry/src/index.crates.io-6f17d22bba15001f/aws-lc-sys-0.19.0/aws-lc/include" "-I" "/opt/rustwide/cargo-home/registry/src/index.crates.io-6f17d22bba15001f/aws-lc-sys-0.19.0/aws-lc/third_party/s2n-bignum/include" "-Wall" "-Wextra" "-std=c99" "-Wno-unused-parameter" "-lpthread" "-D_XOPEN_SOURCE=700" "-DBORINGSSL_IMPLEMENTATION=1" "-DBORINGSSL_PREFIX=aws_lc_0_19_0" "-o" "/opt/rustwide/target/debug/build/aws-lc-sys-8d9ffb4903c9e0ff/out/5af30604008bd15a-ocsp_lib.o" "-c" "/opt/rustwide/cargo-home/registry/src/index.crates.io-6f17d22bba15001f/aws-lc-sys-0.19.0/aws-lc/crypto/ocsp/ocsp_lib.c" with args cc did not execute successfully (status code exit status: 1).cargo:warning=/opt/rustwide/cargo-home/registry/src/index.crates.io-6f17d22bba15001f/aws-lc-sys-0.19.0/aws-lc/crypto/ocsp/ocsp_print.c:275:1: fatal error: error writing to /tmp/ccEWpf3t.s: No space left on device
[INFO] [stderr]   cargo:warning=  275 | }
[INFO] [stderr]   cargo:warning=      | ^
[INFO] [stderr]   cargo:warning=compilation terminated.
[INFO] [stderr] 
[INFO] [stderr]   exit status: 1
[INFO] [stderr]   cargo:warning=ToolExecError: Command "cc" "-O0" "-ffunction-sections" "-fdata-sections" "-fPIC" "-gdwarf-4" "-fno-omit-frame-pointer" "-m64" "-static" "-I" "/opt/rustwide/cargo-home/registry/src/index.crates.io-6f17d22bba15001f/aws-lc-sys-0.19.0/include" "-I" "/opt/rustwide/cargo-home/registry/src/index.crates.io-6f17d22bba15001f/aws-lc-sys-0.19.0/generated-include" "-I" "/opt/rustwide/cargo-home/registry/src/index.crates.io-6f17d22bba15001f/aws-lc-sys-0.19.0/aws-lc/include" "-I" "/opt/rustwide/cargo-home/registry/src/index.crates.io-6f17d22bba15001f/aws-lc-sys-0.19.0/aws-lc/third_party/s2n-bignum/include" "-Wall" "-Wextra" "-std=c99" "-Wno-unused-parameter" "-lpthread" "-D_XOPEN_SOURCE=700" "-DBORINGSSL_IMPLEMENTATION=1" "-DBORINGSSL_PREFIX=aws_lc_0_19_0" "-o" "/opt/rustwide/target/debug/build/aws-lc-sys-8d9ffb4903c9e0ff/out/5af30604008bd15a-ocsp_print.o" "-c" "/opt/rustwide/cargo-home/registry/src/index.crates.io-6f17d22bba15001f/aws-lc-sys-0.19.0/aws-lc/crypto/ocsp/ocsp_print.c" with args cc did not execute successfully (status code exit status: 1).cargo:warning=/opt/rustwide/cargo-home/registry/src/index.crates.io-6f17d22bba15001f/aws-lc-sys-0.19.0/aws-lc/crypto/pem/pem_pk8.c:247:1: fatal error: error writing to /tmp/ccHiKvuh.s: No space left on device
[INFO] [stderr]   cargo:warning=  247 | IMPLEMENT_PEM_rw(PKCS8_PRIV_KEY_INFO, PKCS8_PRIV_KEY_INFO, PEM_STRING_PKCS8INF,
[INFO] [stderr]   cargo:warning=      | ^~~~~~~~~~~~~~~~
[INFO] [stderr]   cargo:warning=compilation terminated.
[INFO] [stderr] 
[INFO] [stderr]   exit status: 0
[INFO] [stderr]   exit status: 0
[INFO] [stderr]   exit status: 0
[INFO] [stderr]   exit status: 0
[INFO] [stderr]   exit status: 0
[INFO] [stderr]   exit status: 0
[INFO] [stderr]   exit status: 1
[INFO] [stderr]   cargo:warning=ToolExecError: Command "cc" "-O0" "-ffunction-sections" "-fdata-sections" "-fPIC" "-gdwarf-4" "-fno-omit-frame-pointer" "-m64" "-static" "-I" "/opt/rustwide/cargo-home/registry/src/index.crates.io-6f17d22bba15001f/aws-lc-sys-0.19.0/include" "-I" "/opt/rustwide/cargo-home/registry/src/index.crates.io-6f17d22bba15001f/aws-lc-sys-0.19.0/generated-include" "-I" "/opt/rustwide/cargo-home/registry/src/index.crates.io-6f17d22bba15001f/aws-lc-sys-0.19.0/aws-lc/include" "-I" "/opt/rustwide/cargo-home/registry/src/index.crates.io-6f17d22bba15001f/aws-lc-sys-0.19.0/aws-lc/third_party/s2n-bignum/include" "-Wall" "-Wextra" "-std=c99" "-Wno-unused-parameter" "-lpthread" "-D_XOPEN_SOURCE=700" "-DBORINGSSL_IMPLEMENTATION=1" "-DBORINGSSL_PREFIX=aws_lc_0_19_0" "-o" "/opt/rustwide/target/debug/build/aws-lc-sys-8d9ffb4903c9e0ff/out/748b753622702fd7-pem_pk8.o" "-c" "/opt/rustwide/cargo-home/registry/src/index.crates.io-6f17d22bba15001f/aws-lc-sys-0.19.0/aws-lc/crypto/pem/pem_pk8.c" with args cc did not execute successfully (status code exit status: 1).cargo:warning=/opt/rustwide/cargo-home/registry/src/index.crates.io-6f17d22bba15001f/aws-lc-sys-0.19.0/aws-lc/crypto/pkcs8/pkcs8_x509.c:1355:1: fatal error: error writing to /tmp/cce2p12h.s: No space left on device
[INFO] [stderr]   cargo:warning= 1355 | }
[INFO] [stderr]   cargo:warning=      | ^
[INFO] [stderr]   cargo:warning=compilation terminated.
[INFO] [stderr] 
[INFO] [stderr]   exit status: 0
[INFO] [stderr]   exit status: 0
[INFO] [stderr]   exit status: 0
[INFO] [stderr]   exit status: 0
[INFO] [stderr]   exit status: 0
[INFO] [stderr]   exit status: 0
[INFO] [stderr]   exit status: 0
[INFO] [stderr]   exit status: 0
[INFO] [stderr]   exit status: 1
[INFO] [stderr]   cargo:warning=ToolExecError: Command "cc" "-O0" "-ffunction-sections" "-fdata-sections" "-fPIC" "-gdwarf-4" "-fno-omit-frame-pointer" "-m64" "-static" "-I" "/opt/rustwide/cargo-home/registry/src/index.crates.io-6f17d22bba15001f/aws-lc-sys-0.19.0/include" "-I" "/opt/rustwide/cargo-home/registry/src/index.crates.io-6f17d22bba15001f/aws-lc-sys-0.19.0/generated-include" "-I" "/opt/rustwide/cargo-home/registry/src/index.crates.io-6f17d22bba15001f/aws-lc-sys-0.19.0/aws-lc/include" "-I" "/opt/rustwide/cargo-home/registry/src/index.crates.io-6f17d22bba15001f/aws-lc-sys-0.19.0/aws-lc/third_party/s2n-bignum/include" "-Wall" "-Wextra" "-std=c99" "-Wno-unused-parameter" "-lpthread" "-D_XOPEN_SOURCE=700" "-DBORINGSSL_IMPLEMENTATION=1" "-DBORINGSSL_PREFIX=aws_lc_0_19_0" "-o" "/opt/rustwide/target/debug/build/aws-lc-sys-8d9ffb4903c9e0ff/out/5117680dddcc8fa6-pkcs8_x509.o" "-c" "/opt/rustwide/cargo-home/registry/src/index.crates.io-6f17d22bba15001f/aws-lc-sys-0.19.0/aws-lc/crypto/pkcs8/pkcs8_x509.c" with args cc did not execute successfully (status code exit status: 1).cargo:warning=/opt/rustwide/cargo-home/registry/src/index.crates.io-6f17d22bba15001f/aws-lc-sys-0.19.0/aws-lc/crypto/pool/pool.c:261:1: fatal error: error writing to /tmp/ccDYNpfY.s: No space left on device
[INFO] [stderr]   cargo:warning=  261 | }
[INFO] [stderr]   cargo:warning=      | ^
[INFO] [stderr]   cargo:warning=compilation terminated.
[INFO] [stderr] 
[INFO] [stderr]   exit status: 0
[INFO] [stderr]   exit status: 0
[INFO] [stderr]   exit status: 1
[INFO] [stderr]   cargo:warning=ToolExecError: Command "cc" "-O0" "-ffunction-sections" "-fdata-sections" "-fPIC" "-gdwarf-4" "-fno-omit-frame-pointer" "-m64" "-static" "-I" "/opt/rustwide/cargo-home/registry/src/index.crates.io-6f17d22bba15001f/aws-lc-sys-0.19.0/include" "-I" "/opt/rustwide/cargo-home/registry/src/index.crates.io-6f17d22bba15001f/aws-lc-sys-0.19.0/generated-include" "-I" "/opt/rustwide/cargo-home/registry/src/index.crates.io-6f17d22bba15001f/aws-lc-sys-0.19.0/aws-lc/include" "-I" "/opt/rustwide/cargo-home/registry/src/index.crates.io-6f17d22bba15001f/aws-lc-sys-0.19.0/aws-lc/third_party/s2n-bignum/include" "-Wall" "-Wextra" "-std=c99" "-Wno-unused-parameter" "-lpthread" "-D_XOPEN_SOURCE=700" "-DBORINGSSL_IMPLEMENTATION=1" "-DBORINGSSL_PREFIX=aws_lc_0_19_0" "-o" "/opt/rustwide/target/debug/build/aws-lc-sys-8d9ffb4903c9e0ff/out/fbb75e29ba1cd96a-pool.o" "-c" "/opt/rustwide/cargo-home/registry/src/index.crates.io-6f17d22bba15001f/aws-lc-sys-0.19.0/aws-lc/crypto/pool/pool.c" with args cc did not execute successfully (status code exit status: 1).cargo:warning=/opt/rustwide/cargo-home/registry/src/index.crates.io-6f17d22bba15001f/aws-lc-sys-0.19.0/aws-lc/crypto/rc4/rc4.c:98:1: fatal error: error closing /tmp/ccBX4xbo.s: No space left on device
[INFO] [stderr]   cargo:warning=   98 | }
[INFO] [stderr]   cargo:warning=      | ^
[INFO] [stderr]   cargo:warning=compilation terminated.
[INFO] [stderr] 
[INFO] [stderr]   exit status: 0
[INFO] [stderr]   exit status: 0
[INFO] [stderr]   exit status: 0
[INFO] [stderr]   exit status: 0
[INFO] [stderr]   exit status: 0
[INFO] [stderr]   exit status: 0
[INFO] [stderr]   exit status: 0
[INFO] [stderr]   exit status: 0
[INFO] [stderr]   exit status: 1
[INFO] [stderr]   cargo:warning=ToolExecError: Command "cc" "-O0" "-ffunction-sections" "-fdata-sections" "-fPIC" "-gdwarf-4" "-fno-omit-frame-pointer" "-m64" "-static" "-I" "/opt/rustwide/cargo-home/registry/src/index.crates.io-6f17d22bba15001f/aws-lc-sys-0.19.0/include" "-I" "/opt/rustwide/cargo-home/registry/src/index.crates.io-6f17d22bba15001f/aws-lc-sys-0.19.0/generated-include" "-I" "/opt/rustwide/cargo-home/registry/src/index.crates.io-6f17d22bba15001f/aws-lc-sys-0.19.0/aws-lc/include" "-I" "/opt/rustwide/cargo-home/registry/src/index.crates.io-6f17d22bba15001f/aws-lc-sys-0.19.0/aws-lc/third_party/s2n-bignum/include" "-Wall" "-Wextra" "-std=c99" "-Wno-unused-parameter" "-lpthread" "-D_XOPEN_SOURCE=700" "-DBORINGSSL_IMPLEMENTATION=1" "-DBORINGSSL_PREFIX=aws_lc_0_19_0" "-o" "/opt/rustwide/target/debug/build/aws-lc-sys-8d9ffb4903c9e0ff/out/79b82a7cdbad248e-rc4.o" "-c" "/opt/rustwide/cargo-home/registry/src/index.crates.io-6f17d22bba15001f/aws-lc-sys-0.19.0/aws-lc/crypto/rc4/rc4.c" with args cc did not execute successfully (status code exit status: 1).
[INFO] [stderr]   exit status: 0
[INFO] [stderr]   exit status: 0
[INFO] [stderr]   exit status: 0
[INFO] [stderr]   exit status: 0
[INFO] [stderr]   exit status: 0
[INFO] [stderr]   exit status: 0
[INFO] [stderr]   exit status: 0
[INFO] [stderr]   exit status: 0
[INFO] [stderr]   exit status: 0
[INFO] [stderr]   exit status: 0
[INFO] [stderr]   exit status: 0
[INFO] [stderr]   exit status: 0
[INFO] [stderr]   exit status: 0
[INFO] [stderr]   exit status: 0
[INFO] [stderr]   exit status: 0
[INFO] [stderr]   exit status: 0
[INFO] [stderr]   cargo:warning=/opt/rustwide/cargo-home/registry/src/index.crates.io-6f17d22bba15001f/aws-lc-sys-0.19.0/aws-lc/crypto/x509/a_verify.c:116:1: fatal error: error writing to /tmp/cc5VDUO1.s: No space left on device
[INFO] [stderr]   cargo:warning=  116 | }
[INFO] [stderr]   cargo:warning=      | ^
[INFO] [stderr]   cargo:warning=compilation terminated.
[INFO] [stderr]   exit status: 0
[INFO] [stderr]   exit status: 1
[INFO] [stderr]   cargo:warning=ToolExecError: Command "cc" "-O0" "-ffunction-sections" "-fdata-sections" "-fPIC" "-gdwarf-4" "-fno-omit-frame-pointer" "-m64" "-static" "-I" "/opt/rustwide/cargo-home/registry/src/index.crates.io-6f17d22bba15001f/aws-lc-sys-0.19.0/include" "-I" "/opt/rustwide/cargo-home/registry/src/index.crates.io-6f17d22bba15001f/aws-lc-sys-0.19.0/generated-include" "-I" "/opt/rustwide/cargo-home/registry/src/index.crates.io-6f17d22bba15001f/aws-lc-sys-0.19.0/aws-lc/include" "-I" "/opt/rustwide/cargo-home/registry/src/index.crates.io-6f17d22bba15001f/aws-lc-sys-0.19.0/aws-lc/third_party/s2n-bignum/include" "-Wall" "-Wextra" "-std=c99" "-Wno-unused-parameter" "-lpthread" "-D_XOPEN_SOURCE=700" "-DBORINGSSL_IMPLEMENTATION=1" "-DBORINGSSL_PREFIX=aws_lc_0_19_0" "-o" "/opt/rustwide/target/debug/build/aws-lc-sys-8d9ffb4903c9e0ff/out/0a1ebc4c1cc3f669-a_verify.o" "-c" "/opt/rustwide/cargo-home/registry/src/index.crates.io-6f17d22bba15001f/aws-lc-sys-0.19.0/aws-lc/crypto/x509/a_verify.c" with args cc did not execute successfully (status code exit status: 1).cargo:warning=/opt/rustwide/cargo-home/registry/src/index.crates.io-6f17d22bba15001f/aws-lc-sys-0.19.0/aws-lc/crypto/x509/policy.c:783:1: fatal error: error writing to /tmp/cc4qz4jb.s: No space left on device
[INFO] [stderr]   cargo:warning=  783 | }
[INFO] [stderr]   cargo:warning=      | ^
[INFO] [stderr]   cargo:warning=compilation terminated.
[INFO] [stderr] 
[INFO] [stderr]   exit status: 0
[INFO] [stderr]   exit status: 0
[INFO] [stderr]   exit status: 0
[INFO] [stderr]   exit status: 0
[INFO] [stderr]   exit status: 0
[INFO] [stderr]   exit status: 0
[INFO] [stderr]   exit status: 0
[INFO] [stderr]   exit status: 0
[INFO] [stderr]   exit status: 1
[INFO] [stderr]   cargo:warning=ToolExecError: Command "cc" "-O0" "-ffunction-sections" "-fdata-sections" "-fPIC" "-gdwarf-4" "-fno-omit-frame-pointer" "-m64" "-static" "-I" "/opt/rustwide/cargo-home/registry/src/index.crates.io-6f17d22bba15001f/aws-lc-sys-0.19.0/include" "-I" "/opt/rustwide/cargo-home/registry/src/index.crates.io-6f17d22bba15001f/aws-lc-sys-0.19.0/generated-include" "-I" "/opt/rustwide/cargo-home/registry/src/index.crates.io-6f17d22bba15001f/aws-lc-sys-0.19.0/aws-lc/include" "-I" "/opt/rustwide/cargo-home/registry/src/index.crates.io-6f17d22bba15001f/aws-lc-sys-0.19.0/aws-lc/third_party/s2n-bignum/include" "-Wall" "-Wextra" "-std=c99" "-Wno-unused-parameter" "-lpthread" "-D_XOPEN_SOURCE=700" "-DBORINGSSL_IMPLEMENTATION=1" "-DBORINGSSL_PREFIX=aws_lc_0_19_0" "-o" "/opt/rustwide/target/debug/build/aws-lc-sys-8d9ffb4903c9e0ff/out/0a1ebc4c1cc3f669-policy.o" "-c" "/opt/rustwide/cargo-home/registry/src/index.crates.io-6f17d22bba15001f/aws-lc-sys-0.19.0/aws-lc/crypto/x509/policy.c" with args cc did not execute successfully (status code exit status: 1).
[INFO] [stderr]   exit status: 0
[INFO] [stderr]   exit status: 0
[INFO] [stderr]   exit status: 0
[INFO] [stderr]   exit status: 0
[INFO] [stderr]   exit status: 0
[INFO] [stderr]   exit status: 0
[INFO] [stderr]   exit status: 0
[INFO] [stderr]   exit status: 0
[INFO] [stderr]   exit status: 0
[INFO] [stderr]   exit status: 0
[INFO] [stderr]   exit status: 0
[INFO] [stderr]   exit status: 0
[INFO] [stderr]   exit status: 0
[INFO] [stderr]   exit status: 0
[INFO] [stderr]   exit status: 0
[INFO] [stderr]   exit status: 0
[INFO] [stderr]   cargo:warning=/opt/rustwide/cargo-home/registry/src/index.crates.io-6f17d22bba15001f/aws-lc-sys-0.19.0/aws-lc/crypto/x509/v3_ocsp.c:165:1: fatal error: error writing to /tmp/ccxLy5zn.s: No space left on device
[INFO] [stderr]   cargo:warning=  165 | }
[INFO] [stderr]   cargo:warning=      | ^
[INFO] [stderr]   cargo:warning=compilation terminated.
[INFO] [stderr]   exit status: 0
[INFO] [stderr]   exit status: 0
[INFO] [stderr]   exit status: 0
[INFO] [stderr]   exit status: 0
[INFO] [stderr]   exit status: 1
[INFO] [stderr]   cargo:warning=ToolExecError: Command "cc" "-O0" "-ffunction-sections" "-fdata-sections" "-fPIC" "-gdwarf-4" "-fno-omit-frame-pointer" "-m64" "-static" "-I" "/opt/rustwide/cargo-home/registry/src/index.crates.io-6f17d22bba15001f/aws-lc-sys-0.19.0/include" "-I" "/opt/rustwide/cargo-home/registry/src/index.crates.io-6f17d22bba15001f/aws-lc-sys-0.19.0/generated-include" "-I" "/opt/rustwide/cargo-home/registry/src/index.crates.io-6f17d22bba15001f/aws-lc-sys-0.19.0/aws-lc/include" "-I" "/opt/rustwide/cargo-home/registry/src/index.crates.io-6f17d22bba15001f/aws-lc-sys-0.19.0/aws-lc/third_party/s2n-bignum/include" "-Wall" "-Wextra" "-std=c99" "-Wno-unused-parameter" "-lpthread" "-D_XOPEN_SOURCE=700" "-DBORINGSSL_IMPLEMENTATION=1" "-DBORINGSSL_PREFIX=aws_lc_0_19_0" "-o" "/opt/rustwide/target/debug/build/aws-lc-sys-8d9ffb4903c9e0ff/out/0a1ebc4c1cc3f669-v3_ocsp.o" "-c" "/opt/rustwide/cargo-home/registry/src/index.crates.io-6f17d22bba15001f/aws-lc-sys-0.19.0/aws-lc/crypto/x509/v3_ocsp.c" with args cc did not execute successfully (status code exit status: 1).cargo:warning=/opt/rustwide/cargo-home/registry/src/index.crates.io-6f17d22bba15001f/aws-lc-sys-0.19.0/aws-lc/crypto/x509/v3_purp.c:732:1: fatal error: error writing to /tmp/ccOruLIa.s: No space left on device
[INFO] [stderr]   cargo:warning=  732 | }
[INFO] [stderr]   cargo:warning=      | ^
[INFO] [stderr]   cargo:warning=compilation terminated.
[INFO] [stderr] 
[INFO] [stderr]   exit status: 0
[INFO] [stderr]   exit status: 0
[INFO] [stderr]   exit status: 0
[INFO] [stderr]   exit status: 1
[INFO] [stderr]   cargo:warning=ToolExecError: Command "cc" "-O0" "-ffunction-sections" "-fdata-sections" "-fPIC" "-gdwarf-4" "-fno-omit-frame-pointer" "-m64" "-static" "-I" "/opt/rustwide/cargo-home/registry/src/index.crates.io-6f17d22bba15001f/aws-lc-sys-0.19.0/include" "-I" "/opt/rustwide/cargo-home/registry/src/index.crates.io-6f17d22bba15001f/aws-lc-sys-0.19.0/generated-include" "-I" "/opt/rustwide/cargo-home/registry/src/index.crates.io-6f17d22bba15001f/aws-lc-sys-0.19.0/aws-lc/include" "-I" "/opt/rustwide/cargo-home/registry/src/index.crates.io-6f17d22bba15001f/aws-lc-sys-0.19.0/aws-lc/third_party/s2n-bignum/include" "-Wall" "-Wextra" "-std=c99" "-Wno-unused-parameter" "-lpthread" "-D_XOPEN_SOURCE=700" "-DBORINGSSL_IMPLEMENTATION=1" "-DBORINGSSL_PREFIX=aws_lc_0_19_0" "-o" "/opt/rustwide/target/debug/build/aws-lc-sys-8d9ffb4903c9e0ff/out/0a1ebc4c1cc3f669-v3_purp.o" "-c" "/opt/rustwide/cargo-home/registry/src/index.crates.io-6f17d22bba15001f/aws-lc-sys-0.19.0/aws-lc/crypto/x509/v3_purp.c" with args cc did not execute successfully (status code exit status: 1).cargo:warning=/opt/rustwide/cargo-home/registry/src/index.crates.io-6f17d22bba15001f/aws-lc-sys-0.19.0/aws-lc/crypto/x509/x509_d2.c:108:1: fatal error: error writing to /tmp/cck5azFi.s: No space left on device
[INFO] [stderr]   cargo:warning=  108 | }
[INFO] [stderr]   cargo:warning=      | ^
[INFO] [stderr]   cargo:warning=compilation terminated.
[INFO] [stderr] 
[INFO] [stderr]   exit status: 0
[INFO] [stderr]   exit status: 0
[INFO] [stderr]   exit status: 0
[INFO] [stderr]   exit status: 0
[INFO] [stderr]   exit status: 1
[INFO] [stderr]   cargo:warning=ToolExecError: Command "cc" "-O0" "-ffunction-sections" "-fdata-sections" "-fPIC" "-gdwarf-4" "-fno-omit-frame-pointer" "-m64" "-static" "-I" "/opt/rustwide/cargo-home/registry/src/index.crates.io-6f17d22bba15001f/aws-lc-sys-0.19.0/include" "-I" "/opt/rustwide/cargo-home/registry/src/index.crates.io-6f17d22bba15001f/aws-lc-sys-0.19.0/generated-include" "-I" "/opt/rustwide/cargo-home/registry/src/index.crates.io-6f17d22bba15001f/aws-lc-sys-0.19.0/aws-lc/include" "-I" "/opt/rustwide/cargo-home/registry/src/index.crates.io-6f17d22bba15001f/aws-lc-sys-0.19.0/aws-lc/third_party/s2n-bignum/include" "-Wall" "-Wextra" "-std=c99" "-Wno-unused-parameter" "-lpthread" "-D_XOPEN_SOURCE=700" "-DBORINGSSL_IMPLEMENTATION=1" "-DBORINGSSL_PREFIX=aws_lc_0_19_0" "-o" "/opt/rustwide/target/debug/build/aws-lc-sys-8d9ffb4903c9e0ff/out/0a1ebc4c1cc3f669-x509_d2.o" "-c" "/opt/rustwide/cargo-home/registry/src/index.crates.io-6f17d22bba15001f/aws-lc-sys-0.19.0/aws-lc/crypto/x509/x509_d2.c" with args cc did not execute successfully (status code exit status: 1).cargo:warning=/opt/rustwide/cargo-home/registry/src/index.crates.io-6f17d22bba15001f/aws-lc-sys-0.19.0/aws-lc/crypto/x509/x509_cmp.c:280:1: fatal error: error writing to /tmp/ccziXhw8.s: No space left on device
[INFO] [stderr]   cargo:warning=  280 | }
[INFO] [stderr]   cargo:warning=      | ^
[INFO] [stderr]   cargo:warning=compilation terminated.
[INFO] [stderr] 
[INFO] [stderr]   exit status: 0
[INFO] [stderr]   exit status: 0
[INFO] [stderr]   exit status: 0
[INFO] [stderr]   exit status: 1
[INFO] [stderr]   cargo:warning=ToolExecError: Command "cc" "-O0" "-ffunction-sections" "-fdata-sections" "-fPIC" "-gdwarf-4" "-fno-omit-frame-pointer" "-m64" "-static" "-I" "/opt/rustwide/cargo-home/registry/src/index.crates.io-6f17d22bba15001f/aws-lc-sys-0.19.0/include" "-I" "/opt/rustwide/cargo-home/registry/src/index.crates.io-6f17d22bba15001f/aws-lc-sys-0.19.0/generated-include" "-I" "/opt/rustwide/cargo-home/registry/src/index.crates.io-6f17d22bba15001f/aws-lc-sys-0.19.0/aws-lc/include" "-I" "/opt/rustwide/cargo-home/registry/src/index.crates.io-6f17d22bba15001f/aws-lc-sys-0.19.0/aws-lc/third_party/s2n-bignum/include" "-Wall" "-Wextra" "-std=c99" "-Wno-unused-parameter" "-lpthread" "-D_XOPEN_SOURCE=700" "-DBORINGSSL_IMPLEMENTATION=1" "-DBORINGSSL_PREFIX=aws_lc_0_19_0" "-o" "/opt/rustwide/target/debug/build/aws-lc-sys-8d9ffb4903c9e0ff/out/0a1ebc4c1cc3f669-x509_cmp.o" "-c" "/opt/rustwide/cargo-home/registry/src/index.crates.io-6f17d22bba15001f/aws-lc-sys-0.19.0/aws-lc/crypto/x509/x509_cmp.c" with args cc did not execute successfully (status code exit status: 1).cargo:warning=/opt/rustwide/cargo-home/registry/src/index.crates.io-6f17d22bba15001f/aws-lc-sys-0.19.0/aws-lc/crypto/x509/x509_lu.c:674:1: fatal error: error writing to /tmp/ccDceePn.s: No space left on device
[INFO] [stderr]   cargo:warning=  674 | }
[INFO] [stderr]   cargo:warning=      | ^
[INFO] [stderr]   cargo:warning=compilation terminated.
[INFO] [stderr] 
[INFO] [stderr]   exit status: 1
[INFO] [stderr]   cargo:warning=ToolExecError: Command "cc" "-O0" "-ffunction-sections" "-fdata-sections" "-fPIC" "-gdwarf-4" "-fno-omit-frame-pointer" "-m64" "-static" "-I" "/opt/rustwide/cargo-home/registry/src/index.crates.io-6f17d22bba15001f/aws-lc-sys-0.19.0/include" "-I" "/opt/rustwide/cargo-home/registry/src/index.crates.io-6f17d22bba15001f/aws-lc-sys-0.19.0/generated-include" "-I" "/opt/rustwide/cargo-home/registry/src/index.crates.io-6f17d22bba15001f/aws-lc-sys-0.19.0/aws-lc/include" "-I" "/opt/rustwide/cargo-home/registry/src/index.crates.io-6f17d22bba15001f/aws-lc-sys-0.19.0/aws-lc/third_party/s2n-bignum/include" "-Wall" "-Wextra" "-std=c99" "-Wno-unused-parameter" "-lpthread" "-D_XOPEN_SOURCE=700" "-DBORINGSSL_IMPLEMENTATION=1" "-DBORINGSSL_PREFIX=aws_lc_0_19_0" "-o" "/opt/rustwide/target/debug/build/aws-lc-sys-8d9ffb4903c9e0ff/out/0a1ebc4c1cc3f669-x509_lu.o" "-c" "/opt/rustwide/cargo-home/registry/src/index.crates.io-6f17d22bba15001f/aws-lc-sys-0.19.0/aws-lc/crypto/x509/x509_lu.c" with args cc did not execute successfully (status code exit status: 1).cargo:warning=/opt/rustwide/cargo-home/registry/src/index.crates.io-6f17d22bba15001f/aws-lc-sys-0.19.0/aws-lc/crypto/x509/x509_req.c:304:1: fatal error: error writing to /tmp/ccFIxa0Q.s: No space left on device
[INFO] [stderr]   cargo:warning=  304 | }
[INFO] [stderr]   cargo:warning=      | ^
[INFO] [stderr]   cargo:warning=compilation terminated.
[INFO] [stderr] 
[INFO] [stderr]   exit status: 1
[INFO] [stderr]   cargo:warning=ToolExecError: Command "cc" "-O0" "-ffunction-sections" "-fdata-sections" "-fPIC" "-gdwarf-4" "-fno-omit-frame-pointer" "-m64" "-static" "-I" "/opt/rustwide/cargo-home/registry/src/index.crates.io-6f17d22bba15001f/aws-lc-sys-0.19.0/include" "-I" "/opt/rustwide/cargo-home/registry/src/index.crates.io-6f17d22bba15001f/aws-lc-sys-0.19.0/generated-include" "-I" "/opt/rustwide/cargo-home/registry/src/index.crates.io-6f17d22bba15001f/aws-lc-sys-0.19.0/aws-lc/include" "-I" "/opt/rustwide/cargo-home/registry/src/index.crates.io-6f17d22bba15001f/aws-lc-sys-0.19.0/aws-lc/third_party/s2n-bignum/include" "-Wall" "-Wextra" "-std=c99" "-Wno-unused-parameter" "-lpthread" "-D_XOPEN_SOURCE=700" "-DBORINGSSL_IMPLEMENTATION=1" "-DBORINGSSL_PREFIX=aws_lc_0_19_0" "-o" "/opt/rustwide/target/debug/build/aws-lc-sys-8d9ffb4903c9e0ff/out/0a1ebc4c1cc3f669-x509_req.o" "-c" "/opt/rustwide/cargo-home/registry/src/index.crates.io-6f17d22bba15001f/aws-lc-sys-0.19.0/aws-lc/crypto/x509/x509_req.c" with args cc did not execute successfully (status code exit status: 1).
[INFO] [stderr]   exit status: 0
[INFO] [stderr]   exit status: 0
[INFO] [stderr]   exit status: 0
[INFO] [stderr]   exit status: 0
[INFO] [stderr]   exit status: 0
[INFO] [stderr]   exit status: 0
[INFO] [stderr]   exit status: 0
[INFO] [stderr]   exit status: 0
[INFO] [stderr]   cargo:warning=/opt/rustwide/cargo-home/registry/src/index.crates.io-6f17d22bba15001f/aws-lc-sys-0.19.0/aws-lc/crypto/x509/x_all.c:363:1: fatal error: error writing to /tmp/ccGRE1MF.s: No space left on device
[INFO] [stderr]   cargo:warning=  363 | IMPLEMENT_I2D_BIO(const DH, i2d_DHparams_bio, i2d_DHparams)
[INFO] [stderr]   cargo:warning=      | ^~~~~~~~~~~~~~~~~
[INFO] [stderr]   cargo:warning=compilation terminated.
[INFO] [stderr]   exit status: 0
[INFO] [stderr]   exit status: 0
[INFO] [stderr]   exit status: 0
[INFO] [stderr]   exit status: 0
[INFO] [stderr]   exit status: 1
[INFO] [stderr]   cargo:warning=ToolExecError: Command "cc" "-O0" "-ffunction-sections" "-fdata-sections" "-fPIC" "-gdwarf-4" "-fno-omit-frame-pointer" "-m64" "-static" "-I" "/opt/rustwide/cargo-home/registry/src/index.crates.io-6f17d22bba15001f/aws-lc-sys-0.19.0/include" "-I" "/opt/rustwide/cargo-home/registry/src/index.crates.io-6f17d22bba15001f/aws-lc-sys-0.19.0/generated-include" "-I" "/opt/rustwide/cargo-home/registry/src/index.crates.io-6f17d22bba15001f/aws-lc-sys-0.19.0/aws-lc/include" "-I" "/opt/rustwide/cargo-home/registry/src/index.crates.io-6f17d22bba15001f/aws-lc-sys-0.19.0/aws-lc/third_party/s2n-bignum/include" "-Wall" "-Wextra" "-std=c99" "-Wno-unused-parameter" "-lpthread" "-D_XOPEN_SOURCE=700" "-DBORINGSSL_IMPLEMENTATION=1" "-DBORINGSSL_PREFIX=aws_lc_0_19_0" "-o" "/opt/rustwide/target/debug/build/aws-lc-sys-8d9ffb4903c9e0ff/out/0a1ebc4c1cc3f669-x_all.o" "-c" "/opt/rustwide/cargo-home/registry/src/index.crates.io-6f17d22bba15001f/aws-lc-sys-0.19.0/aws-lc/crypto/x509/x_all.c" with args cc did not execute successfully (status code exit status: 1).cargo:warning=/tmp/cc1mZdNp.s: Assembler messages:
[INFO] [stderr]   cargo:warning=/tmp/cc1mZdNp.s: Fatal error: can't write 96 bytes to section .data.rel.ro.X509_EXTENSION_seq_tt of /opt/rustwide/target/debug/build/aws-lc-sys-8d9ffb4903c9e0ff/out/0a1ebc4c1cc3f669-x_exten.o: 'No space left on device'
[INFO] [stderr] 
[INFO] [stderr]   exit status: 1
[INFO] [stderr]   cargo:warning=ToolExecError: Command "cc" "-O0" "-ffunction-sections" "-fdata-sections" "-fPIC" "-gdwarf-4" "-fno-omit-frame-pointer" "-m64" "-static" "-I" "/opt/rustwide/cargo-home/registry/src/index.crates.io-6f17d22bba15001f/aws-lc-sys-0.19.0/include" "-I" "/opt/rustwide/cargo-home/registry/src/index.crates.io-6f17d22bba15001f/aws-lc-sys-0.19.0/generated-include" "-I" "/opt/rustwide/cargo-home/registry/src/index.crates.io-6f17d22bba15001f/aws-lc-sys-0.19.0/aws-lc/include" "-I" "/opt/rustwide/cargo-home/registry/src/index.crates.io-6f17d22bba15001f/aws-lc-sys-0.19.0/aws-lc/third_party/s2n-bignum/include" "-Wall" "-Wextra" "-std=c99" "-Wno-unused-parameter" "-lpthread" "-D_XOPEN_SOURCE=700" "-DBORINGSSL_IMPLEMENTATION=1" "-DBORINGSSL_PREFIX=aws_lc_0_19_0" "-o" "/opt/rustwide/target/debug/build/aws-lc-sys-8d9ffb4903c9e0ff/out/0a1ebc4c1cc3f669-x_exten.o" "-c" "/opt/rustwide/cargo-home/registry/src/index.crates.io-6f17d22bba15001f/aws-lc-sys-0.19.0/aws-lc/crypto/x509/x_exten.c" with args cc did not execute successfully (status code exit status: 1).cargo:warning=/opt/rustwide/cargo-home/registry/src/index.crates.io-6f17d22bba15001f/aws-lc-sys-0.19.0/aws-lc/crypto/x509/x_name.c:529:1: fatal error: error writing to /tmp/ccIzDzCT.s: No space left on device
[INFO] [stderr]   cargo:warning=  529 | }
[INFO] [stderr]   cargo:warning=      | ^
[INFO] [stderr]   cargo:warning=compilation terminated.
[INFO] [stderr]   cargo:warning=/opt/rustwide/cargo-home/registry/src/index.crates.io-6f17d22bba15001f/aws-lc-sys-0.19.0/aws-lc/crypto/x509/x_crl.c:383:1: fatal error: error writing to /tmp/cc8LwULb.s: No space left on device
[INFO] [stderr]   cargo:warning=  383 | }
[INFO] [stderr]   cargo:warning=      | ^
[INFO] [stderr]   cargo:warning=compilation terminated.
[INFO] [stderr] 
[INFO] [stderr]   exit status: 0
[INFO] [stderr]   exit status: 1
[INFO] [stderr]   cargo:warning=ToolExecError: Command "cc" "-O0" "-ffunction-sections" "-fdata-sections" "-fPIC" "-gdwarf-4" "-fno-omit-frame-pointer" "-m64" "-static" "-I" "/opt/rustwide/cargo-home/registry/src/index.crates.io-6f17d22bba15001f/aws-lc-sys-0.19.0/include" "-I" "/opt/rustwide/cargo-home/registry/src/index.crates.io-6f17d22bba15001f/aws-lc-sys-0.19.0/generated-include" "-I" "/opt/rustwide/cargo-home/registry/src/index.crates.io-6f17d22bba15001f/aws-lc-sys-0.19.0/aws-lc/include" "-I" "/opt/rustwide/cargo-home/registry/src/index.crates.io-6f17d22bba15001f/aws-lc-sys-0.19.0/aws-lc/third_party/s2n-bignum/include" "-Wall" "-Wextra" "-std=c99" "-Wno-unused-parameter" "-lpthread" "-D_XOPEN_SOURCE=700" "-DBORINGSSL_IMPLEMENTATION=1" "-DBORINGSSL_PREFIX=aws_lc_0_19_0" "-o" "/opt/rustwide/target/debug/build/aws-lc-sys-8d9ffb4903c9e0ff/out/0a1ebc4c1cc3f669-x_crl.o" "-c" "/opt/rustwide/cargo-home/registry/src/index.crates.io-6f17d22bba15001f/aws-lc-sys-0.19.0/aws-lc/crypto/x509/x_crl.c" with args cc did not execute successfully (status code exit status: 1).
[INFO] [stderr]   exit status: 1
[INFO] [stderr]   cargo:warning=ToolExecError: Command "cc" "-O0" "-ffunction-sections" "-fdata-sections" "-fPIC" "-gdwarf-4" "-fno-omit-frame-pointer" "-m64" "-static" "-I" "/opt/rustwide/cargo-home/registry/src/index.crates.io-6f17d22bba15001f/aws-lc-sys-0.19.0/include" "-I" "/opt/rustwide/cargo-home/registry/src/index.crates.io-6f17d22bba15001f/aws-lc-sys-0.19.0/generated-include" "-I" "/opt/rustwide/cargo-home/registry/src/index.crates.io-6f17d22bba15001f/aws-lc-sys-0.19.0/aws-lc/include" "-I" "/opt/rustwide/cargo-home/registry/src/index.crates.io-6f17d22bba15001f/aws-lc-sys-0.19.0/aws-lc/third_party/s2n-bignum/include" "-Wall" "-Wextra" "-std=c99" "-Wno-unused-parameter" "-lpthread" "-D_XOPEN_SOURCE=700" "-DBORINGSSL_IMPLEMENTATION=1" "-DBORINGSSL_PREFIX=aws_lc_0_19_0" "-o" "/opt/rustwide/target/debug/build/aws-lc-sys-8d9ffb4903c9e0ff/out/0a1ebc4c1cc3f669-x_name.o" "-c" "/opt/rustwide/cargo-home/registry/src/index.crates.io-6f17d22bba15001f/aws-lc-sys-0.19.0/aws-lc/crypto/x509/x_name.c" with args cc did not execute successfully (status code exit status: 1).cargo:warning=/opt/rustwide/cargo-home/registry/src/index.crates.io-6f17d22bba15001f/aws-lc-sys-0.19.0/aws-lc/crypto/x509/x_pubkey.c:210:1: fatal error: error writing to /tmp/ccGeu3qR.s: No space left on device
[INFO] [stderr]   cargo:warning=  210 | }
[INFO] [stderr]   cargo:warning=      | ^
[INFO] [stderr]   cargo:warning=compilation terminated.
[INFO] [stderr] 
[INFO] [stderr]   exit status: 1
[INFO] [stderr]   cargo:warning=ToolExecError: Command "cc" "-O0" "-ffunction-sections" "-fdata-sections" "-fPIC" "-gdwarf-4" "-fno-omit-frame-pointer" "-m64" "-static" "-I" "/opt/rustwide/cargo-home/registry/src/index.crates.io-6f17d22bba15001f/aws-lc-sys-0.19.0/include" "-I" "/opt/rustwide/cargo-home/registry/src/index.crates.io-6f17d22bba15001f/aws-lc-sys-0.19.0/generated-include" "-I" "/opt/rustwide/cargo-home/registry/src/index.crates.io-6f17d22bba15001f/aws-lc-sys-0.19.0/aws-lc/include" "-I" "/opt/rustwide/cargo-home/registry/src/index.crates.io-6f17d22bba15001f/aws-lc-sys-0.19.0/aws-lc/third_party/s2n-bignum/include" "-Wall" "-Wextra" "-std=c99" "-Wno-unused-parameter" "-lpthread" "-D_XOPEN_SOURCE=700" "-DBORINGSSL_IMPLEMENTATION=1" "-DBORINGSSL_PREFIX=aws_lc_0_19_0" "-o" "/opt/rustwide/target/debug/build/aws-lc-sys-8d9ffb4903c9e0ff/out/0a1ebc4c1cc3f669-x_pubkey.o" "-c" "/opt/rustwide/cargo-home/registry/src/index.crates.io-6f17d22bba15001f/aws-lc-sys-0.19.0/aws-lc/crypto/x509/x_pubkey.c" with args cc did not execute successfully (status code exit status: 1).cargo:warning=/opt/rustwide/cargo-home/registry/src/index.crates.io-6f17d22bba15001f/aws-lc-sys-0.19.0/aws-lc/crypto/x509/x_sig.c:93:1: fatal error: error writing to /tmp/ccehro5R.s: No space left on device
[INFO] [stderr]   cargo:warning=   93 | }
[INFO] [stderr]   cargo:warning=      | ^
[INFO] [stderr]   cargo:warning=compilation terminated.
[INFO] [stderr] 
[INFO] [stderr]   exit status: 1
[INFO] [stderr]   cargo:warning=ToolExecError: Command "cc" "-O0" "-ffunction-sections" "-fdata-sections" "-fPIC" "-gdwarf-4" "-fno-omit-frame-pointer" "-m64" "-static" "-I" "/opt/rustwide/cargo-home/registry/src/index.crates.io-6f17d22bba15001f/aws-lc-sys-0.19.0/include" "-I" "/opt/rustwide/cargo-home/registry/src/index.crates.io-6f17d22bba15001f/aws-lc-sys-0.19.0/generated-include" "-I" "/opt/rustwide/cargo-home/registry/src/index.crates.io-6f17d22bba15001f/aws-lc-sys-0.19.0/aws-lc/include" "-I" "/opt/rustwide/cargo-home/registry/src/index.crates.io-6f17d22bba15001f/aws-lc-sys-0.19.0/aws-lc/third_party/s2n-bignum/include" "-Wall" "-Wextra" "-std=c99" "-Wno-unused-parameter" "-lpthread" "-D_XOPEN_SOURCE=700" "-DBORINGSSL_IMPLEMENTATION=1" "-DBORINGSSL_PREFIX=aws_lc_0_19_0" "-o" "/opt/rustwide/target/debug/build/aws-lc-sys-8d9ffb4903c9e0ff/out/0a1ebc4c1cc3f669-x_sig.o" "-c" "/opt/rustwide/cargo-home/registry/src/index.crates.io-6f17d22bba15001f/aws-lc-sys-0.19.0/aws-lc/crypto/x509/x_sig.c" with args cc did not execute successfully (status code exit status: 1).cargo:warning=/opt/rustwide/cargo-home/registry/src/index.crates.io-6f17d22bba15001f/aws-lc-sys-0.19.0/aws-lc/generated-src/linux-x86_64/crypto/chacha/chacha-x86_64.S:5: fatal error: when writing output to /tmp/cc6csXgj.s: No space left on device
[INFO] [stderr]   cargo:warning=    5 | 
[INFO] [stderr]   cargo:warning=      | 
[INFO] [stderr]   cargo:warning=compilation terminated.
[INFO] [stderr] 
[INFO] [stderr]   exit status: 0
[INFO] [stderr]   exit status: 0
[INFO] [stderr]   exit status: 0
[INFO] [stderr]   exit status: 0
[INFO] [stderr]   exit status: 0
[INFO] [stderr]   exit status: 1
[INFO] [stderr]   cargo:warning=ToolExecError: Command "cc" "-O0" "-ffunction-sections" "-fdata-sections" "-fPIC" "-gdwarf-4" "-fno-omit-frame-pointer" "-m64" "-static" "-I" "/opt/rustwide/cargo-home/registry/src/index.crates.io-6f17d22bba15001f/aws-lc-sys-0.19.0/include" "-I" "/opt/rustwide/cargo-home/registry/src/index.crates.io-6f17d22bba15001f/aws-lc-sys-0.19.0/generated-include" "-I" "/opt/rustwide/cargo-home/registry/src/index.crates.io-6f17d22bba15001f/aws-lc-sys-0.19.0/aws-lc/include" "-I" "/opt/rustwide/cargo-home/registry/src/index.crates.io-6f17d22bba15001f/aws-lc-sys-0.19.0/aws-lc/third_party/s2n-bignum/include" "-Wall" "-Wextra" "-std=c99" "-Wno-unused-parameter" "-lpthread" "-D_XOPEN_SOURCE=700" "-DBORINGSSL_IMPLEMENTATION=1" "-DBORINGSSL_PREFIX=aws_lc_0_19_0" "-o" "/opt/rustwide/target/debug/build/aws-lc-sys-8d9ffb4903c9e0ff/out/cc01a100af562f07-chacha-x86_64.o" "-c" "/opt/rustwide/cargo-home/registry/src/index.crates.io-6f17d22bba15001f/aws-lc-sys-0.19.0/aws-lc/generated-src/linux-x86_64/crypto/chacha/chacha-x86_64.S" with args cc did not execute successfully (status code exit status: 1).cargo:warning=/opt/rustwide/cargo-home/registry/src/index.crates.io-6f17d22bba15001f/aws-lc-sys-0.19.0/aws-lc/generated-src/linux-x86_64/crypto/cipher_extra/aes128gcmsiv-x86_64.S:5: fatal error: when writing output to /tmp/cc6HgsUy.s: No space left on device
[INFO] [stderr]   cargo:warning=    5 | 
[INFO] [stderr]   cargo:warning=      | 
[INFO] [stderr]   cargo:warning=compilation terminated.
[INFO] [stderr] 
[INFO] [stderr]   exit status: 1
[INFO] [stderr]   cargo:warning=ToolExecError: Command "cc" "-O0" "-ffunction-sections" "-fdata-sections" "-fPIC" "-gdwarf-4" "-fno-omit-frame-pointer" "-m64" "-static" "-I" "/opt/rustwide/cargo-home/registry/src/index.crates.io-6f17d22bba15001f/aws-lc-sys-0.19.0/include" "-I" "/opt/rustwide/cargo-home/registry/src/index.crates.io-6f17d22bba15001f/aws-lc-sys-0.19.0/generated-include" "-I" "/opt/rustwide/cargo-home/registry/src/index.crates.io-6f17d22bba15001f/aws-lc-sys-0.19.0/aws-lc/include" "-I" "/opt/rustwide/cargo-home/registry/src/index.crates.io-6f17d22bba15001f/aws-lc-sys-0.19.0/aws-lc/third_party/s2n-bignum/include" "-Wall" "-Wextra" "-std=c99" "-Wno-unused-parameter" "-lpthread" "-D_XOPEN_SOURCE=700" "-DBORINGSSL_IMPLEMENTATION=1" "-DBORINGSSL_PREFIX=aws_lc_0_19_0" "-o" "/opt/rustwide/target/debug/build/aws-lc-sys-8d9ffb4903c9e0ff/out/dd17f32f3088ea49-aes128gcmsiv-x86_64.o" "-c" "/opt/rustwide/cargo-home/registry/src/index.crates.io-6f17d22bba15001f/aws-lc-sys-0.19.0/aws-lc/generated-src/linux-x86_64/crypto/cipher_extra/aes128gcmsiv-x86_64.S" with args cc did not execute successfully (status code exit status: 1).cargo:warning=/opt/rustwide/cargo-home/registry/src/index.crates.io-6f17d22bba15001f/aws-lc-sys-0.19.0/aws-lc/generated-src/linux-x86_64/crypto/cipher_extra/aesni-sha256-x86_64.S:5: fatal error: when writing output to /tmp/cczeHEVe.s: No space left on device
[INFO] [stderr]   cargo:warning=    5 | 
[INFO] [stderr]   cargo:warning=      | 
[INFO] [stderr]   cargo:warning=compilation terminated.
[INFO] [stderr] 
[INFO] [stderr]   exit status: 0
[INFO] [stderr]   exit status: 1
[INFO] [stderr]   cargo:warning=ToolExecError: Command "cc" "-O0" "-ffunction-sections" "-fdata-sections" "-fPIC" "-gdwarf-4" "-fno-omit-frame-pointer" "-m64" "-static" "-I" "/opt/rustwide/cargo-home/registry/src/index.crates.io-6f17d22bba15001f/aws-lc-sys-0.19.0/include" "-I" "/opt/rustwide/cargo-home/registry/src/index.crates.io-6f17d22bba15001f/aws-lc-sys-0.19.0/generated-include" "-I" "/opt/rustwide/cargo-home/registry/src/index.crates.io-6f17d22bba15001f/aws-lc-sys-0.19.0/aws-lc/include" "-I" "/opt/rustwide/cargo-home/registry/src/index.crates.io-6f17d22bba15001f/aws-lc-sys-0.19.0/aws-lc/third_party/s2n-bignum/include" "-Wall" "-Wextra" "-std=c99" "-Wno-unused-parameter" "-lpthread" "-D_XOPEN_SOURCE=700" "-DBORINGSSL_IMPLEMENTATION=1" "-DBORINGSSL_PREFIX=aws_lc_0_19_0" "-o" "/opt/rustwide/target/debug/build/aws-lc-sys-8d9ffb4903c9e0ff/out/dd17f32f3088ea49-aesni-sha256-x86_64.o" "-c" "/opt/rustwide/cargo-home/registry/src/index.crates.io-6f17d22bba15001f/aws-lc-sys-0.19.0/aws-lc/generated-src/linux-x86_64/crypto/cipher_extra/aesni-sha256-x86_64.S" with args cc did not execute successfully (status code exit status: 1).cargo:warning=/opt/rustwide/cargo-home/registry/src/index.crates.io-6f17d22bba15001f/aws-lc-sys-0.19.0/aws-lc/generated-src/linux-x86_64/crypto/cipher_extra/chacha20_poly1305_x86_64.S:5: fatal error: when writing output to /tmp/ccLan9Dy.s: No space left on device
[INFO] [stderr]   cargo:warning=    5 | 
[INFO] [stderr]   cargo:warning=      | 
[INFO] [stderr]   cargo:warning=compilation terminated.
[INFO] [stderr] 
[INFO] [stderr]   exit status: 1
[INFO] [stderr]   cargo:warning=ToolExecError: Command "cc" "-O0" "-ffunction-sections" "-fdata-sections" "-fPIC" "-gdwarf-4" "-fno-omit-frame-pointer" "-m64" "-static" "-I" "/opt/rustwide/cargo-home/registry/src/index.crates.io-6f17d22bba15001f/aws-lc-sys-0.19.0/include" "-I" "/opt/rustwide/cargo-home/registry/src/index.crates.io-6f17d22bba15001f/aws-lc-sys-0.19.0/generated-include" "-I" "/opt/rustwide/cargo-home/registry/src/index.crates.io-6f17d22bba15001f/aws-lc-sys-0.19.0/aws-lc/include" "-I" "/opt/rustwide/cargo-home/registry/src/index.crates.io-6f17d22bba15001f/aws-lc-sys-0.19.0/aws-lc/third_party/s2n-bignum/include" "-Wall" "-Wextra" "-std=c99" "-Wno-unused-parameter" "-lpthread" "-D_XOPEN_SOURCE=700" "-DBORINGSSL_IMPLEMENTATION=1" "-DBORINGSSL_PREFIX=aws_lc_0_19_0" "-o" "/opt/rustwide/target/debug/build/aws-lc-sys-8d9ffb4903c9e0ff/out/dd17f32f3088ea49-chacha20_poly1305_x86_64.o" "-c" "/opt/rustwide/cargo-home/registry/src/index.crates.io-6f17d22bba15001f/aws-lc-sys-0.19.0/aws-lc/generated-src/linux-x86_64/crypto/cipher_extra/chacha20_poly1305_x86_64.S" with args cc did not execute successfully (status code exit status: 1).cargo:warning=/opt/rustwide/cargo-home/registry/src/index.crates.io-6f17d22bba15001f/aws-lc-sys-0.19.0/aws-lc/generated-src/linux-x86_64/crypto/fipsmodule/aesni-x86_64.S:5: fatal error: when writing output to /tmp/ccGYWGPF.s: No space left on device
[INFO] [stderr]   cargo:warning=    5 | 
[INFO] [stderr]   cargo:warning=      | 
[INFO] [stderr]   cargo:warning=compilation terminated.
[INFO] [stderr] 
[INFO] [stderr]   exit status: 0
[INFO] [stderr]   exit status: 1
[INFO] [stderr]   cargo:warning=ToolExecError: Command "cc" "-O0" "-ffunction-sections" "-fdata-sections" "-fPIC" "-gdwarf-4" "-fno-omit-frame-pointer" "-m64" "-static" "-I" "/opt/rustwide/cargo-home/registry/src/index.crates.io-6f17d22bba15001f/aws-lc-sys-0.19.0/include" "-I" "/opt/rustwide/cargo-home/registry/src/index.crates.io-6f17d22bba15001f/aws-lc-sys-0.19.0/generated-include" "-I" "/opt/rustwide/cargo-home/registry/src/index.crates.io-6f17d22bba15001f/aws-lc-sys-0.19.0/aws-lc/include" "-I" "/opt/rustwide/cargo-home/registry/src/index.crates.io-6f17d22bba15001f/aws-lc-sys-0.19.0/aws-lc/third_party/s2n-bignum/include" "-Wall" "-Wextra" "-std=c99" "-Wno-unused-parameter" "-lpthread" "-D_XOPEN_SOURCE=700" "-DBORINGSSL_IMPLEMENTATION=1" "-DBORINGSSL_PREFIX=aws_lc_0_19_0" "-o" "/opt/rustwide/target/debug/build/aws-lc-sys-8d9ffb4903c9e0ff/out/b358fe7f06bd479f-aesni-x86_64.o" "-c" "/opt/rustwide/cargo-home/registry/src/index.crates.io-6f17d22bba15001f/aws-lc-sys-0.19.0/aws-lc/generated-src/linux-x86_64/crypto/fipsmodule/aesni-x86_64.S" with args cc did not execute successfully (status code exit status: 1).cargo:warning=/opt/rustwide/cargo-home/registry/src/index.crates.io-6f17d22bba15001f/aws-lc-sys-0.19.0/aws-lc/generated-src/linux-x86_64/crypto/fipsmodule/aesni-xts-avx512.S:5: fatal error: when writing output to /tmp/ccZ6FYEb.s: No space left on device
[INFO] [stderr]   cargo:warning=    5 | 
[INFO] [stderr]   cargo:warning=      | 
[INFO] [stderr]   cargo:warning=compilation terminated.
[INFO] [stderr] 
[INFO] [stderr]   exit status: 1
[INFO] [stderr]   cargo:warning=ToolExecError: Command "cc" "-O0" "-ffunction-sections" "-fdata-sections" "-fPIC" "-gdwarf-4" "-fno-omit-frame-pointer" "-m64" "-static" "-I" "/opt/rustwide/cargo-home/registry/src/index.crates.io-6f17d22bba15001f/aws-lc-sys-0.19.0/include" "-I" "/opt/rustwide/cargo-home/registry/src/index.crates.io-6f17d22bba15001f/aws-lc-sys-0.19.0/generated-include" "-I" "/opt/rustwide/cargo-home/registry/src/index.crates.io-6f17d22bba15001f/aws-lc-sys-0.19.0/aws-lc/include" "-I" "/opt/rustwide/cargo-home/registry/src/index.crates.io-6f17d22bba15001f/aws-lc-sys-0.19.0/aws-lc/third_party/s2n-bignum/include" "-Wall" "-Wextra" "-std=c99" "-Wno-unused-parameter" "-lpthread" "-D_XOPEN_SOURCE=700" "-DBORINGSSL_IMPLEMENTATION=1" "-DBORINGSSL_PREFIX=aws_lc_0_19_0" "-o" "/opt/rustwide/target/debug/build/aws-lc-sys-8d9ffb4903c9e0ff/out/b358fe7f06bd479f-aesni-xts-avx512.o" "-c" "/opt/rustwide/cargo-home/registry/src/index.crates.io-6f17d22bba15001f/aws-lc-sys-0.19.0/aws-lc/generated-src/linux-x86_64/crypto/fipsmodule/aesni-xts-avx512.S" with args cc did not execute successfully (status code exit status: 1).cargo:warning=/opt/rustwide/cargo-home/registry/src/index.crates.io-6f17d22bba15001f/aws-lc-sys-0.19.0/aws-lc/generated-src/linux-x86_64/crypto/fipsmodule/aesni-gcm-avx512.S:5: fatal error: when writing output to /tmp/cc9xJDWQ.s: No space left on device
[INFO] [stderr]   cargo:warning=    5 | 
[INFO] [stderr]   cargo:warning=      | 
[INFO] [stderr]   cargo:warning=compilation terminated.
[INFO] [stderr] 
[INFO] [stderr]   exit status: 1
[INFO] [stderr]   cargo:warning=ToolExecError: Command "cc" "-O0" "-ffunction-sections" "-fdata-sections" "-fPIC" "-gdwarf-4" "-fno-omit-frame-pointer" "-m64" "-static" "-I" "/opt/rustwide/cargo-home/registry/src/index.crates.io-6f17d22bba15001f/aws-lc-sys-0.19.0/include" "-I" "/opt/rustwide/cargo-home/registry/src/index.crates.io-6f17d22bba15001f/aws-lc-sys-0.19.0/generated-include" "-I" "/opt/rustwide/cargo-home/registry/src/index.crates.io-6f17d22bba15001f/aws-lc-sys-0.19.0/aws-lc/include" "-I" "/opt/rustwide/cargo-home/registry/src/index.crates.io-6f17d22bba15001f/aws-lc-sys-0.19.0/aws-lc/third_party/s2n-bignum/include" "-Wall" "-Wextra" "-std=c99" "-Wno-unused-parameter" "-lpthread" "-D_XOPEN_SOURCE=700" "-DBORINGSSL_IMPLEMENTATION=1" "-DBORINGSSL_PREFIX=aws_lc_0_19_0" "-o" "/opt/rustwide/target/debug/build/aws-lc-sys-8d9ffb4903c9e0ff/out/b358fe7f06bd479f-aesni-gcm-avx512.o" "-c" "/opt/rustwide/cargo-home/registry/src/index.crates.io-6f17d22bba15001f/aws-lc-sys-0.19.0/aws-lc/generated-src/linux-x86_64/crypto/fipsmodule/aesni-gcm-avx512.S" with args cc did not execute successfully (status code exit status: 1).cargo:warning=/opt/rustwide/cargo-home/registry/src/index.crates.io-6f17d22bba15001f/aws-lc-sys-0.19.0/aws-lc/generated-src/linux-x86_64/crypto/fipsmodule/ghash-ssse3-x86_64.S:5: fatal error: when writing output to /tmp/ccnUjhzx.s: No space left on device
[INFO] [stderr]   cargo:warning=    5 | 
[INFO] [stderr]   cargo:warning=      | 
[INFO] [stderr]   cargo:warning=compilation terminated.
[INFO] [stderr] 
[INFO] [stderr]   exit status: 1
[INFO] [stderr]   cargo:warning=ToolExecError: Command "cc" "-O0" "-ffunction-sections" "-fdata-sections" "-fPIC" "-gdwarf-4" "-fno-omit-frame-pointer" "-m64" "-static" "-I" "/opt/rustwide/cargo-home/registry/src/index.crates.io-6f17d22bba15001f/aws-lc-sys-0.19.0/include" "-I" "/opt/rustwide/cargo-home/registry/src/index.crates.io-6f17d22bba15001f/aws-lc-sys-0.19.0/generated-include" "-I" "/opt/rustwide/cargo-home/registry/src/index.crates.io-6f17d22bba15001f/aws-lc-sys-0.19.0/aws-lc/include" "-I" "/opt/rustwide/cargo-home/registry/src/index.crates.io-6f17d22bba15001f/aws-lc-sys-0.19.0/aws-lc/third_party/s2n-bignum/include" "-Wall" "-Wextra" "-std=c99" "-Wno-unused-parameter" "-lpthread" "-D_XOPEN_SOURCE=700" "-DBORINGSSL_IMPLEMENTATION=1" "-DBORINGSSL_PREFIX=aws_lc_0_19_0" "-o" "/opt/rustwide/target/debug/build/aws-lc-sys-8d9ffb4903c9e0ff/out/b358fe7f06bd479f-ghash-ssse3-x86_64.o" "-c" "/opt/rustwide/cargo-home/registry/src/index.crates.io-6f17d22bba15001f/aws-lc-sys-0.19.0/aws-lc/generated-src/linux-x86_64/crypto/fipsmodule/ghash-ssse3-x86_64.S" with args cc did not execute successfully (status code exit status: 1).cargo:warning=/opt/rustwide/cargo-home/registry/src/index.crates.io-6f17d22bba15001f/aws-lc-sys-0.19.0/aws-lc/generated-src/linux-x86_64/crypto/fipsmodule/ghash-x86_64.S:5: fatal error: when writing output to /tmp/ccUwR1MA.s: No space left on device
[INFO] [stderr]   cargo:warning=    5 | 
[INFO] [stderr]   cargo:warning=      | 
[INFO] [stderr]   cargo:warning=compilation terminated.
[INFO] [stderr] 
[INFO] [stderr]   exit status: 1
[INFO] [stderr]   cargo:warning=ToolExecError: Command "cc" "-O0" "-ffunction-sections" "-fdata-sections" "-fPIC" "-gdwarf-4" "-fno-omit-frame-pointer" "-m64" "-static" "-I" "/opt/rustwide/cargo-home/registry/src/index.crates.io-6f17d22bba15001f/aws-lc-sys-0.19.0/include" "-I" "/opt/rustwide/cargo-home/registry/src/index.crates.io-6f17d22bba15001f/aws-lc-sys-0.19.0/generated-include" "-I" "/opt/rustwide/cargo-home/registry/src/index.crates.io-6f17d22bba15001f/aws-lc-sys-0.19.0/aws-lc/include" "-I" "/opt/rustwide/cargo-home/registry/src/index.crates.io-6f17d22bba15001f/aws-lc-sys-0.19.0/aws-lc/third_party/s2n-bignum/include" "-Wall" "-Wextra" "-std=c99" "-Wno-unused-parameter" "-lpthread" "-D_XOPEN_SOURCE=700" "-DBORINGSSL_IMPLEMENTATION=1" "-DBORINGSSL_PREFIX=aws_lc_0_19_0" "-o" "/opt/rustwide/target/debug/build/aws-lc-sys-8d9ffb4903c9e0ff/out/b358fe7f06bd479f-ghash-x86_64.o" "-c" "/opt/rustwide/cargo-home/registry/src/index.crates.io-6f17d22bba15001f/aws-lc-sys-0.19.0/aws-lc/generated-src/linux-x86_64/crypto/fipsmodule/ghash-x86_64.S" with args cc did not execute successfully (status code exit status: 1).cargo:warning=/opt/rustwide/cargo-home/registry/src/index.crates.io-6f17d22bba15001f/aws-lc-sys-0.19.0/aws-lc/generated-src/linux-x86_64/crypto/fipsmodule/md5-x86_64.S:5: fatal error: when writing output to /tmp/cciy8Ubp.s: No space left on device
[INFO] [stderr]   cargo:warning=    5 | 
[INFO] [stderr]   cargo:warning=      | 
[INFO] [stderr]   cargo:warning=compilation terminated.
[INFO] [stderr] 
[INFO] [stderr]   exit status: 1
[INFO] [stderr]   cargo:warning=ToolExecError: Command "cc" "-O0" "-ffunction-sections" "-fdata-sections" "-fPIC" "-gdwarf-4" "-fno-omit-frame-pointer" "-m64" "-static" "-I" "/opt/rustwide/cargo-home/registry/src/index.crates.io-6f17d22bba15001f/aws-lc-sys-0.19.0/include" "-I" "/opt/rustwide/cargo-home/registry/src/index.crates.io-6f17d22bba15001f/aws-lc-sys-0.19.0/generated-include" "-I" "/opt/rustwide/cargo-home/registry/src/index.crates.io-6f17d22bba15001f/aws-lc-sys-0.19.0/aws-lc/include" "-I" "/opt/rustwide/cargo-home/registry/src/index.crates.io-6f17d22bba15001f/aws-lc-sys-0.19.0/aws-lc/third_party/s2n-bignum/include" "-Wall" "-Wextra" "-std=c99" "-Wno-unused-parameter" "-lpthread" "-D_XOPEN_SOURCE=700" "-DBORINGSSL_IMPLEMENTATION=1" "-DBORINGSSL_PREFIX=aws_lc_0_19_0" "-o" "/opt/rustwide/target/debug/build/aws-lc-sys-8d9ffb4903c9e0ff/out/b358fe7f06bd479f-md5-x86_64.o" "-c" "/opt/rustwide/cargo-home/registry/src/index.crates.io-6f17d22bba15001f/aws-lc-sys-0.19.0/aws-lc/generated-src/linux-x86_64/crypto/fipsmodule/md5-x86_64.S" with args cc did not execute successfully (status code exit status: 1).cargo:warning=/opt/rustwide/cargo-home/registry/src/index.crates.io-6f17d22bba15001f/aws-lc-sys-0.19.0/aws-lc/generated-src/linux-x86_64/crypto/fipsmodule/p256-x86_64-asm.S:5: fatal error: when writing output to /tmp/cc6sUufo.s: No space left on device
[INFO] [stderr]   cargo:warning=    5 | 
[INFO] [stderr]   cargo:warning=      | 
[INFO] [stderr]   cargo:warning=compilation terminated.
[INFO] [stderr] 
[INFO] [stderr]   exit status: 1
[INFO] [stderr]   cargo:warning=ToolExecError: Command "cc" "-O0" "-ffunction-sections" "-fdata-sections" "-fPIC" "-gdwarf-4" "-fno-omit-frame-pointer" "-m64" "-static" "-I" "/opt/rustwide/cargo-home/registry/src/index.crates.io-6f17d22bba15001f/aws-lc-sys-0.19.0/include" "-I" "/opt/rustwide/cargo-home/registry/src/index.crates.io-6f17d22bba15001f/aws-lc-sys-0.19.0/generated-include" "-I" "/opt/rustwide/cargo-home/registry/src/index.crates.io-6f17d22bba15001f/aws-lc-sys-0.19.0/aws-lc/include" "-I" "/opt/rustwide/cargo-home/registry/src/index.crates.io-6f17d22bba15001f/aws-lc-sys-0.19.0/aws-lc/third_party/s2n-bignum/include" "-Wall" "-Wextra" "-std=c99" "-Wno-unused-parameter" "-lpthread" "-D_XOPEN_SOURCE=700" "-DBORINGSSL_IMPLEMENTATION=1" "-DBORINGSSL_PREFIX=aws_lc_0_19_0" "-o" "/opt/rustwide/target/debug/build/aws-lc-sys-8d9ffb4903c9e0ff/out/b358fe7f06bd479f-p256-x86_64-asm.o" "-c" "/opt/rustwide/cargo-home/registry/src/index.crates.io-6f17d22bba15001f/aws-lc-sys-0.19.0/aws-lc/generated-src/linux-x86_64/crypto/fipsmodule/p256-x86_64-asm.S" with args cc did not execute successfully (status code exit status: 1).cargo:warning=/opt/rustwide/cargo-home/registry/src/index.crates.io-6f17d22bba15001f/aws-lc-sys-0.19.0/aws-lc/generated-src/linux-x86_64/crypto/fipsmodule/rsaz-avx2.S:5: fatal error: when writing output to /tmp/ccyXhb9y.s: No space left on device
[INFO] [stderr]   cargo:warning=    5 | 
[INFO] [stderr]   cargo:warning=      | 
[INFO] [stderr]   cargo:warning=compilation terminated.
[INFO] [stderr] 
[INFO] [stderr]   exit status: 0
[INFO] [stderr]   exit status: 0
[INFO] [stderr]   exit status: 1
[INFO] [stderr]   cargo:warning=ToolExecError: Command "cc" "-O0" "-ffunction-sections" "-fdata-sections" "-fPIC" "-gdwarf-4" "-fno-omit-frame-pointer" "-m64" "-static" "-I" "/opt/rustwide/cargo-home/registry/src/index.crates.io-6f17d22bba15001f/aws-lc-sys-0.19.0/include" "-I" "/opt/rustwide/cargo-home/registry/src/index.crates.io-6f17d22bba15001f/aws-lc-sys-0.19.0/generated-include" "-I" "/opt/rustwide/cargo-home/registry/src/index.crates.io-6f17d22bba15001f/aws-lc-sys-0.19.0/aws-lc/include" "-I" "/opt/rustwide/cargo-home/registry/src/index.crates.io-6f17d22bba15001f/aws-lc-sys-0.19.0/aws-lc/third_party/s2n-bignum/include" "-Wall" "-Wextra" "-std=c99" "-Wno-unused-parameter" "-lpthread" "-D_XOPEN_SOURCE=700" "-DBORINGSSL_IMPLEMENTATION=1" "-DBORINGSSL_PREFIX=aws_lc_0_19_0" "-o" "/opt/rustwide/target/debug/build/aws-lc-sys-8d9ffb4903c9e0ff/out/b358fe7f06bd479f-rsaz-avx2.o" "-c" "/opt/rustwide/cargo-home/registry/src/index.crates.io-6f17d22bba15001f/aws-lc-sys-0.19.0/aws-lc/generated-src/linux-x86_64/crypto/fipsmodule/rsaz-avx2.S" with args cc did not execute successfully (status code exit status: 1).cargo:warning=/opt/rustwide/cargo-home/registry/src/index.crates.io-6f17d22bba15001f/aws-lc-sys-0.19.0/aws-lc/generated-src/linux-x86_64/crypto/fipsmodule/sha1-x86_64.S:5: fatal error: when writing output to /tmp/cck5SO7F.s: No space left on device
[INFO] [stderr]   cargo:warning=    5 | 
[INFO] [stderr]   cargo:warning=      | 
[INFO] [stderr]   cargo:warning=compilation terminated.
[INFO] [stderr] 
[INFO] [stderr]   exit status: 1
[INFO] [stderr]   cargo:warning=ToolExecError: Command "cc" "-O0" "-ffunction-sections" "-fdata-sections" "-fPIC" "-gdwarf-4" "-fno-omit-frame-pointer" "-m64" "-static" "-I" "/opt/rustwide/cargo-home/registry/src/index.crates.io-6f17d22bba15001f/aws-lc-sys-0.19.0/include" "-I" "/opt/rustwide/cargo-home/registry/src/index.crates.io-6f17d22bba15001f/aws-lc-sys-0.19.0/generated-include" "-I" "/opt/rustwide/cargo-home/registry/src/index.crates.io-6f17d22bba15001f/aws-lc-sys-0.19.0/aws-lc/include" "-I" "/opt/rustwide/cargo-home/registry/src/index.crates.io-6f17d22bba15001f/aws-lc-sys-0.19.0/aws-lc/third_party/s2n-bignum/include" "-Wall" "-Wextra" "-std=c99" "-Wno-unused-parameter" "-lpthread" "-D_XOPEN_SOURCE=700" "-DBORINGSSL_IMPLEMENTATION=1" "-DBORINGSSL_PREFIX=aws_lc_0_19_0" "-o" "/opt/rustwide/target/debug/build/aws-lc-sys-8d9ffb4903c9e0ff/out/b358fe7f06bd479f-sha1-x86_64.o" "-c" "/opt/rustwide/cargo-home/registry/src/index.crates.io-6f17d22bba15001f/aws-lc-sys-0.19.0/aws-lc/generated-src/linux-x86_64/crypto/fipsmodule/sha1-x86_64.S" with args cc did not execute successfully (status code exit status: 1).cargo:warning=/opt/rustwide/cargo-home/registry/src/index.crates.io-6f17d22bba15001f/aws-lc-sys-0.19.0/aws-lc/generated-src/linux-x86_64/crypto/test/trampoline-x86_64.S:5: fatal error: when writing output to /tmp/ccM03gTG.s: No space left on device
[INFO] [stderr]   cargo:warning=    5 | 
[INFO] [stderr]   cargo:warning=      | 
[INFO] [stderr]   cargo:warning=compilation terminated.
[INFO] [stderr] 
[INFO] [stderr]   exit status: 0
[INFO] [stderr]   exit status: 0
[INFO] [stderr]   exit status: 0
[INFO] [stderr]   exit status: 0
[INFO] [stderr]   exit status: 0
[INFO] [stderr]   exit status: 1
[INFO] [stderr]   cargo:warning=ToolExecError: Command "cc" "-O0" "-ffunction-sections" "-fdata-sections" "-fPIC" "-gdwarf-4" "-fno-omit-frame-pointer" "-m64" "-static" "-I" "/opt/rustwide/cargo-home/registry/src/index.crates.io-6f17d22bba15001f/aws-lc-sys-0.19.0/include" "-I" "/opt/rustwide/cargo-home/registry/src/index.crates.io-6f17d22bba15001f/aws-lc-sys-0.19.0/generated-include" "-I" "/opt/rustwide/cargo-home/registry/src/index.crates.io-6f17d22bba15001f/aws-lc-sys-0.19.0/aws-lc/include" "-I" "/opt/rustwide/cargo-home/registry/src/index.crates.io-6f17d22bba15001f/aws-lc-sys-0.19.0/aws-lc/third_party/s2n-bignum/include" "-Wall" "-Wextra" "-std=c99" "-Wno-unused-parameter" "-lpthread" "-D_XOPEN_SOURCE=700" "-DBORINGSSL_IMPLEMENTATION=1" "-DBORINGSSL_PREFIX=aws_lc_0_19_0" "-o" "/opt/rustwide/target/debug/build/aws-lc-sys-8d9ffb4903c9e0ff/out/dc4817a68c331d46-trampoline-x86_64.o" "-c" "/opt/rustwide/cargo-home/registry/src/index.crates.io-6f17d22bba15001f/aws-lc-sys-0.19.0/aws-lc/generated-src/linux-x86_64/crypto/test/trampoline-x86_64.S" with args cc did not execute successfully (status code exit status: 1).cargo:warning=/opt/rustwide/cargo-home/registry/src/index.crates.io-6f17d22bba15001f/aws-lc-sys-0.19.0/aws-lc/third_party/s2n-bignum/x86_att/curve25519/curve25519_x25519.S:30: fatal error: when writing output to /tmp/cc6m5CPI.s: No space left on device
[INFO] [stderr]   cargo:warning=   30 | 
[INFO] [stderr]   cargo:warning=      | 
[INFO] [stderr]   cargo:warning=compilation terminated.
[INFO] [stderr] 
[INFO] [stderr]   exit status: 0
[INFO] [stderr]   exit status: 0
[INFO] [stderr]   exit status: 0
[INFO] [stderr]   exit status: 0
[INFO] [stderr]   exit status: 1
[INFO] [stderr]   cargo:warning=ToolExecError: Command "cc" "-O0" "-ffunction-sections" "-fdata-sections" "-fPIC" "-gdwarf-4" "-fno-omit-frame-pointer" "-m64" "-static" "-I" "/opt/rustwide/cargo-home/registry/src/index.crates.io-6f17d22bba15001f/aws-lc-sys-0.19.0/include" "-I" "/opt/rustwide/cargo-home/registry/src/index.crates.io-6f17d22bba15001f/aws-lc-sys-0.19.0/generated-include" "-I" "/opt/rustwide/cargo-home/registry/src/index.crates.io-6f17d22bba15001f/aws-lc-sys-0.19.0/aws-lc/include" "-I" "/opt/rustwide/cargo-home/registry/src/index.crates.io-6f17d22bba15001f/aws-lc-sys-0.19.0/aws-lc/third_party/s2n-bignum/include" "-Wall" "-Wextra" "-std=c99" "-Wno-unused-parameter" "-lpthread" "-D_XOPEN_SOURCE=700" "-DBORINGSSL_IMPLEMENTATION=1" "-DBORINGSSL_PREFIX=aws_lc_0_19_0" "-o" "/opt/rustwide/target/debug/build/aws-lc-sys-8d9ffb4903c9e0ff/out/c3fb8209d9038ebe-curve25519_x25519.o" "-c" "/opt/rustwide/cargo-home/registry/src/index.crates.io-6f17d22bba15001f/aws-lc-sys-0.19.0/aws-lc/third_party/s2n-bignum/x86_att/curve25519/curve25519_x25519.S" with args cc did not execute successfully (status code exit status: 1).cargo:warning=/opt/rustwide/cargo-home/registry/src/index.crates.io-6f17d22bba15001f/aws-lc-sys-0.19.0/aws-lc/third_party/s2n-bignum/x86_att/curve25519/curve25519_x25519_alt.S:30: fatal error: when writing output to /tmp/ccwILoxU.s: No space left on device
[INFO] [stderr]   cargo:warning=   30 | 
[INFO] [stderr]   cargo:warning=      | 
[INFO] [stderr]   cargo:warning=compilation terminated.
[INFO] [stderr] 
[INFO] [stderr]   exit status: 1
[INFO] [stderr]   cargo:warning=ToolExecError: Command "cc" "-O0" "-ffunction-sections" "-fdata-sections" "-fPIC" "-gdwarf-4" "-fno-omit-frame-pointer" "-m64" "-static" "-I" "/opt/rustwide/cargo-home/registry/src/index.crates.io-6f17d22bba15001f/aws-lc-sys-0.19.0/include" "-I" "/opt/rustwide/cargo-home/registry/src/index.crates.io-6f17d22bba15001f/aws-lc-sys-0.19.0/generated-include" "-I" "/opt/rustwide/cargo-home/registry/src/index.crates.io-6f17d22bba15001f/aws-lc-sys-0.19.0/aws-lc/include" "-I" "/opt/rustwide/cargo-home/registry/src/index.crates.io-6f17d22bba15001f/aws-lc-sys-0.19.0/aws-lc/third_party/s2n-bignum/include" "-Wall" "-Wextra" "-std=c99" "-Wno-unused-parameter" "-lpthread" "-D_XOPEN_SOURCE=700" "-DBORINGSSL_IMPLEMENTATION=1" "-DBORINGSSL_PREFIX=aws_lc_0_19_0" "-o" "/opt/rustwide/target/debug/build/aws-lc-sys-8d9ffb4903c9e0ff/out/c3fb8209d9038ebe-curve25519_x25519_alt.o" "-c" "/opt/rustwide/cargo-home/registry/src/index.crates.io-6f17d22bba15001f/aws-lc-sys-0.19.0/aws-lc/third_party/s2n-bignum/x86_att/curve25519/curve25519_x25519_alt.S" with args cc did not execute successfully (status code exit status: 1).cargo:warning=/opt/rustwide/cargo-home/registry/src/index.crates.io-6f17d22bba15001f/aws-lc-sys-0.19.0/aws-lc/third_party/s2n-bignum/x86_att/curve25519/curve25519_x25519base.S:26: fatal error: when writing output to /tmp/ccRNIWLc.s: No space left on device
[INFO] [stderr]   cargo:warning=   26 | 
[INFO] [stderr]   cargo:warning=      | 
[INFO] [stderr]   cargo:warning=compilation terminated.
[INFO] [stderr] 
[INFO] [stderr]   exit status: 1
[INFO] [stderr]   cargo:warning=ToolExecError: Command "cc" "-O0" "-ffunction-sections" "-fdata-sections" "-fPIC" "-gdwarf-4" "-fno-omit-frame-pointer" "-m64" "-static" "-I" "/opt/rustwide/cargo-home/registry/src/index.crates.io-6f17d22bba15001f/aws-lc-sys-0.19.0/include" "-I" "/opt/rustwide/cargo-home/registry/src/index.crates.io-6f17d22bba15001f/aws-lc-sys-0.19.0/generated-include" "-I" "/opt/rustwide/cargo-home/registry/src/index.crates.io-6f17d22bba15001f/aws-lc-sys-0.19.0/aws-lc/include" "-I" "/opt/rustwide/cargo-home/registry/src/index.crates.io-6f17d22bba15001f/aws-lc-sys-0.19.0/aws-lc/third_party/s2n-bignum/include" "-Wall" "-Wextra" "-std=c99" "-Wno-unused-parameter" "-lpthread" "-D_XOPEN_SOURCE=700" "-DBORINGSSL_IMPLEMENTATION=1" "-DBORINGSSL_PREFIX=aws_lc_0_19_0" "-o" "/opt/rustwide/target/debug/build/aws-lc-sys-8d9ffb4903c9e0ff/out/c3fb8209d9038ebe-curve25519_x25519base.o" "-c" "/opt/rustwide/cargo-home/registry/src/index.crates.io-6f17d22bba15001f/aws-lc-sys-0.19.0/aws-lc/third_party/s2n-bignum/x86_att/curve25519/curve25519_x25519base.S" with args cc did not execute successfully (status code exit status: 1).cargo:warning=/opt/rustwide/cargo-home/registry/src/index.crates.io-6f17d22bba15001f/aws-lc-sys-0.19.0/aws-lc/third_party/s2n-bignum/x86_att/curve25519/curve25519_x25519base_alt.S:26: fatal error: when writing output to /tmp/ccoGuWPC.s: No space left on device
[INFO] [stderr]   cargo:warning=   26 | 
[INFO] [stderr]   cargo:warning=      | 
[INFO] [stderr]   cargo:warning=compilation terminated.
[INFO] [stderr] 
[INFO] [stderr]   exit status: 1
[INFO] [stderr]   cargo:warning=ToolExecError: Command "cc" "-O0" "-ffunction-sections" "-fdata-sections" "-fPIC" "-gdwarf-4" "-fno-omit-frame-pointer" "-m64" "-static" "-I" "/opt/rustwide/cargo-home/registry/src/index.crates.io-6f17d22bba15001f/aws-lc-sys-0.19.0/include" "-I" "/opt/rustwide/cargo-home/registry/src/index.crates.io-6f17d22bba15001f/aws-lc-sys-0.19.0/generated-include" "-I" "/opt/rustwide/cargo-home/registry/src/index.crates.io-6f17d22bba15001f/aws-lc-sys-0.19.0/aws-lc/include" "-I" "/opt/rustwide/cargo-home/registry/src/index.crates.io-6f17d22bba15001f/aws-lc-sys-0.19.0/aws-lc/third_party/s2n-bignum/include" "-Wall" "-Wextra" "-std=c99" "-Wno-unused-parameter" "-lpthread" "-D_XOPEN_SOURCE=700" "-DBORINGSSL_IMPLEMENTATION=1" "-DBORINGSSL_PREFIX=aws_lc_0_19_0" "-o" "/opt/rustwide/target/debug/build/aws-lc-sys-8d9ffb4903c9e0ff/out/c3fb8209d9038ebe-curve25519_x25519base_alt.o" "-c" "/opt/rustwide/cargo-home/registry/src/index.crates.io-6f17d22bba15001f/aws-lc-sys-0.19.0/aws-lc/third_party/s2n-bignum/x86_att/curve25519/curve25519_x25519base_alt.S" with args cc did not execute successfully (status code exit status: 1).cargo:warning=/opt/rustwide/cargo-home/registry/src/index.crates.io-6f17d22bba15001f/aws-lc-sys-0.19.0/aws-lc/third_party/s2n-bignum/x86_att/curve25519/edwards25519_scalarmulbase.S:18: fatal error: when writing output to /tmp/cc5pCYIl.s: No space left on device
[INFO] [stderr]   cargo:warning=   18 | 
[INFO] [stderr]   cargo:warning=      | 
[INFO] [stderr]   cargo:warning=compilation terminated.
[INFO] [stderr] 
[INFO] [stderr]   exit status: 0
[INFO] [stderr]   exit status: 0
[INFO] [stderr]   exit status: 0
[INFO] [stderr]   exit status: 1
[INFO] [stderr]   cargo:warning=ToolExecError: Command "cc" "-O0" "-ffunction-sections" "-fdata-sections" "-fPIC" "-gdwarf-4" "-fno-omit-frame-pointer" "-m64" "-static" "-I" "/opt/rustwide/cargo-home/registry/src/index.crates.io-6f17d22bba15001f/aws-lc-sys-0.19.0/include" "-I" "/opt/rustwide/cargo-home/registry/src/index.crates.io-6f17d22bba15001f/aws-lc-sys-0.19.0/generated-include" "-I" "/opt/rustwide/cargo-home/registry/src/index.crates.io-6f17d22bba15001f/aws-lc-sys-0.19.0/aws-lc/include" "-I" "/opt/rustwide/cargo-home/registry/src/index.crates.io-6f17d22bba15001f/aws-lc-sys-0.19.0/aws-lc/third_party/s2n-bignum/include" "-Wall" "-Wextra" "-std=c99" "-Wno-unused-parameter" "-lpthread" "-D_XOPEN_SOURCE=700" "-DBORINGSSL_IMPLEMENTATION=1" "-DBORINGSSL_PREFIX=aws_lc_0_19_0" "-o" "/opt/rustwide/target/debug/build/aws-lc-sys-8d9ffb4903c9e0ff/out/c3fb8209d9038ebe-edwards25519_scalarmulbase.o" "-c" "/opt/rustwide/cargo-home/registry/src/index.crates.io-6f17d22bba15001f/aws-lc-sys-0.19.0/aws-lc/third_party/s2n-bignum/x86_att/curve25519/edwards25519_scalarmulbase.S" with args cc did not execute successfully (status code exit status: 1).cargo:warning=/opt/rustwide/cargo-home/registry/src/index.crates.io-6f17d22bba15001f/aws-lc-sys-0.19.0/aws-lc/third_party/s2n-bignum/x86_att/curve25519/edwards25519_scalarmulbase_alt.S:18: fatal error: when writing output to /tmp/ccWk2HHC.s: No space left on device
[INFO] [stderr]   cargo:warning=   18 | 
[INFO] [stderr]   cargo:warning=      | 
[INFO] [stderr]   cargo:warning=compilation terminated.
[INFO] [stderr] 
[INFO] [stderr]   exit status: 1
[INFO] [stderr]   cargo:warning=ToolExecError: Command "cc" "-O0" "-ffunction-sections" "-fdata-sections" "-fPIC" "-gdwarf-4" "-fno-omit-frame-pointer" "-m64" "-static" "-I" "/opt/rustwide/cargo-home/registry/src/index.crates.io-6f17d22bba15001f/aws-lc-sys-0.19.0/include" "-I" "/opt/rustwide/cargo-home/registry/src/index.crates.io-6f17d22bba15001f/aws-lc-sys-0.19.0/generated-include" "-I" "/opt/rustwide/cargo-home/registry/src/index.crates.io-6f17d22bba15001f/aws-lc-sys-0.19.0/aws-lc/include" "-I" "/opt/rustwide/cargo-home/registry/src/index.crates.io-6f17d22bba15001f/aws-lc-sys-0.19.0/aws-lc/third_party/s2n-bignum/include" "-Wall" "-Wextra" "-std=c99" "-Wno-unused-parameter" "-lpthread" "-D_XOPEN_SOURCE=700" "-DBORINGSSL_IMPLEMENTATION=1" "-DBORINGSSL_PREFIX=aws_lc_0_19_0" "-o" "/opt/rustwide/target/debug/build/aws-lc-sys-8d9ffb4903c9e0ff/out/c3fb8209d9038ebe-edwards25519_scalarmulbase_alt.o" "-c" "/opt/rustwide/cargo-home/registry/src/index.crates.io-6f17d22bba15001f/aws-lc-sys-0.19.0/aws-lc/third_party/s2n-bignum/x86_att/curve25519/edwards25519_scalarmulbase_alt.S" with args cc did not execute successfully (status code exit status: 1).cargo:warning=/opt/rustwide/cargo-home/registry/src/index.crates.io-6f17d22bba15001f/aws-lc-sys-0.19.0/aws-lc/third_party/s2n-bignum/x86_att/curve25519/edwards25519_scalarmuldouble.S:26: fatal error: when writing output to /tmp/ccADlVHK.s: No space left on device
[INFO] [stderr]   cargo:warning=   26 | 
[INFO] [stderr]   cargo:warning=      | 
[INFO] [stderr]   cargo:warning=compilation terminated.
[INFO] [stderr] 
[INFO] [stderr]   exit status: 1
[INFO] [stderr]   cargo:warning=ToolExecError: Command "cc" "-O0" "-ffunction-sections" "-fdata-sections" "-fPIC" "-gdwarf-4" "-fno-omit-frame-pointer" "-m64" "-static" "-I" "/opt/rustwide/cargo-home/registry/src/index.crates.io-6f17d22bba15001f/aws-lc-sys-0.19.0/include" "-I" "/opt/rustwide/cargo-home/registry/src/index.crates.io-6f17d22bba15001f/aws-lc-sys-0.19.0/generated-include" "-I" "/opt/rustwide/cargo-home/registry/src/index.crates.io-6f17d22bba15001f/aws-lc-sys-0.19.0/aws-lc/include" "-I" "/opt/rustwide/cargo-home/registry/src/index.crates.io-6f17d22bba15001f/aws-lc-sys-0.19.0/aws-lc/third_party/s2n-bignum/include" "-Wall" "-Wextra" "-std=c99" "-Wno-unused-parameter" "-lpthread" "-D_XOPEN_SOURCE=700" "-DBORINGSSL_IMPLEMENTATION=1" "-DBORINGSSL_PREFIX=aws_lc_0_19_0" "-o" "/opt/rustwide/target/debug/build/aws-lc-sys-8d9ffb4903c9e0ff/out/c3fb8209d9038ebe-edwards25519_scalarmuldouble.o" "-c" "/opt/rustwide/cargo-home/registry/src/index.crates.io-6f17d22bba15001f/aws-lc-sys-0.19.0/aws-lc/third_party/s2n-bignum/x86_att/curve25519/edwards25519_scalarmuldouble.S" with args cc did not execute successfully (status code exit status: 1).cargo:warning=/opt/rustwide/cargo-home/registry/src/index.crates.io-6f17d22bba15001f/aws-lc-sys-0.19.0/aws-lc/third_party/s2n-bignum/x86_att/curve25519/edwards25519_scalarmuldouble_alt.S:26: fatal error: when writing output to /tmp/cc3cnUi1.s: No space left on device
[INFO] [stderr]   cargo:warning=   26 | 
[INFO] [stderr]   cargo:warning=      | 
[INFO] [stderr]   cargo:warning=compilation terminated.
[INFO] [stderr] 
[INFO] [stderr]   exit status: 1
[INFO] [stderr]   cargo:warning=ToolExecError: Command "cc" "-O0" "-ffunction-sections" "-fdata-sections" "-fPIC" "-gdwarf-4" "-fno-omit-frame-pointer" "-m64" "-static" "-I" "/opt/rustwide/cargo-home/registry/src/index.crates.io-6f17d22bba15001f/aws-lc-sys-0.19.0/include" "-I" "/opt/rustwide/cargo-home/registry/src/index.crates.io-6f17d22bba15001f/aws-lc-sys-0.19.0/generated-include" "-I" "/opt/rustwide/cargo-home/registry/src/index.crates.io-6f17d22bba15001f/aws-lc-sys-0.19.0/aws-lc/include" "-I" "/opt/rustwide/cargo-home/registry/src/index.crates.io-6f17d22bba15001f/aws-lc-sys-0.19.0/aws-lc/third_party/s2n-bignum/include" "-Wall" "-Wextra" "-std=c99" "-Wno-unused-parameter" "-lpthread" "-D_XOPEN_SOURCE=700" "-DBORINGSSL_IMPLEMENTATION=1" "-DBORINGSSL_PREFIX=aws_lc_0_19_0" "-o" "/opt/rustwide/target/debug/build/aws-lc-sys-8d9ffb4903c9e0ff/out/c3fb8209d9038ebe-edwards25519_scalarmuldouble_alt.o" "-c" "/opt/rustwide/cargo-home/registry/src/index.crates.io-6f17d22bba15001f/aws-lc-sys-0.19.0/aws-lc/third_party/s2n-bignum/x86_att/curve25519/edwards25519_scalarmuldouble_alt.S" with args cc did not execute successfully (status code exit status: 1).
[INFO] [stderr]   exit status: 0
[INFO] [stderr]   exit status: 0
[INFO] [stderr]   exit status: 0
[INFO] [stderr]   exit status: 0
[INFO] [stderr]   exit status: 0
[INFO] [stderr]   exit status: 0
[INFO] [stderr]   exit status: 0
[INFO] [stderr]   exit status: 0
[INFO] [stderr]   cargo:warning=/opt/rustwide/cargo-home/registry/src/index.crates.io-6f17d22bba15001f/aws-lc-sys-0.19.0/aws-lc/third_party/s2n-bignum/x86_att/p521/bignum_add_p521.S:16: fatal error: when writing output to /tmp/ccKB0sx2.s: No space left on device
[INFO] [stderr]   cargo:warning=   16 | 
[INFO] [stderr]   cargo:warning=      | 
[INFO] [stderr]   cargo:warning=compilation terminated.
[INFO] [stderr]   exit status: 0
[INFO] [stderr]   exit status: 0
[INFO] [stderr]   exit status: 0
[INFO] [stderr]   exit status: 0
[INFO] [stderr]   exit status: 0
[INFO] [stderr]   exit status: 1
[INFO] [stderr]   cargo:warning=ToolExecError: Command "cc" "-O0" "-ffunction-sections" "-fdata-sections" "-fPIC" "-gdwarf-4" "-fno-omit-frame-pointer" "-m64" "-static" "-I" "/opt/rustwide/cargo-home/registry/src/index.crates.io-6f17d22bba15001f/aws-lc-sys-0.19.0/include" "-I" "/opt/rustwide/cargo-home/registry/src/index.crates.io-6f17d22bba15001f/aws-lc-sys-0.19.0/generated-include" "-I" "/opt/rustwide/cargo-home/registry/src/index.crates.io-6f17d22bba15001f/aws-lc-sys-0.19.0/aws-lc/include" "-I" "/opt/rustwide/cargo-home/registry/src/index.crates.io-6f17d22bba15001f/aws-lc-sys-0.19.0/aws-lc/third_party/s2n-bignum/include" "-Wall" "-Wextra" "-std=c99" "-Wno-unused-parameter" "-lpthread" "-D_XOPEN_SOURCE=700" "-DBORINGSSL_IMPLEMENTATION=1" "-DBORINGSSL_PREFIX=aws_lc_0_19_0" "-o" "/opt/rustwide/target/debug/build/aws-lc-sys-8d9ffb4903c9e0ff/out/ae28b3d713fc0998-bignum_add_p521.o" "-c" "/opt/rustwide/cargo-home/registry/src/index.crates.io-6f17d22bba15001f/aws-lc-sys-0.19.0/aws-lc/third_party/s2n-bignum/x86_att/p521/bignum_add_p521.S" with args cc did not execute successfully (status code exit status: 1).cargo:warning=/tmp/ccfnNmxy.s: Assembler messages:
[INFO] [stderr]   cargo:warning=/tmp/ccfnNmxy.s: Fatal error: can't write 71 bytes to section .text of /opt/rustwide/target/debug/build/aws-lc-sys-8d9ffb4903c9e0ff/out/ae28b3d713fc0998-bignum_tolebytes_p521.o: 'No space left on device'
[INFO] [stderr]   cargo:warning=/tmp/ccfnNmxy.s: Fatal error: /opt/rustwide/target/debug/build/aws-lc-sys-8d9ffb4903c9e0ff/out/ae28b3d713fc0998-bignum_tolebytes_p521.o: No space left on device
[INFO] [stderr] 
[INFO] [stderr]   exit status: 0
[INFO] [stderr]   exit status: 0
[INFO] [stderr]   exit status: 0
[INFO] [stderr]   exit status: 0
[INFO] [stderr]   exit status: 0
[INFO] [stderr]   exit status: 0
[INFO] [stderr]   exit status: 0
[INFO] [stderr]   exit status: 1
[INFO] [stderr]   cargo:warning=ToolExecError: Command "cc" "-O0" "-ffunction-sections" "-fdata-sections" "-fPIC" "-gdwarf-4" "-fno-omit-frame-pointer" "-m64" "-static" "-I" "/opt/rustwide/cargo-home/registry/src/index.crates.io-6f17d22bba15001f/aws-lc-sys-0.19.0/include" "-I" "/opt/rustwide/cargo-home/registry/src/index.crates.io-6f17d22bba15001f/aws-lc-sys-0.19.0/generated-include" "-I" "/opt/rustwide/cargo-home/registry/src/index.crates.io-6f17d22bba15001f/aws-lc-sys-0.19.0/aws-lc/include" "-I" "/opt/rustwide/cargo-home/registry/src/index.crates.io-6f17d22bba15001f/aws-lc-sys-0.19.0/aws-lc/third_party/s2n-bignum/include" "-Wall" "-Wextra" "-std=c99" "-Wno-unused-parameter" "-lpthread" "-D_XOPEN_SOURCE=700" "-DBORINGSSL_IMPLEMENTATION=1" "-DBORINGSSL_PREFIX=aws_lc_0_19_0" "-o" "/opt/rustwide/target/debug/build/aws-lc-sys-8d9ffb4903c9e0ff/out/ae28b3d713fc0998-bignum_tolebytes_p521.o" "-c" "/opt/rustwide/cargo-home/registry/src/index.crates.io-6f17d22bba15001f/aws-lc-sys-0.19.0/aws-lc/third_party/s2n-bignum/x86_att/p521/bignum_tolebytes_p521.S" with args cc did not execute successfully (status code exit status: 1).
[INFO] [stderr] 
[INFO] [stderr]   --- stderr
[INFO] [stderr] 
[INFO] [stderr] 
[INFO] [stderr]   error occurred: Command "cc" "-O0" "-ffunction-sections" "-fdata-sections" "-fPIC" "-gdwarf-4" "-fno-omit-frame-pointer" "-m64" "-static" "-I" "/opt/rustwide/cargo-home/registry/src/index.crates.io-6f17d22bba15001f/aws-lc-sys-0.19.0/include" "-I" "/opt/rustwide/cargo-home/registry/src/index.crates.io-6f17d22bba15001f/aws-lc-sys-0.19.0/generated-include" "-I" "/opt/rustwide/cargo-home/registry/src/index.crates.io-6f17d22bba15001f/aws-lc-sys-0.19.0/aws-lc/include" "-I" "/opt/rustwide/cargo-home/registry/src/index.crates.io-6f17d22bba15001f/aws-lc-sys-0.19.0/aws-lc/third_party/s2n-bignum/include" "-Wall" "-Wextra" "-std=c99" "-Wno-unused-parameter" "-lpthread" "-D_XOPEN_SOURCE=700" "-DBORINGSSL_IMPLEMENTATION=1" "-DBORINGSSL_PREFIX=aws_lc_0_19_0" "-o" "/opt/rustwide/target/debug/build/aws-lc-sys-8d9ffb4903c9e0ff/out/ae28b3d713fc0998-bignum_tolebytes_p521.o" "-c" "/opt/rustwide/cargo-home/registry/src/index.crates.io-6f17d22bba15001f/aws-lc-sys-0.19.0/aws-lc/third_party/s2n-bignum/x86_att/p521/bignum_tolebytes_p521.S" with args cc did not execute successfully (status code exit status: 1).
[INFO] [stderr] 
[INFO] [stderr] 
[INFO] running `Command { std: "docker" "inspect" "6e57832a98c377578db002cc5cd2c9b39ca21fbc235509ebddd2fe14b0e3716c", kill_on_drop: false }`
[INFO] running `Command { std: "docker" "rm" "-f" "6e57832a98c377578db002cc5cd2c9b39ca21fbc235509ebddd2fe14b0e3716c", kill_on_drop: false }`
[INFO] [stdout] 6e57832a98c377578db002cc5cd2c9b39ca21fbc235509ebddd2fe14b0e3716c
