[INFO] cloning repository https://github.com/bloop-box/nfc-scanner-firmware
[INFO] running `Command { std: "git" "-c" "credential.helper=" "-c" "credential.helper=/workspace/cargo-home/bin/git-credential-null" "clone" "--bare" "https://github.com/bloop-box/nfc-scanner-firmware" "/workspace/cache/git-repos/https%3A%2F%2Fgithub.com%2Fbloop-box%2Fnfc-scanner-firmware", kill_on_drop: false }`
[INFO] [stderr] Cloning into bare repository '/workspace/cache/git-repos/https%3A%2F%2Fgithub.com%2Fbloop-box%2Fnfc-scanner-firmware'...
[INFO] [stderr] error: copy-fd: write returned: No space left on device
[INFO] [stderr] fatal: cannot copy '/usr/share/git-core/templates/hooks/pre-rebase.sample' to '/workspace/cache/git-repos/https%3A%2F%2Fgithub.com%2Fbloop-box%2Fnfc-scanner-firmware/hooks/pre-rebase.sample': No space left on device
[WARN] Retrying crate fetch in 3 seconds (attempt 1)
[INFO] cloning repository https://github.com/bloop-box/nfc-scanner-firmware
[INFO] running `Command { std: "git" "-c" "credential.helper=" "-c" "credential.helper=/workspace/cargo-home/bin/git-credential-null" "clone" "--bare" "https://github.com/bloop-box/nfc-scanner-firmware" "/workspace/cache/git-repos/https%3A%2F%2Fgithub.com%2Fbloop-box%2Fnfc-scanner-firmware", kill_on_drop: false }`
[INFO] [stderr] Cloning into bare repository '/workspace/cache/git-repos/https%3A%2F%2Fgithub.com%2Fbloop-box%2Fnfc-scanner-firmware'...
[INFO] [stderr] error: copy-fd: write returned: No space left on device
[INFO] [stderr] fatal: cannot copy '/usr/share/git-core/templates/hooks/applypatch-msg.sample' to '/workspace/cache/git-repos/https%3A%2F%2Fgithub.com%2Fbloop-box%2Fnfc-scanner-firmware/hooks/applypatch-msg.sample': No space left on device
[WARN] Retrying crate fetch in 3 seconds (attempt 2)
[INFO] cloning repository https://github.com/bloop-box/nfc-scanner-firmware
[INFO] running `Command { std: "git" "-c" "credential.helper=" "-c" "credential.helper=/workspace/cargo-home/bin/git-credential-null" "clone" "--bare" "https://github.com/bloop-box/nfc-scanner-firmware" "/workspace/cache/git-repos/https%3A%2F%2Fgithub.com%2Fbloop-box%2Fnfc-scanner-firmware", kill_on_drop: false }`
[INFO] [stderr] Cloning into bare repository '/workspace/cache/git-repos/https%3A%2F%2Fgithub.com%2Fbloop-box%2Fnfc-scanner-firmware'...
[INFO] [stderr] error: copy-fd: write returned: No space left on device
[INFO] [stderr] fatal: cannot copy '/usr/share/git-core/templates/hooks/applypatch-msg.sample' to '/workspace/cache/git-repos/https%3A%2F%2Fgithub.com%2Fbloop-box%2Fnfc-scanner-firmware/hooks/applypatch-msg.sample': No space left on device
[WARN] Retrying crate fetch in 3 seconds (attempt 3)
[INFO] cloning repository https://github.com/bloop-box/nfc-scanner-firmware
[INFO] running `Command { std: "git" "-c" "credential.helper=" "-c" "credential.helper=/workspace/cargo-home/bin/git-credential-null" "clone" "--bare" "https://github.com/bloop-box/nfc-scanner-firmware" "/workspace/cache/git-repos/https%3A%2F%2Fgithub.com%2Fbloop-box%2Fnfc-scanner-firmware", kill_on_drop: false }`
[INFO] [stderr] Cloning into bare repository '/workspace/cache/git-repos/https%3A%2F%2Fgithub.com%2Fbloop-box%2Fnfc-scanner-firmware'...
[INFO] [stderr] error: copy-fd: write returned: No space left on device
[INFO] [stderr] fatal: cannot copy '/usr/share/git-core/templates/hooks/fsmonitor-watchman.sample' to '/workspace/cache/git-repos/https%3A%2F%2Fgithub.com%2Fbloop-box%2Fnfc-scanner-firmware/hooks/fsmonitor-watchman.sample': No space left on device
[WARN] Retrying crate fetch in 3 seconds (attempt 4)
[INFO] cloning repository https://github.com/bloop-box/nfc-scanner-firmware
[INFO] running `Command { std: "git" "-c" "credential.helper=" "-c" "credential.helper=/workspace/cargo-home/bin/git-credential-null" "clone" "--bare" "https://github.com/bloop-box/nfc-scanner-firmware" "/workspace/cache/git-repos/https%3A%2F%2Fgithub.com%2Fbloop-box%2Fnfc-scanner-firmware", kill_on_drop: false }`
[INFO] [stderr] Cloning into bare repository '/workspace/cache/git-repos/https%3A%2F%2Fgithub.com%2Fbloop-box%2Fnfc-scanner-firmware'...
[INFO] running `Command { std: "git" "rev-parse" "HEAD", kill_on_drop: false }`
[INFO] [stdout] de550302bc2ae3b14e2267cc4b5a7443a39a7da3
[INFO] testing bloop-box/nfc-scanner-firmware/de550302bc2ae3b14e2267cc4b5a7443a39a7da3 against nightly-2024-10-28 for randomize-layout
[INFO] running `Command { std: "git" "clone" "/workspace/cache/git-repos/https%3A%2F%2Fgithub.com%2Fbloop-box%2Fnfc-scanner-firmware" "/workspace/builds/worker-7-tc1/source", kill_on_drop: false }`
[INFO] [stderr] Cloning into '/workspace/builds/worker-7-tc1/source'...
[INFO] [stderr] done.
[INFO] validating manifest of git repo https://github.com/bloop-box/nfc-scanner-firmware on toolchain nightly-2024-10-28
[INFO] running `Command { std: CARGO_HOME="/workspace/cargo-home" RUSTUP_HOME="/workspace/rustup-home" "/workspace/cargo-home/bin/cargo" "+nightly-2024-10-28" "metadata" "--manifest-path" "Cargo.toml" "--no-deps", kill_on_drop: false }`
[INFO] removed /workspace/builds/worker-7-tc1/source/.cargo/config.toml
[INFO] removed /workspace/builds/worker-7-tc1/source/rust-toolchain.toml
[INFO] started tweaking git repo https://github.com/bloop-box/nfc-scanner-firmware
[INFO] finished tweaking git repo https://github.com/bloop-box/nfc-scanner-firmware
[INFO] tweaked toml for git repo https://github.com/bloop-box/nfc-scanner-firmware written to /workspace/builds/worker-7-tc1/source/Cargo.toml
[INFO] crate git repo https://github.com/bloop-box/nfc-scanner-firmware already has a lockfile, it will not be regenerated
[INFO] running `Command { std: CARGO_HOME="/workspace/cargo-home" RUSTUP_HOME="/workspace/rustup-home" "/workspace/cargo-home/bin/cargo" "+nightly-2024-10-28" "fetch" "--manifest-path" "Cargo.toml", kill_on_drop: false }`
[INFO] [stderr]     Updating crates.io index
[INFO] [stderr]     Updating git repository `https://github.com/embassy-rs/rp2040-pac2`
[INFO] [stderr]  Downloading crates ...
[INFO] [stderr]   Downloaded pio-parser v0.2.1
[INFO] [stderr]   Downloaded static_cell v1.0.0
[INFO] [stderr]   Downloaded pio-proc v0.2.1
[INFO] [stderr]   Downloaded embedded-hal-async v0.2.0-alpha.1
[INFO] [stderr]   Downloaded defmt v0.3.2
[INFO] [stderr]   Downloaded atomic-polyfill v1.0.2
[INFO] [stderr]   Downloaded mfrc522 v0.5.0
[INFO] running `Command { std: "docker" "create" "-v" "/var/lib/crater-agent-workspace/builds/worker-7-tc1/target:/opt/rustwide/target:rw,Z" "-v" "/var/lib/crater-agent-workspace/builds/worker-7-tc1/source:/opt/rustwide/workdir:ro,Z" "-v" "/var/lib/crater-agent-workspace/cargo-home:/opt/rustwide/cargo-home:ro,Z" "-v" "/var/lib/crater-agent-workspace/rustup-home:/opt/rustwide/rustup-home:ro,Z" "-e" "SOURCE_DIR=/opt/rustwide/workdir" "-e" "CARGO_TARGET_DIR=/opt/rustwide/target" "-e" "CARGO_HOME=/opt/rustwide/cargo-home" "-e" "RUSTUP_HOME=/opt/rustwide/rustup-home" "-w" "/opt/rustwide/workdir" "-m" "1610612736" "--user" "0:0" "--network" "none" "ghcr.io/rust-lang/crates-build-env/linux@sha256:4a844ea9eb2546a2d2c7022eacef16ef2e8229c7fbb2c7d4d55a9ceca922f72d" "/opt/rustwide/cargo-home/bin/cargo" "+nightly-2024-10-28" "metadata" "--no-deps" "--format-version=1", kill_on_drop: false }`
[INFO] [stdout] f3fc1cbff3644533a9a135f3626bb14ad179b4fb1db848faac24d8ea3d69f3ad
[INFO] running `Command { std: "docker" "start" "-a" "f3fc1cbff3644533a9a135f3626bb14ad179b4fb1db848faac24d8ea3d69f3ad", kill_on_drop: false }`
[INFO] running `Command { std: "docker" "inspect" "f3fc1cbff3644533a9a135f3626bb14ad179b4fb1db848faac24d8ea3d69f3ad", kill_on_drop: false }`
[INFO] running `Command { std: "docker" "rm" "-f" "f3fc1cbff3644533a9a135f3626bb14ad179b4fb1db848faac24d8ea3d69f3ad", kill_on_drop: false }`
[INFO] [stdout] f3fc1cbff3644533a9a135f3626bb14ad179b4fb1db848faac24d8ea3d69f3ad
[INFO] running `Command { std: "docker" "create" "-v" "/var/lib/crater-agent-workspace/builds/worker-7-tc1/target:/opt/rustwide/target:rw,Z" "-v" "/var/lib/crater-agent-workspace/builds/worker-7-tc1/source:/opt/rustwide/workdir:ro,Z" "-v" "/var/lib/crater-agent-workspace/cargo-home:/opt/rustwide/cargo-home:ro,Z" "-v" "/var/lib/crater-agent-workspace/rustup-home:/opt/rustwide/rustup-home:ro,Z" "-e" "SOURCE_DIR=/opt/rustwide/workdir" "-e" "CARGO_TARGET_DIR=/opt/rustwide/target" "-e" "CARGO_INCREMENTAL=0" "-e" "RUST_BACKTRACE=full" "-e" "RUSTFLAGS=--cap-lints=forbid" "-e" "RUSTDOCFLAGS=--cap-lints=forbid" "-e" "CARGO_HOME=/opt/rustwide/cargo-home" "-e" "RUSTUP_HOME=/opt/rustwide/rustup-home" "-w" "/opt/rustwide/workdir" "-m" "1610612736" "--user" "0:0" "--network" "none" "ghcr.io/rust-lang/crates-build-env/linux@sha256:4a844ea9eb2546a2d2c7022eacef16ef2e8229c7fbb2c7d4d55a9ceca922f72d" "/opt/rustwide/cargo-home/bin/cargo" "+nightly-2024-10-28" "build" "--frozen" "--message-format=json", kill_on_drop: false }`
[INFO] [stdout] 87a52f3165ed8778422f352178c03771f925ed32f78e44dc5f43b9de5dcee99b
[INFO] running `Command { std: "docker" "start" "-a" "87a52f3165ed8778422f352178c03771f925ed32f78e44dc5f43b9de5dcee99b", kill_on_drop: false }`
[INFO] [stderr]    Compiling proc-macro2 v1.0.56
[INFO] [stderr]    Compiling unicode-ident v1.0.8
[INFO] [stderr]    Compiling quote v1.0.26
[INFO] [stderr]    Compiling syn v1.0.109
[INFO] [stderr]    Compiling autocfg v1.1.0
[INFO] [stderr]    Compiling defmt v0.3.2
[INFO] [stderr]    Compiling cfg-if v1.0.0
[INFO] [stderr]    Compiling version_check v0.9.4
[INFO] [stderr]    Compiling bitflags v1.3.2
[INFO] [stderr]    Compiling scopeguard v1.1.0
[INFO] [stderr]    Compiling libc v0.2.141
[INFO] [stderr]    Compiling thiserror v1.0.40
[INFO] [stderr]    Compiling defmt-macros v0.3.4
[INFO] [stderr]    Compiling semver v1.0.17
[INFO] [stderr]    Compiling futures-core v0.3.28
[INFO] [stderr]    Compiling cortex-m v0.7.7
[INFO] [stdout] error[E0422]: cannot find struct, variant or union type `LineColumn` in crate `proc_macro`
[INFO] [stdout]    --> /opt/rustwide/cargo-home/registry/src/index.crates.io-6f17d22bba15001f/proc-macro2-1.0.56/src/wrapper.rs:475:33
[INFO] [stdout]     |
[INFO] [stdout] 475 |                 let proc_macro::LineColumn { line, column } = s.start();
[INFO] [stdout]     |                                 ^^^^^^^^^^ not found in `proc_macro`
[INFO] [stdout]     |
[INFO] [stdout] help: consider importing this struct through its public re-export
[INFO] [stdout]     |
[INFO] [stdout] 1   + use crate::LineColumn;
[INFO] [stdout]     |
[INFO] [stdout] help: if you import `LineColumn`, refer to it directly
[INFO] [stdout]     |
[INFO] [stdout] 475 -                 let proc_macro::LineColumn { line, column } = s.start();
[INFO] [stdout] 475 +                 let LineColumn { line, column } = s.start();
[INFO] [stdout]     |
[INFO] [stdout] 
[INFO] [stdout] 
[INFO] [stdout] error[E0422]: cannot find struct, variant or union type `LineColumn` in crate `proc_macro`
[INFO] [stdout]    --> /opt/rustwide/cargo-home/registry/src/index.crates.io-6f17d22bba15001f/proc-macro2-1.0.56/src/wrapper.rs:489:33
[INFO] [stdout]     |
[INFO] [stdout] 489 |                 let proc_macro::LineColumn { line, column } = s.end();
[INFO] [stdout]     |                                 ^^^^^^^^^^ not found in `proc_macro`
[INFO] [stdout]     |
[INFO] [stdout] help: consider importing this struct through its public re-export
[INFO] [stdout]     |
[INFO] [stdout] 1   + use crate::LineColumn;
[INFO] [stdout]     |
[INFO] [stdout] help: if you import `LineColumn`, refer to it directly
[INFO] [stdout]     |
[INFO] [stdout] 489 -                 let proc_macro::LineColumn { line, column } = s.end();
[INFO] [stdout] 489 +                 let LineColumn { line, column } = s.end();
[INFO] [stdout]     |
[INFO] [stdout] 
[INFO] [stdout] 
[INFO] [stderr]    Compiling byteorder v1.4.3
[INFO] [stdout] error[E0635]: unknown feature `proc_macro_span_shrink`
[INFO] [stdout]   --> /opt/rustwide/cargo-home/registry/src/index.crates.io-6f17d22bba15001f/proc-macro2-1.0.56/src/lib.rs:92:30
[INFO] [stdout]    |
[INFO] [stdout] 92 |     feature(proc_macro_span, proc_macro_span_shrink)
[INFO] [stdout]    |                              ^^^^^^^^^^^^^^^^^^^^^^
[INFO] [stdout] 
[INFO] [stdout] 
[INFO] [stderr]    Compiling proc-macro-error-attr v1.0.4
[INFO] [stderr]    Compiling lock_api v0.4.9
[INFO] [stderr]    Compiling proc-macro-error v1.0.4
[INFO] [stderr]    Compiling nb v1.1.0
[INFO] [stdout] Some errors have detailed explanations: E0422, E0635.
[INFO] [stdout] 
[INFO] [stdout] For more information about an error, try `rustc --explain E0422`.
[INFO] [stdout] 
[INFO] [stderr]    Compiling futures-task v0.3.28
[INFO] [stderr] error: could not compile `proc-macro2` (lib) due to 3 previous errors
[INFO] [stderr] warning: build failed, waiting for other jobs to finish...
[INFO] [stdout] error: failed to write /tmp/rustcioD0nL/lib.rmeta: No space left on device (os error 28)
[INFO] [stdout] 
[INFO] [stdout] 
[INFO] [stderr] error: could not compile `libc` (lib) due to 1 previous error
[INFO] running `Command { std: "docker" "inspect" "87a52f3165ed8778422f352178c03771f925ed32f78e44dc5f43b9de5dcee99b", kill_on_drop: false }`
[INFO] running `Command { std: "docker" "rm" "-f" "87a52f3165ed8778422f352178c03771f925ed32f78e44dc5f43b9de5dcee99b", kill_on_drop: false }`
[INFO] [stdout] 87a52f3165ed8778422f352178c03771f925ed32f78e44dc5f43b9de5dcee99b
