[INFO] cloning repository https://github.com/bitcoinppl/bip329
[INFO] running `Command { std: "git" "-c" "credential.helper=" "-c" "credential.helper=/workspace/cargo-home/bin/git-credential-null" "clone" "--bare" "https://github.com/bitcoinppl/bip329" "/workspace/cache/git-repos/https%3A%2F%2Fgithub.com%2Fbitcoinppl%2Fbip329", kill_on_drop: false }`
[INFO] [stderr] Cloning into bare repository '/workspace/cache/git-repos/https%3A%2F%2Fgithub.com%2Fbitcoinppl%2Fbip329'...
[INFO] running `Command { std: "git" "rev-parse" "HEAD", kill_on_drop: false }`
[INFO] [stdout] 31ab783474a6c5182a76ca7b5bea0770e70bc335
[INFO] testing bitcoinppl/bip329/31ab783474a6c5182a76ca7b5bea0770e70bc335 against nightly-2024-10-28 for randomize-layout
[INFO] running `Command { std: "git" "clone" "/workspace/cache/git-repos/https%3A%2F%2Fgithub.com%2Fbitcoinppl%2Fbip329" "/workspace/builds/worker-3-tc1/source", kill_on_drop: false }`
[INFO] [stderr] Cloning into '/workspace/builds/worker-3-tc1/source'...
[INFO] [stderr] done.
[INFO] validating manifest of git repo https://github.com/bitcoinppl/bip329 on toolchain nightly-2024-10-28
[INFO] running `Command { std: CARGO_HOME="/workspace/cargo-home" RUSTUP_HOME="/workspace/rustup-home" "/workspace/cargo-home/bin/cargo" "+nightly-2024-10-28" "metadata" "--manifest-path" "Cargo.toml" "--no-deps", kill_on_drop: false }`
[INFO] started tweaking git repo https://github.com/bitcoinppl/bip329
[INFO] finished tweaking git repo https://github.com/bitcoinppl/bip329
[INFO] tweaked toml for git repo https://github.com/bitcoinppl/bip329 written to /workspace/builds/worker-3-tc1/source/Cargo.toml
[INFO] crate git repo https://github.com/bitcoinppl/bip329 already has a lockfile, it will not be regenerated
[INFO] running `Command { std: CARGO_HOME="/workspace/cargo-home" RUSTUP_HOME="/workspace/rustup-home" "/workspace/cargo-home/bin/cargo" "+nightly-2024-10-28" "fetch" "--manifest-path" "Cargo.toml", kill_on_drop: false }`
[INFO] [stderr]  Downloading crates ...
[INFO] [stderr]   Downloaded i18n-embed-fl v0.7.0
[INFO] [stderr]   Downloaded i18n-embed-impl v0.8.3
[INFO] [stderr]   Downloaded i18n-config v0.4.6
[INFO] [stderr]   Downloaded age-core v0.10.0
[INFO] [stderr]   Downloaded i18n-embed v0.14.1
[INFO] [stderr]   Downloaded age v0.10.0
[INFO] running `Command { std: "docker" "create" "-v" "/var/lib/crater-agent-workspace/builds/worker-3-tc1/target:/opt/rustwide/target:rw,Z" "-v" "/var/lib/crater-agent-workspace/builds/worker-3-tc1/source:/opt/rustwide/workdir:ro,Z" "-v" "/var/lib/crater-agent-workspace/cargo-home:/opt/rustwide/cargo-home:ro,Z" "-v" "/var/lib/crater-agent-workspace/rustup-home:/opt/rustwide/rustup-home:ro,Z" "-e" "SOURCE_DIR=/opt/rustwide/workdir" "-e" "CARGO_TARGET_DIR=/opt/rustwide/target" "-e" "CARGO_HOME=/opt/rustwide/cargo-home" "-e" "RUSTUP_HOME=/opt/rustwide/rustup-home" "-w" "/opt/rustwide/workdir" "-m" "1610612736" "--user" "0:0" "--network" "none" "ghcr.io/rust-lang/crates-build-env/linux@sha256:4a844ea9eb2546a2d2c7022eacef16ef2e8229c7fbb2c7d4d55a9ceca922f72d" "/opt/rustwide/cargo-home/bin/cargo" "+nightly-2024-10-28" "metadata" "--no-deps" "--format-version=1", kill_on_drop: false }`
[INFO] [stdout] f7870b007f138022ae658df2e52219d39c651482d6ed8f58713db6dd1f3fbf54
[INFO] running `Command { std: "docker" "start" "-a" "f7870b007f138022ae658df2e52219d39c651482d6ed8f58713db6dd1f3fbf54", kill_on_drop: false }`
[INFO] running `Command { std: "docker" "inspect" "f7870b007f138022ae658df2e52219d39c651482d6ed8f58713db6dd1f3fbf54", kill_on_drop: false }`
[INFO] running `Command { std: "docker" "rm" "-f" "f7870b007f138022ae658df2e52219d39c651482d6ed8f58713db6dd1f3fbf54", kill_on_drop: false }`
[INFO] [stdout] f7870b007f138022ae658df2e52219d39c651482d6ed8f58713db6dd1f3fbf54
[INFO] running `Command { std: "docker" "create" "-v" "/var/lib/crater-agent-workspace/builds/worker-3-tc1/target:/opt/rustwide/target:rw,Z" "-v" "/var/lib/crater-agent-workspace/builds/worker-3-tc1/source:/opt/rustwide/workdir:ro,Z" "-v" "/var/lib/crater-agent-workspace/cargo-home:/opt/rustwide/cargo-home:ro,Z" "-v" "/var/lib/crater-agent-workspace/rustup-home:/opt/rustwide/rustup-home:ro,Z" "-e" "SOURCE_DIR=/opt/rustwide/workdir" "-e" "CARGO_TARGET_DIR=/opt/rustwide/target" "-e" "CARGO_INCREMENTAL=0" "-e" "RUST_BACKTRACE=full" "-e" "RUSTFLAGS=--cap-lints=forbid" "-e" "RUSTDOCFLAGS=--cap-lints=forbid" "-e" "CARGO_HOME=/opt/rustwide/cargo-home" "-e" "RUSTUP_HOME=/opt/rustwide/rustup-home" "-w" "/opt/rustwide/workdir" "-m" "1610612736" "--user" "0:0" "--network" "none" "ghcr.io/rust-lang/crates-build-env/linux@sha256:4a844ea9eb2546a2d2c7022eacef16ef2e8229c7fbb2c7d4d55a9ceca922f72d" "/opt/rustwide/cargo-home/bin/cargo" "+nightly-2024-10-28" "build" "--frozen" "--message-format=json", kill_on_drop: false }`
[INFO] [stdout] 894ddb2bfec406bd28d4843ba4bc5819f05f78dd1f8685788b75506a1bae3308
[INFO] running `Command { std: "docker" "start" "-a" "894ddb2bfec406bd28d4843ba4bc5819f05f78dd1f8685788b75506a1bae3308", kill_on_drop: false }`
[INFO] [stderr]    Compiling proc-macro2 v1.0.86
[INFO] [stderr]    Compiling unicode-ident v1.0.12
[INFO] [stderr]    Compiling version_check v0.9.5
[INFO] [stderr]    Compiling typenum v1.17.0
[INFO] [stderr]    Compiling cfg-if v1.0.0
[INFO] [stderr]    Compiling serde v1.0.204
[INFO] [stderr]    Compiling cpufeatures v0.2.12
[INFO] [stderr]    Compiling autocfg v1.3.0
[INFO] [stderr]    Compiling subtle v2.6.1
[INFO] [stderr]    Compiling libc v0.2.155
[INFO] [stderr]    Compiling thiserror v1.0.63
[INFO] [stderr]    Compiling smallvec v1.13.2
[INFO] [stderr]    Compiling rustc-hash v1.1.0
[INFO] [stderr]    Compiling same-file v1.0.6
[INFO] [stderr]    Compiling hashbrown v0.14.5
[INFO] [stderr]    Compiling type-map v0.5.0
[INFO] [stderr]    Compiling walkdir v2.5.0
[INFO] [stderr]    Compiling generic-array v0.14.7
[INFO] [stderr]    Compiling equivalent v1.0.1
[INFO] [stderr]    Compiling self_cell v1.0.4
[INFO] [stderr]    Compiling self_cell v0.10.3
[INFO] [stderr]    Compiling slab v0.4.9
[INFO] [stderr]    Compiling lock_api v0.4.12
[INFO] [stderr]    Compiling winnow v0.6.16
[INFO] [stderr]    Compiling semver v1.0.23
[INFO] [stderr]    Compiling parking_lot_core v0.9.10
[INFO] [stderr]    Compiling futures-core v0.3.30
[INFO] [stderr]    Compiling quote v1.0.36
[INFO] [stderr]    Compiling indexmap v2.2.6
[INFO] [stderr]    Compiling futures-sink v0.3.30
[INFO] [stderr]    Compiling scopeguard v1.2.0
[INFO] [stderr]    Compiling memchr v2.7.4
[INFO] [stderr]    Compiling futures-channel v0.3.30
[INFO] [stderr]    Compiling syn v2.0.72
[INFO] [stderr]    Compiling getrandom v0.2.15
[INFO] [stderr]    Compiling pin-project-lite v0.2.14
[INFO] [stderr]    Compiling log v0.4.22
[INFO] [stderr]    Compiling futures-io v0.3.30
[INFO] [stderr]    Compiling pin-utils v0.1.0
[INFO] [stderr]    Compiling futures-task v0.3.30
[INFO] [stderr]    Compiling rustc_version v0.4.0
[INFO] [stderr]    Compiling rand_core v0.6.4
[INFO] [stderr]    Compiling proc-macro-error-attr v1.0.4
[INFO] [stderr]    Compiling crypto-common v0.1.6
[INFO] [stderr]    Compiling block-buffer v0.10.4
[INFO] [stderr]    Compiling inout v0.1.3
[INFO] [stderr]    Compiling digest v0.10.7
[INFO] [stderr]    Compiling syn v1.0.109
[INFO] [stderr]    Compiling curve25519-dalek v4.1.3
[INFO] [stderr]    Compiling universal-hash v0.5.1
[INFO] [stderr]    Compiling parking_lot v0.12.3
[INFO] [stderr]    Compiling sha2 v0.10.8
[INFO] [stderr]    Compiling hmac v0.12.1
[INFO] [stderr]    Compiling proc-macro-error v1.0.4
[INFO] [stderr]    Compiling arc-swap v1.7.1
[INFO] [stderr]    Compiling ppv-lite86 v0.2.17
[INFO] [stderr]    Compiling rust-embed-utils v8.5.0
[INFO] [stderr]    Compiling opaque-debug v0.3.1
[INFO] [stderr]    Compiling lazy_static v1.5.0
[INFO] [stderr]    Compiling poly1305 v0.8.0
[INFO] [stderr]    Compiling rand_chacha v0.3.1
[INFO] [stderr]    Compiling aead v0.5.2
[INFO] [stderr]    Compiling minimal-lexical v0.2.1
[INFO] [stderr]    Compiling once_cell v1.19.0
[INFO] [stderr]    Compiling pbkdf2 v0.12.2
[INFO] [stderr]    Compiling dashmap v5.5.3
[INFO] [stderr]    Compiling rand v0.8.5
[INFO] [stderr]    Compiling nom v7.1.3
[INFO] [stderr]    Compiling hkdf v0.12.4
[INFO] [stderr]    Compiling serde_json v1.0.120
[INFO] [stderr]    Compiling strsim v0.10.0
[INFO] [stderr]    Compiling io_tee v0.1.1
[INFO] [stderr]    Compiling base64 v0.21.7
[INFO] [stderr]    Compiling ryu v1.0.18
[INFO] [stderr]    Compiling bech32 v0.9.1
[INFO] [stderr]    Compiling itoa v1.0.11
[INFO] [stderr]    Compiling hex v0.4.3
[INFO] [stderr]    Compiling serde_derive v1.0.204
[INFO] [stderr]    Compiling displaydoc v0.2.5
[INFO] [stderr]    Compiling thiserror-impl v1.0.63
[INFO] [stderr]    Compiling zeroize_derive v1.4.2
[INFO] [stderr]    Compiling rust-embed-impl v8.5.0
[INFO] [stderr]    Compiling futures-macro v0.3.30
[INFO] [stderr]    Compiling curve25519-dalek-derive v0.1.1
[INFO] [stderr]    Compiling pin-project-internal v1.1.5
[INFO] [stderr]    Compiling zeroize v1.8.1
[INFO] [stderr]    Compiling rust-embed v8.5.0
[INFO] [stderr]    Compiling tinystr v0.7.6
[INFO] [stderr]    Compiling cipher v0.4.4
[INFO] [stderr]    Compiling secrecy v0.8.0
[INFO] [stderr]    Compiling futures-util v0.3.30
[INFO] [stderr]    Compiling unic-langid-impl v0.9.5
[INFO] [stderr]    Compiling chacha20 v0.9.1
[INFO] [stderr]    Compiling salsa20 v0.10.2
[INFO] [stderr]    Compiling unic-langid v0.9.5
[INFO] [stderr]    Compiling intl-memoizer v0.5.2
[INFO] [stderr]    Compiling intl_pluralrules v7.0.2
[INFO] [stderr]    Compiling fluent-langneg v0.13.0
[INFO] [stderr]    Compiling fluent-syntax v0.11.1
[INFO] [stderr]    Compiling chacha20poly1305 v0.10.1
[INFO] [stderr]    Compiling scrypt v0.11.0
[INFO] [stderr]    Compiling pin-project v1.1.5
[INFO] [stderr]    Compiling fluent-bundle v0.15.3
[INFO] [stderr]    Compiling fluent v0.16.1
[INFO] [stderr]    Compiling x25519-dalek v2.0.1
[INFO] [stderr]    Compiling futures-executor v0.3.30
[INFO] [stderr]    Compiling futures v0.3.30
[INFO] [stderr]    Compiling cookie-factory v0.3.3
[INFO] [stderr]    Compiling age-core v0.10.0
[INFO] [stderr]    Compiling serde_spanned v0.6.7
[INFO] [stderr]    Compiling toml_datetime v0.6.7
[INFO] [stderr]    Compiling toml v0.5.11
[INFO] [stderr]    Compiling toml_edit v0.22.17
[INFO] [stderr]    Compiling find-crate v0.6.3
[INFO] [stderr]    Compiling toml v0.8.16
[INFO] [stderr]    Compiling i18n-config v0.4.6
[INFO] [stderr]    Compiling i18n-embed-impl v0.8.3
[INFO] [stderr]    Compiling i18n-embed v0.14.1
[INFO] [stderr]    Compiling i18n-embed-fl v0.7.0
[INFO] [stderr]    Compiling age v0.10.0
[INFO] [stderr]    Compiling bip329 v0.1.1 (/opt/rustwide/workdir)
[INFO] [stderr]     Finished `dev` profile [unoptimized + debuginfo] target(s) in 16.26s
[INFO] running `Command { std: "docker" "inspect" "894ddb2bfec406bd28d4843ba4bc5819f05f78dd1f8685788b75506a1bae3308", kill_on_drop: false }`
[INFO] running `Command { std: "docker" "rm" "-f" "894ddb2bfec406bd28d4843ba4bc5819f05f78dd1f8685788b75506a1bae3308", kill_on_drop: false }`
[INFO] [stdout] 894ddb2bfec406bd28d4843ba4bc5819f05f78dd1f8685788b75506a1bae3308
[INFO] running `Command { std: "docker" "create" "-v" "/var/lib/crater-agent-workspace/builds/worker-3-tc1/target:/opt/rustwide/target:rw,Z" "-v" "/var/lib/crater-agent-workspace/builds/worker-3-tc1/source:/opt/rustwide/workdir:ro,Z" "-v" "/var/lib/crater-agent-workspace/cargo-home:/opt/rustwide/cargo-home:ro,Z" "-v" "/var/lib/crater-agent-workspace/rustup-home:/opt/rustwide/rustup-home:ro,Z" "-e" "SOURCE_DIR=/opt/rustwide/workdir" "-e" "CARGO_TARGET_DIR=/opt/rustwide/target" "-e" "CARGO_INCREMENTAL=0" "-e" "RUST_BACKTRACE=full" "-e" "RUSTFLAGS=--cap-lints=forbid" "-e" "RUSTDOCFLAGS=--cap-lints=forbid" "-e" "CARGO_HOME=/opt/rustwide/cargo-home" "-e" "RUSTUP_HOME=/opt/rustwide/rustup-home" "-w" "/opt/rustwide/workdir" "-m" "1610612736" "--user" "0:0" "--network" "none" "ghcr.io/rust-lang/crates-build-env/linux@sha256:4a844ea9eb2546a2d2c7022eacef16ef2e8229c7fbb2c7d4d55a9ceca922f72d" "/opt/rustwide/cargo-home/bin/cargo" "+nightly-2024-10-28" "test" "--frozen" "--no-run" "--message-format=json", kill_on_drop: false }`
[INFO] [stdout] 5b4a9c1bdd334ef4ad28a2fbeff73ec71bf5bf038715078c5534a1a42703f968
[INFO] running `Command { std: "docker" "start" "-a" "5b4a9c1bdd334ef4ad28a2fbeff73ec71bf5bf038715078c5534a1a42703f968", kill_on_drop: false }`
[INFO] [stderr]    Compiling diff v0.1.13
[INFO] [stderr]    Compiling yansi v0.5.1
[INFO] [stderr]    Compiling pretty_assertions v1.4.0
[INFO] [stderr]    Compiling bip329 v0.1.1 (/opt/rustwide/workdir)
[INFO] [stderr]     Finished `test` profile [unoptimized + debuginfo] target(s) in 1.38s
[INFO] running `Command { std: "docker" "inspect" "5b4a9c1bdd334ef4ad28a2fbeff73ec71bf5bf038715078c5534a1a42703f968", kill_on_drop: false }`
[INFO] running `Command { std: "docker" "rm" "-f" "5b4a9c1bdd334ef4ad28a2fbeff73ec71bf5bf038715078c5534a1a42703f968", kill_on_drop: false }`
[INFO] [stdout] 5b4a9c1bdd334ef4ad28a2fbeff73ec71bf5bf038715078c5534a1a42703f968
[INFO] running `Command { std: "docker" "create" "-v" "/var/lib/crater-agent-workspace/builds/worker-3-tc1/target:/opt/rustwide/target:rw,Z" "-v" "/var/lib/crater-agent-workspace/builds/worker-3-tc1/source:/opt/rustwide/workdir:ro,Z" "-v" "/var/lib/crater-agent-workspace/cargo-home:/opt/rustwide/cargo-home:ro,Z" "-v" "/var/lib/crater-agent-workspace/rustup-home:/opt/rustwide/rustup-home:ro,Z" "-e" "SOURCE_DIR=/opt/rustwide/workdir" "-e" "CARGO_TARGET_DIR=/opt/rustwide/target" "-e" "CARGO_INCREMENTAL=0" "-e" "RUST_BACKTRACE=full" "-e" "RUSTFLAGS=--cap-lints=forbid" "-e" "RUSTDOCFLAGS=--cap-lints=forbid" "-e" "CARGO_HOME=/opt/rustwide/cargo-home" "-e" "RUSTUP_HOME=/opt/rustwide/rustup-home" "-w" "/opt/rustwide/workdir" "-m" "1610612736" "--user" "0:0" "--network" "none" "ghcr.io/rust-lang/crates-build-env/linux@sha256:4a844ea9eb2546a2d2c7022eacef16ef2e8229c7fbb2c7d4d55a9ceca922f72d" "/opt/rustwide/cargo-home/bin/cargo" "+nightly-2024-10-28" "test" "--frozen", kill_on_drop: false }`
[INFO] [stdout] 99de3513e24fcb900fe44be020f51f1dca994da8ef6fc45eb8989f04a32dd2fc
[INFO] running `Command { std: "docker" "start" "-a" "99de3513e24fcb900fe44be020f51f1dca994da8ef6fc45eb8989f04a32dd2fc", kill_on_drop: false }`
[INFO] [stderr]     Finished `test` profile [unoptimized + debuginfo] target(s) in 0.12s
[INFO] [stderr]      Running unittests src/lib.rs (/opt/rustwide/target/debug/deps/bip329-02e46f6f1a220238)
[INFO] [stdout] 
[INFO] [stdout] running 3 tests
[INFO] [stdout] test label::tests::test_deserialization ... ok
[INFO] [stdout] test label::tests::test_export_to_writer ... ok
[INFO] [stderr]      Running tests/encryption_test.rs (/opt/rustwide/target/debug/deps/encryption_test-9b22eea518b66edb)
[INFO] [stdout] test encryption::tests::test_encryption ... ok
[INFO] [stdout] 
[INFO] [stdout] test result: ok. 3 passed; 0 failed; 0 ignored; 0 measured; 0 filtered out; finished in 3.29s
[INFO] [stdout] 
[INFO] [stdout] 
[INFO] [stdout] running 2 tests
[INFO] [stdout] test test_decryption ... ok
[INFO] [stdout] test test_loop_back_encryption ... ok
[INFO] [stdout] 
[INFO] [stdout] test result: ok. 2 passed; 0 failed; 0 ignored; 0 measured; 0 filtered out; finished in 3.31s
[INFO] [stdout] 
[INFO] [stderr]      Running tests/loop_back_test.rs (/opt/rustwide/target/debug/deps/loop_back_test-66e9225f8ef172c8)
[INFO] [stdout] 
[INFO] [stdout] running 2 tests
[INFO] [stdout] test loop_back_test_vector ... ok
[INFO] [stdout] test test_loop_back ... ok
[INFO] [stdout] 
[INFO] [stdout] test result: ok. 2 passed; 0 failed; 0 ignored; 0 measured; 0 filtered out; finished in 0.00s
[INFO] [stdout] 
[INFO] [stderr]    Doc-tests bip329
[INFO] [stdout] 
[INFO] [stdout] running 3 tests
[INFO] [stdout] test src/lib.rs - (line 10) ... FAILED
[INFO] [stdout] test src/lib.rs - (line 17) ... FAILED
[INFO] [stdout] test src/lib.rs - (line 28) ... ok
[INFO] [stdout] 
[INFO] [stdout] failures:
[INFO] [stdout] 
[INFO] [stdout] ---- src/lib.rs - (line 10) stdout ----
[INFO] [stdout] error: linking with `cc` failed: exit status: 1
[INFO] [stdout]   |
[INFO] [stdout]   = note: LC_ALL="C" PATH="/opt/rustwide/rustup-home/toolchains/nightly-2024-10-28-x86_64-unknown-linux-gnu/lib/rustlib/x86_64-unknown-linux-gnu/bin:/opt/rustwide/rustup-home/toolchains/nightly-2024-10-28-x86_64-unknown-linux-gnu/lib/rustlib/x86_64-unknown-linux-gnu/bin/self-contained:/opt/rustwide/cargo-home/bin:/usr/local/sbin:/usr/local/bin:/usr/sbin:/usr/bin:/sbin:/bin" VSLANG="1033" "cc" "-m64" "/tmp/rustcpK81VD/symbols.o" "/tmp/rustdoctesteYPsTT/rust_out.rust_out.16b4434b3f29390-cgu.0.rcgu.o" "/tmp/rustdoctesteYPsTT/rust_out.433cx8cl382ppljrnwzuxa40f.rcgu.o" "-Wl,--as-needed" "-Wl,-Bstatic" "/opt/rustwide/target/debug/deps/libbip329-a967cb1e09f705c6.rlib" "/opt/rustwide/target/debug/deps/libhex-718b4f18bb2e7953.rlib" "/opt/rustwide/target/debug/deps/libserde_json-f7f92826c9354ebf.rlib" "/opt/rustwide/target/debug/deps/libitoa-add5260810035b6e.rlib" "/opt/rustwide/target/debug/deps/libryu-2ae7af5af0bb88e0.rlib" "/opt/rustwide/target/debug/deps/libserde-19a55e2617e99634.rlib" "/opt/rustwide/target/debug/deps/libage-6c5eead3aa54d114.rlib" "/opt/rustwide/target/debug/deps/libx25519_dalek-833897615a64798f.rlib" "/opt/rustwide/target/debug/deps/libcurve25519_dalek-968ab4e08ba31d54.rlib" "/opt/rustwide/target/debug/deps/libi18n_embed-13675b3f4ec018d7.rlib" "/opt/rustwide/target/debug/deps/librust_embed-b2288f05d7e4da8a.rlib" "/opt/rustwide/target/debug/deps/librust_embed_utils-a07b331498a71561.rlib" "/opt/rustwide/target/debug/deps/libwalkdir-099221edb7b94a9e.rlib" "/opt/rustwide/target/debug/deps/libsame_file-3c36b17025d91add.rlib" "/opt/rustwide/target/debug/deps/liblazy_static-7af2f34f8b124b26.rlib" "/opt/rustwide/target/debug/deps/liblog-b6b1a89bf87ced53.rlib" "/opt/rustwide/target/debug/deps/libparking_lot-855e71d38ebe0405.rlib" "/opt/rustwide/target/debug/deps/libparking_lot_core-da01b3ca1eff9516.rlib" "/opt/rustwide/target/debug/deps/liblock_api-4bfa6e5802bfd45b.rlib" "/opt/rustwide/target/debug/deps/libscopeguard-003ee3b9b09cebdb.rlib" "/opt/rustwide/target/debug/deps/libfluent-ed545f32ab7d1223.rlib" "/opt/rustwide/target/debug/deps/libfluent_bundle-92a67d661d5023f6.rlib" "/opt/rustwide/target/debug/deps/libsmallvec-756ee87804f0eec5.rlib" "/opt/rustwide/target/debug/deps/libintl_pluralrules-348b67ef95abf11b.rlib" "/opt/rustwide/target/debug/deps/libself_cell-f8f5eea6bf032153.rlib" "/opt/rustwide/target/debug/deps/libself_cell-adf60cf83f801700.rlib" "/opt/rustwide/target/debug/deps/libintl_memoizer-de700b9406dce307.rlib" "/opt/rustwide/target/debug/deps/libtype_map-be0a1447bd9b276f.rlib" "/opt/rustwide/target/debug/deps/libfluent_syntax-1d0326123894095a.rlib" "/opt/rustwide/target/debug/deps/libthiserror-b31921c87c873af6.rlib" "/opt/rustwide/target/debug/deps/librustc_hash-449b4f68ddd88550.rlib" "/opt/rustwide/target/debug/deps/libfluent_langneg-7fd2570546c09617.rlib" "/opt/rustwide/target/debug/deps/libunic_langid-bb438dedb2f8854e.rlib" "/opt/rustwide/target/debug/deps/libunic_langid_impl-32c3c2c8b41c3907.rlib" "/opt/rustwide/target/debug/deps/libtinystr-7dbd19fec4e49b98.rlib" "/opt/rustwide/target/debug/deps/libarc_swap-c3af589bb46fe03c.rlib" "/opt/rustwide/target/debug/deps/libbech32-65bbf5888e7cb6a2.rlib" "/opt/rustwide/target/debug/deps/libpin_project-42f11ddcff2046f9.rlib" "/opt/rustwide/target/debug/deps/libscrypt-06b77f4de568d934.rlib" "/opt/rustwide/target/debug/deps/libsalsa20-4e40855f708c67ea.rlib" "/opt/rustwide/target/debug/deps/libpbkdf2-b139e16eab4996c4.rlib" "/opt/rustwide/target/debug/deps/libage_core-b6fed5c6fce875f3.rlib" "/opt/rustwide/target/debug/deps/libsha2-5eb5a2378130fb1b.rlib" "/opt/rustwide/target/debug/deps/libhkdf-4c4f4b2d8ed4931a.rlib" "/opt/rustwide/target/debug/deps/libhmac-65580d42a33453c2.rlib" "/opt/rustwide/target/debug/deps/libdigest-b1a438cf0c265efd.rlib" "/opt/rustwide/target/debug/deps/libblock_buffer-90f91f4f164fc7ea.rlib" "/opt/rustwide/target/debug/deps/libchacha20poly1305-62e975acc702ce9c.rlib" "/opt/rustwide/target/debug/deps/libchacha20-60e8789744dc4647.rlib" "/opt/rustwide/target/debug/deps/libpoly1305-30caa55c7ced55c6.rlib" "/opt/rustwide/target/debug/deps/libopaque_debug-f459251d9ab59279.rlib" "/opt/rustwide/target/debug/deps/libcpufeatures-e58d67928e727c66.rlib" "/opt/rustwide/target/debug/deps/libuniversal_hash-9bb83e1101fe5636.rlib" "/opt/rustwide/target/debug/deps/libsubtle-2089b4b5c98b2078.rlib" "/opt/rustwide/target/debug/deps/libaead-e4e073aae4bdd718.rlib" "/opt/rustwide/target/debug/deps/libcipher-38773b83efa4ffeb.rlib" "/opt/rustwide/target/debug/deps/libinout-b33222e116f5800c.rlib" "/opt/rustwide/target/debug/deps/libcrypto_common-b04de5b5712dc49f.rlib" "/opt/rustwide/target/debug/deps/libgeneric_array-d2a92b2da2a24109.rlib" "/opt/rustwide/target/debug/deps/libtypenum-5326f72807cfe834.rlib" "/opt/rustwide/target/debug/deps/libio_tee-7625e29846b65196.rlib" "/opt/rustwide/target/debug/deps/libcookie_factory-037c7053b7c2fd1f.rlib" "/opt/rustwide/target/debug/deps/libfutures-4aa4733b11d26bf6.rlib" "/opt/rustwide/target/debug/deps/libfutures_executor-783aebde00900af8.rlib" "/opt/rustwide/target/debug/deps/libfutures_util-b1d3a8d5674fb373.rlib" "/opt/rustwide/target/debug/deps/libfutures_io-55c9f34a6fa97789.rlib" "/opt/rustwide/target/debug/deps/libslab-f7057b79dbdd9024.rlib" "/opt/rustwide/target/debug/deps/libfutures_channel-36809db036b5e4b2.rlib" "/opt/rustwide/target/debug/deps/libpin_project_lite-0917a66d1286620d.rlib" "/opt/rustwide/target/debug/deps/libfutures_sink-8a463eeb58b3447a.rlib" "/opt/rustwide/target/debug/deps/libfutures_task-31d564b3124d8637.rlib" "/opt/rustwide/target/debug/deps/libpin_utils-76c2785263cdb1c1.rlib" "/opt/rustwide/target/debug/deps/libfutures_core-1f477b7244c2fd30.rlib" "/opt/rustwide/target/debug/deps/libnom-03e48c2956cde7bc.rlib" "/opt/rustwide/target/debug/deps/libmemchr-c7ff0286392b94eb.rlib" "/opt/rustwide/target/debug/deps/librand-05cb1541afeebf16.rlib" "/opt/rustwide/target/debug/deps/librand_chacha-8d44320d524647a4.rlib" "/opt/rustwide/target/debug/deps/libppv_lite86-905fd835b337451d.rlib" "/opt/rustwide/target/debug/deps/librand_core-ac88f41973a9e504.rlib" "/opt/rustwide/target/debug/deps/libgetrandom-1fbd21bcc7cdb241.rlib" "/opt/rustwide/target/debug/deps/liblibc-b8a48bb4434428bd.rlib" "/opt/rustwide/target/debug/deps/libcfg_if-57bf25c23e31efdb.rlib" "/opt/rustwide/target/debug/deps/libbase64-309ef582bd843d33.rlib" "/opt/rustwide/target/debug/deps/libsecrecy-27e44c6ff607a318.rlib" "/opt/rustwide/target/debug/deps/libzeroize-4fb7a3c2e95328a1.rlib" "/opt/rustwide/rustup-home/toolchains/nightly-2024-10-28-x86_64-unknown-linux-gnu/lib/rustlib/x86_64-unknown-linux-gnu/lib/libstd-fb8c387236db3c10.rlib" "/opt/rustwide/rustup-home/toolchains/nightly-2024-10-28-x86_64-unknown-linux-gnu/lib/rustlib/x86_64-unknown-linux-gnu/lib/libpanic_unwind-b251837809b2f64b.rlib" "/opt/rustwide/rustup-home/toolchains/nightly-2024-10-28-x86_64-unknown-linux-gnu/lib/rustlib/x86_64-unknown-linux-gnu/lib/libobject-cbef83eaa4e01f04.rlib" "/opt/rustwide/rustup-home/toolchains/nightly-2024-10-28-x86_64-unknown-linux-gnu/lib/rustlib/x86_64-unknown-linux-gnu/lib/libmemchr-12a772286de2fca7.rlib" "/opt/rustwide/rustup-home/toolchains/nightly-2024-10-28-x86_64-unknown-linux-gnu/lib/rustlib/x86_64-unknown-linux-gnu/lib/libaddr2line-023bbe5ada7abfc3.rlib" "/opt/rustwide/rustup-home/toolchains/nightly-2024-10-28-x86_64-unknown-linux-gnu/lib/rustlib/x86_64-unknown-linux-gnu/lib/libgimli-de2bcdf10ec69c2b.rlib" "/opt/rustwide/rustup-home/toolchains/nightly-2024-10-28-x86_64-unknown-linux-gnu/lib/rustlib/x86_64-unknown-linux-gnu/lib/librustc_demangle-8e1754df350800fd.rlib" "/opt/rustwide/rustup-home/toolchains/nightly-2024-10-28-x86_64-unknown-linux-gnu/lib/rustlib/x86_64-unknown-linux-gnu/lib/libstd_detect-06c2ab7b9c32e037.rlib" "/opt/rustwide/rustup-home/toolchains/nightly-2024-10-28-x86_64-unknown-linux-gnu/lib/rustlib/x86_64-unknown-linux-gnu/lib/libhashbrown-51d2621fc57a281b.rlib" "/opt/rustwide/rustup-home/toolchains/nightly-2024-10-28-x86_64-unknown-linux-gnu/lib/rustlib/x86_64-unknown-linux-gnu/lib/librustc_std_workspace_alloc-54a930408793772f.rlib" "/opt/rustwide/rustup-home/toolchains/nightly-2024-10-28-x86_64-unknown-linux-gnu/lib/rustlib/x86_64-unknown-linux-gnu/lib/libminiz_oxide-0c7d01cba400dcb2.rlib" "/opt/rustwide/rustup-home/toolchains/nightly-2024-10-28-x86_64-unknown-linux-gnu/lib/rustlib/x86_64-unknown-linux-gnu/lib/libadler-b9f84d69e331b75b.rlib" "/opt/rustwide/rustup-home/toolchains/nightly-2024-10-28-x86_64-unknown-linux-gnu/lib/rustlib/x86_64-unknown-linux-gnu/lib/libunwind-eec95493246aae39.rlib" "/opt/rustwide/rustup-home/toolchains/nightly-2024-10-28-x86_64-unknown-linux-gnu/lib/rustlib/x86_64-unknown-linux-gnu/lib/libcfg_if-6f6676c475e08ab0.rlib" "/opt/rustwide/rustup-home/toolchains/nightly-2024-10-28-x86_64-unknown-linux-gnu/lib/rustlib/x86_64-unknown-linux-gnu/lib/liblibc-799d520624f8b2e0.rlib" "/opt/rustwide/rustup-home/toolchains/nightly-2024-10-28-x86_64-unknown-linux-gnu/lib/rustlib/x86_64-unknown-linux-gnu/lib/liballoc-fcf93d4842acd9a9.rlib" "/opt/rustwide/rustup-home/toolchains/nightly-2024-10-28-x86_64-unknown-linux-gnu/lib/rustlib/x86_64-unknown-linux-gnu/lib/librustc_std_workspace_core-395a38b8e0851c9b.rlib" "/opt/rustwide/rustup-home/toolchains/nightly-2024-10-28-x86_64-unknown-linux-gnu/lib/rustlib/x86_64-unknown-linux-gnu/lib/libcore-d453bab70303062c.rlib" "/opt/rustwide/rustup-home/toolchains/nightly-2024-10-28-x86_64-unknown-linux-gnu/lib/rustlib/x86_64-unknown-linux-gnu/lib/libcompiler_builtins-0e6386368b0a24e8.rlib" "-Wl,-Bdynamic" "-lgcc_s" "-lutil" "-lrt" "-lpthread" "-lm" "-ldl" "-lc" "-B/opt/rustwide/rustup-home/toolchains/nightly-2024-10-28-x86_64-unknown-linux-gnu/lib/rustlib/x86_64-unknown-linux-gnu/bin/gcc-ld" "-fuse-ld=lld" "-Wl,--eh-frame-hdr" "-Wl,-z,noexecstack" "-L" "/opt/rustwide/rustup-home/toolchains/nightly-2024-10-28-x86_64-unknown-linux-gnu/lib/rustlib/x86_64-unknown-linux-gnu/lib" "-o" "/tmp/rustdoctesteYPsTT/rust_out" "-Wl,--gc-sections" "-pie" "-Wl,-z,relro,-z,now" "-nodefaultlibs"
[INFO] [stdout]   = note: PLEASE submit a bug report to https://github.com/llvm/llvm-project/issues/ and include the crash backtrace.
[INFO] [stdout]           LLVM ERROR: IO failure on output stream: No space left on device
[INFO] [stdout]           collect2: error: ld returned 1 exit status
[INFO] [stdout]           
[INFO] [stderr] error: doctest failed, to rerun pass `--doc`
[INFO] [stdout] 
[INFO] [stdout] error: aborting due to 1 previous error
[INFO] [stdout] 
[INFO] [stdout] Couldn't compile the test.
[INFO] [stdout] ---- src/lib.rs - (line 17) stdout ----
[INFO] [stdout] error: linking with `cc` failed: exit status: 1
[INFO] [stdout]   |
[INFO] [stdout]   = note: LC_ALL="C" PATH="/opt/rustwide/rustup-home/toolchains/nightly-2024-10-28-x86_64-unknown-linux-gnu/lib/rustlib/x86_64-unknown-linux-gnu/bin:/opt/rustwide/rustup-home/toolchains/nightly-2024-10-28-x86_64-unknown-linux-gnu/lib/rustlib/x86_64-unknown-linux-gnu/bin/self-contained:/opt/rustwide/cargo-home/bin:/usr/local/sbin:/usr/local/bin:/usr/sbin:/usr/bin:/sbin:/bin" VSLANG="1033" "cc" "-m64" "/tmp/rustcgZjm5h/symbols.o" "/tmp/rustdoctest21d4Wc/rust_out.rust_out.16b4434b3f29390-cgu.0.rcgu.o" "/tmp/rustdoctest21d4Wc/rust_out.433cx8cl382ppljrnwzuxa40f.rcgu.o" "-Wl,--as-needed" "-Wl,-Bstatic" "/opt/rustwide/target/debug/deps/libbip329-a967cb1e09f705c6.rlib" "/opt/rustwide/target/debug/deps/libhex-718b4f18bb2e7953.rlib" "/opt/rustwide/target/debug/deps/libserde_json-f7f92826c9354ebf.rlib" "/opt/rustwide/target/debug/deps/libitoa-add5260810035b6e.rlib" "/opt/rustwide/target/debug/deps/libryu-2ae7af5af0bb88e0.rlib" "/opt/rustwide/target/debug/deps/libserde-19a55e2617e99634.rlib" "/opt/rustwide/target/debug/deps/libage-6c5eead3aa54d114.rlib" "/opt/rustwide/target/debug/deps/libx25519_dalek-833897615a64798f.rlib" "/opt/rustwide/target/debug/deps/libcurve25519_dalek-968ab4e08ba31d54.rlib" "/opt/rustwide/target/debug/deps/libi18n_embed-13675b3f4ec018d7.rlib" "/opt/rustwide/target/debug/deps/librust_embed-b2288f05d7e4da8a.rlib" "/opt/rustwide/target/debug/deps/librust_embed_utils-a07b331498a71561.rlib" "/opt/rustwide/target/debug/deps/libwalkdir-099221edb7b94a9e.rlib" "/opt/rustwide/target/debug/deps/libsame_file-3c36b17025d91add.rlib" "/opt/rustwide/target/debug/deps/liblazy_static-7af2f34f8b124b26.rlib" "/opt/rustwide/target/debug/deps/liblog-b6b1a89bf87ced53.rlib" "/opt/rustwide/target/debug/deps/libparking_lot-855e71d38ebe0405.rlib" "/opt/rustwide/target/debug/deps/libparking_lot_core-da01b3ca1eff9516.rlib" "/opt/rustwide/target/debug/deps/liblock_api-4bfa6e5802bfd45b.rlib" "/opt/rustwide/target/debug/deps/libscopeguard-003ee3b9b09cebdb.rlib" "/opt/rustwide/target/debug/deps/libfluent-ed545f32ab7d1223.rlib" "/opt/rustwide/target/debug/deps/libfluent_bundle-92a67d661d5023f6.rlib" "/opt/rustwide/target/debug/deps/libsmallvec-756ee87804f0eec5.rlib" "/opt/rustwide/target/debug/deps/libintl_pluralrules-348b67ef95abf11b.rlib" "/opt/rustwide/target/debug/deps/libself_cell-f8f5eea6bf032153.rlib" "/opt/rustwide/target/debug/deps/libself_cell-adf60cf83f801700.rlib" "/opt/rustwide/target/debug/deps/libintl_memoizer-de700b9406dce307.rlib" "/opt/rustwide/target/debug/deps/libtype_map-be0a1447bd9b276f.rlib" "/opt/rustwide/target/debug/deps/libfluent_syntax-1d0326123894095a.rlib" "/opt/rustwide/target/debug/deps/libthiserror-b31921c87c873af6.rlib" "/opt/rustwide/target/debug/deps/librustc_hash-449b4f68ddd88550.rlib" "/opt/rustwide/target/debug/deps/libfluent_langneg-7fd2570546c09617.rlib" "/opt/rustwide/target/debug/deps/libunic_langid-bb438dedb2f8854e.rlib" "/opt/rustwide/target/debug/deps/libunic_langid_impl-32c3c2c8b41c3907.rlib" "/opt/rustwide/target/debug/deps/libtinystr-7dbd19fec4e49b98.rlib" "/opt/rustwide/target/debug/deps/libarc_swap-c3af589bb46fe03c.rlib" "/opt/rustwide/target/debug/deps/libbech32-65bbf5888e7cb6a2.rlib" "/opt/rustwide/target/debug/deps/libpin_project-42f11ddcff2046f9.rlib" "/opt/rustwide/target/debug/deps/libscrypt-06b77f4de568d934.rlib" "/opt/rustwide/target/debug/deps/libsalsa20-4e40855f708c67ea.rlib" "/opt/rustwide/target/debug/deps/libpbkdf2-b139e16eab4996c4.rlib" "/opt/rustwide/target/debug/deps/libage_core-b6fed5c6fce875f3.rlib" "/opt/rustwide/target/debug/deps/libsha2-5eb5a2378130fb1b.rlib" "/opt/rustwide/target/debug/deps/libhkdf-4c4f4b2d8ed4931a.rlib" "/opt/rustwide/target/debug/deps/libhmac-65580d42a33453c2.rlib" "/opt/rustwide/target/debug/deps/libdigest-b1a438cf0c265efd.rlib" "/opt/rustwide/target/debug/deps/libblock_buffer-90f91f4f164fc7ea.rlib" "/opt/rustwide/target/debug/deps/libchacha20poly1305-62e975acc702ce9c.rlib" "/opt/rustwide/target/debug/deps/libchacha20-60e8789744dc4647.rlib" "/opt/rustwide/target/debug/deps/libpoly1305-30caa55c7ced55c6.rlib" "/opt/rustwide/target/debug/deps/libopaque_debug-f459251d9ab59279.rlib" "/opt/rustwide/target/debug/deps/libcpufeatures-e58d67928e727c66.rlib" "/opt/rustwide/target/debug/deps/libuniversal_hash-9bb83e1101fe5636.rlib" "/opt/rustwide/target/debug/deps/libsubtle-2089b4b5c98b2078.rlib" "/opt/rustwide/target/debug/deps/libaead-e4e073aae4bdd718.rlib" "/opt/rustwide/target/debug/deps/libcipher-38773b83efa4ffeb.rlib" "/opt/rustwide/target/debug/deps/libinout-b33222e116f5800c.rlib" "/opt/rustwide/target/debug/deps/libcrypto_common-b04de5b5712dc49f.rlib" "/opt/rustwide/target/debug/deps/libgeneric_array-d2a92b2da2a24109.rlib" "/opt/rustwide/target/debug/deps/libtypenum-5326f72807cfe834.rlib" "/opt/rustwide/target/debug/deps/libio_tee-7625e29846b65196.rlib" "/opt/rustwide/target/debug/deps/libcookie_factory-037c7053b7c2fd1f.rlib" "/opt/rustwide/target/debug/deps/libfutures-4aa4733b11d26bf6.rlib" "/opt/rustwide/target/debug/deps/libfutures_executor-783aebde00900af8.rlib" "/opt/rustwide/target/debug/deps/libfutures_util-b1d3a8d5674fb373.rlib" "/opt/rustwide/target/debug/deps/libfutures_io-55c9f34a6fa97789.rlib" "/opt/rustwide/target/debug/deps/libslab-f7057b79dbdd9024.rlib" "/opt/rustwide/target/debug/deps/libfutures_channel-36809db036b5e4b2.rlib" "/opt/rustwide/target/debug/deps/libpin_project_lite-0917a66d1286620d.rlib" "/opt/rustwide/target/debug/deps/libfutures_sink-8a463eeb58b3447a.rlib" "/opt/rustwide/target/debug/deps/libfutures_task-31d564b3124d8637.rlib" "/opt/rustwide/target/debug/deps/libpin_utils-76c2785263cdb1c1.rlib" "/opt/rustwide/target/debug/deps/libfutures_core-1f477b7244c2fd30.rlib" "/opt/rustwide/target/debug/deps/libnom-03e48c2956cde7bc.rlib" "/opt/rustwide/target/debug/deps/libmemchr-c7ff0286392b94eb.rlib" "/opt/rustwide/target/debug/deps/librand-05cb1541afeebf16.rlib" "/opt/rustwide/target/debug/deps/librand_chacha-8d44320d524647a4.rlib" "/opt/rustwide/target/debug/deps/libppv_lite86-905fd835b337451d.rlib" "/opt/rustwide/target/debug/deps/librand_core-ac88f41973a9e504.rlib" "/opt/rustwide/target/debug/deps/libgetrandom-1fbd21bcc7cdb241.rlib" "/opt/rustwide/target/debug/deps/liblibc-b8a48bb4434428bd.rlib" "/opt/rustwide/target/debug/deps/libcfg_if-57bf25c23e31efdb.rlib" "/opt/rustwide/target/debug/deps/libbase64-309ef582bd843d33.rlib" "/opt/rustwide/target/debug/deps/libsecrecy-27e44c6ff607a318.rlib" "/opt/rustwide/target/debug/deps/libzeroize-4fb7a3c2e95328a1.rlib" "/opt/rustwide/rustup-home/toolchains/nightly-2024-10-28-x86_64-unknown-linux-gnu/lib/rustlib/x86_64-unknown-linux-gnu/lib/libstd-fb8c387236db3c10.rlib" "/opt/rustwide/rustup-home/toolchains/nightly-2024-10-28-x86_64-unknown-linux-gnu/lib/rustlib/x86_64-unknown-linux-gnu/lib/libpanic_unwind-b251837809b2f64b.rlib" "/opt/rustwide/rustup-home/toolchains/nightly-2024-10-28-x86_64-unknown-linux-gnu/lib/rustlib/x86_64-unknown-linux-gnu/lib/libobject-cbef83eaa4e01f04.rlib" "/opt/rustwide/rustup-home/toolchains/nightly-2024-10-28-x86_64-unknown-linux-gnu/lib/rustlib/x86_64-unknown-linux-gnu/lib/libmemchr-12a772286de2fca7.rlib" "/opt/rustwide/rustup-home/toolchains/nightly-2024-10-28-x86_64-unknown-linux-gnu/lib/rustlib/x86_64-unknown-linux-gnu/lib/libaddr2line-023bbe5ada7abfc3.rlib" "/opt/rustwide/rustup-home/toolchains/nightly-2024-10-28-x86_64-unknown-linux-gnu/lib/rustlib/x86_64-unknown-linux-gnu/lib/libgimli-de2bcdf10ec69c2b.rlib" "/opt/rustwide/rustup-home/toolchains/nightly-2024-10-28-x86_64-unknown-linux-gnu/lib/rustlib/x86_64-unknown-linux-gnu/lib/librustc_demangle-8e1754df350800fd.rlib" "/opt/rustwide/rustup-home/toolchains/nightly-2024-10-28-x86_64-unknown-linux-gnu/lib/rustlib/x86_64-unknown-linux-gnu/lib/libstd_detect-06c2ab7b9c32e037.rlib" "/opt/rustwide/rustup-home/toolchains/nightly-2024-10-28-x86_64-unknown-linux-gnu/lib/rustlib/x86_64-unknown-linux-gnu/lib/libhashbrown-51d2621fc57a281b.rlib" "/opt/rustwide/rustup-home/toolchains/nightly-2024-10-28-x86_64-unknown-linux-gnu/lib/rustlib/x86_64-unknown-linux-gnu/lib/librustc_std_workspace_alloc-54a930408793772f.rlib" "/opt/rustwide/rustup-home/toolchains/nightly-2024-10-28-x86_64-unknown-linux-gnu/lib/rustlib/x86_64-unknown-linux-gnu/lib/libminiz_oxide-0c7d01cba400dcb2.rlib" "/opt/rustwide/rustup-home/toolchains/nightly-2024-10-28-x86_64-unknown-linux-gnu/lib/rustlib/x86_64-unknown-linux-gnu/lib/libadler-b9f84d69e331b75b.rlib" "/opt/rustwide/rustup-home/toolchains/nightly-2024-10-28-x86_64-unknown-linux-gnu/lib/rustlib/x86_64-unknown-linux-gnu/lib/libunwind-eec95493246aae39.rlib" "/opt/rustwide/rustup-home/toolchains/nightly-2024-10-28-x86_64-unknown-linux-gnu/lib/rustlib/x86_64-unknown-linux-gnu/lib/libcfg_if-6f6676c475e08ab0.rlib" "/opt/rustwide/rustup-home/toolchains/nightly-2024-10-28-x86_64-unknown-linux-gnu/lib/rustlib/x86_64-unknown-linux-gnu/lib/liblibc-799d520624f8b2e0.rlib" "/opt/rustwide/rustup-home/toolchains/nightly-2024-10-28-x86_64-unknown-linux-gnu/lib/rustlib/x86_64-unknown-linux-gnu/lib/liballoc-fcf93d4842acd9a9.rlib" "/opt/rustwide/rustup-home/toolchains/nightly-2024-10-28-x86_64-unknown-linux-gnu/lib/rustlib/x86_64-unknown-linux-gnu/lib/librustc_std_workspace_core-395a38b8e0851c9b.rlib" "/opt/rustwide/rustup-home/toolchains/nightly-2024-10-28-x86_64-unknown-linux-gnu/lib/rustlib/x86_64-unknown-linux-gnu/lib/libcore-d453bab70303062c.rlib" "/opt/rustwide/rustup-home/toolchains/nightly-2024-10-28-x86_64-unknown-linux-gnu/lib/rustlib/x86_64-unknown-linux-gnu/lib/libcompiler_builtins-0e6386368b0a24e8.rlib" "-Wl,-Bdynamic" "-lgcc_s" "-lutil" "-lrt" "-lpthread" "-lm" "-ldl" "-lc" "-B/opt/rustwide/rustup-home/toolchains/nightly-2024-10-28-x86_64-unknown-linux-gnu/lib/rustlib/x86_64-unknown-linux-gnu/bin/gcc-ld" "-fuse-ld=lld" "-Wl,--eh-frame-hdr" "-Wl,-z,noexecstack" "-L" "/opt/rustwide/rustup-home/toolchains/nightly-2024-10-28-x86_64-unknown-linux-gnu/lib/rustlib/x86_64-unknown-linux-gnu/lib" "-o" "/tmp/rustdoctest21d4Wc/rust_out" "-Wl,--gc-sections" "-pie" "-Wl,-z,relro,-z,now" "-nodefaultlibs"
[INFO] [stdout]   = note: PLEASE submit a bug report to https://github.com/llvm/llvm-project/issues/ and include the crash backtrace.
[INFO] [stdout]           LLVM ERROR: IO failure on output stream: No space left on device
[INFO] [stdout]           collect2: fatal error: ld terminated with signal 7 [Bus error], core dumped
[INFO] [stdout]           compilation terminated.
[INFO] [stdout]           
[INFO] [stdout] 
[INFO] [stdout] error: aborting due to 1 previous error
[INFO] [stdout] 
[INFO] [stdout] Couldn't compile the test.
[INFO] [stdout] 
[INFO] [stdout] failures:
[INFO] [stdout]     src/lib.rs - (line 10)
[INFO] [stdout]     src/lib.rs - (line 17)
[INFO] [stdout] 
[INFO] [stdout] test result: FAILED. 1 passed; 2 failed; 0 ignored; 0 measured; 0 filtered out; finished in 4.75s
[INFO] [stdout] 
[INFO] running `Command { std: "docker" "inspect" "99de3513e24fcb900fe44be020f51f1dca994da8ef6fc45eb8989f04a32dd2fc", kill_on_drop: false }`
[INFO] running `Command { std: "docker" "rm" "-f" "99de3513e24fcb900fe44be020f51f1dca994da8ef6fc45eb8989f04a32dd2fc", kill_on_drop: false }`
[INFO] [stdout] 99de3513e24fcb900fe44be020f51f1dca994da8ef6fc45eb8989f04a32dd2fc
