[INFO] cloning repository https://github.com/babichjacob/image-video-frames-idea
[INFO] running `Command { std: "git" "-c" "credential.helper=" "-c" "credential.helper=/workspace/cargo-home/bin/git-credential-null" "clone" "--bare" "https://github.com/babichjacob/image-video-frames-idea" "/workspace/cache/git-repos/https%3A%2F%2Fgithub.com%2Fbabichjacob%2Fimage-video-frames-idea", kill_on_drop: false }`
[INFO] [stderr] Cloning into bare repository '/workspace/cache/git-repos/https%3A%2F%2Fgithub.com%2Fbabichjacob%2Fimage-video-frames-idea'...
[INFO] running `Command { std: "git" "rev-parse" "HEAD", kill_on_drop: false }`
[INFO] [stdout] e7da8684fc8d4a20d7932d2d96df9759637d5254
[INFO] testing babichjacob/image-video-frames-idea/e7da8684fc8d4a20d7932d2d96df9759637d5254 against nightly-2024-10-28 for randomize-layout
[INFO] running `Command { std: "git" "clone" "/workspace/cache/git-repos/https%3A%2F%2Fgithub.com%2Fbabichjacob%2Fimage-video-frames-idea" "/workspace/builds/worker-6-tc1/source", kill_on_drop: false }`
[INFO] [stderr] Cloning into '/workspace/builds/worker-6-tc1/source'...
[INFO] [stderr] done.
[INFO] validating manifest of git repo https://github.com/babichjacob/image-video-frames-idea on toolchain nightly-2024-10-28
[INFO] running `Command { std: CARGO_HOME="/workspace/cargo-home" RUSTUP_HOME="/workspace/rustup-home" "/workspace/cargo-home/bin/cargo" "+nightly-2024-10-28" "metadata" "--manifest-path" "Cargo.toml" "--no-deps", kill_on_drop: false }`
[INFO] started tweaking git repo https://github.com/babichjacob/image-video-frames-idea
[INFO] finished tweaking git repo https://github.com/babichjacob/image-video-frames-idea
[INFO] tweaked toml for git repo https://github.com/babichjacob/image-video-frames-idea written to /workspace/builds/worker-6-tc1/source/Cargo.toml
[INFO] crate git repo https://github.com/babichjacob/image-video-frames-idea already has a lockfile, it will not be regenerated
[INFO] running `Command { std: CARGO_HOME="/workspace/cargo-home" RUSTUP_HOME="/workspace/rustup-home" "/workspace/cargo-home/bin/cargo" "+nightly-2024-10-28" "fetch" "--manifest-path" "Cargo.toml", kill_on_drop: false }`
[INFO] [stderr]     Updating crates.io index
[INFO] [stderr]  Downloading crates ...
[INFO] [stderr]   Downloaded tincture v1.0.0
[INFO] [stderr]   Downloaded av-metrics v0.9.0
[INFO] [stderr]   Downloaded interpolate_name v0.2.3
[INFO] [stderr]   Downloaded target-lexicon v0.12.8
[INFO] [stderr]   Downloaded y4m v0.8.0
[INFO] [stderr]   Downloaded clap_complete v4.0.7
[INFO] [stderr]   Downloaded arg_enum_proc_macro v0.3.2
[INFO] [stderr]   Downloaded bitstream-io v1.6.0
[INFO] [stderr]   Downloaded v_frame v0.3.3
[INFO] [stderr]   Downloaded webp v0.2.4
[INFO] [stderr]   Downloaded libwebp-sys v0.9.2
[INFO] running `Command { std: "docker" "create" "-v" "/var/lib/crater-agent-workspace/builds/worker-6-tc1/target:/opt/rustwide/target:rw,Z" "-v" "/var/lib/crater-agent-workspace/builds/worker-6-tc1/source:/opt/rustwide/workdir:ro,Z" "-v" "/var/lib/crater-agent-workspace/cargo-home:/opt/rustwide/cargo-home:ro,Z" "-v" "/var/lib/crater-agent-workspace/rustup-home:/opt/rustwide/rustup-home:ro,Z" "-e" "SOURCE_DIR=/opt/rustwide/workdir" "-e" "CARGO_TARGET_DIR=/opt/rustwide/target" "-e" "CARGO_HOME=/opt/rustwide/cargo-home" "-e" "RUSTUP_HOME=/opt/rustwide/rustup-home" "-w" "/opt/rustwide/workdir" "-m" "1610612736" "--user" "0:0" "--network" "none" "ghcr.io/rust-lang/crates-build-env/linux@sha256:4a844ea9eb2546a2d2c7022eacef16ef2e8229c7fbb2c7d4d55a9ceca922f72d" "/opt/rustwide/cargo-home/bin/cargo" "+nightly-2024-10-28" "metadata" "--no-deps" "--format-version=1", kill_on_drop: false }`
[INFO] [stdout] 4409d8b59e46d1c73e467635a6cb9dd08f3db87981340f0d10ef55462cce49b5
[INFO] running `Command { std: "docker" "start" "-a" "4409d8b59e46d1c73e467635a6cb9dd08f3db87981340f0d10ef55462cce49b5", kill_on_drop: false }`
[INFO] running `Command { std: "docker" "inspect" "4409d8b59e46d1c73e467635a6cb9dd08f3db87981340f0d10ef55462cce49b5", kill_on_drop: false }`
[INFO] running `Command { std: "docker" "rm" "-f" "4409d8b59e46d1c73e467635a6cb9dd08f3db87981340f0d10ef55462cce49b5", kill_on_drop: false }`
[INFO] [stdout] 4409d8b59e46d1c73e467635a6cb9dd08f3db87981340f0d10ef55462cce49b5
[INFO] running `Command { std: "docker" "create" "-v" "/var/lib/crater-agent-workspace/builds/worker-6-tc1/target:/opt/rustwide/target:rw,Z" "-v" "/var/lib/crater-agent-workspace/builds/worker-6-tc1/source:/opt/rustwide/workdir:ro,Z" "-v" "/var/lib/crater-agent-workspace/cargo-home:/opt/rustwide/cargo-home:ro,Z" "-v" "/var/lib/crater-agent-workspace/rustup-home:/opt/rustwide/rustup-home:ro,Z" "-e" "SOURCE_DIR=/opt/rustwide/workdir" "-e" "CARGO_TARGET_DIR=/opt/rustwide/target" "-e" "CARGO_INCREMENTAL=0" "-e" "RUST_BACKTRACE=full" "-e" "RUSTFLAGS=--cap-lints=forbid" "-e" "RUSTDOCFLAGS=--cap-lints=forbid" "-e" "CARGO_HOME=/opt/rustwide/cargo-home" "-e" "RUSTUP_HOME=/opt/rustwide/rustup-home" "-w" "/opt/rustwide/workdir" "-m" "1610612736" "--user" "0:0" "--network" "none" "ghcr.io/rust-lang/crates-build-env/linux@sha256:4a844ea9eb2546a2d2c7022eacef16ef2e8229c7fbb2c7d4d55a9ceca922f72d" "/opt/rustwide/cargo-home/bin/cargo" "+nightly-2024-10-28" "build" "--frozen" "--message-format=json", kill_on_drop: false }`
[INFO] [stdout] 7adf9f7a1819225a421c08bc94c762845716442b30a4f19ddca9523949e4b39b
[INFO] running `Command { std: "docker" "start" "-a" "7adf9f7a1819225a421c08bc94c762845716442b30a4f19ddca9523949e4b39b", kill_on_drop: false }`
[INFO] [stderr]    Compiling autocfg v1.1.0
[INFO] [stderr]    Compiling proc-macro2 v1.0.64
[INFO] [stderr]    Compiling unicode-ident v1.0.10
[INFO] [stderr]    Compiling quote v1.0.29
[INFO] [stderr]    Compiling cfg-if v1.0.0
[INFO] [stderr]    Compiling libc v0.2.147
[INFO] [stderr]    Compiling crossbeam-utils v0.8.16
[INFO] [stderr]    Compiling scopeguard v1.1.0
[INFO] [stderr]    Compiling rayon-core v1.11.0
[INFO] [stderr]    Compiling syn v1.0.109
[INFO] [stderr]    Compiling pkg-config v0.3.27
[INFO] [stderr]    Compiling tinyvec_macros v0.1.1
[INFO] [stderr]    Compiling version_check v0.9.4
[INFO] [stderr]    Compiling serde v1.0.171
[INFO] [stderr]    Compiling memoffset v0.9.0
[INFO] [stderr]    Compiling crossbeam-epoch v0.9.15
[INFO] [stderr]    Compiling crossbeam-channel v0.5.8
[INFO] [stderr]    Compiling num-traits v0.2.15
[INFO] [stderr]    Compiling bitflags v1.3.2
[INFO] [stderr]    Compiling jobserver v0.1.26
[INFO] [stderr]    Compiling syn v2.0.25
[INFO] [stderr]    Compiling crossbeam-deque v0.8.3
[INFO] [stderr]    Compiling cc v1.0.79
[INFO] [stderr]    Compiling tinyvec v1.6.0
[INFO] [stderr]    Compiling either v1.8.1
[INFO] [stderr]    Compiling semver v1.0.17
[INFO] [stderr]    Compiling futures-core v0.3.28
[INFO] [stderr]    Compiling unicode-bidi v0.3.13
[INFO] [stderr]    Compiling memchr v2.5.0
[INFO] [stderr]    Compiling num_cpus v1.16.0
[INFO] [stderr]    Compiling percent-encoding v2.3.0
[INFO] [stderr]    Compiling unicode-normalization v0.1.22
[INFO] [stderr]    Compiling proc-macro-error-attr v1.0.4
[INFO] [stderr]    Compiling form_urlencoded v1.2.0
[INFO] [stderr]    Compiling num-integer v0.1.45
[INFO] [stderr]    Compiling io-lifetimes v1.0.11
[INFO] [stderr]    Compiling libz-sys v1.1.9
[INFO] [stderr]    Compiling libgit2-sys v0.14.2+1.5.1
[INFO] [stderr]    Compiling idna v0.4.0
[INFO] [stderr]    Compiling rayon v1.7.0
[INFO] [stderr]    Compiling proc-macro-error v1.0.4
[INFO] [stderr]    Compiling url v2.4.0
[INFO] [stderr]    Compiling num-bigint v0.4.3
[INFO] [stderr]    Compiling bytemuck v1.13.1
[INFO] [stderr]    Compiling simd-adler32 v0.3.5
[INFO] [stderr]    Compiling rustix v0.37.23
[INFO] [stderr]    Compiling rustix v0.38.4
[INFO] [stderr] rustc-LLVM ERROR: IO failure on output stream: No space left on device
[INFO] [stderr] rustc-LLVM ERROR: IO failure on output stream: No space left on device
[INFO] [stdout] error: couldn't create a temp dir: No space left on device (os error 28) at path "/opt/rustwide/target/debug/deps/rmetao7ItBD"
[INFO] [stdout] 
[INFO] [stdout] 
[INFO] [stdout] error: couldn't create a temp dir: No space left on device (os error 28) at path "/opt/rustwide/target/debug/build/rustix-c276a0ba4f0f36e9/rmetaQOoJZK"
[INFO] [stdout] 
[INFO] [stdout] 
[INFO] [stderr] error: could not compile `serde` (build script)
[INFO] [stderr] 
[INFO] [stderr] Caused by:
[INFO] [stderr]   No space left on device (os error 28)
[INFO] [stderr] 
[INFO] [stderr] Caused by:
[INFO] [stderr]   failed to parse process output: `/opt/rustwide/rustup-home/toolchains/nightly-2024-10-28-x86_64-unknown-linux-gnu/bin/rustc --crate-name build_script_build --edition=2015 /opt/rustwide/cargo-home/registry/src/index.crates.io-6f17d22bba15001f/serde-1.0.171/build.rs --error-format=json --json=diagnostic-rendered-ansi,artifacts,future-incompat --crate-type bin --emit=dep-info,link -C embed-bitcode=no --cfg 'feature="default"' --cfg 'feature="derive"' --cfg 'feature="serde_derive"' --cfg 'feature="std"' --check-cfg 'cfg(docsrs)' --check-cfg 'cfg(feature, values("alloc", "default", "derive", "rc", "serde_derive", "std", "unstable"))' -C metadata=8ae406b32a1cd859 -C extra-filename=-8ae406b32a1cd859 --out-dir /opt/rustwide/target/debug/build/serde-8ae406b32a1cd859 -L dependency=/opt/rustwide/target/debug/deps --cap-lints allow --cap-lints=forbid` (exit status: 101)
[INFO] [stderr] warning: build failed, waiting for other jobs to finish...
[INFO] [stderr] error: could not compile `rustix` (build script) due to 1 previous error
[INFO] [stderr] error: could not compile `url` (lib) due to 1 previous error
[INFO] [stderr] error: could not compile `rayon-core` (lib)
[INFO] [stderr] 
[INFO] [stderr] Caused by:
[INFO] [stderr]   No space left on device (os error 28)
[INFO] [stderr] 
[INFO] [stderr] Caused by:
[INFO] [stderr]   failed to parse process output: `/opt/rustwide/rustup-home/toolchains/nightly-2024-10-28-x86_64-unknown-linux-gnu/bin/rustc --crate-name rayon_core --edition=2021 /opt/rustwide/cargo-home/registry/src/index.crates.io-6f17d22bba15001f/rayon-core-1.11.0/src/lib.rs --error-format=json --json=diagnostic-rendered-ansi,artifacts,future-incompat --crate-type lib --emit=dep-info,metadata,link -C embed-bitcode=no -C debuginfo=2 --check-cfg 'cfg(docsrs)' --check-cfg 'cfg(feature, values())' -C metadata=dabef12c7c39301f -C extra-filename=-dabef12c7c39301f --out-dir /opt/rustwide/target/debug/deps -L dependency=/opt/rustwide/target/debug/deps --extern crossbeam_channel=/opt/rustwide/target/debug/deps/libcrossbeam_channel-f96e7812252b312e.rmeta --extern crossbeam_deque=/opt/rustwide/target/debug/deps/libcrossbeam_deque-56d639346fa18428.rmeta --extern crossbeam_utils=/opt/rustwide/target/debug/deps/libcrossbeam_utils-e54a16912ba3e3ac.rmeta --extern num_cpus=/opt/rustwide/target/debug/deps/libnum_cpus-11a286abfa1a7f7f.rmeta --cap-lints allow --cap-lints=forbid` (exit status: 101)
[INFO] [stdout] error: linking with `cc` failed: exit status: 1
[INFO] [stdout]   |
[INFO] [stdout]   = note: LC_ALL="C" PATH="/opt/rustwide/rustup-home/toolchains/nightly-2024-10-28-x86_64-unknown-linux-gnu/lib/rustlib/x86_64-unknown-linux-gnu/bin:/opt/rustwide/rustup-home/toolchains/nightly-2024-10-28-x86_64-unknown-linux-gnu/lib/rustlib/x86_64-unknown-linux-gnu/bin/self-contained:/opt/rustwide/cargo-home/bin:/usr/local/sbin:/usr/local/bin:/usr/sbin:/usr/bin:/sbin:/bin" VSLANG="1033" "cc" "-m64" "/tmp/rustcmXRdPU/symbols.o" "/opt/rustwide/target/debug/build/rustix-a1edef4c2fcd6ab7/build_script_build-a1edef4c2fcd6ab7.build_script_build.e7f95b76c5a53612-cgu.0.rcgu.o" "/opt/rustwide/target/debug/build/rustix-a1edef4c2fcd6ab7/build_script_build-a1edef4c2fcd6ab7.build_script_build.e7f95b76c5a53612-cgu.1.rcgu.o" "/opt/rustwide/target/debug/build/rustix-a1edef4c2fcd6ab7/build_script_build-a1edef4c2fcd6ab7.8h2vwhhqcaym6tbet2vc5ua9o.rcgu.o" "-Wl,--as-needed" "-Wl,-Bstatic" "/opt/rustwide/rustup-home/toolchains/nightly-2024-10-28-x86_64-unknown-linux-gnu/lib/rustlib/x86_64-unknown-linux-gnu/lib/libstd-fb8c387236db3c10.rlib" "/opt/rustwide/rustup-home/toolchains/nightly-2024-10-28-x86_64-unknown-linux-gnu/lib/rustlib/x86_64-unknown-linux-gnu/lib/libpanic_unwind-b251837809b2f64b.rlib" "/opt/rustwide/rustup-home/toolchains/nightly-2024-10-28-x86_64-unknown-linux-gnu/lib/rustlib/x86_64-unknown-linux-gnu/lib/libobject-cbef83eaa4e01f04.rlib" "/opt/rustwide/rustup-home/toolchains/nightly-2024-10-28-x86_64-unknown-linux-gnu/lib/rustlib/x86_64-unknown-linux-gnu/lib/libmemchr-12a772286de2fca7.rlib" "/opt/rustwide/rustup-home/toolchains/nightly-2024-10-28-x86_64-unknown-linux-gnu/lib/rustlib/x86_64-unknown-linux-gnu/lib/libaddr2line-023bbe5ada7abfc3.rlib" "/opt/rustwide/rustup-home/toolchains/nightly-2024-10-28-x86_64-unknown-linux-gnu/lib/rustlib/x86_64-unknown-linux-gnu/lib/libgimli-de2bcdf10ec69c2b.rlib" "/opt/rustwide/rustup-home/toolchains/nightly-2024-10-28-x86_64-unknown-linux-gnu/lib/rustlib/x86_64-unknown-linux-gnu/lib/librustc_demangle-8e1754df350800fd.rlib" "/opt/rustwide/rustup-home/toolchains/nightly-2024-10-28-x86_64-unknown-linux-gnu/lib/rustlib/x86_64-unknown-linux-gnu/lib/libstd_detect-06c2ab7b9c32e037.rlib" "/opt/rustwide/rustup-home/toolchains/nightly-2024-10-28-x86_64-unknown-linux-gnu/lib/rustlib/x86_64-unknown-linux-gnu/lib/libhashbrown-51d2621fc57a281b.rlib" "/opt/rustwide/rustup-home/toolchains/nightly-2024-10-28-x86_64-unknown-linux-gnu/lib/rustlib/x86_64-unknown-linux-gnu/lib/librustc_std_workspace_alloc-54a930408793772f.rlib" "/opt/rustwide/rustup-home/toolchains/nightly-2024-10-28-x86_64-unknown-linux-gnu/lib/rustlib/x86_64-unknown-linux-gnu/lib/libminiz_oxide-0c7d01cba400dcb2.rlib" "/opt/rustwide/rustup-home/toolchains/nightly-2024-10-28-x86_64-unknown-linux-gnu/lib/rustlib/x86_64-unknown-linux-gnu/lib/libadler-b9f84d69e331b75b.rlib" "/opt/rustwide/rustup-home/toolchains/nightly-2024-10-28-x86_64-unknown-linux-gnu/lib/rustlib/x86_64-unknown-linux-gnu/lib/libunwind-eec95493246aae39.rlib" "/opt/rustwide/rustup-home/toolchains/nightly-2024-10-28-x86_64-unknown-linux-gnu/lib/rustlib/x86_64-unknown-linux-gnu/lib/libcfg_if-6f6676c475e08ab0.rlib" "/opt/rustwide/rustup-home/toolchains/nightly-2024-10-28-x86_64-unknown-linux-gnu/lib/rustlib/x86_64-unknown-linux-gnu/lib/liblibc-799d520624f8b2e0.rlib" "/opt/rustwide/rustup-home/toolchains/nightly-2024-10-28-x86_64-unknown-linux-gnu/lib/rustlib/x86_64-unknown-linux-gnu/lib/liballoc-fcf93d4842acd9a9.rlib" "/opt/rustwide/rustup-home/toolchains/nightly-2024-10-28-x86_64-unknown-linux-gnu/lib/rustlib/x86_64-unknown-linux-gnu/lib/librustc_std_workspace_core-395a38b8e0851c9b.rlib" "/opt/rustwide/rustup-home/toolchains/nightly-2024-10-28-x86_64-unknown-linux-gnu/lib/rustlib/x86_64-unknown-linux-gnu/lib/libcore-d453bab70303062c.rlib" "/opt/rustwide/rustup-home/toolchains/nightly-2024-10-28-x86_64-unknown-linux-gnu/lib/rustlib/x86_64-unknown-linux-gnu/lib/libcompiler_builtins-0e6386368b0a24e8.rlib" "-Wl,-Bdynamic" "-lgcc_s" "-lutil" "-lrt" "-lpthread" "-lm" "-ldl" "-lc" "-B/opt/rustwide/rustup-home/toolchains/nightly-2024-10-28-x86_64-unknown-linux-gnu/lib/rustlib/x86_64-unknown-linux-gnu/bin/gcc-ld" "-fuse-ld=lld" "-Wl,--eh-frame-hdr" "-Wl,-z,noexecstack" "-L" "/opt/rustwide/rustup-home/toolchains/nightly-2024-10-28-x86_64-unknown-linux-gnu/lib/rustlib/x86_64-unknown-linux-gnu/lib" "-o" "/opt/rustwide/target/debug/build/rustix-a1edef4c2fcd6ab7/build_script_build-a1edef4c2fcd6ab7" "-Wl,--gc-sections" "-pie" "-Wl,-z,relro,-z,now" "-nodefaultlibs"
[INFO] [stdout]   = note: PLEASE submit a bug report to https://github.com/llvm/llvm-project/issues/ and include the crash backtrace.
[INFO] [stdout]           collect2: fatal error: ld terminated with signal 7 [Bus error], core dumped
[INFO] [stdout]           compilation terminated.
[INFO] [stdout]           
[INFO] [stdout] 
[INFO] [stdout] 
[INFO] [stderr] error: could not compile `rustix` (build script) due to 1 previous error
[INFO] [stdout] error: failed to write to `/opt/rustwide/target/debug/deps/rmetaZtNvcw/lib.rmeta`: No space left on device (os error 28)
[INFO] [stdout] 
[INFO] [stdout] 
[INFO] [stderr] The following warnings were emitted during compilation:
[INFO] [stderr] 
[INFO] [stderr] warning: libgit2-sys@0.14.2+1.5.1: libgit2/src/libgit2/annotated_commit.c:240:1: fatal error: error writing to /tmp/ccUnvFXZ.s: No space left on device
[INFO] [stderr] warning: libgit2-sys@0.14.2+1.5.1:   240 | }
[INFO] [stderr] warning: libgit2-sys@0.14.2+1.5.1:       | ^
[INFO] [stderr] warning: libgit2-sys@0.14.2+1.5.1: compilation terminated.
[INFO] [stderr] warning: libgit2-sys@0.14.2+1.5.1: libgit2/src/libgit2/attr.c:700:1: fatal error: error writing to /tmp/ccl0TQU2.s: No space left on device
[INFO] [stderr] warning: libgit2-sys@0.14.2+1.5.1:   700 | }
[INFO] [stderr] warning: libgit2-sys@0.14.2+1.5.1:       | ^
[INFO] [stderr] warning: libgit2-sys@0.14.2+1.5.1: compilation terminated.
[INFO] [stderr] warning: libgit2-sys@0.14.2+1.5.1: libgit2/src/libgit2/apply.c:898:1: fatal error: error writing to /tmp/ccYushJk.s: No space left on device
[INFO] [stderr] warning: libgit2-sys@0.14.2+1.5.1:   898 | }
[INFO] [stderr] warning: libgit2-sys@0.14.2+1.5.1:       | ^
[INFO] [stderr] warning: libgit2-sys@0.14.2+1.5.1: compilation terminated.
[INFO] [stderr] warning: libgit2-sys@0.14.2+1.5.1: libgit2/src/libgit2/attr_file.c:1027:1: fatal error: error writing to /tmp/ccEhDcdi.s: No space left on device
[INFO] [stderr] warning: libgit2-sys@0.14.2+1.5.1:  1027 | }
[INFO] [stderr] warning: libgit2-sys@0.14.2+1.5.1:       | ^
[INFO] [stderr] warning: libgit2-sys@0.14.2+1.5.1: compilation terminated.
[INFO] [stderr] 
[INFO] [stderr] error: failed to run custom build command for `libgit2-sys v0.14.2+1.5.1`
[INFO] [stderr] note: To improve backtraces for build dependencies, set the CARGO_PROFILE_DEV_BUILD_OVERRIDE_DEBUG=true environment variable to enable debug information generation.
[INFO] [stderr] 
[INFO] [stderr] Caused by:
[INFO] [stderr]   process didn't exit successfully: `/opt/rustwide/target/debug/build/libgit2-sys-d8c98e8469a32956/build-script-build` (exit status: 1)
[INFO] [stderr]   --- stdout
[INFO] [stderr]   cargo:rerun-if-env-changed=LIBGIT2_NO_PKG_CONFIG
[INFO] [stderr]   cargo:rerun-if-env-changed=PKG_CONFIG_x86_64-unknown-linux-gnu
[INFO] [stderr]   cargo:rerun-if-env-changed=PKG_CONFIG_x86_64_unknown_linux_gnu
[INFO] [stderr]   cargo:rerun-if-env-changed=HOST_PKG_CONFIG
[INFO] [stderr]   cargo:rerun-if-env-changed=PKG_CONFIG
[INFO] [stderr]   cargo:rerun-if-env-changed=LIBGIT2_STATIC
[INFO] [stderr]   cargo:rerun-if-env-changed=LIBGIT2_DYNAMIC
[INFO] [stderr]   cargo:rerun-if-env-changed=PKG_CONFIG_ALL_STATIC
[INFO] [stderr]   cargo:rerun-if-env-changed=PKG_CONFIG_ALL_DYNAMIC
[INFO] [stderr]   cargo:rerun-if-env-changed=PKG_CONFIG_PATH_x86_64-unknown-linux-gnu
[INFO] [stderr]   cargo:rerun-if-env-changed=PKG_CONFIG_PATH_x86_64_unknown_linux_gnu
[INFO] [stderr]   cargo:rerun-if-env-changed=HOST_PKG_CONFIG_PATH
[INFO] [stderr]   cargo:rerun-if-env-changed=PKG_CONFIG_PATH
[INFO] [stderr]   cargo:rerun-if-env-changed=PKG_CONFIG_LIBDIR_x86_64-unknown-linux-gnu
[INFO] [stderr]   cargo:rerun-if-env-changed=PKG_CONFIG_LIBDIR_x86_64_unknown_linux_gnu
[INFO] [stderr]   cargo:rerun-if-env-changed=HOST_PKG_CONFIG_LIBDIR
[INFO] [stderr]   cargo:rerun-if-env-changed=PKG_CONFIG_LIBDIR
[INFO] [stderr]   cargo:rerun-if-env-changed=PKG_CONFIG_SYSROOT_DIR_x86_64-unknown-linux-gnu
[INFO] [stderr]   cargo:rerun-if-env-changed=PKG_CONFIG_SYSROOT_DIR_x86_64_unknown_linux_gnu
[INFO] [stderr]   cargo:rerun-if-env-changed=HOST_PKG_CONFIG_SYSROOT_DIR
[INFO] [stderr]   cargo:rerun-if-env-changed=PKG_CONFIG_SYSROOT_DIR
[INFO] [stderr]   cargo:rerun-if-env-changed=LIBGIT2_NO_PKG_CONFIG
[INFO] [stderr]   cargo:rerun-if-env-changed=PKG_CONFIG_x86_64-unknown-linux-gnu
[INFO] [stderr]   cargo:rerun-if-env-changed=PKG_CONFIG_x86_64_unknown_linux_gnu
[INFO] [stderr]   cargo:rerun-if-env-changed=HOST_PKG_CONFIG
[INFO] [stderr]   cargo:rerun-if-env-changed=PKG_CONFIG
[INFO] [stderr]   cargo:rerun-if-env-changed=LIBGIT2_STATIC
[INFO] [stderr]   cargo:rerun-if-env-changed=LIBGIT2_DYNAMIC
[INFO] [stderr]   cargo:rerun-if-env-changed=PKG_CONFIG_ALL_STATIC
[INFO] [stderr]   cargo:rerun-if-env-changed=PKG_CONFIG_ALL_DYNAMIC
[INFO] [stderr]   cargo:rerun-if-env-changed=PKG_CONFIG_PATH_x86_64-unknown-linux-gnu
[INFO] [stderr]   cargo:rerun-if-env-changed=PKG_CONFIG_PATH_x86_64_unknown_linux_gnu
[INFO] [stderr]   cargo:rerun-if-env-changed=HOST_PKG_CONFIG_PATH
[INFO] [stderr]   cargo:rerun-if-env-changed=PKG_CONFIG_PATH
[INFO] [stderr]   cargo:rerun-if-env-changed=PKG_CONFIG_LIBDIR_x86_64-unknown-linux-gnu
[INFO] [stderr]   cargo:rerun-if-env-changed=PKG_CONFIG_LIBDIR_x86_64_unknown_linux_gnu
[INFO] [stderr]   cargo:rerun-if-env-changed=HOST_PKG_CONFIG_LIBDIR
[INFO] [stderr]   cargo:rerun-if-env-changed=PKG_CONFIG_LIBDIR
[INFO] [stderr]   cargo:rerun-if-env-changed=PKG_CONFIG_SYSROOT_DIR_x86_64-unknown-linux-gnu
[INFO] [stderr]   cargo:rerun-if-env-changed=PKG_CONFIG_SYSROOT_DIR_x86_64_unknown_linux_gnu
[INFO] [stderr]   cargo:rerun-if-env-changed=HOST_PKG_CONFIG_SYSROOT_DIR
[INFO] [stderr]   cargo:rerun-if-env-changed=PKG_CONFIG_SYSROOT_DIR
[INFO] [stderr]   cargo:rustc-cfg=libgit2_vendored
[INFO] [stderr]   libgit2/include/git2.h => /opt/rustwide/target/debug/build/libgit2-sys-18c80c51963ef253/out/include/git2.h
[INFO] [stderr]   libgit2/include/git2/errors.h => /opt/rustwide/target/debug/build/libgit2-sys-18c80c51963ef253/out/include/git2/errors.h
[INFO] [stderr]   libgit2/include/git2/refs.h => /opt/rustwide/target/debug/build/libgit2-sys-18c80c51963ef253/out/include/git2/refs.h
[INFO] [stderr]   libgit2/include/git2/reflog.h => /opt/rustwide/target/debug/build/libgit2-sys-18c80c51963ef253/out/include/git2/reflog.h
[INFO] [stderr]   libgit2/include/git2/signature.h => /opt/rustwide/target/debug/build/libgit2-sys-18c80c51963ef253/out/include/git2/signature.h
[INFO] [stderr]   libgit2/include/git2/index.h => /opt/rustwide/target/debug/build/libgit2-sys-18c80c51963ef253/out/include/git2/index.h
[INFO] [stderr]   libgit2/include/git2/object.h => /opt/rustwide/target/debug/build/libgit2-sys-18c80c51963ef253/out/include/git2/object.h
[INFO] [stderr]   libgit2/include/git2/pack.h => /opt/rustwide/target/debug/build/libgit2-sys-18c80c51963ef253/out/include/git2/pack.h
[INFO] [stderr]   libgit2/include/git2/revert.h => /opt/rustwide/target/debug/build/libgit2-sys-18c80c51963ef253/out/include/git2/revert.h
[INFO] [stderr]   libgit2/include/git2/trace.h => /opt/rustwide/target/debug/build/libgit2-sys-18c80c51963ef253/out/include/git2/trace.h
[INFO] [stderr]   libgit2/include/git2/apply.h => /opt/rustwide/target/debug/build/libgit2-sys-18c80c51963ef253/out/include/git2/apply.h
[INFO] [stderr]   libgit2/include/git2/strarray.h => /opt/rustwide/target/debug/build/libgit2-sys-18c80c51963ef253/out/include/git2/strarray.h
[INFO] [stderr]   libgit2/include/git2/revwalk.h => /opt/rustwide/target/debug/build/libgit2-sys-18c80c51963ef253/out/include/git2/revwalk.h
[INFO] [stderr]   libgit2/include/git2/mailmap.h => /opt/rustwide/target/debug/build/libgit2-sys-18c80c51963ef253/out/include/git2/mailmap.h
[INFO] [stderr]   libgit2/include/git2/remote.h => /opt/rustwide/target/debug/build/libgit2-sys-18c80c51963ef253/out/include/git2/remote.h
[INFO] [stderr]   libgit2/include/git2/clone.h => /opt/rustwide/target/debug/build/libgit2-sys-18c80c51963ef253/out/include/git2/clone.h
[INFO] [stderr]   libgit2/include/git2/branch.h => /opt/rustwide/target/debug/build/libgit2-sys-18c80c51963ef253/out/include/git2/branch.h
[INFO] [stderr]   libgit2/include/git2/types.h => /opt/rustwide/target/debug/build/libgit2-sys-18c80c51963ef253/out/include/git2/types.h
[INFO] [stderr]   libgit2/include/git2/transport.h => /opt/rustwide/target/debug/build/libgit2-sys-18c80c51963ef253/out/include/git2/transport.h
[INFO] [stderr]   libgit2/include/git2/status.h => /opt/rustwide/target/debug/build/libgit2-sys-18c80c51963ef253/out/include/git2/status.h
[INFO] [stderr]   libgit2/include/git2/tag.h => /opt/rustwide/target/debug/build/libgit2-sys-18c80c51963ef253/out/include/git2/tag.h
[INFO] [stderr]   libgit2/include/git2/commit.h => /opt/rustwide/target/debug/build/libgit2-sys-18c80c51963ef253/out/include/git2/commit.h
[INFO] [stderr]   libgit2/include/git2/indexer.h => /opt/rustwide/target/debug/build/libgit2-sys-18c80c51963ef253/out/include/git2/indexer.h
[INFO] [stderr]   libgit2/include/git2/blob.h => /opt/rustwide/target/debug/build/libgit2-sys-18c80c51963ef253/out/include/git2/blob.h
[INFO] [stderr]   libgit2/include/git2/proxy.h => /opt/rustwide/target/debug/build/libgit2-sys-18c80c51963ef253/out/include/git2/proxy.h
[INFO] [stderr]   libgit2/include/git2/revparse.h => /opt/rustwide/target/debug/build/libgit2-sys-18c80c51963ef253/out/include/git2/revparse.h
[INFO] [stderr]   libgit2/include/git2/message.h => /opt/rustwide/target/debug/build/libgit2-sys-18c80c51963ef253/out/include/git2/message.h
[INFO] [stderr]   libgit2/include/git2/notes.h => /opt/rustwide/target/debug/build/libgit2-sys-18c80c51963ef253/out/include/git2/notes.h
[INFO] [stderr]   libgit2/include/git2/buffer.h => /opt/rustwide/target/debug/build/libgit2-sys-18c80c51963ef253/out/include/git2/buffer.h
[INFO] [stderr]   libgit2/include/git2/oidarray.h => /opt/rustwide/target/debug/build/libgit2-sys-18c80c51963ef253/out/include/git2/oidarray.h
[INFO] [stderr]   libgit2/include/git2/odb_backend.h => /opt/rustwide/target/debug/build/libgit2-sys-18c80c51963ef253/out/include/git2/odb_backend.h
[INFO] [stderr]   libgit2/include/git2/annotated_commit.h => /opt/rustwide/target/debug/build/libgit2-sys-18c80c51963ef253/out/include/git2/annotated_commit.h
[INFO] [stderr]   libgit2/include/git2/describe.h => /opt/rustwide/target/debug/build/libgit2-sys-18c80c51963ef253/out/include/git2/describe.h
[INFO] [stderr]   libgit2/include/git2/blame.h => /opt/rustwide/target/debug/build/libgit2-sys-18c80c51963ef253/out/include/git2/blame.h
[INFO] [stderr]   libgit2/include/git2/stdint.h => /opt/rustwide/target/debug/build/libgit2-sys-18c80c51963ef253/out/include/git2/stdint.h
[INFO] [stderr]   libgit2/include/git2/repository.h => /opt/rustwide/target/debug/build/libgit2-sys-18c80c51963ef253/out/include/git2/repository.h
[INFO] [stderr]   libgit2/include/git2/email.h => /opt/rustwide/target/debug/build/libgit2-sys-18c80c51963ef253/out/include/git2/email.h
[INFO] [stderr]   libgit2/include/git2/filter.h => /opt/rustwide/target/debug/build/libgit2-sys-18c80c51963ef253/out/include/git2/filter.h
[INFO] [stderr]   libgit2/include/git2/common.h => /opt/rustwide/target/debug/build/libgit2-sys-18c80c51963ef253/out/include/git2/common.h
[INFO] [stderr]   libgit2/include/git2/reset.h => /opt/rustwide/target/debug/build/libgit2-sys-18c80c51963ef253/out/include/git2/reset.h
[INFO] [stderr]   libgit2/include/git2/net.h => /opt/rustwide/target/debug/build/libgit2-sys-18c80c51963ef253/out/include/git2/net.h
[INFO] [stderr]   libgit2/include/git2/cherrypick.h => /opt/rustwide/target/debug/build/libgit2-sys-18c80c51963ef253/out/include/git2/cherrypick.h
[INFO] [stderr]   libgit2/include/git2/deprecated.h => /opt/rustwide/target/debug/build/libgit2-sys-18c80c51963ef253/out/include/git2/deprecated.h
[INFO] [stderr]   libgit2/include/git2/sys/refs.h => /opt/rustwide/target/debug/build/libgit2-sys-18c80c51963ef253/out/include/git2/sys/refs.h
[INFO] [stderr]   libgit2/include/git2/sys/midx.h => /opt/rustwide/target/debug/build/libgit2-sys-18c80c51963ef253/out/include/git2/sys/midx.h
[INFO] [stderr]   libgit2/include/git2/sys/reflog.h => /opt/rustwide/target/debug/build/libgit2-sys-18c80c51963ef253/out/include/git2/sys/reflog.h
[INFO] [stderr]   libgit2/include/git2/sys/index.h => /opt/rustwide/target/debug/build/libgit2-sys-18c80c51963ef253/out/include/git2/sys/index.h
[INFO] [stderr]   libgit2/include/git2/sys/mempack.h => /opt/rustwide/target/debug/build/libgit2-sys-18c80c51963ef253/out/include/git2/sys/mempack.h
[INFO] [stderr]   libgit2/include/git2/sys/remote.h => /opt/rustwide/target/debug/build/libgit2-sys-18c80c51963ef253/out/include/git2/sys/remote.h
[INFO] [stderr]   libgit2/include/git2/sys/transport.h => /opt/rustwide/target/debug/build/libgit2-sys-18c80c51963ef253/out/include/git2/sys/transport.h
[INFO] [stderr]   libgit2/include/git2/sys/commit_graph.h => /opt/rustwide/target/debug/build/libgit2-sys-18c80c51963ef253/out/include/git2/sys/commit_graph.h
[INFO] [stderr]   libgit2/include/git2/sys/openssl.h => /opt/rustwide/target/debug/build/libgit2-sys-18c80c51963ef253/out/include/git2/sys/openssl.h
[INFO] [stderr]   libgit2/include/git2/sys/commit.h => /opt/rustwide/target/debug/build/libgit2-sys-18c80c51963ef253/out/include/git2/sys/commit.h
[INFO] [stderr]   libgit2/include/git2/sys/hashsig.h => /opt/rustwide/target/debug/build/libgit2-sys-18c80c51963ef253/out/include/git2/sys/hashsig.h
[INFO] [stderr]   libgit2/include/git2/sys/alloc.h => /opt/rustwide/target/debug/build/libgit2-sys-18c80c51963ef253/out/include/git2/sys/alloc.h
[INFO] [stderr]   libgit2/include/git2/sys/odb_backend.h => /opt/rustwide/target/debug/build/libgit2-sys-18c80c51963ef253/out/include/git2/sys/odb_backend.h
[INFO] [stderr]   libgit2/include/git2/sys/cred.h => /opt/rustwide/target/debug/build/libgit2-sys-18c80c51963ef253/out/include/git2/sys/cred.h
[INFO] [stderr]   libgit2/include/git2/sys/repository.h => /opt/rustwide/target/debug/build/libgit2-sys-18c80c51963ef253/out/include/git2/sys/repository.h
[INFO] [stderr]   libgit2/include/git2/sys/path.h => /opt/rustwide/target/debug/build/libgit2-sys-18c80c51963ef253/out/include/git2/sys/path.h
[INFO] [stderr]   libgit2/include/git2/sys/email.h => /opt/rustwide/target/debug/build/libgit2-sys-18c80c51963ef253/out/include/git2/sys/email.h
[INFO] [stderr]   libgit2/include/git2/sys/filter.h => /opt/rustwide/target/debug/build/libgit2-sys-18c80c51963ef253/out/include/git2/sys/filter.h
[INFO] [stderr]   libgit2/include/git2/sys/merge.h => /opt/rustwide/target/debug/build/libgit2-sys-18c80c51963ef253/out/include/git2/sys/merge.h
[INFO] [stderr]   libgit2/include/git2/sys/config.h => /opt/rustwide/target/debug/build/libgit2-sys-18c80c51963ef253/out/include/git2/sys/config.h
[INFO] [stderr]   libgit2/include/git2/sys/stream.h => /opt/rustwide/target/debug/build/libgit2-sys-18c80c51963ef253/out/include/git2/sys/stream.h
[INFO] [stderr]   libgit2/include/git2/sys/credential.h => /opt/rustwide/target/debug/build/libgit2-sys-18c80c51963ef253/out/include/git2/sys/credential.h
[INFO] [stderr]   libgit2/include/git2/sys/diff.h => /opt/rustwide/target/debug/build/libgit2-sys-18c80c51963ef253/out/include/git2/sys/diff.h
[INFO] [stderr]   libgit2/include/git2/sys/refdb_backend.h => /opt/rustwide/target/debug/build/libgit2-sys-18c80c51963ef253/out/include/git2/sys/refdb_backend.h
[INFO] [stderr]   libgit2/include/git2/merge.h => /opt/rustwide/target/debug/build/libgit2-sys-18c80c51963ef253/out/include/git2/merge.h
[INFO] [stderr]   libgit2/include/git2/config.h => /opt/rustwide/target/debug/build/libgit2-sys-18c80c51963ef253/out/include/git2/config.h
[INFO] [stderr]   libgit2/include/git2/patch.h => /opt/rustwide/target/debug/build/libgit2-sys-18c80c51963ef253/out/include/git2/patch.h
[INFO] [stderr]   libgit2/include/git2/pathspec.h => /opt/rustwide/target/debug/build/libgit2-sys-18c80c51963ef253/out/include/git2/pathspec.h
[INFO] [stderr]   libgit2/include/git2/stash.h => /opt/rustwide/target/debug/build/libgit2-sys-18c80c51963ef253/out/include/git2/stash.h
[INFO] [stderr]   libgit2/include/git2/credential.h => /opt/rustwide/target/debug/build/libgit2-sys-18c80c51963ef253/out/include/git2/credential.h
[INFO] [stderr]   libgit2/include/git2/version.h => /opt/rustwide/target/debug/build/libgit2-sys-18c80c51963ef253/out/include/git2/version.h
[INFO] [stderr]   libgit2/include/git2/refspec.h => /opt/rustwide/target/debug/build/libgit2-sys-18c80c51963ef253/out/include/git2/refspec.h
[INFO] [stderr]   libgit2/include/git2/diff.h => /opt/rustwide/target/debug/build/libgit2-sys-18c80c51963ef253/out/include/git2/diff.h
[INFO] [stderr]   libgit2/include/git2/odb.h => /opt/rustwide/target/debug/build/libgit2-sys-18c80c51963ef253/out/include/git2/odb.h
[INFO] [stderr]   libgit2/include/git2/worktree.h => /opt/rustwide/target/debug/build/libgit2-sys-18c80c51963ef253/out/include/git2/worktree.h
[INFO] [stderr]   libgit2/include/git2/transaction.h => /opt/rustwide/target/debug/build/libgit2-sys-18c80c51963ef253/out/include/git2/transaction.h
[INFO] [stderr]   libgit2/include/git2/attr.h => /opt/rustwide/target/debug/build/libgit2-sys-18c80c51963ef253/out/include/git2/attr.h
[INFO] [stderr]   libgit2/include/git2/tree.h => /opt/rustwide/target/debug/build/libgit2-sys-18c80c51963ef253/out/include/git2/tree.h
[INFO] [stderr]   libgit2/include/git2/global.h => /opt/rustwide/target/debug/build/libgit2-sys-18c80c51963ef253/out/include/git2/global.h
[INFO] [stderr]   libgit2/include/git2/checkout.h => /opt/rustwide/target/debug/build/libgit2-sys-18c80c51963ef253/out/include/git2/checkout.h
[INFO] [stderr]   libgit2/include/git2/submodule.h => /opt/rustwide/target/debug/build/libgit2-sys-18c80c51963ef253/out/include/git2/submodule.h
[INFO] [stderr]   libgit2/include/git2/cred_helpers.h => /opt/rustwide/target/debug/build/libgit2-sys-18c80c51963ef253/out/include/git2/cred_helpers.h
[INFO] [stderr]   libgit2/include/git2/ignore.h => /opt/rustwide/target/debug/build/libgit2-sys-18c80c51963ef253/out/include/git2/ignore.h
[INFO] [stderr]   libgit2/include/git2/credential_helpers.h => /opt/rustwide/target/debug/build/libgit2-sys-18c80c51963ef253/out/include/git2/credential_helpers.h
[INFO] [stderr]   libgit2/include/git2/refdb.h => /opt/rustwide/target/debug/build/libgit2-sys-18c80c51963ef253/out/include/git2/refdb.h
[INFO] [stderr]   libgit2/include/git2/cert.h => /opt/rustwide/target/debug/build/libgit2-sys-18c80c51963ef253/out/include/git2/cert.h
[INFO] [stderr]   libgit2/include/git2/rebase.h => /opt/rustwide/target/debug/build/libgit2-sys-18c80c51963ef253/out/include/git2/rebase.h
[INFO] [stderr]   libgit2/include/git2/oid.h => /opt/rustwide/target/debug/build/libgit2-sys-18c80c51963ef253/out/include/git2/oid.h
[INFO] [stderr]   libgit2/include/git2/graph.h => /opt/rustwide/target/debug/build/libgit2-sys-18c80c51963ef253/out/include/git2/graph.h
[INFO] [stderr]   TARGET = Some("x86_64-unknown-linux-gnu")
[INFO] [stderr]   OPT_LEVEL = Some("0")
[INFO] [stderr]   HOST = Some("x86_64-unknown-linux-gnu")
[INFO] [stderr]   cargo:rerun-if-env-changed=CC_x86_64-unknown-linux-gnu
[INFO] [stderr]   CC_x86_64-unknown-linux-gnu = None
[INFO] [stderr]   cargo:rerun-if-env-changed=CC_x86_64_unknown_linux_gnu
[INFO] [stderr]   CC_x86_64_unknown_linux_gnu = None
[INFO] [stderr]   cargo:rerun-if-env-changed=HOST_CC
[INFO] [stderr]   HOST_CC = None
[INFO] [stderr]   cargo:rerun-if-env-changed=CC
[INFO] [stderr]   CC = None
[INFO] [stderr]   cargo:rerun-if-env-changed=CFLAGS_x86_64-unknown-linux-gnu
[INFO] [stderr]   CFLAGS_x86_64-unknown-linux-gnu = None
[INFO] [stderr]   cargo:rerun-if-env-changed=CFLAGS_x86_64_unknown_linux_gnu
[INFO] [stderr]   CFLAGS_x86_64_unknown_linux_gnu = None
[INFO] [stderr]   cargo:rerun-if-env-changed=HOST_CFLAGS
[INFO] [stderr]   HOST_CFLAGS = None
[INFO] [stderr]   cargo:rerun-if-env-changed=CFLAGS
[INFO] [stderr]   CFLAGS = None
[INFO] [stderr]   cargo:rerun-if-env-changed=CRATE_CC_NO_DEFAULTS
[INFO] [stderr]   CRATE_CC_NO_DEFAULTS = None
[INFO] [stderr]   DEBUG = Some("false")
[INFO] [stderr]   CARGO_CFG_TARGET_FEATURE = Some("fxsr,sse,sse2")
[INFO] [stderr]   running: "cc" "-O0" "-ffunction-sections" "-fdata-sections" "-fPIC" "-m64" "-I" "/opt/rustwide/target/debug/build/libgit2-sys-18c80c51963ef253/out/include" "-I" "libgit2/src/libgit2" "-I" "libgit2/src/util" "-I" "libgit2/deps/http-parser" "-I" "libgit2/deps/pcre" "-fvisibility=hidden" "-DGIT_REGEX_BUILTIN=1" "-DHAVE_STDINT_H=1" "-DHAVE_MEMMOVE=1" "-DNO_RECURSE=1" "-DNEWLINE=10" "-DPOSIX_MALLOC_THRESHOLD=10" "-DLINK_SIZE=2" "-DPARENS_NEST_LIMIT=250" "-DMATCH_LIMIT=10000000" "-DMATCH_LIMIT_RECURSION=MATCH_LIMIT" "-DMAX_NAME_SIZE=32" "-DMAX_NAME_COUNT=10000" "-DSHA1DC_NO_STANDARD_INCLUDES=1" "-DSHA1DC_CUSTOM_INCLUDE_SHA1_C=\"common.h\"" "-DSHA1DC_CUSTOM_INCLUDE_UBC_CHECK_C=\"common.h\"" "-o" "/opt/rustwide/target/debug/build/libgit2-sys-18c80c51963ef253/out/build/libgit2/src/libgit2/annotated_commit.o" "-c" "libgit2/src/libgit2/annotated_commit.c"
[INFO] [stderr]   running: "cc" "-O0" "-ffunction-sections" "-fdata-sections" "-fPIC" "-m64" "-I" "/opt/rustwide/target/debug/build/libgit2-sys-18c80c51963ef253/out/include" "-I" "libgit2/src/libgit2" "-I" "libgit2/src/util" "-I" "libgit2/deps/http-parser" "-I" "libgit2/deps/pcre" "-fvisibility=hidden" "-DGIT_REGEX_BUILTIN=1" "-DHAVE_STDINT_H=1" "-DHAVE_MEMMOVE=1" "-DNO_RECURSE=1" "-DNEWLINE=10" "-DPOSIX_MALLOC_THRESHOLD=10" "-DLINK_SIZE=2" "-DPARENS_NEST_LIMIT=250" "-DMATCH_LIMIT=10000000" "-DMATCH_LIMIT_RECURSION=MATCH_LIMIT" "-DMAX_NAME_SIZE=32" "-DMAX_NAME_COUNT=10000" "-DSHA1DC_NO_STANDARD_INCLUDES=1" "-DSHA1DC_CUSTOM_INCLUDE_SHA1_C=\"common.h\"" "-DSHA1DC_CUSTOM_INCLUDE_UBC_CHECK_C=\"common.h\"" "-o" "/opt/rustwide/target/debug/build/libgit2-sys-18c80c51963ef253/out/build/libgit2/src/libgit2/attr.o" "-c" "libgit2/src/libgit2/attr.c"
[INFO] [stderr]   running: "cc" "-O0" "-ffunction-sections" "-fdata-sections" "-fPIC" "-m64" "-I" "/opt/rustwide/target/debug/build/libgit2-sys-18c80c51963ef253/out/include" "-I" "libgit2/src/libgit2" "-I" "libgit2/src/util" "-I" "libgit2/deps/http-parser" "-I" "libgit2/deps/pcre" "-fvisibility=hidden" "-DGIT_REGEX_BUILTIN=1" "-DHAVE_STDINT_H=1" "-DHAVE_MEMMOVE=1" "-DNO_RECURSE=1" "-DNEWLINE=10" "-DPOSIX_MALLOC_THRESHOLD=10" "-DLINK_SIZE=2" "-DPARENS_NEST_LIMIT=250" "-DMATCH_LIMIT=10000000" "-DMATCH_LIMIT_RECURSION=MATCH_LIMIT" "-DMAX_NAME_SIZE=32" "-DMAX_NAME_COUNT=10000" "-DSHA1DC_NO_STANDARD_INCLUDES=1" "-DSHA1DC_CUSTOM_INCLUDE_SHA1_C=\"common.h\"" "-DSHA1DC_CUSTOM_INCLUDE_UBC_CHECK_C=\"common.h\"" "-o" "/opt/rustwide/target/debug/build/libgit2-sys-18c80c51963ef253/out/build/libgit2/src/libgit2/apply.o" "-c" "libgit2/src/libgit2/apply.c"
[INFO] [stderr]   running: "cc" "-O0" "-ffunction-sections" "-fdata-sections" "-fPIC" "-m64" "-I" "/opt/rustwide/target/debug/build/libgit2-sys-18c80c51963ef253/out/include" "-I" "libgit2/src/libgit2" "-I" "libgit2/src/util" "-I" "libgit2/deps/http-parser" "-I" "libgit2/deps/pcre" "-fvisibility=hidden" "-DGIT_REGEX_BUILTIN=1" "-DHAVE_STDINT_H=1" "-DHAVE_MEMMOVE=1" "-DNO_RECURSE=1" "-DNEWLINE=10" "-DPOSIX_MALLOC_THRESHOLD=10" "-DLINK_SIZE=2" "-DPARENS_NEST_LIMIT=250" "-DMATCH_LIMIT=10000000" "-DMATCH_LIMIT_RECURSION=MATCH_LIMIT" "-DMAX_NAME_SIZE=32" "-DMAX_NAME_COUNT=10000" "-DSHA1DC_NO_STANDARD_INCLUDES=1" "-DSHA1DC_CUSTOM_INCLUDE_SHA1_C=\"common.h\"" "-DSHA1DC_CUSTOM_INCLUDE_UBC_CHECK_C=\"common.h\"" "-o" "/opt/rustwide/target/debug/build/libgit2-sys-18c80c51963ef253/out/build/libgit2/src/libgit2/attr_file.o" "-c" "libgit2/src/libgit2/attr_file.c"
[INFO] [stderr]   cargo:warning=libgit2/src/libgit2/annotated_commit.c:240:1: fatal error: error writing to /tmp/ccUnvFXZ.s: No space left on device
[INFO] [stderr]   cargo:warning=  240 | }
[INFO] [stderr]   cargo:warning=      | ^
[INFO] [stderr]   cargo:warning=compilation terminated.
[INFO] [stderr]   exit status: 1
[INFO] [stderr]   running: "cc" "-O0" "-ffunction-sections" "-fdata-sections" "-fPIC" "-m64" "-I" "/opt/rustwide/target/debug/build/libgit2-sys-18c80c51963ef253/out/include" "-I" "libgit2/src/libgit2" "-I" "libgit2/src/util" "-I" "libgit2/deps/http-parser" "-I" "libgit2/deps/pcre" "-fvisibility=hidden" "-DGIT_REGEX_BUILTIN=1" "-DHAVE_STDINT_H=1" "-DHAVE_MEMMOVE=1" "-DNO_RECURSE=1" "-DNEWLINE=10" "-DPOSIX_MALLOC_THRESHOLD=10" "-DLINK_SIZE=2" "-DPARENS_NEST_LIMIT=250" "-DMATCH_LIMIT=10000000" "-DMATCH_LIMIT_RECURSION=MATCH_LIMIT" "-DMAX_NAME_SIZE=32" "-DMAX_NAME_COUNT=10000" "-DSHA1DC_NO_STANDARD_INCLUDES=1" "-DSHA1DC_CUSTOM_INCLUDE_SHA1_C=\"common.h\"" "-DSHA1DC_CUSTOM_INCLUDE_UBC_CHECK_C=\"common.h\"" "-o" "/opt/rustwide/target/debug/build/libgit2-sys-18c80c51963ef253/out/build/libgit2/src/libgit2/attrcache.o" "-c" "libgit2/src/libgit2/attrcache.c"
[INFO] [stderr]   cargo:warning=libgit2/src/libgit2/attr.c:700:1: fatal error: error writing to /tmp/ccl0TQU2.s: No space left on device
[INFO] [stderr]   cargo:warning=  700 | }
[INFO] [stderr]   cargo:warning=      | ^
[INFO] [stderr]   cargo:warning=compilation terminated.
[INFO] [stderr]   cargo:warning=libgit2/src/libgit2/apply.c:898:1: fatal error: error writing to /tmp/ccYushJk.s: No space left on device
[INFO] [stderr]   cargo:warning=  898 | }
[INFO] [stderr]   cargo:warning=      | ^
[INFO] [stderr]   cargo:warning=compilation terminated.
[INFO] [stderr]   exit status: 1
[INFO] [stderr]   exit status: 1
[INFO] [stderr]   cargo:warning=libgit2/src/libgit2/attr_file.c:1027:1: fatal error: error writing to /tmp/ccEhDcdi.s: No space left on device
[INFO] [stderr]   cargo:warning= 1027 | }
[INFO] [stderr]   cargo:warning=      | ^
[INFO] [stderr]   cargo:warning=compilation terminated.
[INFO] [stderr]   exit status: 1
[INFO] [stderr]   exit status: 0
[INFO] [stderr] 
[INFO] [stderr]   --- stderr
[INFO] [stderr] 
[INFO] [stderr] 
[INFO] [stderr]   error occurred: Command "cc" "-O0" "-ffunction-sections" "-fdata-sections" "-fPIC" "-m64" "-I" "/opt/rustwide/target/debug/build/libgit2-sys-18c80c51963ef253/out/include" "-I" "libgit2/src/libgit2" "-I" "libgit2/src/util" "-I" "libgit2/deps/http-parser" "-I" "libgit2/deps/pcre" "-fvisibility=hidden" "-DGIT_REGEX_BUILTIN=1" "-DHAVE_STDINT_H=1" "-DHAVE_MEMMOVE=1" "-DNO_RECURSE=1" "-DNEWLINE=10" "-DPOSIX_MALLOC_THRESHOLD=10" "-DLINK_SIZE=2" "-DPARENS_NEST_LIMIT=250" "-DMATCH_LIMIT=10000000" "-DMATCH_LIMIT_RECURSION=MATCH_LIMIT" "-DMAX_NAME_SIZE=32" "-DMAX_NAME_COUNT=10000" "-DSHA1DC_NO_STANDARD_INCLUDES=1" "-DSHA1DC_CUSTOM_INCLUDE_SHA1_C=\"common.h\"" "-DSHA1DC_CUSTOM_INCLUDE_UBC_CHECK_C=\"common.h\"" "-o" "/opt/rustwide/target/debug/build/libgit2-sys-18c80c51963ef253/out/build/libgit2/src/libgit2/annotated_commit.o" "-c" "libgit2/src/libgit2/annotated_commit.c" with args "cc" did not execute successfully (status code exit status: 1).
[INFO] [stderr] 
[INFO] [stderr] 
[INFO] [stderr] error: could not compile `syn` (lib) due to 1 previous error
[INFO] [stdout] error: failed to write to `/opt/rustwide/target/debug/deps/rmetag5bnvp/lib.rmeta`: No space left on device (os error 28)
[INFO] [stdout] 
[INFO] [stdout] 
[INFO] [stderr] error: could not compile `syn` (lib) due to 1 previous error
[INFO] [stderr] rustc-LLVM ERROR: IO failure on output stream: No space left on device
[INFO] [stderr] error: could not compile `rayon` (lib)
[INFO] [stderr] 
[INFO] [stderr] Caused by:
[INFO] [stderr]   process didn't exit successfully: `/opt/rustwide/rustup-home/toolchains/nightly-2024-10-28-x86_64-unknown-linux-gnu/bin/rustc --crate-name rayon --edition=2021 /opt/rustwide/cargo-home/registry/src/index.crates.io-6f17d22bba15001f/rayon-1.7.0/src/lib.rs --error-format=json --json=diagnostic-rendered-ansi,artifacts,future-incompat --crate-type lib --emit=dep-info,metadata,link -C embed-bitcode=no -C debuginfo=2 --check-cfg 'cfg(docsrs)' --check-cfg 'cfg(feature, values())' -C metadata=0675622ad804920a -C extra-filename=-0675622ad804920a --out-dir /opt/rustwide/target/debug/deps -L dependency=/opt/rustwide/target/debug/deps --extern either=/opt/rustwide/target/debug/deps/libeither-f1d803e54323461f.rmeta --extern rayon_core=/opt/rustwide/target/debug/deps/librayon_core-dabef12c7c39301f.rmeta --cap-lints allow --cap-lints=forbid` (exit status: 101)
[INFO] running `Command { std: "docker" "inspect" "7adf9f7a1819225a421c08bc94c762845716442b30a4f19ddca9523949e4b39b", kill_on_drop: false }`
[INFO] running `Command { std: "docker" "rm" "-f" "7adf9f7a1819225a421c08bc94c762845716442b30a4f19ddca9523949e4b39b", kill_on_drop: false }`
[INFO] [stdout] 7adf9f7a1819225a421c08bc94c762845716442b30a4f19ddca9523949e4b39b
