[INFO] cloning repository https://github.com/arghyadipchak/tbar
[INFO] running `Command { std: "git" "-c" "credential.helper=" "-c" "credential.helper=/workspace/cargo-home/bin/git-credential-null" "clone" "--bare" "https://github.com/arghyadipchak/tbar" "/workspace/cache/git-repos/https%3A%2F%2Fgithub.com%2Farghyadipchak%2Ftbar", kill_on_drop: false }`
[INFO] [stderr] Cloning into bare repository '/workspace/cache/git-repos/https%3A%2F%2Fgithub.com%2Farghyadipchak%2Ftbar'...
[INFO] running `Command { std: "git" "rev-parse" "HEAD", kill_on_drop: false }`
[INFO] [stdout] 47d504a21c207df623a4e0f744031c2a38a16168
[INFO] testing arghyadipchak/tbar/47d504a21c207df623a4e0f744031c2a38a16168 against nightly-2024-10-28 for randomize-layout
[INFO] running `Command { std: "git" "clone" "/workspace/cache/git-repos/https%3A%2F%2Fgithub.com%2Farghyadipchak%2Ftbar" "/workspace/builds/worker-3-tc1/source", kill_on_drop: false }`
[INFO] [stderr] Cloning into '/workspace/builds/worker-3-tc1/source'...
[INFO] [stderr] done.
[INFO] validating manifest of git repo https://github.com/arghyadipchak/tbar on toolchain nightly-2024-10-28
[INFO] running `Command { std: CARGO_HOME="/workspace/cargo-home" RUSTUP_HOME="/workspace/rustup-home" "/workspace/cargo-home/bin/cargo" "+nightly-2024-10-28" "metadata" "--manifest-path" "Cargo.toml" "--no-deps", kill_on_drop: false }`
[INFO] removed /workspace/builds/worker-3-tc1/source/.cargo/config.toml
[INFO] started tweaking git repo https://github.com/arghyadipchak/tbar
[INFO] finished tweaking git repo https://github.com/arghyadipchak/tbar
[INFO] tweaked toml for git repo https://github.com/arghyadipchak/tbar written to /workspace/builds/worker-3-tc1/source/Cargo.toml
[INFO] crate git repo https://github.com/arghyadipchak/tbar already has a lockfile, it will not be regenerated
[INFO] running `Command { std: CARGO_HOME="/workspace/cargo-home" RUSTUP_HOME="/workspace/rustup-home" "/workspace/cargo-home/bin/cargo" "+nightly-2024-10-28" "fetch" "--manifest-path" "Cargo.toml", kill_on_drop: false }`
[INFO] [stderr]     Updating crates.io index
[INFO] [stderr]  Downloading crates ...
[INFO] [stderr]   Downloaded zellij-tile v0.40.1
[INFO] [stderr]   Downloaded zellij-tile-utils v0.40.1
[INFO] [stderr]   Downloaded libz-sys v1.1.19
[INFO] [stderr]   Downloaded zellij-utils v0.40.1
[INFO] running `Command { std: "docker" "create" "-v" "/var/lib/crater-agent-workspace/builds/worker-3-tc1/target:/opt/rustwide/target:rw,Z" "-v" "/var/lib/crater-agent-workspace/builds/worker-3-tc1/source:/opt/rustwide/workdir:ro,Z" "-v" "/var/lib/crater-agent-workspace/cargo-home:/opt/rustwide/cargo-home:ro,Z" "-v" "/var/lib/crater-agent-workspace/rustup-home:/opt/rustwide/rustup-home:ro,Z" "-e" "SOURCE_DIR=/opt/rustwide/workdir" "-e" "CARGO_TARGET_DIR=/opt/rustwide/target" "-e" "CARGO_HOME=/opt/rustwide/cargo-home" "-e" "RUSTUP_HOME=/opt/rustwide/rustup-home" "-w" "/opt/rustwide/workdir" "-m" "1610612736" "--user" "0:0" "--network" "none" "ghcr.io/rust-lang/crates-build-env/linux@sha256:4a844ea9eb2546a2d2c7022eacef16ef2e8229c7fbb2c7d4d55a9ceca922f72d" "/opt/rustwide/cargo-home/bin/cargo" "+nightly-2024-10-28" "metadata" "--no-deps" "--format-version=1", kill_on_drop: false }`
[INFO] [stdout] f8c6d4b7dbf7f8420c29c51e8903b6359a18a0a4dc448cc5e454c8ff8b757d81
[INFO] running `Command { std: "docker" "start" "-a" "f8c6d4b7dbf7f8420c29c51e8903b6359a18a0a4dc448cc5e454c8ff8b757d81", kill_on_drop: false }`
[INFO] running `Command { std: "docker" "inspect" "f8c6d4b7dbf7f8420c29c51e8903b6359a18a0a4dc448cc5e454c8ff8b757d81", kill_on_drop: false }`
[INFO] running `Command { std: "docker" "rm" "-f" "f8c6d4b7dbf7f8420c29c51e8903b6359a18a0a4dc448cc5e454c8ff8b757d81", kill_on_drop: false }`
[INFO] [stdout] f8c6d4b7dbf7f8420c29c51e8903b6359a18a0a4dc448cc5e454c8ff8b757d81
[INFO] running `Command { std: "docker" "create" "-v" "/var/lib/crater-agent-workspace/builds/worker-3-tc1/target:/opt/rustwide/target:rw,Z" "-v" "/var/lib/crater-agent-workspace/builds/worker-3-tc1/source:/opt/rustwide/workdir:ro,Z" "-v" "/var/lib/crater-agent-workspace/cargo-home:/opt/rustwide/cargo-home:ro,Z" "-v" "/var/lib/crater-agent-workspace/rustup-home:/opt/rustwide/rustup-home:ro,Z" "-e" "SOURCE_DIR=/opt/rustwide/workdir" "-e" "CARGO_TARGET_DIR=/opt/rustwide/target" "-e" "CARGO_INCREMENTAL=0" "-e" "RUST_BACKTRACE=full" "-e" "RUSTFLAGS=--cap-lints=forbid" "-e" "RUSTDOCFLAGS=--cap-lints=forbid" "-e" "CARGO_HOME=/opt/rustwide/cargo-home" "-e" "RUSTUP_HOME=/opt/rustwide/rustup-home" "-w" "/opt/rustwide/workdir" "-m" "1610612736" "--user" "0:0" "--network" "none" "ghcr.io/rust-lang/crates-build-env/linux@sha256:4a844ea9eb2546a2d2c7022eacef16ef2e8229c7fbb2c7d4d55a9ceca922f72d" "/opt/rustwide/cargo-home/bin/cargo" "+nightly-2024-10-28" "build" "--frozen" "--message-format=json", kill_on_drop: false }`
[INFO] [stdout] 412110deb5131407ec7278ebacd890cf4c79764ee0e3f41eb95ed5bb51f27d77
[INFO] running `Command { std: "docker" "start" "-a" "412110deb5131407ec7278ebacd890cf4c79764ee0e3f41eb95ed5bb51f27d77", kill_on_drop: false }`
[INFO] [stderr]    Compiling proc-macro2 v1.0.86
[INFO] [stderr]    Compiling unicode-ident v1.0.12
[INFO] [stderr]    Compiling libc v0.2.156
[INFO] [stderr]    Compiling autocfg v1.3.0
[INFO] [stderr]    Compiling version_check v0.9.5
[INFO] [stderr]    Compiling serde v1.0.208
[INFO] [stderr]    Compiling crossbeam-utils v0.8.20
[INFO] [stderr]    Compiling shlex v1.3.0
[INFO] [stderr]    Compiling memchr v2.7.4
[INFO] [stderr]    Compiling cc v1.1.12
[INFO] [stderr]    Compiling syn v1.0.109
[INFO] [stderr]    Compiling pin-project-lite v0.2.14
[INFO] [stderr]    Compiling value-bag v1.9.0
[INFO] [stderr]    Compiling once_cell v1.19.0
[INFO] [stderr]    Compiling futures-core v0.3.30
[INFO] [stderr]    Compiling thiserror v1.0.63
[INFO] [stderr]    Compiling typenum v1.17.0
[INFO] [stderr]    Compiling generic-array v0.14.7
[INFO] [stderr]    Compiling quote v1.0.36
[INFO] [stderr]    Compiling concurrent-queue v2.5.0
[INFO] [stderr]    Compiling futures-io v0.3.30
[INFO] [stderr]    Compiling syn v2.0.74
[INFO] [stderr]    Compiling parking v2.2.0
[INFO] [stderr]    Compiling slab v0.4.9
[INFO] [stderr]    Compiling num-traits v0.2.19
[INFO] [stderr]    Compiling bitflags v1.3.2
[INFO] [stderr]    Compiling pkg-config v0.3.30
[INFO] [stderr]    Compiling fastrand v2.1.0
[INFO] [stderr]    Compiling siphasher v0.3.11
[INFO] [stderr]    Compiling vcpkg v0.2.15
[INFO] [stderr]    Compiling event-listener v5.3.1
[INFO] [stderr]    Compiling byteorder v1.5.0
[INFO] [stderr]    Compiling tracing-core v0.1.32
[INFO] [stderr]    Compiling event-listener-strategy v0.5.2
[INFO] [stderr]    Compiling lock_api v0.4.12
[INFO] [stderr]    Compiling rustix v0.38.34
[INFO] [stderr]    Compiling backtrace v0.3.73
[INFO] [stderr]    Compiling futures-lite v2.3.0
[INFO] [stderr]    Compiling openssl-src v300.3.1+3.3.1
[INFO] [stderr]    Compiling scopeguard v1.2.0
[INFO] [stderr]    Compiling linux-raw-sys v0.4.14
[INFO] [stderr]    Compiling adler v1.0.2
[INFO] [stderr]    Compiling bitflags v2.6.0
[INFO] [stderr]    Compiling subtle v2.4.1
[INFO] [stderr]    Compiling rand_core v0.6.4
[INFO] [stderr]    Compiling opaque-debug v0.3.1
[INFO] [stderr]    Compiling gimli v0.29.0
[INFO] [stderr]    Compiling miniz_oxide v0.7.4
[INFO] [stderr]    Compiling openssl-sys v0.9.103
[INFO] [stderr]    Compiling rand v0.8.5
[INFO] [stderr]    Compiling libz-sys v1.1.19
[INFO] [stderr]    Compiling libnghttp2-sys v0.1.10+1.61.0
[INFO] [stderr]    Compiling phf_shared v0.11.2
[INFO] [stderr]    Compiling object v0.36.3
[INFO] [stderr]    Compiling rustc-demangle v0.1.24
[INFO] [stderr]    Compiling event-listener v2.5.3
[INFO] [stderr]    Compiling phf_generator v0.11.2
[INFO] [stderr]    Compiling getrandom v0.2.15
[INFO] [stderr]    Compiling signal-hook-registry v1.4.2
[INFO] [stderr]    Compiling standback v0.2.17
[INFO] [stderr] rustc-LLVM ERROR: IO failure on output stream: No space left on device
[INFO] [stdout] error: linking with `cc` failed: exit status: 1
[INFO] [stdout]   |
[INFO] [stdout]   = note: LC_ALL="C" PATH="/opt/rustwide/rustup-home/toolchains/nightly-2024-10-28-x86_64-unknown-linux-gnu/lib/rustlib/x86_64-unknown-linux-gnu/bin:/opt/rustwide/rustup-home/toolchains/nightly-2024-10-28-x86_64-unknown-linux-gnu/lib/rustlib/x86_64-unknown-linux-gnu/bin/self-contained:/opt/rustwide/cargo-home/bin:/usr/local/sbin:/usr/local/bin:/usr/sbin:/usr/bin:/sbin:/bin" VSLANG="1033" "cc" "-m64" "/tmp/rustcjYS1ln/symbols.o" "/opt/rustwide/target/debug/build/standback-d21b39b46be7935e/build_script_build-d21b39b46be7935e.build_script_build.1285b760317cedb5-cgu.0.rcgu.o" "/opt/rustwide/target/debug/build/standback-d21b39b46be7935e/build_script_build-d21b39b46be7935e.a87ewefm0uhdfv4pzckv2b93r.rcgu.o" "-Wl,--as-needed" "-Wl,-Bstatic" "/opt/rustwide/target/debug/deps/libversion_check-e39cc59db5cde1cc.rlib" "/opt/rustwide/rustup-home/toolchains/nightly-2024-10-28-x86_64-unknown-linux-gnu/lib/rustlib/x86_64-unknown-linux-gnu/lib/libstd-fb8c387236db3c10.rlib" "/opt/rustwide/rustup-home/toolchains/nightly-2024-10-28-x86_64-unknown-linux-gnu/lib/rustlib/x86_64-unknown-linux-gnu/lib/libpanic_unwind-b251837809b2f64b.rlib" "/opt/rustwide/rustup-home/toolchains/nightly-2024-10-28-x86_64-unknown-linux-gnu/lib/rustlib/x86_64-unknown-linux-gnu/lib/libobject-cbef83eaa4e01f04.rlib" "/opt/rustwide/rustup-home/toolchains/nightly-2024-10-28-x86_64-unknown-linux-gnu/lib/rustlib/x86_64-unknown-linux-gnu/lib/libmemchr-12a772286de2fca7.rlib" "/opt/rustwide/rustup-home/toolchains/nightly-2024-10-28-x86_64-unknown-linux-gnu/lib/rustlib/x86_64-unknown-linux-gnu/lib/libaddr2line-023bbe5ada7abfc3.rlib" "/opt/rustwide/rustup-home/toolchains/nightly-2024-10-28-x86_64-unknown-linux-gnu/lib/rustlib/x86_64-unknown-linux-gnu/lib/libgimli-de2bcdf10ec69c2b.rlib" "/opt/rustwide/rustup-home/toolchains/nightly-2024-10-28-x86_64-unknown-linux-gnu/lib/rustlib/x86_64-unknown-linux-gnu/lib/librustc_demangle-8e1754df350800fd.rlib" "/opt/rustwide/rustup-home/toolchains/nightly-2024-10-28-x86_64-unknown-linux-gnu/lib/rustlib/x86_64-unknown-linux-gnu/lib/libstd_detect-06c2ab7b9c32e037.rlib" "/opt/rustwide/rustup-home/toolchains/nightly-2024-10-28-x86_64-unknown-linux-gnu/lib/rustlib/x86_64-unknown-linux-gnu/lib/libhashbrown-51d2621fc57a281b.rlib" "/opt/rustwide/rustup-home/toolchains/nightly-2024-10-28-x86_64-unknown-linux-gnu/lib/rustlib/x86_64-unknown-linux-gnu/lib/librustc_std_workspace_alloc-54a930408793772f.rlib" "/opt/rustwide/rustup-home/toolchains/nightly-2024-10-28-x86_64-unknown-linux-gnu/lib/rustlib/x86_64-unknown-linux-gnu/lib/libminiz_oxide-0c7d01cba400dcb2.rlib" "/opt/rustwide/rustup-home/toolchains/nightly-2024-10-28-x86_64-unknown-linux-gnu/lib/rustlib/x86_64-unknown-linux-gnu/lib/libadler-b9f84d69e331b75b.rlib" "/opt/rustwide/rustup-home/toolchains/nightly-2024-10-28-x86_64-unknown-linux-gnu/lib/rustlib/x86_64-unknown-linux-gnu/lib/libunwind-eec95493246aae39.rlib" "/opt/rustwide/rustup-home/toolchains/nightly-2024-10-28-x86_64-unknown-linux-gnu/lib/rustlib/x86_64-unknown-linux-gnu/lib/libcfg_if-6f6676c475e08ab0.rlib" "/opt/rustwide/rustup-home/toolchains/nightly-2024-10-28-x86_64-unknown-linux-gnu/lib/rustlib/x86_64-unknown-linux-gnu/lib/liblibc-799d520624f8b2e0.rlib" "/opt/rustwide/rustup-home/toolchains/nightly-2024-10-28-x86_64-unknown-linux-gnu/lib/rustlib/x86_64-unknown-linux-gnu/lib/liballoc-fcf93d4842acd9a9.rlib" "/opt/rustwide/rustup-home/toolchains/nightly-2024-10-28-x86_64-unknown-linux-gnu/lib/rustlib/x86_64-unknown-linux-gnu/lib/librustc_std_workspace_core-395a38b8e0851c9b.rlib" "/opt/rustwide/rustup-home/toolchains/nightly-2024-10-28-x86_64-unknown-linux-gnu/lib/rustlib/x86_64-unknown-linux-gnu/lib/libcore-d453bab70303062c.rlib" "/opt/rustwide/rustup-home/toolchains/nightly-2024-10-28-x86_64-unknown-linux-gnu/lib/rustlib/x86_64-unknown-linux-gnu/lib/libcompiler_builtins-0e6386368b0a24e8.rlib" "-Wl,-Bdynamic" "-lgcc_s" "-lutil" "-lrt" "-lpthread" "-lm" "-ldl" "-lc" "-B/opt/rustwide/rustup-home/toolchains/nightly-2024-10-28-x86_64-unknown-linux-gnu/lib/rustlib/x86_64-unknown-linux-gnu/bin/gcc-ld" "-fuse-ld=lld" "-Wl,--eh-frame-hdr" "-Wl,-z,noexecstack" "-L" "/opt/rustwide/rustup-home/toolchains/nightly-2024-10-28-x86_64-unknown-linux-gnu/lib/rustlib/x86_64-unknown-linux-gnu/lib" "-o" "/opt/rustwide/target/debug/build/standback-d21b39b46be7935e/build_script_build-d21b39b46be7935e" "-Wl,--gc-sections" "-pie" "-Wl,-z,relro,-z,now" "-nodefaultlibs"
[INFO] [stdout]   = note: PLEASE submit a bug report to https://github.com/llvm/llvm-project/issues/ and include the crash backtrace.
[INFO] [stdout]           LLVM ERROR: IO failure on output stream: No space left on device
[INFO] [stdout]           collect2: error: ld returned 1 exit status
[INFO] [stdout]           
[INFO] [stdout] 
[INFO] [stdout] 
[INFO] [stderr] error: failed to run custom build command for `openssl-sys v0.9.103`
[INFO] [stderr] note: To improve backtraces for build dependencies, set the CARGO_PROFILE_DEV_BUILD_OVERRIDE_DEBUG=true environment variable to enable debug information generation.
[INFO] [stderr] 
[INFO] [stderr] Caused by:
[INFO] [stderr]   process didn't exit successfully: `/opt/rustwide/target/debug/build/openssl-sys-dd91fd153487aa38/build-script-main` (exit status: 101)
[INFO] [stderr]   --- stdout
[INFO] [stderr]   cargo:rustc-check-cfg=cfg(osslconf, values("OPENSSL_NO_OCB", "OPENSSL_NO_SM4", "OPENSSL_NO_SEED", "OPENSSL_NO_CHACHA", "OPENSSL_NO_CAST", "OPENSSL_NO_IDEA", "OPENSSL_NO_CAMELLIA", "OPENSSL_NO_RC4", "OPENSSL_NO_BF", "OPENSSL_NO_PSK", "OPENSSL_NO_DEPRECATED_3_0", "OPENSSL_NO_SCRYPT", "OPENSSL_NO_SM3", "OPENSSL_NO_RMD160", "OPENSSL_NO_EC2M", "OPENSSL_NO_OCSP", "OPENSSL_NO_CMS", "OPENSSL_NO_COMP", "OPENSSL_NO_SOCK", "OPENSSL_NO_STDIO"))
[INFO] [stderr]   cargo:rustc-check-cfg=cfg(openssl)
[INFO] [stderr]   cargo:rustc-check-cfg=cfg(libressl)
[INFO] [stderr]   cargo:rustc-check-cfg=cfg(boringssl)
[INFO] [stderr]   cargo:rustc-check-cfg=cfg(libressl250)
[INFO] [stderr]   cargo:rustc-check-cfg=cfg(libressl251)
[INFO] [stderr]   cargo:rustc-check-cfg=cfg(libressl252)
[INFO] [stderr]   cargo:rustc-check-cfg=cfg(libressl261)
[INFO] [stderr]   cargo:rustc-check-cfg=cfg(libressl270)
[INFO] [stderr]   cargo:rustc-check-cfg=cfg(libressl271)
[INFO] [stderr]   cargo:rustc-check-cfg=cfg(libressl273)
[INFO] [stderr]   cargo:rustc-check-cfg=cfg(libressl280)
[INFO] [stderr]   cargo:rustc-check-cfg=cfg(libressl281)
[INFO] [stderr]   cargo:rustc-check-cfg=cfg(libressl291)
[INFO] [stderr]   cargo:rustc-check-cfg=cfg(libressl310)
[INFO] [stderr]   cargo:rustc-check-cfg=cfg(libressl321)
[INFO] [stderr]   cargo:rustc-check-cfg=cfg(libressl332)
[INFO] [stderr]   cargo:rustc-check-cfg=cfg(libressl340)
[INFO] [stderr]   cargo:rustc-check-cfg=cfg(libressl350)
[INFO] [stderr]   cargo:rustc-check-cfg=cfg(libressl360)
[INFO] [stderr]   cargo:rustc-check-cfg=cfg(libressl361)
[INFO] [stderr]   cargo:rustc-check-cfg=cfg(libressl370)
[INFO] [stderr]   cargo:rustc-check-cfg=cfg(libressl380)
[INFO] [stderr]   cargo:rustc-check-cfg=cfg(libressl381)
[INFO] [stderr]   cargo:rustc-check-cfg=cfg(libressl382)
[INFO] [stderr]   cargo:rustc-check-cfg=cfg(libressl390)
[INFO] [stderr]   cargo:rustc-check-cfg=cfg(libressl400)
[INFO] [stderr]   cargo:rustc-check-cfg=cfg(ossl101)
[INFO] [stderr]   cargo:rustc-check-cfg=cfg(ossl102)
[INFO] [stderr]   cargo:rustc-check-cfg=cfg(ossl102f)
[INFO] [stderr]   cargo:rustc-check-cfg=cfg(ossl102h)
[INFO] [stderr]   cargo:rustc-check-cfg=cfg(ossl110)
[INFO] [stderr]   cargo:rustc-check-cfg=cfg(ossl110f)
[INFO] [stderr]   cargo:rustc-check-cfg=cfg(ossl110g)
[INFO] [stderr]   cargo:rustc-check-cfg=cfg(ossl110h)
[INFO] [stderr]   cargo:rustc-check-cfg=cfg(ossl111)
[INFO] [stderr]   cargo:rustc-check-cfg=cfg(ossl111b)
[INFO] [stderr]   cargo:rustc-check-cfg=cfg(ossl111c)
[INFO] [stderr]   cargo:rustc-check-cfg=cfg(ossl111d)
[INFO] [stderr]   cargo:rustc-check-cfg=cfg(ossl300)
[INFO] [stderr]   cargo:rustc-check-cfg=cfg(ossl310)
[INFO] [stderr]   cargo:rustc-check-cfg=cfg(ossl320)
[INFO] [stderr]   cargo:rustc-check-cfg=cfg(ossl330)
[INFO] [stderr]   cargo:rerun-if-env-changed=X86_64_UNKNOWN_LINUX_GNU_OPENSSL_NO_VENDOR
[INFO] [stderr]   X86_64_UNKNOWN_LINUX_GNU_OPENSSL_NO_VENDOR unset
[INFO] [stderr]   cargo:rerun-if-env-changed=OPENSSL_NO_VENDOR
[INFO] [stderr]   OPENSSL_NO_VENDOR unset
[INFO] [stderr]   cargo:rerun-if-env-changed=X86_64_UNKNOWN_LINUX_GNU_OPENSSL_CONFIG_DIR
[INFO] [stderr]   X86_64_UNKNOWN_LINUX_GNU_OPENSSL_CONFIG_DIR unset
[INFO] [stderr]   cargo:rerun-if-env-changed=OPENSSL_CONFIG_DIR
[INFO] [stderr]   OPENSSL_CONFIG_DIR unset
[INFO] [stderr] 
[INFO] [stderr]   --- stderr
[INFO] [stderr]   thread 'main' panicked at /opt/rustwide/cargo-home/registry/src/index.crates.io-6f17d22bba15001f/openssl-src-300.3.1+3.3.1/src/lib.rs:659:17:
[INFO] [stderr]   failed to copy "/opt/rustwide/cargo-home/registry/src/index.crates.io-6f17d22bba15001f/openssl-src-300.3.1+3.3.1/openssl/test/certs/root-noserver.pem" to "/opt/rustwide/target/debug/build/openssl-sys-b9a489a9fc23c25e/out/openssl-build/build/src/test/certs/root-noserver.pem": No space left on device (os error 28)
[INFO] [stderr]   stack backtrace:
[INFO] [stderr]      0:     0x5ad4956d747a - std::backtrace_rs::backtrace::libunwind::trace::h207520d6e9873551
[INFO] [stderr]                                  at /rustc/df4ca44d3fbc9301ee17f30f4d474e6ae4b05252/library/std/src/../../backtrace/src/backtrace/libunwind.rs:116:5
[INFO] [stderr]      1:     0x5ad4956d747a - std::backtrace_rs::backtrace::trace_unsynchronized::h2ed7433f370e3eca
[INFO] [stderr]                                  at /rustc/df4ca44d3fbc9301ee17f30f4d474e6ae4b05252/library/std/src/../../backtrace/src/backtrace/mod.rs:66:5
[INFO] [stderr]      2:     0x5ad4956d747a - std::sys::backtrace::_print_fmt::h916fac51166b18d7
[INFO] [stderr]                                  at /rustc/df4ca44d3fbc9301ee17f30f4d474e6ae4b05252/library/std/src/sys/backtrace.rs:66:9
[INFO] [stderr]      3:     0x5ad4956d747a - <std::sys::backtrace::BacktraceLock::print::DisplayBacktrace as core::fmt::Display>::fmt::ha0a4c9b8ce3802e6
[INFO] [stderr]                                  at /rustc/df4ca44d3fbc9301ee17f30f4d474e6ae4b05252/library/std/src/sys/backtrace.rs:39:26
[INFO] [stderr]      4:     0x5ad4956fcbd3 - core::fmt::rt::Argument::fmt::h4cfc8587d52b3eb5
[INFO] [stderr]                                  at /rustc/df4ca44d3fbc9301ee17f30f4d474e6ae4b05252/library/core/src/fmt/rt.rs:177:76
[INFO] [stderr]      5:     0x5ad4956fcbd3 - core::fmt::write::h522cc39e5b36ae9f
[INFO] [stderr]                                  at /rustc/df4ca44d3fbc9301ee17f30f4d474e6ae4b05252/library/core/src/fmt/mod.rs:1190:21
[INFO] [stderr]      6:     0x5ad4956d3193 - std::io::Write::write_fmt::hf1c1dcc8cc1287f0
[INFO] [stderr]                                  at /rustc/df4ca44d3fbc9301ee17f30f4d474e6ae4b05252/library/std/src/io/mod.rs:1839:15
[INFO] [stderr]      7:     0x5ad4956d72c2 - std::sys::backtrace::BacktraceLock::print::h4b9e00b29e9c0942
[INFO] [stderr]                                  at /rustc/df4ca44d3fbc9301ee17f30f4d474e6ae4b05252/library/std/src/sys/backtrace.rs:42:9
[INFO] [stderr]      8:     0x5ad4956d8abc - std::panicking::default_hook::{{closure}}::hb59b88280d0324d9
[INFO] [stderr]                                  at /rustc/df4ca44d3fbc9301ee17f30f4d474e6ae4b05252/library/std/src/panicking.rs:268:22
[INFO] [stderr]      9:     0x5ad4956d8902 - std::panicking::default_hook::he1dd496665be4a29
[INFO] [stderr]                                  at /rustc/df4ca44d3fbc9301ee17f30f4d474e6ae4b05252/library/std/src/panicking.rs:295:9
[INFO] [stderr]     10:     0x5ad4956d90b7 - std::panicking::rust_panic_with_hook::h2ff17fe8f26dfcf8
[INFO] [stderr]                                  at /rustc/df4ca44d3fbc9301ee17f30f4d474e6ae4b05252/library/std/src/panicking.rs:801:13
[INFO] [stderr]     11:     0x5ad4956d8f4a - std::panicking::begin_panic_handler::{{closure}}::h4fad77951c07e101
[INFO] [stderr]                                  at /rustc/df4ca44d3fbc9301ee17f30f4d474e6ae4b05252/library/std/src/panicking.rs:674:13
[INFO] [stderr]     12:     0x5ad4956d7959 - std::sys::backtrace::__rust_end_short_backtrace::hb1a25b3da5d0ea08
[INFO] [stderr]                                  at /rustc/df4ca44d3fbc9301ee17f30f4d474e6ae4b05252/library/std/src/sys/backtrace.rs:170:18
[INFO] [stderr]     13:     0x5ad4956d8bdc - rust_begin_unwind
[INFO] [stderr]                                  at /rustc/df4ca44d3fbc9301ee17f30f4d474e6ae4b05252/library/std/src/panicking.rs:665:5
[INFO] [stderr]     14:     0x5ad4956fb980 - core::panicking::panic_fmt::ha9db07b529f9b256
[INFO] [stderr]                                  at /rustc/df4ca44d3fbc9301ee17f30f4d474e6ae4b05252/library/core/src/panicking.rs:75:14
[INFO] [stderr]     15:     0x5ad495645a12 - openssl_src::cp_r::hce0c23cbe3dcf75d
[INFO] [stderr]     16:     0x5ad495645b4a - openssl_src::cp_r::hce0c23cbe3dcf75d
[INFO] [stderr]     17:     0x5ad495645b4a - openssl_src::cp_r::hce0c23cbe3dcf75d
[INFO] [stderr]     18:     0x5ad49563f630 - openssl_src::Build::build::h8251e341da30733e
[INFO] [stderr]     19:     0x5ad4955c73bd - build_script_main::find_vendored::get_openssl::hdc9666aef5220336
[INFO] [stderr]     20:     0x5ad4955c8bd8 - build_script_main::find_openssl::ha511962936e0294f
[INFO] [stderr]     21:     0x5ad4955c93c1 - build_script_main::main::h0438b1164340174b
[INFO] [stderr]     22:     0x5ad4955c4d93 - core::ops::function::FnOnce::call_once::h981eca3792cc14b6
[INFO] [stderr]     23:     0x5ad4955c46f6 - std::sys::backtrace::__rust_begin_short_backtrace::h18fca9fe504e8572
[INFO] [stderr]     24:     0x5ad4955d0589 - std::rt::lang_start::{{closure}}::h92aea2e0611862f6
[INFO] [stderr]     25:     0x5ad4956cf3b7 - core::ops::function::impls::<impl core::ops::function::FnOnce<A> for &F>::call_once::hd87d66b906e0ccaf
[INFO] [stderr]                                  at /rustc/df4ca44d3fbc9301ee17f30f4d474e6ae4b05252/library/core/src/ops/function.rs:284:13
[INFO] [stderr]     26:     0x5ad4956cf3b7 - std::panicking::try::do_call::hae3703de71fc9e3a
[INFO] [stderr]                                  at /rustc/df4ca44d3fbc9301ee17f30f4d474e6ae4b05252/library/std/src/panicking.rs:557:40
[INFO] [stderr]     27:     0x5ad4956cf3b7 - std::panicking::try::h1178330e9a2b2645
[INFO] [stderr]                                  at /rustc/df4ca44d3fbc9301ee17f30f4d474e6ae4b05252/library/std/src/panicking.rs:520:19
[INFO] [stderr]     28:     0x5ad4956cf3b7 - std::panic::catch_unwind::h0acf49d2305d32ad
[INFO] [stderr]                                  at /rustc/df4ca44d3fbc9301ee17f30f4d474e6ae4b05252/library/std/src/panic.rs:358:14
[INFO] [stderr]     29:     0x5ad4956cf3b7 - std::rt::lang_start_internal::{{closure}}::h2d95182d798177be
[INFO] [stderr]                                  at /rustc/df4ca44d3fbc9301ee17f30f4d474e6ae4b05252/library/std/src/rt.rs:174:48
[INFO] [stderr]     30:     0x5ad4956cf3b7 - std::panicking::try::do_call::hb506f5bfe11fd30c
[INFO] [stderr]                                  at /rustc/df4ca44d3fbc9301ee17f30f4d474e6ae4b05252/library/std/src/panicking.rs:557:40
[INFO] [stderr]     31:     0x5ad4956cf3b7 - std::panicking::try::h54d825c46bd0fa95
[INFO] [stderr]                                  at /rustc/df4ca44d3fbc9301ee17f30f4d474e6ae4b05252/library/std/src/panicking.rs:520:19
[INFO] [stderr]     32:     0x5ad4956cf3b7 - std::panic::catch_unwind::hffbb0ad20c4e9fac
[INFO] [stderr]                                  at /rustc/df4ca44d3fbc9301ee17f30f4d474e6ae4b05252/library/std/src/panic.rs:358:14
[INFO] [stderr]     33:     0x5ad4956cf3b7 - std::rt::lang_start_internal::h52c291ef1962c925
[INFO] [stderr]                                  at /rustc/df4ca44d3fbc9301ee17f30f4d474e6ae4b05252/library/std/src/rt.rs:174:20
[INFO] [stderr]     34:     0x5ad4955d0567 - std::rt::lang_start::h7021f2e74ee38f6c
[INFO] [stderr]     35:     0x5ad4955cdb25 - main
[INFO] [stderr]     36:     0x7b1f546f8d90 - <unknown>
[INFO] [stderr]     37:     0x7b1f546f8e40 - __libc_start_main
[INFO] [stderr]     38:     0x5ad4955c4055 - _start
[INFO] [stderr]     39:                0x0 - <unknown>
[INFO] [stderr] warning: build failed, waiting for other jobs to finish...
[INFO] [stderr] error: could not compile `standback` (build script) due to 1 previous error
[INFO] [stderr] error: could not compile `syn` (lib)
[INFO] [stderr] 
[INFO] [stderr] Caused by:
[INFO] [stderr]   No space left on device (os error 28)
[INFO] [stderr] 
[INFO] [stderr] Caused by:
[INFO] [stderr]   failed to parse process output: `/opt/rustwide/rustup-home/toolchains/nightly-2024-10-28-x86_64-unknown-linux-gnu/bin/rustc --crate-name syn --edition=2018 /opt/rustwide/cargo-home/registry/src/index.crates.io-6f17d22bba15001f/syn-1.0.109/src/lib.rs --error-format=json --json=diagnostic-rendered-ansi,artifacts,future-incompat --crate-type lib --emit=dep-info,metadata,link -C embed-bitcode=no --cfg 'feature="clone-impls"' --cfg 'feature="default"' --cfg 'feature="derive"' --cfg 'feature="extra-traits"' --cfg 'feature="full"' --cfg 'feature="parsing"' --cfg 'feature="printing"' --cfg 'feature="proc-macro"' --cfg 'feature="quote"' --cfg 'feature="visit"' --check-cfg 'cfg(docsrs)' --check-cfg 'cfg(feature, values("clone-impls", "default", "derive", "extra-traits", "fold", "full", "parsing", "printing", "proc-macro", "quote", "test", "visit", "visit-mut"))' -C metadata=7499f4a56c35b692 -C extra-filename=-7499f4a56c35b692 --out-dir /opt/rustwide/target/debug/deps -L dependency=/opt/rustwide/target/debug/deps --extern proc_macro2=/opt/rustwide/target/debug/deps/libproc_macro2-999306cb2722a44d.rmeta --extern quote=/opt/rustwide/target/debug/deps/libquote-588522ccb60d1420.rmeta --extern unicode_ident=/opt/rustwide/target/debug/deps/libunicode_ident-7b828347d8713ecd.rmeta --cap-lints allow --cap-lints=forbid` (exit status: 101)
[INFO] [stderr] The following warnings were emitted during compilation:
[INFO] [stderr] 
[INFO] [stderr] warning: libnghttp2-sys@0.1.10+1.61.0: nghttp2/lib/nghttp2_option.c:157:1: fatal error: error writing to /tmp/ccTVX0Op.s: No space left on device
[INFO] [stderr] warning: libnghttp2-sys@0.1.10+1.61.0:   157 | }
[INFO] [stderr] warning: libnghttp2-sys@0.1.10+1.61.0:       | ^
[INFO] [stderr] warning: libnghttp2-sys@0.1.10+1.61.0: compilation terminated.
[INFO] [stderr] 
[INFO] [stderr] error: failed to run custom build command for `libnghttp2-sys v0.1.10+1.61.0`
[INFO] [stderr] note: To improve backtraces for build dependencies, set the CARGO_PROFILE_DEV_BUILD_OVERRIDE_DEBUG=true environment variable to enable debug information generation.
[INFO] [stderr] 
[INFO] [stderr] Caused by:
[INFO] [stderr]   process didn't exit successfully: `/opt/rustwide/target/debug/build/libnghttp2-sys-bab63bb17c971146/build-script-build` (exit status: 1)
[INFO] [stderr]   --- stdout
[INFO] [stderr]   TARGET = Some(x86_64-unknown-linux-gnu)
[INFO] [stderr]   OPT_LEVEL = Some(0)
[INFO] [stderr]   HOST = Some(x86_64-unknown-linux-gnu)
[INFO] [stderr]   cargo:rerun-if-env-changed=CC_x86_64-unknown-linux-gnu
[INFO] [stderr]   CC_x86_64-unknown-linux-gnu = None
[INFO] [stderr]   cargo:rerun-if-env-changed=CC_x86_64_unknown_linux_gnu
[INFO] [stderr]   CC_x86_64_unknown_linux_gnu = None
[INFO] [stderr]   cargo:rerun-if-env-changed=HOST_CC
[INFO] [stderr]   HOST_CC = None
[INFO] [stderr]   cargo:rerun-if-env-changed=CC
[INFO] [stderr]   CC = None
[INFO] [stderr]   cargo:rerun-if-env-changed=CC_ENABLE_DEBUG_OUTPUT
[INFO] [stderr]   RUSTC_WRAPPER = None
[INFO] [stderr]   cargo:rerun-if-env-changed=CRATE_CC_NO_DEFAULTS
[INFO] [stderr]   CRATE_CC_NO_DEFAULTS = None
[INFO] [stderr]   DEBUG = Some(true)
[INFO] [stderr]   CARGO_CFG_TARGET_FEATURE = Some(fxsr,sse,sse2)
[INFO] [stderr]   cargo:rerun-if-env-changed=CFLAGS_x86_64-unknown-linux-gnu
[INFO] [stderr]   CFLAGS_x86_64-unknown-linux-gnu = None
[INFO] [stderr]   cargo:rerun-if-env-changed=CFLAGS_x86_64_unknown_linux_gnu
[INFO] [stderr]   CFLAGS_x86_64_unknown_linux_gnu = None
[INFO] [stderr]   cargo:rerun-if-env-changed=HOST_CFLAGS
[INFO] [stderr]   HOST_CFLAGS = None
[INFO] [stderr]   cargo:rerun-if-env-changed=CFLAGS
[INFO] [stderr]   CFLAGS = None
[INFO] [stderr]   cargo:warning=nghttp2/lib/nghttp2_option.c:157:1: fatal error: error writing to /tmp/ccTVX0Op.s: No space left on device
[INFO] [stderr]   cargo:warning=  157 | }
[INFO] [stderr]   cargo:warning=      | ^
[INFO] [stderr]   cargo:warning=compilation terminated.
[INFO] [stderr] 
[INFO] [stderr]   --- stderr
[INFO] [stderr] 
[INFO] [stderr] 
[INFO] [stderr]   error occurred: Command "cc" "-O0" "-ffunction-sections" "-fdata-sections" "-fPIC" "-gdwarf-4" "-fno-omit-frame-pointer" "-m64" "-I" "nghttp2/lib/includes" "-I" "/opt/rustwide/target/debug/build/libnghttp2-sys-3fef24e6d549c3bb/out/i/include" "-DNGHTTP2_STATICLIB" "-DHAVE_NETINET_IN" "-DHAVE_TIME_H" "-DHAVE_ARPA_INET_H" "-o" "/opt/rustwide/target/debug/build/libnghttp2-sys-3fef24e6d549c3bb/out/i/lib/ad0ba1b363e8d103-nghttp2_option.o" "-c" "nghttp2/lib/nghttp2_option.c" with args cc did not execute successfully (status code exit status: 1).
[INFO] [stderr] 
[INFO] [stderr] 
[INFO] [stdout] error: failed to write to `/opt/rustwide/target/debug/deps/rmetaIGSomw/lib.rmeta`: No space left on device (os error 28)
[INFO] [stdout] 
[INFO] [stdout] 
[INFO] [stderr] error: could not compile `gimli` (lib) due to 1 previous error
[INFO] [stderr] rustc-LLVM ERROR: IO failure on output stream: No space left on device
[INFO] [stderr] error: could not compile `syn` (lib)
[INFO] [stderr] 
[INFO] [stderr] Caused by:
[INFO] [stderr]   No space left on device (os error 28)
[INFO] [stderr] 
[INFO] [stderr] Caused by:
[INFO] [stderr]   failed to parse process output: `/opt/rustwide/rustup-home/toolchains/nightly-2024-10-28-x86_64-unknown-linux-gnu/bin/rustc --crate-name syn --edition=2021 /opt/rustwide/cargo-home/registry/src/index.crates.io-6f17d22bba15001f/syn-2.0.74/src/lib.rs --error-format=json --json=diagnostic-rendered-ansi,artifacts,future-incompat --crate-type lib --emit=dep-info,metadata,link -C embed-bitcode=no --cfg 'feature="clone-impls"' --cfg 'feature="default"' --cfg 'feature="derive"' --cfg 'feature="extra-traits"' --cfg 'feature="full"' --cfg 'feature="parsing"' --cfg 'feature="printing"' --cfg 'feature="proc-macro"' --cfg 'feature="visit-mut"' --check-cfg 'cfg(docsrs)' --check-cfg 'cfg(feature, values("clone-impls", "default", "derive", "extra-traits", "fold", "full", "parsing", "printing", "proc-macro", "test", "visit", "visit-mut"))' -C metadata=46de193d75ae6c5f -C extra-filename=-46de193d75ae6c5f --out-dir /opt/rustwide/target/debug/deps -L dependency=/opt/rustwide/target/debug/deps --extern proc_macro2=/opt/rustwide/target/debug/deps/libproc_macro2-999306cb2722a44d.rmeta --extern quote=/opt/rustwide/target/debug/deps/libquote-588522ccb60d1420.rmeta --extern unicode_ident=/opt/rustwide/target/debug/deps/libunicode_ident-7b828347d8713ecd.rmeta --cap-lints allow --cap-lints=forbid` (exit status: 101)
[INFO] [stdout] error: couldn't create a temp dir: No space left on device (os error 28) at path "/opt/rustwide/target/debug/deps/rmetaD9DIK2"
[INFO] [stdout] 
[INFO] [stdout] 
[INFO] [stderr] error: could not compile `object` (lib) due to 1 previous error
[INFO] [stdout] error: couldn't create a temp dir: No space left on device (os error 28) at path "/opt/rustwide/target/debug/deps/rmetasFIs6Z"
[INFO] [stdout] 
[INFO] [stdout] 
[INFO] [stderr] error: could not compile `rustix` (lib) due to 1 previous error
[INFO] running `Command { std: "docker" "inspect" "412110deb5131407ec7278ebacd890cf4c79764ee0e3f41eb95ed5bb51f27d77", kill_on_drop: false }`
[INFO] running `Command { std: "docker" "rm" "-f" "412110deb5131407ec7278ebacd890cf4c79764ee0e3f41eb95ed5bb51f27d77", kill_on_drop: false }`
[INFO] [stdout] 412110deb5131407ec7278ebacd890cf4c79764ee0e3f41eb95ed5bb51f27d77
