[INFO] cloning repository https://github.com/apopiak/livecoin
[INFO] running `Command { std: "git" "-c" "credential.helper=" "-c" "credential.helper=/workspace/cargo-home/bin/git-credential-null" "clone" "--bare" "https://github.com/apopiak/livecoin" "/workspace/cache/git-repos/https%3A%2F%2Fgithub.com%2Fapopiak%2Flivecoin", kill_on_drop: false }`
[INFO] [stderr] Cloning into bare repository '/workspace/cache/git-repos/https%3A%2F%2Fgithub.com%2Fapopiak%2Flivecoin'...
[INFO] running `Command { std: "git" "rev-parse" "HEAD", kill_on_drop: false }`
[INFO] [stdout] 2f05746eadf9f78bab2abad50c250957e65454fa
[INFO] testing apopiak/livecoin/2f05746eadf9f78bab2abad50c250957e65454fa against nightly-2024-10-28 for randomize-layout
[INFO] running `Command { std: "git" "clone" "/workspace/cache/git-repos/https%3A%2F%2Fgithub.com%2Fapopiak%2Flivecoin" "/workspace/builds/worker-0-tc1/source", kill_on_drop: false }`
[INFO] [stderr] Cloning into '/workspace/builds/worker-0-tc1/source'...
[INFO] [stderr] done.
[INFO] validating manifest of git repo https://github.com/apopiak/livecoin on toolchain nightly-2024-10-28
[INFO] running `Command { std: CARGO_HOME="/workspace/cargo-home" RUSTUP_HOME="/workspace/rustup-home" "/workspace/cargo-home/bin/cargo" "+nightly-2024-10-28" "metadata" "--manifest-path" "Cargo.toml" "--no-deps", kill_on_drop: false }`
[INFO] started tweaking git repo https://github.com/apopiak/livecoin
[INFO] finished tweaking git repo https://github.com/apopiak/livecoin
[INFO] tweaked toml for git repo https://github.com/apopiak/livecoin written to /workspace/builds/worker-0-tc1/source/Cargo.toml
[INFO] crate git repo https://github.com/apopiak/livecoin already has a lockfile, it will not be regenerated
[INFO] running `Command { std: CARGO_HOME="/workspace/cargo-home" RUSTUP_HOME="/workspace/rustup-home" "/workspace/cargo-home/bin/cargo" "+nightly-2024-10-28" "fetch" "--manifest-path" "Cargo.toml", kill_on_drop: false }`
[INFO] [stderr]     Updating crates.io index
[INFO] [stderr]  Downloading crates ...
[INFO] [stderr]   Downloaded sp-runtime v2.0.0-alpha.5
[INFO] [stderr]   Downloaded sp-allocator v2.0.0-alpha.5
[INFO] [stderr]   Downloaded sp-keyring v2.0.0-alpha.5
[INFO] [stderr]   Downloaded trie-db v0.20.0
[INFO] [stderr]   Downloaded sc-telemetry v2.0.0-alpha.5
[INFO] [stderr]   Downloaded substrate-build-script-utils v2.0.0-alpha.5
[INFO] [stderr]   Downloaded pallet-aura v2.0.0-alpha.5
[INFO] [stderr]   Downloaded sp-api-proc-macro v2.0.0-alpha.5
[INFO] [stderr]   Downloaded sc-block-builder v0.8.0-alpha.5
[INFO] [stderr]   Downloaded sc-executor-common v0.8.0-alpha.5
[INFO] [stderr]   Downloaded kvdb-rocksdb v0.7.0
[INFO] [stderr]   Downloaded sc-informant v0.8.0-alpha.5
[INFO] [stderr]   Downloaded libp2p-mdns v0.16.0
[INFO] [stderr]   Downloaded libp2p-core-derive v0.16.0
[INFO] [stderr]   Downloaded unsigned-varint v0.3.2
[INFO] [stderr]   Downloaded soketto v0.3.2
[INFO] [stderr]   Downloaded clang-sys v0.29.2
[INFO] [stderr]   Downloaded jsonrpc-ws-server v14.0.6
[INFO] [stderr]   Downloaded fork-tree v2.0.0-alpha.5
[INFO] [stderr]   Downloaded parity-scale-codec v1.2.0
[INFO] [stderr]   Downloaded async-std v1.5.0
[INFO] [stderr]   Downloaded fdlimit v0.1.4
[INFO] [stderr]   Downloaded sc-client-db v0.8.0-alpha.5
[INFO] [stderr]   Downloaded sp-rpc v2.0.0-alpha.5
[INFO] [stderr]   Downloaded jsonrpc-pubsub v14.0.6
[INFO] [stderr]   Downloaded sc-rpc-server v2.0.0-alpha.5
[INFO] [stderr]   Downloaded sc-tracing v2.0.0-alpha.5
[INFO] [stderr]   Downloaded protobuf v2.11.0
[INFO] [stderr]   Downloaded sc-basic-authorship v0.8.0-alpha.5
[INFO] [stderr]   Downloaded sc-cli v0.8.0-alpha.5
[INFO] [stderr]   Downloaded sc-consensus-slots v0.8.0-alpha.5
[INFO] [stderr]   Downloaded sc-service v0.8.0-alpha.5
[INFO] [stderr]   Downloaded libp2p-core v0.16.0
[INFO] [stderr]   Downloaded sc-client v0.8.0-alpha.5
[INFO] [stderr]   Downloaded sc-state-db v0.8.0-alpha.5
[INFO] [stderr]   Downloaded sp-consensus-vrf v0.8.0-alpha.5
[INFO] [stderr]   Downloaded sc-network v0.8.0-alpha.5
[INFO] [stderr]   Downloaded libp2p-kad v0.16.2
[INFO] [stderr]   Downloaded sc-finality-grandpa v0.8.0-alpha.5
[INFO] [stderr]   Downloaded bindgen v0.53.2
[INFO] [stderr]   Downloaded sc-rpc-api v0.8.0-alpha.5
[INFO] [stderr]   Downloaded sc-transaction-graph v2.0.0-alpha.5
[INFO] [stderr]   Downloaded sc-transaction-pool v2.0.0-alpha.5
[INFO] [stderr]   Downloaded libp2p-gossipsub v0.16.0
[INFO] [stderr]   Downloaded libp2p-swarm v0.16.1
[INFO] [stderr]   Downloaded libp2p-websocket v0.16.0
[INFO] [stderr]   Downloaded thiserror-impl v1.0.13
[INFO] [stderr]   Downloaded yamux v0.4.5
[INFO] [stderr]   Downloaded futures_codec v0.3.4
[INFO] [stderr]   Downloaded sp-consensus v0.8.0-alpha.5
[INFO] [stderr]   Downloaded frame-executive v2.0.0-alpha.5
[INFO] [stderr]   Downloaded sp-finality-tracker v2.0.0-alpha.5
[INFO] [stderr]   Downloaded pallet-session v2.0.0-alpha.5
[INFO] [stderr]   Downloaded sp-staking v2.0.0-alpha.5
[INFO] [stderr]   Downloaded pallet-randomness-collective-flip v2.0.0-alpha.5
[INFO] [stderr]   Downloaded pallet-transaction-payment-rpc-runtime-api v2.0.0-alpha.5
[INFO] [stderr]   Downloaded pallet-transaction-payment v2.0.0-alpha.5
[INFO] [stderr]   Downloaded sp-timestamp v2.0.0-alpha.5
[INFO] [stderr]   Downloaded sc-peerset v2.0.0-alpha.5
[INFO] [stderr]   Downloaded sc-offchain v2.0.0-alpha.5
[INFO] [stderr]   Downloaded ntapi v0.3.3
[INFO] [stderr]   Downloaded sc-client-api v2.0.0-alpha.5
[INFO] [stderr]   Downloaded libp2p-deflate v0.16.0
[INFO] [stderr]   Downloaded libp2p-identify v0.16.0
[INFO] [stderr]   Downloaded libp2p-mplex v0.16.0
[INFO] [stderr]   Downloaded chacha20-poly1305-aead v0.1.2
[INFO] [stderr]   Downloaded libp2p-ping v0.16.0
[INFO] [stderr]   Downloaded broadcaster v1.0.0
[INFO] [stderr]   Downloaded libp2p-uds v0.16.0
[INFO] [stderr]   Downloaded quicksink v0.1.1
[INFO] [stderr]   Downloaded multistream-select v0.7.0
[INFO] [stderr]   Downloaded libp2p-yamux v0.16.2
[INFO] [stderr]   Downloaded substrate-prometheus-endpoint v0.8.0-alpha.5
[INFO] [stderr]   Downloaded sysinfo v0.12.0
[INFO] [stderr]   Downloaded libp2p v0.16.2
[INFO] [stderr]   Downloaded pallet-balances v2.0.0-alpha.5
[INFO] [stderr]   Downloaded sp-finality-grandpa v2.0.0-alpha.5
[INFO] [stderr]   Downloaded pallet-grandpa v2.0.0-alpha.5
[INFO] [stderr]   Downloaded pallet-sudo v2.0.0-alpha.5
[INFO] [stderr]   Downloaded frame-benchmarking v2.0.0-alpha.5
[INFO] [stderr]   Downloaded sp-api v2.0.0-alpha.5
[INFO] [stderr]   Downloaded sp-transaction-pool v2.0.0-alpha.5
[INFO] [stderr]   Downloaded frame-metadata v11.0.0-alpha.5
[INFO] [stderr]   Downloaded frame-support-procedural-tools-derive v2.0.0-alpha.5
[INFO] [stderr]   Downloaded frame-support-procedural v2.0.0-alpha.5
[INFO] [stderr]   Downloaded frame-support v2.0.0-alpha.5
[INFO] [stderr]   Downloaded paste-impl v0.1.8
[INFO] [stderr]   Downloaded sp-state-machine v0.8.0-alpha.5
[INFO] [stderr]   Downloaded ethbloom v0.9.0
[INFO] [stderr]   Downloaded sp-externalities v0.8.0-alpha.5
[INFO] [stderr]   Downloaded regex v1.3.5
[INFO] [stderr]   Downloaded sp-runtime-interface v2.0.0-alpha.5
[INFO] [stderr]   Downloaded sp-storage v2.0.0-alpha.5
[INFO] [stderr]   Downloaded tiny-bip39 v0.7.2
[INFO] [stderr]   Downloaded sc-consensus-aura v0.8.0-alpha.5
[INFO] [stderr]   Downloaded sc-network-gossip v0.8.0-alpha.5
[INFO] [stderr]   Downloaded sc-chain-spec-derive v2.0.0-alpha.5
[INFO] [stderr]   Downloaded sc-chain-spec v2.0.0-alpha.5
[INFO] [stderr]   Downloaded kvdb-memorydb v0.5.0
[INFO] [stderr]   Downloaded sp-consensus-babe v0.8.0-alpha.5
[INFO] [stderr]   Downloaded sc-rpc v2.0.0-alpha.5
[INFO] [stderr]   Downloaded libp2p-noise v0.16.2
[INFO] [stderr]   Downloaded libp2p-dns v0.16.0
[INFO] [stderr]   Downloaded libp2p-plaintext v0.16.0
[INFO] [stderr]   Downloaded libp2p-pnet v0.16.0
[INFO] [stderr]   Downloaded sp-offchain v2.0.0-alpha.5
[INFO] [stderr]   Downloaded sp-session v2.0.0-alpha.5
[INFO] [stderr]   Downloaded sp-application-crypto v2.0.0-alpha.5
[INFO] [stderr]   Downloaded sp-arithmetic v2.0.0-alpha.5
[INFO] [stderr]   Downloaded sp-panic-handler v2.0.0-alpha.5
[INFO] [stderr]   Downloaded memory-db v0.20.0
[INFO] [stderr]   Downloaded fixed-hash v0.6.0
[INFO] [stderr]   Downloaded sp-wasm-interface v2.0.0-alpha.5
[INFO] [stderr]   Downloaded sp-consensus-aura v0.8.0-alpha.5
[INFO] [stderr]   Downloaded frame-system v2.0.0-alpha.5
[INFO] [stderr]   Downloaded parity-util-mem v0.6.0
[INFO] [stderr]   Downloaded kvdb v0.5.0
[INFO] [stderr]   Downloaded libp2p-secio v0.16.1
[INFO] [stderr]   Downloaded sp-trie v2.0.0-alpha.5
[INFO] [stderr]   Downloaded sp-core v2.0.0-alpha.5
[INFO] [stderr]   Downloaded sp-io v2.0.0-alpha.5
[INFO] [stderr]   Downloaded sp-runtime-interface-proc-macro v2.0.0-alpha.5
[INFO] [stderr]   Downloaded sp-block-builder v2.0.0-alpha.5
[INFO] [stderr]   Downloaded substrate-wasm-builder-runner v1.0.5
[INFO] [stderr]   Downloaded libp2p-wasm-ext v0.16.2
[INFO] [stderr]   Downloaded multimap v0.8.0
[INFO] [stderr]   Downloaded data-encoding v2.2.0
[INFO] [stderr]   Downloaded paste v0.1.8
[INFO] [stderr]   Downloaded sc-keystore v2.0.0-alpha.5
[INFO] [stderr]   Downloaded sp-blockchain v2.0.0-alpha.5
[INFO] [stderr]   Downloaded libp2p-floodsub v0.16.0
[INFO] [stderr]   Downloaded thiserror v1.0.13
[INFO] [stderr]   Downloaded pallet-finality-tracker v2.0.0-alpha.5
[INFO] [stderr]   Downloaded primitive-types v0.7.0
[INFO] [stderr]   Downloaded sp-serializer v2.0.0-alpha.5
[INFO] [stderr]   Downloaded sc-executor v0.8.0-alpha.5
[INFO] [stderr]   Downloaded sp-std v2.0.0-alpha.5
[INFO] [stderr]   Downloaded libp2p-tcp v0.16.0
[INFO] [stderr]   Downloaded pallet-timestamp v2.0.0-alpha.5
[INFO] [stderr]   Downloaded frame-support-procedural-tools v2.0.0-alpha.5
[INFO] [stderr]   Downloaded sp-version v2.0.0-alpha.5
[INFO] [stderr]   Downloaded sp-inherents v2.0.0-alpha.5
[INFO] [stderr]   Downloaded ethereum-types v0.9.0
[INFO] [stderr]   Downloaded sp-debug-derive v2.0.0-alpha.5
[INFO] [stderr]   Downloaded librocksdb-sys v6.6.4
[INFO] [stderr]   Downloaded sc-executor-wasmi v0.8.0-alpha.5
[INFO] [stderr]   Downloaded finality-grandpa v0.11.2
[INFO] running `Command { std: "docker" "create" "-v" "/var/lib/crater-agent-workspace/builds/worker-0-tc1/target:/opt/rustwide/target:rw,Z" "-v" "/var/lib/crater-agent-workspace/builds/worker-0-tc1/source:/opt/rustwide/workdir:ro,Z" "-v" "/var/lib/crater-agent-workspace/cargo-home:/opt/rustwide/cargo-home:ro,Z" "-v" "/var/lib/crater-agent-workspace/rustup-home:/opt/rustwide/rustup-home:ro,Z" "-e" "SOURCE_DIR=/opt/rustwide/workdir" "-e" "CARGO_TARGET_DIR=/opt/rustwide/target" "-e" "CARGO_HOME=/opt/rustwide/cargo-home" "-e" "RUSTUP_HOME=/opt/rustwide/rustup-home" "-w" "/opt/rustwide/workdir" "-m" "1610612736" "--user" "0:0" "--network" "none" "ghcr.io/rust-lang/crates-build-env/linux@sha256:4a844ea9eb2546a2d2c7022eacef16ef2e8229c7fbb2c7d4d55a9ceca922f72d" "/opt/rustwide/cargo-home/bin/cargo" "+nightly-2024-10-28" "metadata" "--no-deps" "--format-version=1", kill_on_drop: false }`
[INFO] [stdout] 43d88331a70c799072133b016792f4bb96bfc76d01cb9463591be22f296eae8d
[INFO] running `Command { std: "docker" "start" "-a" "43d88331a70c799072133b016792f4bb96bfc76d01cb9463591be22f296eae8d", kill_on_drop: false }`
[INFO] running `Command { std: "docker" "inspect" "43d88331a70c799072133b016792f4bb96bfc76d01cb9463591be22f296eae8d", kill_on_drop: false }`
[INFO] running `Command { std: "docker" "rm" "-f" "43d88331a70c799072133b016792f4bb96bfc76d01cb9463591be22f296eae8d", kill_on_drop: false }`
[INFO] [stdout] 43d88331a70c799072133b016792f4bb96bfc76d01cb9463591be22f296eae8d
[INFO] running `Command { std: "docker" "create" "-v" "/var/lib/crater-agent-workspace/builds/worker-0-tc1/target:/opt/rustwide/target:rw,Z" "-v" "/var/lib/crater-agent-workspace/builds/worker-0-tc1/source:/opt/rustwide/workdir:ro,Z" "-v" "/var/lib/crater-agent-workspace/cargo-home:/opt/rustwide/cargo-home:ro,Z" "-v" "/var/lib/crater-agent-workspace/rustup-home:/opt/rustwide/rustup-home:ro,Z" "-e" "SOURCE_DIR=/opt/rustwide/workdir" "-e" "CARGO_TARGET_DIR=/opt/rustwide/target" "-e" "CARGO_INCREMENTAL=0" "-e" "RUST_BACKTRACE=full" "-e" "RUSTFLAGS=--cap-lints=forbid" "-e" "RUSTDOCFLAGS=--cap-lints=forbid" "-e" "CARGO_HOME=/opt/rustwide/cargo-home" "-e" "RUSTUP_HOME=/opt/rustwide/rustup-home" "-w" "/opt/rustwide/workdir" "-m" "1610612736" "--user" "0:0" "--network" "none" "ghcr.io/rust-lang/crates-build-env/linux@sha256:4a844ea9eb2546a2d2c7022eacef16ef2e8229c7fbb2c7d4d55a9ceca922f72d" "/opt/rustwide/cargo-home/bin/cargo" "+nightly-2024-10-28" "build" "--frozen" "--message-format=json", kill_on_drop: false }`
[INFO] [stdout] a2b0204d2ea0293a6d61d5c2eb2bde1874360410cf53dded9ca59005b5701f41
[INFO] running `Command { std: "docker" "start" "-a" "a2b0204d2ea0293a6d61d5c2eb2bde1874360410cf53dded9ca59005b5701f41", kill_on_drop: false }`
[INFO] [stderr]    Compiling libc v0.2.68
[INFO] [stderr]    Compiling cfg-if v0.1.10
[INFO] [stderr]    Compiling proc-macro2 v1.0.9
[INFO] [stderr]    Compiling unicode-xid v0.2.0
[INFO] [stderr]    Compiling syn v1.0.17
[INFO] [stderr]    Compiling log v0.4.8
[INFO] [stderr]    Compiling autocfg v1.0.0
[INFO] [stderr]    Compiling byteorder v1.3.4
[INFO] [stderr]    Compiling lazy_static v1.4.0
[INFO] [stderr]    Compiling either v1.5.3
[INFO] [stderr]    Compiling getrandom v0.1.14
[INFO] [stderr]    Compiling futures v0.1.29
[INFO] [stderr]    Compiling memchr v2.3.3
[INFO] [stderr]    Compiling ppv-lite86 v0.2.6
[INFO] [stderr]    Compiling slab v0.4.2
[INFO] [stderr]    Compiling serde v1.0.105
[INFO] [stderr]    Compiling proc-macro-hack v0.5.14
[INFO] [stderr]    Compiling typenum v1.11.2
[INFO] [stderr]    Compiling scopeguard v1.1.0
[INFO] [stderr]    Compiling smallvec v1.2.0
[INFO] [stderr]    Compiling lock_api v0.3.3
[INFO] [stderr]    Compiling quote v1.0.3
[INFO] [stderr]    Compiling jobserver v0.1.21
[INFO] [stderr]    Compiling iovec v0.1.4
[INFO] [stderr]    Compiling num_cpus v1.12.0
[INFO] [stderr]    Compiling rand_core v0.5.1
[INFO] [stderr]    Compiling cc v1.0.50
[INFO] [stderr]    Compiling bytes v0.4.12
[INFO] [stderr]    Compiling rand_chacha v0.2.2
[INFO] [stderr]    Compiling futures-core v0.3.4
[INFO] [stderr]    Compiling futures-sink v0.3.4
[INFO] [stderr]    Compiling pin-utils v0.1.0-alpha.4
[INFO] [stderr]    Compiling proc-macro-nested v0.1.4
[INFO] [stderr]    Compiling futures-channel v0.3.4
[INFO] [stderr]    Compiling rand v0.7.3
[INFO] [stderr]    Compiling tokio-io v0.1.13
[INFO] [stderr]    Compiling futures-io v0.3.4
[INFO] [stderr]    Compiling generic-array v0.12.3
[INFO] [stderr]    Compiling futures-task v0.3.4
[INFO] [stderr]    Compiling semver-parser v0.7.0
[INFO] [stderr]    Compiling maybe-uninit v2.0.0
[INFO] [stderr]    Compiling opaque-debug v0.2.3
[INFO] [stderr]    Compiling semver v0.9.0
[INFO] [stderr]    Compiling digest v0.8.1
[INFO] [stderr]    Compiling byte-tools v0.3.1
[INFO] [stderr]    Compiling parking_lot_core v0.7.0
[INFO] [stderr]    Compiling block-padding v0.1.5
[INFO] [stderr]    Compiling static_assertions v1.1.0
[INFO] [stderr]    Compiling crunchy v0.2.2
[INFO] [stderr]    Compiling fake-simd v0.1.2
[INFO] [stderr]    Compiling rustc_version v0.2.3
[INFO] [stderr]    Compiling block-buffer v0.7.3
[INFO] [stderr]    Compiling unicode-normalization v0.1.12
[INFO] [stderr]    Compiling subtle v1.0.0
[INFO] [stderr]    Compiling parking_lot v0.10.0
[INFO] [stderr]    Compiling crypto-mac v0.7.0
[INFO] [stderr]    Compiling smallvec v0.6.13
[INFO] [stderr]    Compiling parking_lot_core v0.6.2
[INFO] [stderr]    Compiling parking_lot v0.9.0
[INFO] [stderr]    Compiling sha2 v0.8.1
[INFO] [stderr]    Compiling subtle v2.2.2
[INFO] [stderr]    Compiling keccak v0.1.0
[INFO] [stderr]    Compiling arrayref v0.3.6
[INFO] [stderr]    Compiling hmac v0.7.1
[INFO] [stderr]    Compiling clear_on_drop v0.2.3
[INFO] [stderr]    Compiling autocfg v0.1.7
[INFO] [stderr]    Compiling libm v0.2.1
[INFO] [stderr]    Compiling hmac-drbg v0.2.0
[INFO] [stderr]    Compiling num-traits v0.2.11
[INFO] [stderr]    Compiling libsecp256k1 v0.3.5
[INFO] [stderr]    Compiling arrayvec v0.5.1
[INFO] [stderr]    Compiling rustc-hex v2.1.0
[INFO] [stderr]    Compiling num-integer v0.1.42
[INFO] [stderr]    Compiling const-random-macro v0.1.8
[INFO] [stderr]    Compiling aho-corasick v0.7.10
[INFO] [stderr]    Compiling thread_local v1.0.1
[INFO] [stderr]    Compiling regex-syntax v0.6.17
[INFO] [stderr]    Compiling const-random v0.1.8
[INFO] [stderr]    Compiling hashbrown v0.6.3
[INFO] [stderr]    Compiling bytes v0.5.4
[INFO] [stderr]    Compiling byte-slice-cast v0.3.5
[INFO] [stderr]    Compiling bitvec v0.15.2
[INFO] [stderr]    Compiling ahash v0.2.18
[INFO] [stderr]    Compiling uint v0.8.2
[INFO] [stderr]    Compiling once_cell v1.3.1
[INFO] [stderr]    Compiling rlp v0.4.5
[INFO] [stderr]    Compiling lru v0.4.3
[INFO] [stderr]    Compiling arrayvec v0.4.12
[INFO] [stderr]    Compiling impl-rlp v0.2.1
[INFO] [stderr]    Compiling fixed-hash v0.6.0
[INFO] [stderr]    Compiling backtrace-sys v0.1.35
[INFO] [stderr]    Compiling tiny-keccak v2.0.1
[INFO] [stderr]    Compiling constant_time_eq v0.1.5
[INFO] [stderr]    Compiling nodrop v0.1.14
[INFO] [stderr]    Compiling indexmap v1.3.2
[INFO] [stderr]    Compiling num-bigint v0.2.6
[INFO] [stderr]    Compiling num-rational v0.2.4
[INFO] [stderr]    Compiling blake2-rfc v0.2.18
[INFO] [stderr]    Compiling rustc-demangle v0.1.16
[INFO] [stderr]    Compiling rustc-hash v1.1.0
[INFO] [stderr]    Compiling failure_derive v0.1.7
[INFO] [stderr]    Compiling regex v1.3.5
[INFO] [stderr]    Compiling fnv v1.0.6
[INFO] [stderr]    Compiling which v3.1.1
[INFO] [stderr]    Compiling sp-std v2.0.0-alpha.5
[INFO] [stderr]    Compiling parity-wasm v0.41.0
[INFO] [stderr]    Compiling hash-db v0.15.2
[INFO] [stderr]    Compiling synstructure v0.12.3
[INFO] [stderr]    Compiling memory_units v0.3.0
[INFO] [stderr]    Compiling unicode-segmentation v1.6.0
[INFO] [stderr]    Compiling Inflector v0.11.4
[INFO] [stderr]    Compiling heck v0.3.1
[INFO] [stderr]    Compiling wasmi-validation v0.3.0
[INFO] [stderr]    Compiling pbkdf2 v0.3.0
[INFO] [stderr]    Compiling environmental v1.1.1
[INFO] [stderr]    Compiling anyhow v1.0.27
[INFO] [stderr]    Compiling twox-hash v1.5.0
[INFO] [stderr]    Compiling wasmi v0.6.2
[INFO] [stderr]    Compiling hash256-std-hasher v0.15.2
[INFO] [stderr]    Compiling itertools v0.8.2
[INFO] [stderr]    Compiling base58 v0.1.0
[INFO] [stderr]    Compiling hex v0.4.2
[INFO] [stderr]    Compiling prost-build v0.6.1
[INFO] [stderr]    Compiling fixedbitset v0.2.0
[INFO] [stderr]    Compiling remove_dir_all v0.5.2
[INFO] [stderr]    Compiling multimap v0.8.0
[INFO] [stderr]    Compiling tempfile v3.1.0
[INFO] [stderr]    Compiling petgraph v0.5.0
[INFO] [stderr]    Compiling ring v0.16.11
[INFO] [stderr]    Compiling serde_derive v1.0.105
[INFO] [stderr]    Compiling futures-macro v0.3.4
[INFO] [stderr]    Compiling zeroize_derive v1.0.0
[INFO] [stderr]    Compiling impl-trait-for-tuples v0.1.3
[INFO] [stderr]    Compiling parity-util-mem-derive v0.1.0
[INFO] [stderr]    Compiling zeroize v1.1.0
[INFO] [stderr]    Compiling sp-debug-derive v2.0.0-alpha.5
[INFO] [stderr]    Compiling curve25519-dalek v2.0.0
[INFO] [stderr]    Compiling merlin v2.0.0
[INFO] [stderr]    Compiling futures-util v0.3.4
[INFO] [stderr]    Compiling prost-derive v0.6.1
[INFO] [stderr]    Compiling ed25519-dalek v1.0.0-pre.3
[INFO] [stderr]    Compiling schnorrkel v0.9.1
[INFO] [stderr]    Compiling derive_more v0.99.3
[INFO] [stderr]    Compiling spin v0.5.2
[INFO] [stderr]    Compiling trie-root v0.16.0
[INFO] [stderr]    Compiling trie-db v0.20.0
[INFO] [stderr]    Compiling substrate-bip39 v0.4.1
[INFO] [stderr]    Compiling futures-executor v0.3.4
[INFO] [stderr]    Compiling untrusted v0.7.0
[INFO] [stderr]    Compiling pin-project-internal v0.4.8
[INFO] [stderr]    Compiling matches v0.1.8
[INFO] [stderr]    Compiling unicode-bidi v0.3.4
[INFO] [stderr]    Compiling futures v0.3.4
[INFO] [stderr]    Compiling prost v0.6.1
[INFO] [stderr]    Compiling paste-impl v0.1.8
[INFO] [stderr]    Compiling prost-types v0.6.1
[INFO] [stderr]    Compiling crossbeam-utils v0.7.2
[INFO] [stderr]    Compiling itoa v0.4.5
[INFO] [stderr]    Compiling integer-sqrt v0.1.3
[INFO] [stderr]    Compiling paste v0.1.8
[INFO] [stderr]    Compiling net2 v0.2.33
[INFO] [stderr]    Compiling idna v0.2.0
[INFO] [stderr]    Compiling mio v0.6.21
[INFO] [stderr]    Compiling sha-1 v0.8.2
[INFO] [stderr]    Compiling percent-encoding v2.1.0
[INFO] [stderr]    Compiling pin-project v0.4.8
[INFO] [stderr]    Compiling url v2.1.1
[INFO] [stderr]    Compiling futures_codec v0.3.4
[INFO] [stderr]    Compiling sha3 v0.8.2
[INFO] [stderr]    Compiling thiserror-impl v1.0.13
[INFO] [stderr]    Compiling unsigned-varint v0.3.2
[INFO] [stderr]    Compiling blake2 v0.8.1
[INFO] [stderr]    Compiling asn1_der_derive v0.1.2
[INFO] [stderr]    Compiling memoffset v0.5.4
[INFO] [stderr]    Compiling bs58 v0.3.0
[INFO] [stderr]    Compiling parity-multihash v0.2.3
[INFO] [stderr]    Compiling data-encoding v2.2.0
[INFO] [stderr]    Compiling libp2p-core v0.16.0
[INFO] [stderr]    Compiling asn1_der v0.6.3
[INFO] [stderr]    Compiling multistream-select v0.7.0
[INFO] [stderr]    Compiling rw-stream-sink v0.2.1
[INFO] [stderr]    Compiling crossbeam-epoch v0.8.2
[INFO] [stderr]    Compiling void v1.0.2
[INFO] [stderr]    Compiling futures-timer v3.0.2
[INFO] [stderr]    Compiling thiserror v1.0.13
[INFO] [stderr]    Compiling mio-uds v0.6.7
[INFO] [stderr]    Compiling ryu v1.0.3
[INFO] [stderr]    Compiling wasm-timer v0.2.4
[INFO] [stderr]    Compiling pin-project-lite v0.1.4
[INFO] [stderr]    Compiling httparse v1.3.4
[INFO] [stderr]    Compiling quick-error v1.2.3
[INFO] [stderr]    Compiling crossbeam-deque v0.7.3
[INFO] [stderr]    Compiling webpki v0.21.2
[INFO] [stderr]    Compiling wasm-bindgen-shared v0.2.59
[INFO] [stderr]    Compiling sct v0.6.0
[INFO] [stderr]    Compiling http v0.2.0
[INFO] [stderr]    Compiling time v0.1.42
[INFO] [stderr]    Compiling bumpalo v3.2.0
[INFO] [stderr]    Compiling pkg-config v0.3.17
[INFO] [stderr]    Compiling base64 v0.11.0
[INFO] [stderr]    Compiling wasm-bindgen-backend v0.2.59
[INFO] [stderr]    Compiling stream-cipher v0.3.2
[INFO] [stderr]    Compiling crc32fast v1.2.0
[INFO] [stderr]    Compiling futures-timer v2.0.2
[INFO] [stderr]    Compiling crossbeam-channel v0.4.2
[INFO] [stderr]    Compiling broadcaster v1.0.0
[INFO] [stderr]    Compiling block-cipher-trait v0.6.2
[INFO] [stderr]    Compiling async-task v1.3.1
[INFO] [stderr]    Compiling libz-sys v1.0.25
[INFO] [stderr]    Compiling kv-log-macro v1.0.4
[INFO] [stderr]    Compiling wasm-bindgen v0.2.59
[INFO] [stderr]    Compiling adler32 v1.0.4
[INFO] [stderr]    Compiling miniz_oxide v0.3.6
[INFO] [stderr]    Compiling async-std v1.5.0
[INFO] [stderr]    Compiling rand v0.4.6
[INFO] [stderr]    Compiling tracing-core v0.1.10
[INFO] [stderr]    Compiling tracing-attributes v0.1.7
[INFO] [stderr]    Compiling toml v0.5.6
[INFO] [stderr]    Compiling impl-serde v0.3.0
[INFO] [stderr]    Compiling ethbloom v0.9.0
[INFO] [stderr]    Compiling impl-serde v0.2.3
[INFO] [stderr]    Compiling parity-multiaddr v0.7.3
[INFO] [stderr]    Compiling sp-storage v2.0.0-alpha.5
[INFO] [stderr]    Compiling serde_json v1.0.48
[INFO] [stderr]    Compiling sp-externalities v0.8.0-alpha.5
[INFO] [stderr]    Compiling proc-macro-crate v0.1.4
[INFO] [stderr]    Compiling wasm-bindgen-macro-support v0.2.59
[INFO] [stderr]    Compiling rand v0.3.23
[INFO] [stderr]    Compiling flate2 v1.0.14
[INFO] [stderr]    Compiling snow v0.6.2
[INFO] [stderr]    Compiling base64 v0.10.1
[INFO] [stderr]    Compiling arc-swap v0.4.5
[INFO] [stderr]    Compiling parity-scale-codec-derive v1.2.0
[INFO] [stderr]    Compiling sp-runtime-interface-proc-macro v2.0.0-alpha.5
[INFO] [stderr]    Compiling sp-api-proc-macro v2.0.0-alpha.5
[INFO] [stderr]    Compiling version_check v0.9.1
[INFO] [stderr]    Compiling libp2p-swarm v0.16.1
[INFO] [stderr]    Compiling wasm-bindgen-macro v0.2.59
[INFO] [stderr]    Compiling rustls v0.16.0
[INFO] [stderr]    Compiling tracing v0.1.13
[INFO] [stderr]    Compiling aes-soft v0.3.3
[INFO] [stderr]    Compiling js-sys v0.3.36
[INFO] [stderr]    Compiling parity-scale-codec v1.2.0
[INFO] [stderr]    Compiling ctr v0.3.2
[INFO] [stderr]    Compiling salsa20-core v0.2.3
[INFO] [stderr]    Compiling webpki-roots v0.17.0
[INFO] [stderr]    Compiling quicksink v0.1.1
[INFO] [stderr]    Compiling libp2p-identify v0.16.0
[INFO] [stderr]    Compiling libp2p-floodsub v0.16.0
[INFO] [stderr]    Compiling libp2p-gossipsub v0.16.0
[INFO] [stderr]    Compiling libp2p-noise v0.16.2
[INFO] [stderr]    Compiling libp2p-plaintext v0.16.0
[INFO] [stderr]    Compiling libp2p-secio v0.16.1
[INFO] [stderr]    Compiling libp2p-kad v0.16.2
[INFO] [stderr]    Compiling x25519-dalek v0.6.0
[INFO] [stderr]    Compiling chacha20-poly1305-aead v0.1.2
[INFO] [stderr]    Compiling c_linked_list v1.1.1
[INFO] [stderr]    Compiling sha1 v0.6.0
[INFO] [stderr]    Compiling nohash-hasher v0.2.0
[INFO] [stderr]    Compiling byteorder v0.5.3
[INFO] [stderr]    Compiling yamux v0.4.5
[INFO] [stderr]    Compiling soketto v0.3.2
[INFO] [stderr]    Compiling cuckoofilter v0.3.2
[INFO] [stderr] rustc-LLVM ERROR: IO failure on output stream: No space left on device
[INFO] [stderr] error: could not compile `js-sys` (lib)
[INFO] [stderr] 
[INFO] [stderr] Caused by:
[INFO] [stderr]   No space left on device (os error 28)
[INFO] [stderr] 
[INFO] [stderr] Caused by:
[INFO] [stderr]   failed to parse process output: `/opt/rustwide/rustup-home/toolchains/nightly-2024-10-28-x86_64-unknown-linux-gnu/bin/rustc --crate-name js_sys --edition=2018 /opt/rustwide/cargo-home/registry/src/index.crates.io-6f17d22bba15001f/js-sys-0.3.36/src/lib.rs --error-format=json --json=diagnostic-rendered-ansi,artifacts,future-incompat --crate-type lib --emit=dep-info,metadata,link -C embed-bitcode=no -C debuginfo=2 --check-cfg 'cfg(docsrs)' --check-cfg 'cfg(feature, values())' -C metadata=b0cf6d686a245ce4 -C extra-filename=-b0cf6d686a245ce4 --out-dir /opt/rustwide/target/debug/deps -L dependency=/opt/rustwide/target/debug/deps --extern wasm_bindgen=/opt/rustwide/target/debug/deps/libwasm_bindgen-bd636255b7376a98.rmeta --cap-lints allow --cap-lints=forbid` (exit status: 101)
[INFO] [stderr] warning: build failed, waiting for other jobs to finish...
[INFO] [stdout] error: linking with `cc` failed: exit status: 1
[INFO] [stdout]   |
[INFO] [stdout]   = note: LC_ALL="C" PATH="/opt/rustwide/rustup-home/toolchains/nightly-2024-10-28-x86_64-unknown-linux-gnu/lib/rustlib/x86_64-unknown-linux-gnu/bin:/opt/rustwide/rustup-home/toolchains/nightly-2024-10-28-x86_64-unknown-linux-gnu/lib/rustlib/x86_64-unknown-linux-gnu/bin/self-contained:/opt/rustwide/cargo-home/bin:/usr/local/sbin:/usr/local/bin:/usr/sbin:/usr/bin:/sbin:/bin" VSLANG="1033" "cc" "-m64" "/tmp/rustcQ5ga3t/symbols.o" "/opt/rustwide/target/debug/build/libp2p-secio-b224d8d817f46b19/build_script_build-b224d8d817f46b19.build_script_build.faa00dc7e0b134e5-cgu.0.rcgu.o" "/opt/rustwide/target/debug/build/libp2p-secio-b224d8d817f46b19/build_script_build-b224d8d817f46b19.build_script_build.faa00dc7e0b134e5-cgu.1.rcgu.o" "/opt/rustwide/target/debug/build/libp2p-secio-b224d8d817f46b19/build_script_build-b224d8d817f46b19.build_script_build.faa00dc7e0b134e5-cgu.2.rcgu.o" "/opt/rustwide/target/debug/build/libp2p-secio-b224d8d817f46b19/build_script_build-b224d8d817f46b19.build_script_build.faa00dc7e0b134e5-cgu.3.rcgu.o" "/opt/rustwide/target/debug/build/libp2p-secio-b224d8d817f46b19/build_script_build-b224d8d817f46b19.build_script_build.faa00dc7e0b134e5-cgu.4.rcgu.o" "/opt/rustwide/target/debug/build/libp2p-secio-b224d8d817f46b19/build_script_build-b224d8d817f46b19.5gcmj99etglklub0v97mnje7c.rcgu.o" "-Wl,--as-needed" "-Wl,-Bstatic" "/opt/rustwide/target/debug/deps/libprost_build-c20ac4c57b1d1b18.rlib" "/opt/rustwide/target/debug/deps/libtempfile-69e55d9fc3db2d1c.rlib" "/opt/rustwide/target/debug/deps/librand-644b6ccce2361a48.rlib" "/opt/rustwide/target/debug/deps/librand_chacha-a1bd45ee155e0e2e.rlib" "/opt/rustwide/target/debug/deps/libppv_lite86-7dab98d219d6da81.rlib" "/opt/rustwide/target/debug/deps/librand_core-467049ac9e903fe4.rlib" "/opt/rustwide/target/debug/deps/libgetrandom-1a9ca77ec3658e7c.rlib" "/opt/rustwide/target/debug/deps/liblibc-cb74204e78d41045.rlib" "/opt/rustwide/target/debug/deps/libremove_dir_all-7c1d0edfcbef9e0d.rlib" "/opt/rustwide/target/debug/deps/libpetgraph-d4ffba2c38d5017f.rlib" "/opt/rustwide/target/debug/deps/libindexmap-08669df5b27e4cff.rlib" "/opt/rustwide/target/debug/deps/libfixedbitset-70241d45b5c3c502.rlib" "/opt/rustwide/target/debug/deps/libheck-c32d1f313c3301d5.rlib" "/opt/rustwide/target/debug/deps/libunicode_segmentation-8a64e43f078e4e0f.rlib" "/opt/rustwide/target/debug/deps/libmultimap-381b28e3f918e9b7.rlib" "/opt/rustwide/target/debug/deps/liblog-e29da1639971b6d9.rlib" "/opt/rustwide/target/debug/deps/libcfg_if-6065b8815e149626.rlib" "/opt/rustwide/target/debug/deps/libitertools-ae6d3f12f59c7779.rlib" "/opt/rustwide/target/debug/deps/libeither-4d2ceeaf0421acfc.rlib" "/opt/rustwide/target/debug/deps/libprost_types-a62d89511503edea.rlib" "/opt/rustwide/target/debug/deps/libprost-683261d587c60942.rlib" "/opt/rustwide/target/debug/deps/libbytes-df727280fd1b2aea.rlib" "/opt/rustwide/rustup-home/toolchains/nightly-2024-10-28-x86_64-unknown-linux-gnu/lib/rustlib/x86_64-unknown-linux-gnu/lib/libstd-fb8c387236db3c10.rlib" "/opt/rustwide/rustup-home/toolchains/nightly-2024-10-28-x86_64-unknown-linux-gnu/lib/rustlib/x86_64-unknown-linux-gnu/lib/libpanic_unwind-b251837809b2f64b.rlib" "/opt/rustwide/rustup-home/toolchains/nightly-2024-10-28-x86_64-unknown-linux-gnu/lib/rustlib/x86_64-unknown-linux-gnu/lib/libobject-cbef83eaa4e01f04.rlib" "/opt/rustwide/rustup-home/toolchains/nightly-2024-10-28-x86_64-unknown-linux-gnu/lib/rustlib/x86_64-unknown-linux-gnu/lib/libmemchr-12a772286de2fca7.rlib" "/opt/rustwide/rustup-home/toolchains/nightly-2024-10-28-x86_64-unknown-linux-gnu/lib/rustlib/x86_64-unknown-linux-gnu/lib/libaddr2line-023bbe5ada7abfc3.rlib" "/opt/rustwide/rustup-home/toolchains/nightly-2024-10-28-x86_64-unknown-linux-gnu/lib/rustlib/x86_64-unknown-linux-gnu/lib/libgimli-de2bcdf10ec69c2b.rlib" "/opt/rustwide/rustup-home/toolchains/nightly-2024-10-28-x86_64-unknown-linux-gnu/lib/rustlib/x86_64-unknown-linux-gnu/lib/librustc_demangle-8e1754df350800fd.rlib" "/opt/rustwide/rustup-home/toolchains/nightly-2024-10-28-x86_64-unknown-linux-gnu/lib/rustlib/x86_64-unknown-linux-gnu/lib/libstd_detect-06c2ab7b9c32e037.rlib" "/opt/rustwide/rustup-home/toolchains/nightly-2024-10-28-x86_64-unknown-linux-gnu/lib/rustlib/x86_64-unknown-linux-gnu/lib/libhashbrown-51d2621fc57a281b.rlib" "/opt/rustwide/rustup-home/toolchains/nightly-2024-10-28-x86_64-unknown-linux-gnu/lib/rustlib/x86_64-unknown-linux-gnu/lib/librustc_std_workspace_alloc-54a930408793772f.rlib" "/opt/rustwide/rustup-home/toolchains/nightly-2024-10-28-x86_64-unknown-linux-gnu/lib/rustlib/x86_64-unknown-linux-gnu/lib/libminiz_oxide-0c7d01cba400dcb2.rlib" "/opt/rustwide/rustup-home/toolchains/nightly-2024-10-28-x86_64-unknown-linux-gnu/lib/rustlib/x86_64-unknown-linux-gnu/lib/libadler-b9f84d69e331b75b.rlib" "/opt/rustwide/rustup-home/toolchains/nightly-2024-10-28-x86_64-unknown-linux-gnu/lib/rustlib/x86_64-unknown-linux-gnu/lib/libunwind-eec95493246aae39.rlib" "/opt/rustwide/rustup-home/toolchains/nightly-2024-10-28-x86_64-unknown-linux-gnu/lib/rustlib/x86_64-unknown-linux-gnu/lib/libcfg_if-6f6676c475e08ab0.rlib" "/opt/rustwide/rustup-home/toolchains/nightly-2024-10-28-x86_64-unknown-linux-gnu/lib/rustlib/x86_64-unknown-linux-gnu/lib/liblibc-799d520624f8b2e0.rlib" "/opt/rustwide/rustup-home/toolchains/nightly-2024-10-28-x86_64-unknown-linux-gnu/lib/rustlib/x86_64-unknown-linux-gnu/lib/liballoc-fcf93d4842acd9a9.rlib" "/opt/rustwide/rustup-home/toolchains/nightly-2024-10-28-x86_64-unknown-linux-gnu/lib/rustlib/x86_64-unknown-linux-gnu/lib/librustc_std_workspace_core-395a38b8e0851c9b.rlib" "/opt/rustwide/rustup-home/toolchains/nightly-2024-10-28-x86_64-unknown-linux-gnu/lib/rustlib/x86_64-unknown-linux-gnu/lib/libcore-d453bab70303062c.rlib" "/opt/rustwide/rustup-home/toolchains/nightly-2024-10-28-x86_64-unknown-linux-gnu/lib/rustlib/x86_64-unknown-linux-gnu/lib/libcompiler_builtins-0e6386368b0a24e8.rlib" "-Wl,-Bdynamic" "-lutil" "-ldl" "-lutil" "-lgcc_s" "-lutil" "-lrt" "-lpthread" "-lm" "-ldl" "-lc" "-B/opt/rustwide/rustup-home/toolchains/nightly-2024-10-28-x86_64-unknown-linux-gnu/lib/rustlib/x86_64-unknown-linux-gnu/bin/gcc-ld" "-fuse-ld=lld" "-Wl,--eh-frame-hdr" "-Wl,-z,noexecstack" "-L" "/opt/rustwide/rustup-home/toolchains/nightly-2024-10-28-x86_64-unknown-linux-gnu/lib/rustlib/x86_64-unknown-linux-gnu/lib" "-o" "/opt/rustwide/target/debug/build/libp2p-secio-b224d8d817f46b19/build_script_build-b224d8d817f46b19" "-Wl,--gc-sections" "-pie" "-Wl,-z,relro,-z,now" "-nodefaultlibs"
[INFO] [stdout]   = note: PLEASE submit a bug report to https://github.com/llvm/llvm-project/issues/ and include the crash backtrace.
[INFO] [stdout]           LLVM ERROR: IO failure on output stream: No space left on device
[INFO] [stdout]           collect2: error: ld returned 1 exit status
[INFO] [stdout]           
[INFO] [stdout] 
[INFO] [stdout] 
[INFO] [stderr] error: could not compile `libp2p-secio` (build script) due to 1 previous error
[INFO] [stderr] rustc-LLVM ERROR: IO failure on output stream: No space left on device
[INFO] [stderr] error: could not compile `sp-api-proc-macro` (lib)
[INFO] [stderr] 
[INFO] [stderr] Caused by:
[INFO] [stderr]   No space left on device (os error 28)
[INFO] [stderr] 
[INFO] [stderr] Caused by:
[INFO] [stderr]   failed to parse process output: `/opt/rustwide/rustup-home/toolchains/nightly-2024-10-28-x86_64-unknown-linux-gnu/bin/rustc --crate-name sp_api_proc_macro --edition=2018 /opt/rustwide/cargo-home/registry/src/index.crates.io-6f17d22bba15001f/sp-api-proc-macro-2.0.0-alpha.5/src/lib.rs --error-format=json --json=diagnostic-rendered-ansi,artifacts,future-incompat --crate-type proc-macro --emit=dep-info,link -C prefer-dynamic -C embed-bitcode=no --cfg 'feature="default"' --cfg 'feature="std"' --check-cfg 'cfg(docsrs)' --check-cfg 'cfg(feature, values("default", "std"))' -C metadata=1b599afcf225b27a -C extra-filename=-1b599afcf225b27a --out-dir /opt/rustwide/target/debug/deps -L dependency=/opt/rustwide/target/debug/deps --extern blake2_rfc=/opt/rustwide/target/debug/deps/libblake2_rfc-6579a60cdf118d3f.rlib --extern proc_macro_crate=/opt/rustwide/target/debug/deps/libproc_macro_crate-dd7c9340d1e1ce2c.rlib --extern proc_macro2=/opt/rustwide/target/debug/deps/libproc_macro2-77974f7c1bf840a2.rlib --extern quote=/opt/rustwide/target/debug/deps/libquote-3d3341959b1f4096.rlib --extern syn=/opt/rustwide/target/debug/deps/libsyn-3f34c6518194345d.rlib --extern proc_macro --cap-lints allow --cap-lints=forbid` (exit status: 101)
[INFO] [stdout] error: failed to write to `/opt/rustwide/target/debug/deps/rmetavy7WBH/lib.rmeta`: No space left on device (os error 28)
[INFO] [stdout] 
[INFO] [stdout] 
[INFO] [stderr] error: could not compile `yamux` (lib) due to 1 previous error
[INFO] [stdout] error: failed to write to `/opt/rustwide/target/debug/deps/rmetaMnm8hB/lib.rmeta`: No space left on device (os error 28)
[INFO] [stdout] 
[INFO] [stdout] 
[INFO] [stderr] The following warnings were emitted during compilation:
[INFO] [stderr] 
[INFO] [stderr] warning: backtrace-sys@0.1.35: src/libbacktrace/elf.c:3500:1: fatal error: error writing to /tmp/ccUZYfB8.s: No space left on device
[INFO] [stderr] warning: backtrace-sys@0.1.35:  3500 | }
[INFO] [stderr] warning: backtrace-sys@0.1.35:       | ^
[INFO] [stderr] warning: backtrace-sys@0.1.35: compilation terminated.
[INFO] [stderr] 
[INFO] [stderr] error: failed to run custom build command for `backtrace-sys v0.1.35`
[INFO] [stderr] note: To improve backtraces for build dependencies, set the CARGO_PROFILE_DEV_BUILD_OVERRIDE_DEBUG=true environment variable to enable debug information generation.
[INFO] [stderr] 
[INFO] [stderr] Caused by:
[INFO] [stderr]   process didn't exit successfully: `/opt/rustwide/target/debug/build/backtrace-sys-8005a6eb9e6632ba/build-script-build` (exit status: 1)
[INFO] [stderr]   --- stdout
[INFO] [stderr]   cargo:rustc-cfg=rbt
[INFO] [stderr]   TARGET = Some("x86_64-unknown-linux-gnu")
[INFO] [stderr]   OPT_LEVEL = Some("0")
[INFO] [stderr]   HOST = Some("x86_64-unknown-linux-gnu")
[INFO] [stderr]   CC_x86_64-unknown-linux-gnu = None
[INFO] [stderr]   CC_x86_64_unknown_linux_gnu = None
[INFO] [stderr]   HOST_CC = None
[INFO] [stderr]   CC = None
[INFO] [stderr]   CFLAGS_x86_64-unknown-linux-gnu = None
[INFO] [stderr]   CFLAGS_x86_64_unknown_linux_gnu = None
[INFO] [stderr]   HOST_CFLAGS = None
[INFO] [stderr]   CFLAGS = None
[INFO] [stderr]   CRATE_CC_NO_DEFAULTS = None
[INFO] [stderr]   CARGO_CFG_TARGET_FEATURE = Some("fxsr,sse,sse2")
[INFO] [stderr]   running: "cc" "-O0" "-ffunction-sections" "-fdata-sections" "-fPIC" "-m64" "-I" "src/libbacktrace" "-I" "/opt/rustwide/target/debug/build/backtrace-sys-c0089452b034f061/out" "-fvisibility=hidden" "-DBACKTRACE_ELF_SIZE=64" "-DBACKTRACE_SUPPORTED=1" "-DBACKTRACE_USES_MALLOC=1" "-DBACKTRACE_SUPPORTS_THREADS=0" "-DBACKTRACE_SUPPORTS_DATA=0" "-DHAVE_DL_ITERATE_PHDR=1" "-D_GNU_SOURCE=1" "-D_LARGE_FILES=1" "-Dbacktrace_full=__rbt_backtrace_full" "-Dbacktrace_dwarf_add=__rbt_backtrace_dwarf_add" "-Dbacktrace_initialize=__rbt_backtrace_initialize" "-Dbacktrace_pcinfo=__rbt_backtrace_pcinfo" "-Dbacktrace_syminfo=__rbt_backtrace_syminfo" "-Dbacktrace_get_view=__rbt_backtrace_get_view" "-Dbacktrace_release_view=__rbt_backtrace_release_view" "-Dbacktrace_alloc=__rbt_backtrace_alloc" "-Dbacktrace_free=__rbt_backtrace_free" "-Dbacktrace_vector_finish=__rbt_backtrace_vector_finish" "-Dbacktrace_vector_grow=__rbt_backtrace_vector_grow" "-Dbacktrace_vector_release=__rbt_backtrace_vector_release" "-Dbacktrace_close=__rbt_backtrace_close" "-Dbacktrace_open=__rbt_backtrace_open" "-Dbacktrace_print=__rbt_backtrace_print" "-Dbacktrace_simple=__rbt_backtrace_simple" "-Dbacktrace_qsort=__rbt_backtrace_qsort" "-Dbacktrace_create_state=__rbt_backtrace_create_state" "-Dbacktrace_uncompress_zdebug=__rbt_backtrace_uncompress_zdebug" "-Dmacho_get_view=__rbt_macho_get_view" "-Dmacho_symbol_type_relevant=__rbt_macho_symbol_type_relevant" "-Dmacho_get_commands=__rbt_macho_get_commands" "-Dmacho_try_dsym=__rbt_macho_try_dsym" "-Dmacho_try_dwarf=__rbt_macho_try_dwarf" "-Dmacho_get_addr_range=__rbt_macho_get_addr_range" "-Dmacho_get_uuid=__rbt_macho_get_uuid" "-Dmacho_add=__rbt_macho_add" "-Dmacho_add_symtab=__rbt_macho_add_symtab" "-Dmacho_file_to_host_u64=__rbt_macho_file_to_host_u64" "-Dmacho_file_to_host_u32=__rbt_macho_file_to_host_u32" "-Dmacho_file_to_host_u16=__rbt_macho_file_to_host_u16" "-o" "/opt/rustwide/target/debug/build/backtrace-sys-c0089452b034f061/out/src/libbacktrace/alloc.o" "-c" "src/libbacktrace/alloc.c"
[INFO] [stderr]   exit status: 0
[INFO] [stderr]   running: "cc" "-O0" "-ffunction-sections" "-fdata-sections" "-fPIC" "-m64" "-I" "src/libbacktrace" "-I" "/opt/rustwide/target/debug/build/backtrace-sys-c0089452b034f061/out" "-fvisibility=hidden" "-DBACKTRACE_ELF_SIZE=64" "-DBACKTRACE_SUPPORTED=1" "-DBACKTRACE_USES_MALLOC=1" "-DBACKTRACE_SUPPORTS_THREADS=0" "-DBACKTRACE_SUPPORTS_DATA=0" "-DHAVE_DL_ITERATE_PHDR=1" "-D_GNU_SOURCE=1" "-D_LARGE_FILES=1" "-Dbacktrace_full=__rbt_backtrace_full" "-Dbacktrace_dwarf_add=__rbt_backtrace_dwarf_add" "-Dbacktrace_initialize=__rbt_backtrace_initialize" "-Dbacktrace_pcinfo=__rbt_backtrace_pcinfo" "-Dbacktrace_syminfo=__rbt_backtrace_syminfo" "-Dbacktrace_get_view=__rbt_backtrace_get_view" "-Dbacktrace_release_view=__rbt_backtrace_release_view" "-Dbacktrace_alloc=__rbt_backtrace_alloc" "-Dbacktrace_free=__rbt_backtrace_free" "-Dbacktrace_vector_finish=__rbt_backtrace_vector_finish" "-Dbacktrace_vector_grow=__rbt_backtrace_vector_grow" "-Dbacktrace_vector_release=__rbt_backtrace_vector_release" "-Dbacktrace_close=__rbt_backtrace_close" "-Dbacktrace_open=__rbt_backtrace_open" "-Dbacktrace_print=__rbt_backtrace_print" "-Dbacktrace_simple=__rbt_backtrace_simple" "-Dbacktrace_qsort=__rbt_backtrace_qsort" "-Dbacktrace_create_state=__rbt_backtrace_create_state" "-Dbacktrace_uncompress_zdebug=__rbt_backtrace_uncompress_zdebug" "-Dmacho_get_view=__rbt_macho_get_view" "-Dmacho_symbol_type_relevant=__rbt_macho_symbol_type_relevant" "-Dmacho_get_commands=__rbt_macho_get_commands" "-Dmacho_try_dsym=__rbt_macho_try_dsym" "-Dmacho_try_dwarf=__rbt_macho_try_dwarf" "-Dmacho_get_addr_range=__rbt_macho_get_addr_range" "-Dmacho_get_uuid=__rbt_macho_get_uuid" "-Dmacho_add=__rbt_macho_add" "-Dmacho_add_symtab=__rbt_macho_add_symtab" "-Dmacho_file_to_host_u64=__rbt_macho_file_to_host_u64" "-Dmacho_file_to_host_u32=__rbt_macho_file_to_host_u32" "-Dmacho_file_to_host_u16=__rbt_macho_file_to_host_u16" "-o" "/opt/rustwide/target/debug/build/backtrace-sys-c0089452b034f061/out/src/libbacktrace/dwarf.o" "-c" "src/libbacktrace/dwarf.c"
[INFO] [stderr]   exit status: 0
[INFO] [stderr]   running: "cc" "-O0" "-ffunction-sections" "-fdata-sections" "-fPIC" "-m64" "-I" "src/libbacktrace" "-I" "/opt/rustwide/target/debug/build/backtrace-sys-c0089452b034f061/out" "-fvisibility=hidden" "-DBACKTRACE_ELF_SIZE=64" "-DBACKTRACE_SUPPORTED=1" "-DBACKTRACE_USES_MALLOC=1" "-DBACKTRACE_SUPPORTS_THREADS=0" "-DBACKTRACE_SUPPORTS_DATA=0" "-DHAVE_DL_ITERATE_PHDR=1" "-D_GNU_SOURCE=1" "-D_LARGE_FILES=1" "-Dbacktrace_full=__rbt_backtrace_full" "-Dbacktrace_dwarf_add=__rbt_backtrace_dwarf_add" "-Dbacktrace_initialize=__rbt_backtrace_initialize" "-Dbacktrace_pcinfo=__rbt_backtrace_pcinfo" "-Dbacktrace_syminfo=__rbt_backtrace_syminfo" "-Dbacktrace_get_view=__rbt_backtrace_get_view" "-Dbacktrace_release_view=__rbt_backtrace_release_view" "-Dbacktrace_alloc=__rbt_backtrace_alloc" "-Dbacktrace_free=__rbt_backtrace_free" "-Dbacktrace_vector_finish=__rbt_backtrace_vector_finish" "-Dbacktrace_vector_grow=__rbt_backtrace_vector_grow" "-Dbacktrace_vector_release=__rbt_backtrace_vector_release" "-Dbacktrace_close=__rbt_backtrace_close" "-Dbacktrace_open=__rbt_backtrace_open" "-Dbacktrace_print=__rbt_backtrace_print" "-Dbacktrace_simple=__rbt_backtrace_simple" "-Dbacktrace_qsort=__rbt_backtrace_qsort" "-Dbacktrace_create_state=__rbt_backtrace_create_state" "-Dbacktrace_uncompress_zdebug=__rbt_backtrace_uncompress_zdebug" "-Dmacho_get_view=__rbt_macho_get_view" "-Dmacho_symbol_type_relevant=__rbt_macho_symbol_type_relevant" "-Dmacho_get_commands=__rbt_macho_get_commands" "-Dmacho_try_dsym=__rbt_macho_try_dsym" "-Dmacho_try_dwarf=__rbt_macho_try_dwarf" "-Dmacho_get_addr_range=__rbt_macho_get_addr_range" "-Dmacho_get_uuid=__rbt_macho_get_uuid" "-Dmacho_add=__rbt_macho_add" "-Dmacho_add_symtab=__rbt_macho_add_symtab" "-Dmacho_file_to_host_u64=__rbt_macho_file_to_host_u64" "-Dmacho_file_to_host_u32=__rbt_macho_file_to_host_u32" "-Dmacho_file_to_host_u16=__rbt_macho_file_to_host_u16" "-o" "/opt/rustwide/target/debug/build/backtrace-sys-c0089452b034f061/out/src/libbacktrace/fileline.o" "-c" "src/libbacktrace/fileline.c"
[INFO] [stderr]   running: "cc" "-O0" "-ffunction-sections" "-fdata-sections" "-fPIC" "-m64" "-I" "src/libbacktrace" "-I" "/opt/rustwide/target/debug/build/backtrace-sys-c0089452b034f061/out" "-fvisibility=hidden" "-DBACKTRACE_ELF_SIZE=64" "-DBACKTRACE_SUPPORTED=1" "-DBACKTRACE_USES_MALLOC=1" "-DBACKTRACE_SUPPORTS_THREADS=0" "-DBACKTRACE_SUPPORTS_DATA=0" "-DHAVE_DL_ITERATE_PHDR=1" "-D_GNU_SOURCE=1" "-D_LARGE_FILES=1" "-Dbacktrace_full=__rbt_backtrace_full" "-Dbacktrace_dwarf_add=__rbt_backtrace_dwarf_add" "-Dbacktrace_initialize=__rbt_backtrace_initialize" "-Dbacktrace_pcinfo=__rbt_backtrace_pcinfo" "-Dbacktrace_syminfo=__rbt_backtrace_syminfo" "-Dbacktrace_get_view=__rbt_backtrace_get_view" "-Dbacktrace_release_view=__rbt_backtrace_release_view" "-Dbacktrace_alloc=__rbt_backtrace_alloc" "-Dbacktrace_free=__rbt_backtrace_free" "-Dbacktrace_vector_finish=__rbt_backtrace_vector_finish" "-Dbacktrace_vector_grow=__rbt_backtrace_vector_grow" "-Dbacktrace_vector_release=__rbt_backtrace_vector_release" "-Dbacktrace_close=__rbt_backtrace_close" "-Dbacktrace_open=__rbt_backtrace_open" "-Dbacktrace_print=__rbt_backtrace_print" "-Dbacktrace_simple=__rbt_backtrace_simple" "-Dbacktrace_qsort=__rbt_backtrace_qsort" "-Dbacktrace_create_state=__rbt_backtrace_create_state" "-Dbacktrace_uncompress_zdebug=__rbt_backtrace_uncompress_zdebug" "-Dmacho_get_view=__rbt_macho_get_view" "-Dmacho_symbol_type_relevant=__rbt_macho_symbol_type_relevant" "-Dmacho_get_commands=__rbt_macho_get_commands" "-Dmacho_try_dsym=__rbt_macho_try_dsym" "-Dmacho_try_dwarf=__rbt_macho_try_dwarf" "-Dmacho_get_addr_range=__rbt_macho_get_addr_range" "-Dmacho_get_uuid=__rbt_macho_get_uuid" "-Dmacho_add=__rbt_macho_add" "-Dmacho_add_symtab=__rbt_macho_add_symtab" "-Dmacho_file_to_host_u64=__rbt_macho_file_to_host_u64" "-Dmacho_file_to_host_u32=__rbt_macho_file_to_host_u32" "-Dmacho_file_to_host_u16=__rbt_macho_file_to_host_u16" "-o" "/opt/rustwide/target/debug/build/backtrace-sys-c0089452b034f061/out/src/libbacktrace/posix.o" "-c" "src/libbacktrace/posix.c"
[INFO] [stderr]   exit status: 0
[INFO] [stderr]   exit status: 0
[INFO] [stderr]   running: "cc" "-O0" "-ffunction-sections" "-fdata-sections" "-fPIC" "-m64" "-I" "src/libbacktrace" "-I" "/opt/rustwide/target/debug/build/backtrace-sys-c0089452b034f061/out" "-fvisibility=hidden" "-DBACKTRACE_ELF_SIZE=64" "-DBACKTRACE_SUPPORTED=1" "-DBACKTRACE_USES_MALLOC=1" "-DBACKTRACE_SUPPORTS_THREADS=0" "-DBACKTRACE_SUPPORTS_DATA=0" "-DHAVE_DL_ITERATE_PHDR=1" "-D_GNU_SOURCE=1" "-D_LARGE_FILES=1" "-Dbacktrace_full=__rbt_backtrace_full" "-Dbacktrace_dwarf_add=__rbt_backtrace_dwarf_add" "-Dbacktrace_initialize=__rbt_backtrace_initialize" "-Dbacktrace_pcinfo=__rbt_backtrace_pcinfo" "-Dbacktrace_syminfo=__rbt_backtrace_syminfo" "-Dbacktrace_get_view=__rbt_backtrace_get_view" "-Dbacktrace_release_view=__rbt_backtrace_release_view" "-Dbacktrace_alloc=__rbt_backtrace_alloc" "-Dbacktrace_free=__rbt_backtrace_free" "-Dbacktrace_vector_finish=__rbt_backtrace_vector_finish" "-Dbacktrace_vector_grow=__rbt_backtrace_vector_grow" "-Dbacktrace_vector_release=__rbt_backtrace_vector_release" "-Dbacktrace_close=__rbt_backtrace_close" "-Dbacktrace_open=__rbt_backtrace_open" "-Dbacktrace_print=__rbt_backtrace_print" "-Dbacktrace_simple=__rbt_backtrace_simple" "-Dbacktrace_qsort=__rbt_backtrace_qsort" "-Dbacktrace_create_state=__rbt_backtrace_create_state" "-Dbacktrace_uncompress_zdebug=__rbt_backtrace_uncompress_zdebug" "-Dmacho_get_view=__rbt_macho_get_view" "-Dmacho_symbol_type_relevant=__rbt_macho_symbol_type_relevant" "-Dmacho_get_commands=__rbt_macho_get_commands" "-Dmacho_try_dsym=__rbt_macho_try_dsym" "-Dmacho_try_dwarf=__rbt_macho_try_dwarf" "-Dmacho_get_addr_range=__rbt_macho_get_addr_range" "-Dmacho_get_uuid=__rbt_macho_get_uuid" "-Dmacho_add=__rbt_macho_add" "-Dmacho_add_symtab=__rbt_macho_add_symtab" "-Dmacho_file_to_host_u64=__rbt_macho_file_to_host_u64" "-Dmacho_file_to_host_u32=__rbt_macho_file_to_host_u32" "-Dmacho_file_to_host_u16=__rbt_macho_file_to_host_u16" "-o" "/opt/rustwide/target/debug/build/backtrace-sys-c0089452b034f061/out/src/libbacktrace/sort.o" "-c" "src/libbacktrace/sort.c"
[INFO] [stderr]   exit status: 0
[INFO] [stderr]   running: "cc" "-O0" "-ffunction-sections" "-fdata-sections" "-fPIC" "-m64" "-I" "src/libbacktrace" "-I" "/opt/rustwide/target/debug/build/backtrace-sys-c0089452b034f061/out" "-fvisibility=hidden" "-DBACKTRACE_ELF_SIZE=64" "-DBACKTRACE_SUPPORTED=1" "-DBACKTRACE_USES_MALLOC=1" "-DBACKTRACE_SUPPORTS_THREADS=0" "-DBACKTRACE_SUPPORTS_DATA=0" "-DHAVE_DL_ITERATE_PHDR=1" "-D_GNU_SOURCE=1" "-D_LARGE_FILES=1" "-Dbacktrace_full=__rbt_backtrace_full" "-Dbacktrace_dwarf_add=__rbt_backtrace_dwarf_add" "-Dbacktrace_initialize=__rbt_backtrace_initialize" "-Dbacktrace_pcinfo=__rbt_backtrace_pcinfo" "-Dbacktrace_syminfo=__rbt_backtrace_syminfo" "-Dbacktrace_get_view=__rbt_backtrace_get_view" "-Dbacktrace_release_view=__rbt_backtrace_release_view" "-Dbacktrace_alloc=__rbt_backtrace_alloc" "-Dbacktrace_free=__rbt_backtrace_free" "-Dbacktrace_vector_finish=__rbt_backtrace_vector_finish" "-Dbacktrace_vector_grow=__rbt_backtrace_vector_grow" "-Dbacktrace_vector_release=__rbt_backtrace_vector_release" "-Dbacktrace_close=__rbt_backtrace_close" "-Dbacktrace_open=__rbt_backtrace_open" "-Dbacktrace_print=__rbt_backtrace_print" "-Dbacktrace_simple=__rbt_backtrace_simple" "-Dbacktrace_qsort=__rbt_backtrace_qsort" "-Dbacktrace_create_state=__rbt_backtrace_create_state" "-Dbacktrace_uncompress_zdebug=__rbt_backtrace_uncompress_zdebug" "-Dmacho_get_view=__rbt_macho_get_view" "-Dmacho_symbol_type_relevant=__rbt_macho_symbol_type_relevant" "-Dmacho_get_commands=__rbt_macho_get_commands" "-Dmacho_try_dsym=__rbt_macho_try_dsym" "-Dmacho_try_dwarf=__rbt_macho_try_dwarf" "-Dmacho_get_addr_range=__rbt_macho_get_addr_range" "-Dmacho_get_uuid=__rbt_macho_get_uuid" "-Dmacho_add=__rbt_macho_add" "-Dmacho_add_symtab=__rbt_macho_add_symtab" "-Dmacho_file_to_host_u64=__rbt_macho_file_to_host_u64" "-Dmacho_file_to_host_u32=__rbt_macho_file_to_host_u32" "-Dmacho_file_to_host_u16=__rbt_macho_file_to_host_u16" "-o" "/opt/rustwide/target/debug/build/backtrace-sys-c0089452b034f061/out/src/libbacktrace/state.o" "-c" "src/libbacktrace/state.c"
[INFO] [stderr]   exit status: 0
[INFO] [stderr]   running: "cc" "-O0" "-ffunction-sections" "-fdata-sections" "-fPIC" "-m64" "-I" "src/libbacktrace" "-I" "/opt/rustwide/target/debug/build/backtrace-sys-c0089452b034f061/out" "-fvisibility=hidden" "-DBACKTRACE_ELF_SIZE=64" "-DBACKTRACE_SUPPORTED=1" "-DBACKTRACE_USES_MALLOC=1" "-DBACKTRACE_SUPPORTS_THREADS=0" "-DBACKTRACE_SUPPORTS_DATA=0" "-DHAVE_DL_ITERATE_PHDR=1" "-D_GNU_SOURCE=1" "-D_LARGE_FILES=1" "-Dbacktrace_full=__rbt_backtrace_full" "-Dbacktrace_dwarf_add=__rbt_backtrace_dwarf_add" "-Dbacktrace_initialize=__rbt_backtrace_initialize" "-Dbacktrace_pcinfo=__rbt_backtrace_pcinfo" "-Dbacktrace_syminfo=__rbt_backtrace_syminfo" "-Dbacktrace_get_view=__rbt_backtrace_get_view" "-Dbacktrace_release_view=__rbt_backtrace_release_view" "-Dbacktrace_alloc=__rbt_backtrace_alloc" "-Dbacktrace_free=__rbt_backtrace_free" "-Dbacktrace_vector_finish=__rbt_backtrace_vector_finish" "-Dbacktrace_vector_grow=__rbt_backtrace_vector_grow" "-Dbacktrace_vector_release=__rbt_backtrace_vector_release" "-Dbacktrace_close=__rbt_backtrace_close" "-Dbacktrace_open=__rbt_backtrace_open" "-Dbacktrace_print=__rbt_backtrace_print" "-Dbacktrace_simple=__rbt_backtrace_simple" "-Dbacktrace_qsort=__rbt_backtrace_qsort" "-Dbacktrace_create_state=__rbt_backtrace_create_state" "-Dbacktrace_uncompress_zdebug=__rbt_backtrace_uncompress_zdebug" "-Dmacho_get_view=__rbt_macho_get_view" "-Dmacho_symbol_type_relevant=__rbt_macho_symbol_type_relevant" "-Dmacho_get_commands=__rbt_macho_get_commands" "-Dmacho_try_dsym=__rbt_macho_try_dsym" "-Dmacho_try_dwarf=__rbt_macho_try_dwarf" "-Dmacho_get_addr_range=__rbt_macho_get_addr_range" "-Dmacho_get_uuid=__rbt_macho_get_uuid" "-Dmacho_add=__rbt_macho_add" "-Dmacho_add_symtab=__rbt_macho_add_symtab" "-Dmacho_file_to_host_u64=__rbt_macho_file_to_host_u64" "-Dmacho_file_to_host_u32=__rbt_macho_file_to_host_u32" "-Dmacho_file_to_host_u16=__rbt_macho_file_to_host_u16" "-o" "/opt/rustwide/target/debug/build/backtrace-sys-c0089452b034f061/out/src/libbacktrace/mmapio.o" "-c" "src/libbacktrace/mmapio.c"
[INFO] [stderr]   running: "cc" "-O0" "-ffunction-sections" "-fdata-sections" "-fPIC" "-m64" "-I" "src/libbacktrace" "-I" "/opt/rustwide/target/debug/build/backtrace-sys-c0089452b034f061/out" "-fvisibility=hidden" "-DBACKTRACE_ELF_SIZE=64" "-DBACKTRACE_SUPPORTED=1" "-DBACKTRACE_USES_MALLOC=1" "-DBACKTRACE_SUPPORTS_THREADS=0" "-DBACKTRACE_SUPPORTS_DATA=0" "-DHAVE_DL_ITERATE_PHDR=1" "-D_GNU_SOURCE=1" "-D_LARGE_FILES=1" "-Dbacktrace_full=__rbt_backtrace_full" "-Dbacktrace_dwarf_add=__rbt_backtrace_dwarf_add" "-Dbacktrace_initialize=__rbt_backtrace_initialize" "-Dbacktrace_pcinfo=__rbt_backtrace_pcinfo" "-Dbacktrace_syminfo=__rbt_backtrace_syminfo" "-Dbacktrace_get_view=__rbt_backtrace_get_view" "-Dbacktrace_release_view=__rbt_backtrace_release_view" "-Dbacktrace_alloc=__rbt_backtrace_alloc" "-Dbacktrace_free=__rbt_backtrace_free" "-Dbacktrace_vector_finish=__rbt_backtrace_vector_finish" "-Dbacktrace_vector_grow=__rbt_backtrace_vector_grow" "-Dbacktrace_vector_release=__rbt_backtrace_vector_release" "-Dbacktrace_close=__rbt_backtrace_close" "-Dbacktrace_open=__rbt_backtrace_open" "-Dbacktrace_print=__rbt_backtrace_print" "-Dbacktrace_simple=__rbt_backtrace_simple" "-Dbacktrace_qsort=__rbt_backtrace_qsort" "-Dbacktrace_create_state=__rbt_backtrace_create_state" "-Dbacktrace_uncompress_zdebug=__rbt_backtrace_uncompress_zdebug" "-Dmacho_get_view=__rbt_macho_get_view" "-Dmacho_symbol_type_relevant=__rbt_macho_symbol_type_relevant" "-Dmacho_get_commands=__rbt_macho_get_commands" "-Dmacho_try_dsym=__rbt_macho_try_dsym" "-Dmacho_try_dwarf=__rbt_macho_try_dwarf" "-Dmacho_get_addr_range=__rbt_macho_get_addr_range" "-Dmacho_get_uuid=__rbt_macho_get_uuid" "-Dmacho_add=__rbt_macho_add" "-Dmacho_add_symtab=__rbt_macho_add_symtab" "-Dmacho_file_to_host_u64=__rbt_macho_file_to_host_u64" "-Dmacho_file_to_host_u32=__rbt_macho_file_to_host_u32" "-Dmacho_file_to_host_u16=__rbt_macho_file_to_host_u16" "-o" "/opt/rustwide/target/debug/build/backtrace-sys-c0089452b034f061/out/src/libbacktrace/elf.o" "-c" "src/libbacktrace/elf.c"
[INFO] [stderr]   exit status: 0
[INFO] [stderr]   cargo:warning=src/libbacktrace/elf.c:3500:1: fatal error: error writing to /tmp/ccUZYfB8.s: No space left on device
[INFO] [stderr]   cargo:warning= 3500 | }
[INFO] [stderr]   cargo:warning=      | ^
[INFO] [stderr]   cargo:warning=compilation terminated.
[INFO] [stderr]   exit status: 1
[INFO] [stderr] 
[INFO] [stderr]   --- stderr
[INFO] [stderr] 
[INFO] [stderr] 
[INFO] [stderr]   error occurred: Command "cc" "-O0" "-ffunction-sections" "-fdata-sections" "-fPIC" "-m64" "-I" "src/libbacktrace" "-I" "/opt/rustwide/target/debug/build/backtrace-sys-c0089452b034f061/out" "-fvisibility=hidden" "-DBACKTRACE_ELF_SIZE=64" "-DBACKTRACE_SUPPORTED=1" "-DBACKTRACE_USES_MALLOC=1" "-DBACKTRACE_SUPPORTS_THREADS=0" "-DBACKTRACE_SUPPORTS_DATA=0" "-DHAVE_DL_ITERATE_PHDR=1" "-D_GNU_SOURCE=1" "-D_LARGE_FILES=1" "-Dbacktrace_full=__rbt_backtrace_full" "-Dbacktrace_dwarf_add=__rbt_backtrace_dwarf_add" "-Dbacktrace_initialize=__rbt_backtrace_initialize" "-Dbacktrace_pcinfo=__rbt_backtrace_pcinfo" "-Dbacktrace_syminfo=__rbt_backtrace_syminfo" "-Dbacktrace_get_view=__rbt_backtrace_get_view" "-Dbacktrace_release_view=__rbt_backtrace_release_view" "-Dbacktrace_alloc=__rbt_backtrace_alloc" "-Dbacktrace_free=__rbt_backtrace_free" "-Dbacktrace_vector_finish=__rbt_backtrace_vector_finish" "-Dbacktrace_vector_grow=__rbt_backtrace_vector_grow" "-Dbacktrace_vector_release=__rbt_backtrace_vector_release" "-Dbacktrace_close=__rbt_backtrace_close" "-Dbacktrace_open=__rbt_backtrace_open" "-Dbacktrace_print=__rbt_backtrace_print" "-Dbacktrace_simple=__rbt_backtrace_simple" "-Dbacktrace_qsort=__rbt_backtrace_qsort" "-Dbacktrace_create_state=__rbt_backtrace_create_state" "-Dbacktrace_uncompress_zdebug=__rbt_backtrace_uncompress_zdebug" "-Dmacho_get_view=__rbt_macho_get_view" "-Dmacho_symbol_type_relevant=__rbt_macho_symbol_type_relevant" "-Dmacho_get_commands=__rbt_macho_get_commands" "-Dmacho_try_dsym=__rbt_macho_try_dsym" "-Dmacho_try_dwarf=__rbt_macho_try_dwarf" "-Dmacho_get_addr_range=__rbt_macho_get_addr_range" "-Dmacho_get_uuid=__rbt_macho_get_uuid" "-Dmacho_add=__rbt_macho_add" "-Dmacho_add_symtab=__rbt_macho_add_symtab" "-Dmacho_file_to_host_u64=__rbt_macho_file_to_host_u64" "-Dmacho_file_to_host_u32=__rbt_macho_file_to_host_u32" "-Dmacho_file_to_host_u16=__rbt_macho_file_to_host_u16" "-o" "/opt/rustwide/target/debug/build/backtrace-sys-c0089452b034f061/out/src/libbacktrace/elf.o" "-c" "src/libbacktrace/elf.c" with args "cc" did not execute successfully (status code exit status: 1).
[INFO] [stderr] 
[INFO] [stderr] 
[INFO] [stderr] error: could not compile `parity-scale-codec` (lib) due to 1 previous error
[INFO] [stderr] rustc-LLVM ERROR: IO failure on output stream: No space left on device
[INFO] [stderr] error: could not compile `rustls` (lib)
[INFO] [stderr] 
[INFO] [stderr] Caused by:
[INFO] [stderr]   No space left on device (os error 28)
[INFO] [stderr] 
[INFO] [stderr] Caused by:
[INFO] [stderr]   failed to parse process output: `/opt/rustwide/rustup-home/toolchains/nightly-2024-10-28-x86_64-unknown-linux-gnu/bin/rustc --crate-name rustls --edition=2018 /opt/rustwide/cargo-home/registry/src/index.crates.io-6f17d22bba15001f/rustls-0.16.0/src/lib.rs --error-format=json --json=diagnostic-rendered-ansi,artifacts,future-incompat --crate-type lib --emit=dep-info,metadata,link -C embed-bitcode=no -C debuginfo=2 --cfg 'feature="default"' --cfg 'feature="log"' --cfg 'feature="logging"' --check-cfg 'cfg(docsrs)' --check-cfg 'cfg(feature, values("dangerous_configuration", "default", "log", "logging", "quic"))' -C metadata=72b6641b80c65140 -C extra-filename=-72b6641b80c65140 --out-dir /opt/rustwide/target/debug/deps -L dependency=/opt/rustwide/target/debug/deps --extern base64=/opt/rustwide/target/debug/deps/libbase64-3ecda58766fd15fb.rmeta --extern log=/opt/rustwide/target/debug/deps/liblog-e29da1639971b6d9.rmeta --extern ring=/opt/rustwide/target/debug/deps/libring-b52642b0acc46a3a.rmeta --extern sct=/opt/rustwide/target/debug/deps/libsct-2262061c1e08d215.rmeta --extern webpki=/opt/rustwide/target/debug/deps/libwebpki-8146e664dc889b1e.rmeta --cap-lints allow --cap-lints=forbid -L native=/opt/rustwide/target/debug/build/ring-a7201ff54a7dd4c0/out` (exit status: 101)
[INFO] [stderr] rustc-LLVM ERROR: IO failure on output stream: No space left on device
[INFO] [stderr] error: could not compile `soketto` (lib)
[INFO] [stderr] 
[INFO] [stderr] Caused by:
[INFO] [stderr]   No space left on device (os error 28)
[INFO] [stderr] 
[INFO] [stderr] Caused by:
[INFO] [stderr]   failed to parse process output: `/opt/rustwide/rustup-home/toolchains/nightly-2024-10-28-x86_64-unknown-linux-gnu/bin/rustc --crate-name soketto --edition=2018 /opt/rustwide/cargo-home/registry/src/index.crates.io-6f17d22bba15001f/soketto-0.3.2/src/lib.rs --error-format=json --json=diagnostic-rendered-ansi,artifacts,future-incompat --crate-type lib --emit=dep-info,metadata,link -C embed-bitcode=no -C debuginfo=2 --cfg 'feature="deflate"' --cfg 'feature="flate2"' --check-cfg 'cfg(docsrs)' --check-cfg 'cfg(feature, values("deflate", "flate2"))' -C metadata=4322b14a6a6023a7 -C extra-filename=-4322b14a6a6023a7 --out-dir /opt/rustwide/target/debug/deps -L dependency=/opt/rustwide/target/debug/deps --extern base64=/opt/rustwide/target/debug/deps/libbase64-dd9f4f0fa04f6fb9.rmeta --extern bytes=/opt/rustwide/target/debug/deps/libbytes-df727280fd1b2aea.rmeta --extern flate2=/opt/rustwide/target/debug/deps/libflate2-4f07583ff021b3f0.rmeta --extern futures=/opt/rustwide/target/debug/deps/libfutures-b0cb1ae9e59db120.rmeta --extern http=/opt/rustwide/target/debug/deps/libhttp-6419326d028da0d7.rmeta --extern httparse=/opt/rustwide/target/debug/deps/libhttparse-9ed4763342c96811.rmeta --extern log=/opt/rustwide/target/debug/deps/liblog-e29da1639971b6d9.rmeta --extern rand=/opt/rustwide/target/debug/deps/librand-644b6ccce2361a48.rmeta --extern sha1=/opt/rustwide/target/debug/deps/libsha1-9f5109596f8cd340.rmeta --extern smallvec=/opt/rustwide/target/debug/deps/libsmallvec-bad6bb7e3cb80b6e.rmeta --extern static_assertions=/opt/rustwide/target/debug/deps/libstatic_assertions-14a197ae77f98fdb.rmeta --extern thiserror=/opt/rustwide/target/debug/deps/libthiserror-c0412f58814bb6f7.rmeta --cap-lints allow --cap-lints=forbid -L native=/usr/lib/x86_64-linux-gnu` (exit status: 101)
[INFO] running `Command { std: "docker" "inspect" "a2b0204d2ea0293a6d61d5c2eb2bde1874360410cf53dded9ca59005b5701f41", kill_on_drop: false }`
[INFO] running `Command { std: "docker" "rm" "-f" "a2b0204d2ea0293a6d61d5c2eb2bde1874360410cf53dded9ca59005b5701f41", kill_on_drop: false }`
[INFO] [stdout] a2b0204d2ea0293a6d61d5c2eb2bde1874360410cf53dded9ca59005b5701f41
