[INFO] cloning repository https://github.com/ZTaboo/iron_tree
[INFO] running `Command { std: "git" "-c" "credential.helper=" "-c" "credential.helper=/workspace/cargo-home/bin/git-credential-null" "clone" "--bare" "https://github.com/ZTaboo/iron_tree" "/workspace/cache/git-repos/https%3A%2F%2Fgithub.com%2FZTaboo%2Firon_tree", kill_on_drop: false }`
[INFO] [stderr] Cloning into bare repository '/workspace/cache/git-repos/https%3A%2F%2Fgithub.com%2FZTaboo%2Firon_tree'...
[INFO] running `Command { std: "git" "rev-parse" "HEAD", kill_on_drop: false }`
[INFO] [stdout] c05d64869101a394ce34410966c2252731b455e9
[INFO] testing ZTaboo/iron_tree/c05d64869101a394ce34410966c2252731b455e9 against nightly-2024-10-28 for randomize-layout
[INFO] running `Command { std: "git" "clone" "/workspace/cache/git-repos/https%3A%2F%2Fgithub.com%2FZTaboo%2Firon_tree" "/workspace/builds/worker-2-tc1/source", kill_on_drop: false }`
[INFO] [stderr] Cloning into '/workspace/builds/worker-2-tc1/source'...
[INFO] [stderr] done.
[INFO] validating manifest of git repo https://github.com/ZTaboo/iron_tree on toolchain nightly-2024-10-28
[INFO] running `Command { std: CARGO_HOME="/workspace/cargo-home" RUSTUP_HOME="/workspace/rustup-home" "/workspace/cargo-home/bin/cargo" "+nightly-2024-10-28" "metadata" "--manifest-path" "Cargo.toml" "--no-deps", kill_on_drop: false }`
[INFO] started tweaking git repo https://github.com/ZTaboo/iron_tree
[INFO] finished tweaking git repo https://github.com/ZTaboo/iron_tree
[INFO] tweaked toml for git repo https://github.com/ZTaboo/iron_tree written to /workspace/builds/worker-2-tc1/source/Cargo.toml
[INFO] crate git repo https://github.com/ZTaboo/iron_tree already has a lockfile, it will not be regenerated
[INFO] running `Command { std: CARGO_HOME="/workspace/cargo-home" RUSTUP_HOME="/workspace/rustup-home" "/workspace/cargo-home/bin/cargo" "+nightly-2024-10-28" "fetch" "--manifest-path" "Cargo.toml", kill_on_drop: false }`
[INFO] [stderr]     Updating crates.io index
[INFO] [stderr]  Downloading crates ...
[INFO] [stderr]   Downloaded captcha-rs v0.2.10
[INFO] [stderr]   Downloaded mongodb v2.7.1
[INFO] running `Command { std: "docker" "create" "-v" "/var/lib/crater-agent-workspace/builds/worker-2-tc1/target:/opt/rustwide/target:rw,Z" "-v" "/var/lib/crater-agent-workspace/builds/worker-2-tc1/source:/opt/rustwide/workdir:ro,Z" "-v" "/var/lib/crater-agent-workspace/cargo-home:/opt/rustwide/cargo-home:ro,Z" "-v" "/var/lib/crater-agent-workspace/rustup-home:/opt/rustwide/rustup-home:ro,Z" "-e" "SOURCE_DIR=/opt/rustwide/workdir" "-e" "CARGO_TARGET_DIR=/opt/rustwide/target" "-e" "CARGO_HOME=/opt/rustwide/cargo-home" "-e" "RUSTUP_HOME=/opt/rustwide/rustup-home" "-w" "/opt/rustwide/workdir" "-m" "1610612736" "--user" "0:0" "--network" "none" "ghcr.io/rust-lang/crates-build-env/linux@sha256:4a844ea9eb2546a2d2c7022eacef16ef2e8229c7fbb2c7d4d55a9ceca922f72d" "/opt/rustwide/cargo-home/bin/cargo" "+nightly-2024-10-28" "metadata" "--no-deps" "--format-version=1", kill_on_drop: false }`
[INFO] [stdout] 4ad20b38beb5aae447f72ce882c5696760eea52ad7b12eeeaee5804195307628
[INFO] running `Command { std: "docker" "start" "-a" "4ad20b38beb5aae447f72ce882c5696760eea52ad7b12eeeaee5804195307628", kill_on_drop: false }`
[INFO] running `Command { std: "docker" "inspect" "4ad20b38beb5aae447f72ce882c5696760eea52ad7b12eeeaee5804195307628", kill_on_drop: false }`
[INFO] running `Command { std: "docker" "rm" "-f" "4ad20b38beb5aae447f72ce882c5696760eea52ad7b12eeeaee5804195307628", kill_on_drop: false }`
[INFO] [stdout] 4ad20b38beb5aae447f72ce882c5696760eea52ad7b12eeeaee5804195307628
[INFO] running `Command { std: "docker" "create" "-v" "/var/lib/crater-agent-workspace/builds/worker-2-tc1/target:/opt/rustwide/target:rw,Z" "-v" "/var/lib/crater-agent-workspace/builds/worker-2-tc1/source:/opt/rustwide/workdir:ro,Z" "-v" "/var/lib/crater-agent-workspace/cargo-home:/opt/rustwide/cargo-home:ro,Z" "-v" "/var/lib/crater-agent-workspace/rustup-home:/opt/rustwide/rustup-home:ro,Z" "-e" "SOURCE_DIR=/opt/rustwide/workdir" "-e" "CARGO_TARGET_DIR=/opt/rustwide/target" "-e" "CARGO_INCREMENTAL=0" "-e" "RUST_BACKTRACE=full" "-e" "RUSTFLAGS=--cap-lints=forbid" "-e" "RUSTDOCFLAGS=--cap-lints=forbid" "-e" "CARGO_HOME=/opt/rustwide/cargo-home" "-e" "RUSTUP_HOME=/opt/rustwide/rustup-home" "-w" "/opt/rustwide/workdir" "-m" "1610612736" "--user" "0:0" "--network" "none" "ghcr.io/rust-lang/crates-build-env/linux@sha256:4a844ea9eb2546a2d2c7022eacef16ef2e8229c7fbb2c7d4d55a9ceca922f72d" "/opt/rustwide/cargo-home/bin/cargo" "+nightly-2024-10-28" "build" "--frozen" "--message-format=json", kill_on_drop: false }`
[INFO] [stdout] e3f9cc627b9c9e007a9bfee838c3c4fcaacf920a95ffa89733b41d2c83411422
[INFO] running `Command { std: "docker" "start" "-a" "e3f9cc627b9c9e007a9bfee838c3c4fcaacf920a95ffa89733b41d2c83411422", kill_on_drop: false }`
[INFO] [stderr]    Compiling autocfg v1.1.0
[INFO] [stderr]    Compiling libc v0.2.150
[INFO] [stderr]    Compiling proc-macro2 v1.0.70
[INFO] [stderr]    Compiling unicode-ident v1.0.12
[INFO] [stderr]    Compiling cfg-if v1.0.0
[INFO] [stderr]    Compiling version_check v0.9.4
[INFO] [stderr]    Compiling futures-core v0.3.29
[INFO] [stderr]    Compiling pin-project-lite v0.2.13
[INFO] [stderr]    Compiling typenum v1.17.0
[INFO] [stderr]    Compiling bytes v1.5.0
[INFO] [stderr]    Compiling once_cell v1.18.0
[INFO] [stderr]    Compiling futures-sink v0.3.29
[INFO] [stderr]    Compiling futures-task v0.3.29
[INFO] [stderr]    Compiling log v0.4.20
[INFO] [stderr]    Compiling futures-channel v0.3.29
[INFO] [stderr]    Compiling num-traits v0.2.17
[INFO] [stderr]    Compiling slab v0.4.9
[INFO] [stderr]    Compiling futures-util v0.3.29
[INFO] [stderr]    Compiling futures-io v0.3.29
[INFO] [stderr]    Compiling memchr v2.6.4
[INFO] [stderr]    Compiling fnv v1.0.7
[INFO] [stderr]    Compiling quote v1.0.33
[INFO] [stderr]    Compiling itoa v1.0.9
[INFO] [stderr]    Compiling syn v2.0.39
[INFO] [stderr]    Compiling getrandom v0.2.11
[INFO] [stderr]    Compiling jobserver v0.1.27
[INFO] [stderr]    Compiling pin-utils v0.1.0
[INFO] [stderr]    Compiling syn v1.0.109
[INFO] [stderr]    Compiling signal-hook-registry v1.4.1
[INFO] [stderr]    Compiling socket2 v0.5.5
[INFO] [stderr]    Compiling num_cpus v1.16.0
[INFO] [stderr]    Compiling cc v1.0.83
[INFO] [stderr]    Compiling mio v0.8.9
[INFO] [stderr]    Compiling generic-array v0.14.7
[INFO] [stderr]    Compiling serde v1.0.193
[INFO] [stderr]    Compiling ppv-lite86 v0.2.17
[INFO] [stderr]    Compiling tracing-core v0.1.32
[INFO] [stderr]    Compiling scopeguard v1.2.0
[INFO] [stderr]    Compiling crossbeam-utils v0.8.16
[INFO] [stderr]    Compiling rand_core v0.6.4
[INFO] [stderr]    Compiling num-integer v0.1.45
[INFO] [stderr]    Compiling subtle v2.5.0
[INFO] [stderr]    Compiling block-buffer v0.10.4
[INFO] [stderr]    Compiling crypto-common v0.1.6
[INFO] [stderr]    Compiling memoffset v0.9.0
[INFO] [stderr]    Compiling tinyvec_macros v0.1.1
[INFO] [stderr]    Compiling digest v0.10.7
[INFO] [stderr]    Compiling tinyvec v1.6.0
[INFO] [stderr]    Compiling http v1.0.0
[INFO] [stderr]    Compiling num-bigint v0.4.4
[INFO] [stderr]    Compiling ring v0.17.6
[INFO] [stderr]    Compiling crossbeam-epoch v0.9.15
[INFO] [stderr]    Compiling pkg-config v0.3.27
[INFO] [stderr]    Compiling getrandom v0.1.16
[INFO] [stderr]    Compiling hashbrown v0.14.3
[INFO] [stderr]    Compiling equivalent v1.0.1
[INFO] [stderr]    Compiling percent-encoding v2.3.1
[INFO] [stderr]    Compiling rustversion v1.0.14
[INFO] [stderr]    Compiling unicode-normalization v0.1.22
[INFO] [stderr]    Compiling zstd-sys v2.0.9+zstd.1.5.5
[INFO] [stderr]    Compiling indexmap v2.1.0
[INFO] [stderr]    Compiling rand_chacha v0.3.1
[INFO] [stderr]    Compiling num-rational v0.4.1
[INFO] [stderr]    Compiling bytemuck v1.14.0
[INFO] [stderr]    Compiling unicode-bidi v0.3.13
[INFO] [stderr]    Compiling smallvec v1.11.2
[INFO] [stderr]    Compiling async-trait v0.1.74
[INFO] [stderr]    Compiling rand v0.8.5
[INFO] [stderr]    Compiling http-body v1.0.0
[INFO] [stderr]    Compiling form_urlencoded v1.2.1
[INFO] [stderr]    Compiling lock_api v0.4.11
[INFO] [stderr]    Compiling unicase v2.7.0
[INFO] [stderr]    Compiling ident_case v1.0.1
[INFO] [stderr]    Compiling heck v0.4.1
[INFO] [stderr]    Compiling strsim v0.10.0
[INFO] [stderr]    Compiling untrusted v0.9.0
[INFO] [stderr]    Compiling thiserror v1.0.50
[INFO] [stderr]    Compiling spin v0.9.8
[INFO] [stderr]    Compiling semver-parser v0.7.0
[INFO] [stderr]    Compiling parking_lot_core v0.9.9
[INFO] [stderr]    Compiling paste v1.0.14
[INFO] [stderr]    Compiling semver v0.9.0
[INFO] [stderr]    Compiling darling_core v0.13.4
[INFO] [stderr]    Compiling rand_core v0.5.1
[INFO] [stderr]    Compiling safe_arch v0.7.1
[INFO] [stderr]    Compiling num-complex v0.4.4
[INFO] [stderr]    Compiling matrixmultiply v0.3.8
[INFO] [stderr]    Compiling num-iter v0.1.43
[INFO] [stdout] error: failed to build archive at `/opt/rustwide/target/debug/deps/libsafe_arch-851bead4e4460ffb.rlib`: No space left on device (os error 28)
[INFO] [stdout] 
[INFO] [stdout] 
[INFO] [stdout] error: linking with `cc` failed: exit status: 1
[INFO] [stdout]   |
[INFO] [stdout]   = note: LC_ALL="C" PATH="/opt/rustwide/rustup-home/toolchains/nightly-2024-10-28-x86_64-unknown-linux-gnu/lib/rustlib/x86_64-unknown-linux-gnu/bin:/opt/rustwide/rustup-home/toolchains/nightly-2024-10-28-x86_64-unknown-linux-gnu/lib/rustlib/x86_64-unknown-linux-gnu/bin/self-contained:/opt/rustwide/cargo-home/bin:/usr/local/sbin:/usr/local/bin:/usr/sbin:/usr/bin:/sbin:/bin" VSLANG="1033" "cc" "-m64" "/tmp/rustckyF4Bf/symbols.o" "/opt/rustwide/target/debug/build/num-iter-86550a65200354e1/build_script_build-86550a65200354e1.build_script_build.f9b165e0e4d2d893-cgu.0.rcgu.o" "/opt/rustwide/target/debug/build/num-iter-86550a65200354e1/build_script_build-86550a65200354e1.5jidsumapeyx8otah0r5vnl55.rcgu.o" "-Wl,--as-needed" "-Wl,-Bstatic" "/opt/rustwide/target/debug/deps/libautocfg-a7b9971646bb635c.rlib" "/opt/rustwide/rustup-home/toolchains/nightly-2024-10-28-x86_64-unknown-linux-gnu/lib/rustlib/x86_64-unknown-linux-gnu/lib/libstd-fb8c387236db3c10.rlib" "/opt/rustwide/rustup-home/toolchains/nightly-2024-10-28-x86_64-unknown-linux-gnu/lib/rustlib/x86_64-unknown-linux-gnu/lib/libpanic_unwind-b251837809b2f64b.rlib" "/opt/rustwide/rustup-home/toolchains/nightly-2024-10-28-x86_64-unknown-linux-gnu/lib/rustlib/x86_64-unknown-linux-gnu/lib/libobject-cbef83eaa4e01f04.rlib" "/opt/rustwide/rustup-home/toolchains/nightly-2024-10-28-x86_64-unknown-linux-gnu/lib/rustlib/x86_64-unknown-linux-gnu/lib/libmemchr-12a772286de2fca7.rlib" "/opt/rustwide/rustup-home/toolchains/nightly-2024-10-28-x86_64-unknown-linux-gnu/lib/rustlib/x86_64-unknown-linux-gnu/lib/libaddr2line-023bbe5ada7abfc3.rlib" "/opt/rustwide/rustup-home/toolchains/nightly-2024-10-28-x86_64-unknown-linux-gnu/lib/rustlib/x86_64-unknown-linux-gnu/lib/libgimli-de2bcdf10ec69c2b.rlib" "/opt/rustwide/rustup-home/toolchains/nightly-2024-10-28-x86_64-unknown-linux-gnu/lib/rustlib/x86_64-unknown-linux-gnu/lib/librustc_demangle-8e1754df350800fd.rlib" "/opt/rustwide/rustup-home/toolchains/nightly-2024-10-28-x86_64-unknown-linux-gnu/lib/rustlib/x86_64-unknown-linux-gnu/lib/libstd_detect-06c2ab7b9c32e037.rlib" "/opt/rustwide/rustup-home/toolchains/nightly-2024-10-28-x86_64-unknown-linux-gnu/lib/rustlib/x86_64-unknown-linux-gnu/lib/libhashbrown-51d2621fc57a281b.rlib" "/opt/rustwide/rustup-home/toolchains/nightly-2024-10-28-x86_64-unknown-linux-gnu/lib/rustlib/x86_64-unknown-linux-gnu/lib/librustc_std_workspace_alloc-54a930408793772f.rlib" "/opt/rustwide/rustup-home/toolchains/nightly-2024-10-28-x86_64-unknown-linux-gnu/lib/rustlib/x86_64-unknown-linux-gnu/lib/libminiz_oxide-0c7d01cba400dcb2.rlib" "/opt/rustwide/rustup-home/toolchains/nightly-2024-10-28-x86_64-unknown-linux-gnu/lib/rustlib/x86_64-unknown-linux-gnu/lib/libadler-b9f84d69e331b75b.rlib" "/opt/rustwide/rustup-home/toolchains/nightly-2024-10-28-x86_64-unknown-linux-gnu/lib/rustlib/x86_64-unknown-linux-gnu/lib/libunwind-eec95493246aae39.rlib" "/opt/rustwide/rustup-home/toolchains/nightly-2024-10-28-x86_64-unknown-linux-gnu/lib/rustlib/x86_64-unknown-linux-gnu/lib/libcfg_if-6f6676c475e08ab0.rlib" "/opt/rustwide/rustup-home/toolchains/nightly-2024-10-28-x86_64-unknown-linux-gnu/lib/rustlib/x86_64-unknown-linux-gnu/lib/liblibc-799d520624f8b2e0.rlib" "/opt/rustwide/rustup-home/toolchains/nightly-2024-10-28-x86_64-unknown-linux-gnu/lib/rustlib/x86_64-unknown-linux-gnu/lib/liballoc-fcf93d4842acd9a9.rlib" "/opt/rustwide/rustup-home/toolchains/nightly-2024-10-28-x86_64-unknown-linux-gnu/lib/rustlib/x86_64-unknown-linux-gnu/lib/librustc_std_workspace_core-395a38b8e0851c9b.rlib" "/opt/rustwide/rustup-home/toolchains/nightly-2024-10-28-x86_64-unknown-linux-gnu/lib/rustlib/x86_64-unknown-linux-gnu/lib/libcore-d453bab70303062c.rlib" "/opt/rustwide/rustup-home/toolchains/nightly-2024-10-28-x86_64-unknown-linux-gnu/lib/rustlib/x86_64-unknown-linux-gnu/lib/libcompiler_builtins-0e6386368b0a24e8.rlib" "-Wl,-Bdynamic" "-lgcc_s" "-lutil" "-lrt" "-lpthread" "-lm" "-ldl" "-lc" "-B/opt/rustwide/rustup-home/toolchains/nightly-2024-10-28-x86_64-unknown-linux-gnu/lib/rustlib/x86_64-unknown-linux-gnu/bin/gcc-ld" "-fuse-ld=lld" "-Wl,--eh-frame-hdr" "-Wl,-z,noexecstack" "-L" "/opt/rustwide/rustup-home/toolchains/nightly-2024-10-28-x86_64-unknown-linux-gnu/lib/rustlib/x86_64-unknown-linux-gnu/lib" "-o" "/opt/rustwide/target/debug/build/num-iter-86550a65200354e1/build_script_build-86550a65200354e1" "-Wl,--gc-sections" "-pie" "-Wl,-z,relro,-z,now" "-nodefaultlibs"
[INFO] [stdout]   = note: PLEASE submit a bug report to https://github.com/llvm/llvm-project/issues/ and include the crash backtrace.
[INFO] [stdout]           LLVM ERROR: IO failure on output stream: No space left on device
[INFO] [stdout]           collect2: error: ld returned 1 exit status
[INFO] [stdout]           
[INFO] [stdout] 
[INFO] [stdout] 
[INFO] [stderr] error: could not compile `safe_arch` (lib) due to 1 previous error
[INFO] [stderr] warning: build failed, waiting for other jobs to finish...
[INFO] [stderr] error: could not compile `num-iter` (build script) due to 1 previous error
[INFO] [stderr] rustc-LLVM ERROR: IO failure on output stream: No space left on device
[INFO] [stdout] error: failed to write /tmp/rustc61uHI0/lib.rmeta: No space left on device (os error 28)
[INFO] [stdout] 
[INFO] [stdout] 
[INFO] [stdout] error: failed to write /tmp/rustcAOxZWO/lib.rmeta: No space left on device (os error 28)
[INFO] [stdout] 
[INFO] [stdout] 
[INFO] [stderr] error: could not compile `num-bigint` (lib) due to 1 previous error
[INFO] [stderr] error: could not compile `num-complex` (lib) due to 1 previous error
[INFO] [stderr] rustc-LLVM ERROR: IO failure on output stream: No space left on device
[INFO] [stderr] error: could not compile `syn` (lib)
[INFO] [stderr] 
[INFO] [stderr] Caused by:
[INFO] [stderr]   No space left on device (os error 28)
[INFO] [stderr] 
[INFO] [stderr] Caused by:
[INFO] [stderr]   failed to parse process output: `/opt/rustwide/rustup-home/toolchains/nightly-2024-10-28-x86_64-unknown-linux-gnu/bin/rustc --crate-name syn --edition=2021 /opt/rustwide/cargo-home/registry/src/index.crates.io-6f17d22bba15001f/syn-2.0.39/src/lib.rs --error-format=json --json=diagnostic-rendered-ansi,artifacts,future-incompat --crate-type lib --emit=dep-info,metadata,link -C embed-bitcode=no --cfg 'feature="clone-impls"' --cfg 'feature="default"' --cfg 'feature="derive"' --cfg 'feature="extra-traits"' --cfg 'feature="full"' --cfg 'feature="parsing"' --cfg 'feature="printing"' --cfg 'feature="proc-macro"' --cfg 'feature="quote"' --cfg 'feature="visit-mut"' --check-cfg 'cfg(docsrs)' --check-cfg 'cfg(feature, values("clone-impls", "default", "derive", "extra-traits", "fold", "full", "parsing", "printing", "proc-macro", "quote", "test", "visit", "visit-mut"))' -C metadata=c8914d9321cdb5a7 -C extra-filename=-c8914d9321cdb5a7 --out-dir /opt/rustwide/target/debug/deps -L dependency=/opt/rustwide/target/debug/deps --extern proc_macro2=/opt/rustwide/target/debug/deps/libproc_macro2-d11a418d852e237a.rmeta --extern quote=/opt/rustwide/target/debug/deps/libquote-3062e7739f9ad982.rmeta --extern unicode_ident=/opt/rustwide/target/debug/deps/libunicode_ident-7b828347d8713ecd.rmeta --cap-lints allow --cap-lints=forbid` (exit status: 101)
[INFO] [stderr] error: could not compile `num-rational` (lib)
[INFO] [stderr] 
[INFO] [stderr] Caused by:
[INFO] [stderr]   No space left on device (os error 28)
[INFO] [stderr] 
[INFO] [stderr] Caused by:
[INFO] [stderr]   failed to parse process output: `/opt/rustwide/rustup-home/toolchains/nightly-2024-10-28-x86_64-unknown-linux-gnu/bin/rustc --crate-name num_rational --edition=2018 /opt/rustwide/cargo-home/registry/src/index.crates.io-6f17d22bba15001f/num-rational-0.4.1/src/lib.rs --error-format=json --json=diagnostic-rendered-ansi,artifacts,future-incompat --crate-type lib --emit=dep-info,metadata,link -C embed-bitcode=no -C debuginfo=2 --cfg 'feature="num-bigint"' --cfg 'feature="num-bigint-std"' --cfg 'feature="std"' --check-cfg 'cfg(docsrs)' --check-cfg 'cfg(feature, values("default", "num-bigint", "num-bigint-std", "serde", "std"))' -C metadata=4c816e342181d3ea -C extra-filename=-4c816e342181d3ea --out-dir /opt/rustwide/target/debug/deps -L dependency=/opt/rustwide/target/debug/deps --extern num_bigint=/opt/rustwide/target/debug/deps/libnum_bigint-73804e6bea305516.rmeta --extern num_integer=/opt/rustwide/target/debug/deps/libnum_integer-2624c7ad0b06d0c5.rmeta --extern num_traits=/opt/rustwide/target/debug/deps/libnum_traits-139637cdb113a20f.rmeta --cap-lints allow --cap-lints=forbid --cfg has_int_exp_fmt` (exit status: 101)
[INFO] [stderr] rustc-LLVM ERROR: IO failure on output stream: No space left on device
[INFO] [stderr] error: could not compile `syn` (lib)
[INFO] [stderr] 
[INFO] [stderr] Caused by:
[INFO] [stderr]   No space left on device (os error 28)
[INFO] [stderr] 
[INFO] [stderr] Caused by:
[INFO] [stderr]   failed to parse process output: `/opt/rustwide/rustup-home/toolchains/nightly-2024-10-28-x86_64-unknown-linux-gnu/bin/rustc --crate-name syn --edition=2018 /opt/rustwide/cargo-home/registry/src/index.crates.io-6f17d22bba15001f/syn-1.0.109/src/lib.rs --error-format=json --json=diagnostic-rendered-ansi,artifacts,future-incompat --crate-type lib --emit=dep-info,metadata,link -C embed-bitcode=no --cfg 'feature="clone-impls"' --cfg 'feature="default"' --cfg 'feature="derive"' --cfg 'feature="extra-traits"' --cfg 'feature="full"' --cfg 'feature="parsing"' --cfg 'feature="printing"' --cfg 'feature="proc-macro"' --cfg 'feature="quote"' --cfg 'feature="visit"' --check-cfg 'cfg(docsrs)' --check-cfg 'cfg(feature, values("clone-impls", "default", "derive", "extra-traits", "fold", "full", "parsing", "printing", "proc-macro", "quote", "test", "visit", "visit-mut"))' -C metadata=38fcfc56a846bd23 -C extra-filename=-38fcfc56a846bd23 --out-dir /opt/rustwide/target/debug/deps -L dependency=/opt/rustwide/target/debug/deps --extern proc_macro2=/opt/rustwide/target/debug/deps/libproc_macro2-d11a418d852e237a.rmeta --extern quote=/opt/rustwide/target/debug/deps/libquote-3062e7739f9ad982.rmeta --extern unicode_ident=/opt/rustwide/target/debug/deps/libunicode_ident-7b828347d8713ecd.rmeta --cap-lints allow --cap-lints=forbid` (exit status: 101)
[INFO] [stdout] error: failed to write to `/opt/rustwide/target/debug/deps/rmetajDT8tl/lib.rmeta`: No space left on device (os error 28)
[INFO] [stdout] 
[INFO] [stdout] 
[INFO] [stderr] error: could not compile `darling_core` (lib) due to 1 previous error
[INFO] [stderr] The following warnings were emitted during compilation:
[INFO] [stderr] 
[INFO] [stderr] warning: ring@0.17.6: crypto/fipsmodule/ec/ecp_nistz.c:52:1: fatal error: error writing to /tmp/ccLsJlU8.s: No space left on device
[INFO] [stderr] warning: ring@0.17.6:    52 | }
[INFO] [stderr] warning: ring@0.17.6:       | ^
[INFO] [stderr] warning: ring@0.17.6: compilation terminated.
[INFO] [stderr] warning: ring@0.17.6: /tmp/ccpPRzhK.s: Assembler messages:
[INFO] [stderr] warning: ring@0.17.6: /tmp/ccpPRzhK.s: Fatal error: can't write 471 bytes to section .debug_macro of /opt/rustwide/target/debug/build/ring-c039fe4ebd3fca87/out/crypto/fipsmodule/ec/gfp_p256.o: 'No space left on device'
[INFO] [stderr] warning: ring@0.17.6: /tmp/ccpPRzhK.s: Fatal error: /opt/rustwide/target/debug/build/ring-c039fe4ebd3fca87/out/crypto/fipsmodule/ec/gfp_p256.o: No space left on device
[INFO] [stderr] warning: ring@0.17.6: crypto/fipsmodule/ec/gfp_p384.c:247: fatal error: error writing to /tmp/cc4HXuCT.s: No space left on device
[INFO] [stderr] warning: ring@0.17.6: compilation terminated.
[INFO] [stderr] warning: ring@0.17.6: crypto/fipsmodule/ec/p256.c:28: fatal error: error writing to /tmp/ccRO6k48.s: No space left on device
[INFO] [stderr] warning: ring@0.17.6:    28 | 
[INFO] [stderr] warning: ring@0.17.6:       | 
[INFO] [stderr] warning: ring@0.17.6: compilation terminated.
[INFO] [stderr] warning: ring@0.17.6: ToolExecError: Command "cc" "-O0" "-ffunction-sections" "-fdata-sections" "-fPIC" "-gdwarf-4" "-fno-omit-frame-pointer" "-m64" "-I" "include" "-I" "/opt/rustwide/target/debug/build/ring-c039fe4ebd3fca87/out" "-Wall" "-Wextra" "-fvisibility=hidden" "-std=c1x" "-pedantic" "-Wall" "-Wextra" "-Wbad-function-cast" "-Wcast-align" "-Wcast-qual" "-Wconversion" "-Wenum-compare" "-Wfloat-equal" "-Wformat=2" "-Winline" "-Winvalid-pch" "-Wmissing-field-initializers" "-Wmissing-include-dirs" "-Wnested-externs" "-Wredundant-decls" "-Wshadow" "-Wsign-compare" "-Wsign-conversion" "-Wstrict-prototypes" "-Wundef" "-Wuninitialized" "-Wwrite-strings" "-g3" "-DNDEBUG" "-o" "/opt/rustwide/target/debug/build/ring-c039fe4ebd3fca87/out/crypto/fipsmodule/ec/ecp_nistz.o" "-c" "crypto/fipsmodule/ec/ecp_nistz.c" with args "cc" did not execute successfully (status code exit status: 1).
[INFO] [stderr] warning: ring@0.17.6: ToolExecError: Command "cc" "-O0" "-ffunction-sections" "-fdata-sections" "-fPIC" "-gdwarf-4" "-fno-omit-frame-pointer" "-m64" "-I" "include" "-I" "/opt/rustwide/target/debug/build/ring-c039fe4ebd3fca87/out" "-Wall" "-Wextra" "-fvisibility=hidden" "-std=c1x" "-pedantic" "-Wall" "-Wextra" "-Wbad-function-cast" "-Wcast-align" "-Wcast-qual" "-Wconversion" "-Wenum-compare" "-Wfloat-equal" "-Wformat=2" "-Winline" "-Winvalid-pch" "-Wmissing-field-initializers" "-Wmissing-include-dirs" "-Wnested-externs" "-Wredundant-decls" "-Wshadow" "-Wsign-compare" "-Wsign-conversion" "-Wstrict-prototypes" "-Wundef" "-Wuninitialized" "-Wwrite-strings" "-g3" "-DNDEBUG" "-o" "/opt/rustwide/target/debug/build/ring-c039fe4ebd3fca87/out/crypto/fipsmodule/ec/gfp_p256.o" "-c" "crypto/fipsmodule/ec/gfp_p256.c" with args "cc" did not execute successfully (status code exit status: 1).running: "cc" "-O0" "-ffunction-sections" "-fdata-sections" "-fPIC" "-gdwarf-4" "-fno-omit-frame-pointer" "-m64" "-I" "include" "-I" "/opt/rustwide/target/debug/build/ring-c039fe4ebd3fca87/out" "-Wall" "-Wextra" "-fvisibility=hidden" "-std=c1x" "-pedantic" "-Wall" "-Wextra" "-Wbad-function-cast" "-Wcast-align" "-Wcast-qual" "-Wconversion" "-Wenum-compare" "-Wfloat-equal" "-Wformat=2" "-Winline" "-Winvalid-pch" "-Wmissing-field-initializers" "-Wmissing-include-dirs" "-Wnested-externs" "-Wredundant-decls" "-Wshadow" "-Wsign-compare" "-Wsign-conversion" "-Wstrict-prototypes" "-Wundef" "-Wuninitialized" "-Wwrite-strings" "-g3" "-DNDEBUG" "-o" "/opt/rustwide/target/debug/build/ring-c039fe4ebd3fca87/out/crypto/limbs/limbs.o" "-c" "crypto/limbs/limbs.c"
[INFO] [stderr] warning: ring@0.17.6: ToolExecError: Command "cc" "-O0" "-ffunction-sections" "-fdata-sections" "-fPIC" "-gdwarf-4" "-fno-omit-frame-pointer" "-m64" "-I" "include" "-I" "/opt/rustwide/target/debug/build/ring-c039fe4ebd3fca87/out" "-Wall" "-Wextra" "-fvisibility=hidden" "-std=c1x" "-pedantic" "-Wall" "-Wextra" "-Wbad-function-cast" "-Wcast-align" "-Wcast-qual" "-Wconversion" "-Wenum-compare" "-Wfloat-equal" "-Wformat=2" "-Winline" "-Winvalid-pch" "-Wmissing-field-initializers" "-Wmissing-include-dirs" "-Wnested-externs" "-Wredundant-decls" "-Wshadow" "-Wsign-compare" "-Wsign-conversion" "-Wstrict-prototypes" "-Wundef" "-Wuninitialized" "-Wwrite-strings" "-g3" "-DNDEBUG" "-o" "/opt/rustwide/target/debug/build/ring-c039fe4ebd3fca87/out/crypto/fipsmodule/ec/gfp_p384.o" "-c" "crypto/fipsmodule/ec/gfp_p384.c" with args "cc" did not execute successfully (status code exit status: 1).
[INFO] [stderr] warning: ring@0.17.6: ToolExecError: Command "cc" "-O0" "-ffunction-sections" "-fdata-sections" "-fPIC" "-gdwarf-4" "-fno-omit-frame-pointer" "-m64" "-I" "include" "-I" "/opt/rustwide/target/debug/build/ring-c039fe4ebd3fca87/out" "-Wall" "-Wextra" "-fvisibility=hidden" "-std=c1x" "-pedantic" "-Wall" "-Wextra" "-Wbad-function-cast" "-Wcast-align" "-Wcast-qual" "-Wconversion" "-Wenum-compare" "-Wfloat-equal" "-Wformat=2" "-Winline" "-Winvalid-pch" "-Wmissing-field-initializers" "-Wmissing-include-dirs" "-Wnested-externs" "-Wredundant-decls" "-Wshadow" "-Wsign-compare" "-Wsign-conversion" "-Wstrict-prototypes" "-Wundef" "-Wuninitialized" "-Wwrite-strings" "-g3" "-DNDEBUG" "-o" "/opt/rustwide/target/debug/build/ring-c039fe4ebd3fca87/out/crypto/fipsmodule/ec/p256.o" "-c" "crypto/fipsmodule/ec/p256.c" with args "cc" did not execute successfully (status code exit status: 1).running: "cc" "-O0" "-ffunction-sections" "-fdata-sections" "-fPIC" "-gdwarf-4" "-fno-omit-frame-pointer" "-m64" "-I" "include" "-I" "/opt/rustwide/target/debug/build/ring-c039fe4ebd3fca87/out" "-Wall" "-Wextra" "-fvisibility=hidden" "-std=c1x" "-pedantic" "-Wall" "-Wextra" "-Wbad-function-cast" "-Wcast-align" "-Wcast-qual" "-Wconversion" "-Wenum-compare" "-Wfloat-equal" "-Wformat=2" "-Winline" "-Winvalid-pch" "-Wmissing-field-initializers" "-Wmissing-include-dirs" "-Wnested-externs" "-Wredundant-decls" "-Wshadow" "-Wsign-compare" "-Wsign-conversion" "-Wstrict-prototypes" "-Wundef" "-Wuninitialized" "-Wwrite-strings" "-g3" "-DNDEBUG" "-o" "/opt/rustwide/target/debug/build/ring-c039fe4ebd3fca87/out/crypto/mem.o" "-c" "crypto/mem.c"
[INFO] [stderr] warning: ring@0.17.6: crypto/poly1305/poly1305.c:23: fatal error: error writing to /tmp/ccC0c3TF.s: No space left on device
[INFO] [stderr] warning: ring@0.17.6:    23 | 
[INFO] [stderr] warning: ring@0.17.6:       | 
[INFO] [stderr] warning: ring@0.17.6: compilation terminated.
[INFO] [stderr] warning: ring@0.17.6: crypto/mem.c:70:1: fatal error: error writing to /tmp/ccJnKre4.s: No space left on device
[INFO] [stderr] warning: ring@0.17.6:    70 | }
[INFO] [stderr] warning: ring@0.17.6:       | ^
[INFO] [stderr] warning: ring@0.17.6: compilation terminated.
[INFO] [stderr] warning: ring@0.17.6: crypto/limbs/limbs.c:198:1: fatal error: error writing to /tmp/ccVp5tA1.s: No space left on device
[INFO] [stderr] warning: ring@0.17.6:   198 | }
[INFO] [stderr] warning: ring@0.17.6:       | ^
[INFO] [stderr] warning: ring@0.17.6: compilation terminated.
[INFO] [stderr] warning: ring@0.17.6: crypto/crypto.c:36:1: fatal error: error writing to /tmp/cc1sA0Fy.s: No space left on device
[INFO] [stderr] warning: ring@0.17.6:    36 | HIDDEN uint32_t OPENSSL_ia32cap_P[4] = {0};
[INFO] [stderr] warning: ring@0.17.6:       | ^~~~~~
[INFO] [stderr] warning: ring@0.17.6: compilation terminated.
[INFO] [stderr] warning: ring@0.17.6: ToolExecError: Command "cc" "-O0" "-ffunction-sections" "-fdata-sections" "-fPIC" "-gdwarf-4" "-fno-omit-frame-pointer" "-m64" "-I" "include" "-I" "/opt/rustwide/target/debug/build/ring-c039fe4ebd3fca87/out" "-Wall" "-Wextra" "-fvisibility=hidden" "-std=c1x" "-pedantic" "-Wall" "-Wextra" "-Wbad-function-cast" "-Wcast-align" "-Wcast-qual" "-Wconversion" "-Wenum-compare" "-Wfloat-equal" "-Wformat=2" "-Winline" "-Winvalid-pch" "-Wmissing-field-initializers" "-Wmissing-include-dirs" "-Wnested-externs" "-Wredundant-decls" "-Wshadow" "-Wsign-compare" "-Wsign-conversion" "-Wstrict-prototypes" "-Wundef" "-Wuninitialized" "-Wwrite-strings" "-g3" "-DNDEBUG" "-o" "/opt/rustwide/target/debug/build/ring-c039fe4ebd3fca87/out/crypto/limbs/limbs.o" "-c" "crypto/limbs/limbs.c" with args "cc" did not execute successfully (status code exit status: 1).
[INFO] [stderr] warning: ring@0.17.6: ToolExecError: Command "cc" "-O0" "-ffunction-sections" "-fdata-sections" "-fPIC" "-gdwarf-4" "-fno-omit-frame-pointer" "-m64" "-I" "include" "-I" "/opt/rustwide/target/debug/build/ring-c039fe4ebd3fca87/out" "-Wall" "-Wextra" "-fvisibility=hidden" "-std=c1x" "-pedantic" "-Wall" "-Wextra" "-Wbad-function-cast" "-Wcast-align" "-Wcast-qual" "-Wconversion" "-Wenum-compare" "-Wfloat-equal" "-Wformat=2" "-Winline" "-Winvalid-pch" "-Wmissing-field-initializers" "-Wmissing-include-dirs" "-Wnested-externs" "-Wredundant-decls" "-Wshadow" "-Wsign-compare" "-Wsign-conversion" "-Wstrict-prototypes" "-Wundef" "-Wuninitialized" "-Wwrite-strings" "-g3" "-DNDEBUG" "-o" "/opt/rustwide/target/debug/build/ring-c039fe4ebd3fca87/out/crypto/mem.o" "-c" "crypto/mem.c" with args "cc" did not execute successfully (status code exit status: 1).
[INFO] [stderr] warning: ring@0.17.6: ToolExecError: Command "cc" "-O0" "-ffunction-sections" "-fdata-sections" "-fPIC" "-gdwarf-4" "-fno-omit-frame-pointer" "-m64" "-I" "include" "-I" "/opt/rustwide/target/debug/build/ring-c039fe4ebd3fca87/out" "-Wall" "-Wextra" "-fvisibility=hidden" "-std=c1x" "-pedantic" "-Wall" "-Wextra" "-Wbad-function-cast" "-Wcast-align" "-Wcast-qual" "-Wconversion" "-Wenum-compare" "-Wfloat-equal" "-Wformat=2" "-Winline" "-Winvalid-pch" "-Wmissing-field-initializers" "-Wmissing-include-dirs" "-Wnested-externs" "-Wredundant-decls" "-Wshadow" "-Wsign-compare" "-Wsign-conversion" "-Wstrict-prototypes" "-Wundef" "-Wuninitialized" "-Wwrite-strings" "-g3" "-DNDEBUG" "-o" "/opt/rustwide/target/debug/build/ring-c039fe4ebd3fca87/out/crypto/poly1305/poly1305.o" "-c" "crypto/poly1305/poly1305.c" with args "cc" did not execute successfully (status code exit status: 1).
[INFO] [stderr] warning: ring@0.17.6: ToolExecError: Command "cc" "-O0" "-ffunction-sections" "-fdata-sections" "-fPIC" "-gdwarf-4" "-fno-omit-frame-pointer" "-m64" "-I" "include" "-I" "/opt/rustwide/target/debug/build/ring-c039fe4ebd3fca87/out" "-Wall" "-Wextra" "-fvisibility=hidden" "-std=c1x" "-pedantic" "-Wall" "-Wextra" "-Wbad-function-cast" "-Wcast-align" "-Wcast-qual" "-Wconversion" "-Wenum-compare" "-Wfloat-equal" "-Wformat=2" "-Winline" "-Winvalid-pch" "-Wmissing-field-initializers" "-Wmissing-include-dirs" "-Wnested-externs" "-Wredundant-decls" "-Wshadow" "-Wsign-compare" "-Wsign-conversion" "-Wstrict-prototypes" "-Wundef" "-Wuninitialized" "-Wwrite-strings" "-g3" "-DNDEBUG" "-o" "/opt/rustwide/target/debug/build/ring-c039fe4ebd3fca87/out/crypto/crypto.o" "-c" "crypto/crypto.c" with args "cc" did not execute successfully (status code exit status: 1).running: "cc" "-O0" "-ffunction-sections" "-fdata-sections" "-fPIC" "-gdwarf-4" "-fno-omit-frame-pointer" "-m64" "-I" "include" "-I" "/opt/rustwide/target/debug/build/ring-c039fe4ebd3fca87/out" "-Wall" "-Wextra" "-fvisibility=hidden" "-std=c1x" "-pedantic" "-Wall" "-Wextra" "-Wbad-function-cast" "-Wcast-align" "-Wcast-qual" "-Wconversion" "-Wenum-compare" "-Wfloat-equal" "-Wformat=2" "-Winline" "-Winvalid-pch" "-Wmissing-field-initializers" "-Wmissing-include-dirs" "-Wnested-externs" "-Wredundant-decls" "-Wshadow" "-Wsign-compare" "-Wsign-conversion" "-Wstrict-prototypes" "-Wundef" "-Wuninitialized" "-Wwrite-strings" "-g3" "-DNDEBUG" "-o" "/opt/rustwide/target/debug/build/ring-c039fe4ebd3fca87/out/crypto/cpu_intel.o" "-c" "crypto/cpu_intel.c"
[INFO] [stderr] warning: ring@0.17.6: crypto/cpu_intel.c:201:1: fatal error: error writing to /tmp/ccHB1LxQ.s: No space left on device
[INFO] [stderr] warning: ring@0.17.6:   201 | }
[INFO] [stderr] warning: ring@0.17.6:       | ^
[INFO] [stderr] warning: ring@0.17.6: compilation terminated.
[INFO] [stderr] warning: ring@0.17.6: ToolExecError: Command "cc" "-O0" "-ffunction-sections" "-fdata-sections" "-fPIC" "-gdwarf-4" "-fno-omit-frame-pointer" "-m64" "-I" "include" "-I" "/opt/rustwide/target/debug/build/ring-c039fe4ebd3fca87/out" "-Wall" "-Wextra" "-fvisibility=hidden" "-std=c1x" "-pedantic" "-Wall" "-Wextra" "-Wbad-function-cast" "-Wcast-align" "-Wcast-qual" "-Wconversion" "-Wenum-compare" "-Wfloat-equal" "-Wformat=2" "-Winline" "-Winvalid-pch" "-Wmissing-field-initializers" "-Wmissing-include-dirs" "-Wnested-externs" "-Wredundant-decls" "-Wshadow" "-Wsign-compare" "-Wsign-conversion" "-Wstrict-prototypes" "-Wundef" "-Wuninitialized" "-Wwrite-strings" "-g3" "-DNDEBUG" "-o" "/opt/rustwide/target/debug/build/ring-c039fe4ebd3fca87/out/crypto/cpu_intel.o" "-c" "crypto/cpu_intel.c" with args "cc" did not execute successfully (status code exit status: 1).running: "cc" "-O0" "-ffunction-sections" "-fdata-sections" "-fPIC" "-gdwarf-4" "-fno-omit-frame-pointer" "-m64" "-I" "include" "-I" "/opt/rustwide/target/debug/build/ring-c039fe4ebd3fca87/out" "-Wall" "-Wextra" "-fvisibility=hidden" "-std=c1x" "-pedantic" "-Wall" "-Wextra" "-Wbad-function-cast" "-Wcast-align" "-Wcast-qual" "-Wconversion" "-Wenum-compare" "-Wfloat-equal" "-Wformat=2" "-Winline" "-Winvalid-pch" "-Wmissing-field-initializers" "-Wmissing-include-dirs" "-Wnested-externs" "-Wredundant-decls" "-Wshadow" "-Wsign-compare" "-Wsign-conversion" "-Wstrict-prototypes" "-Wundef" "-Wuninitialized" "-Wwrite-strings" "-g3" "-DNDEBUG" "-o" "/opt/rustwide/target/debug/build/ring-c039fe4ebd3fca87/out/third_party/fiat/asm/fiat_curve25519_adx_mul.o" "-c" "third_party/fiat/asm/fiat_curve25519_adx_mul.S"
[INFO] [stderr] warning: ring@0.17.6: third_party/fiat/asm/fiat_curve25519_adx_mul.S:2: fatal error: when writing output to /tmp/ccV1P0g2.s: No space left on device
[INFO] [stderr] warning: ring@0.17.6:     2 | 
[INFO] [stderr] warning: ring@0.17.6:       | 
[INFO] [stderr] warning: ring@0.17.6: compilation terminated.
[INFO] [stderr] warning: ring@0.17.6: crypto/poly1305/poly1305_vec.c:847:1: fatal error: error writing to /tmp/ccD0klpo.s: No space left on device
[INFO] [stderr] warning: ring@0.17.6:   847 | }
[INFO] [stderr] warning: ring@0.17.6:       | ^
[INFO] [stderr] warning: ring@0.17.6: compilation terminated.
[INFO] [stderr] warning: ring@0.17.6: ToolExecError: Command "cc" "-O0" "-ffunction-sections" "-fdata-sections" "-fPIC" "-gdwarf-4" "-fno-omit-frame-pointer" "-m64" "-I" "include" "-I" "/opt/rustwide/target/debug/build/ring-c039fe4ebd3fca87/out" "-Wall" "-Wextra" "-fvisibility=hidden" "-std=c1x" "-pedantic" "-Wall" "-Wextra" "-Wbad-function-cast" "-Wcast-align" "-Wcast-qual" "-Wconversion" "-Wenum-compare" "-Wfloat-equal" "-Wformat=2" "-Winline" "-Winvalid-pch" "-Wmissing-field-initializers" "-Wmissing-include-dirs" "-Wnested-externs" "-Wredundant-decls" "-Wshadow" "-Wsign-compare" "-Wsign-conversion" "-Wstrict-prototypes" "-Wundef" "-Wuninitialized" "-Wwrite-strings" "-g3" "-DNDEBUG" "-o" "/opt/rustwide/target/debug/build/ring-c039fe4ebd3fca87/out/crypto/poly1305/poly1305_vec.o" "-c" "crypto/poly1305/poly1305_vec.c" with args "cc" did not execute successfully (status code exit status: 1).
[INFO] [stderr] warning: ring@0.17.6: ToolExecError: Command "cc" "-O0" "-ffunction-sections" "-fdata-sections" "-fPIC" "-gdwarf-4" "-fno-omit-frame-pointer" "-m64" "-I" "include" "-I" "/opt/rustwide/target/debug/build/ring-c039fe4ebd3fca87/out" "-Wall" "-Wextra" "-fvisibility=hidden" "-std=c1x" "-pedantic" "-Wall" "-Wextra" "-Wbad-function-cast" "-Wcast-align" "-Wcast-qual" "-Wconversion" "-Wenum-compare" "-Wfloat-equal" "-Wformat=2" "-Winline" "-Winvalid-pch" "-Wmissing-field-initializers" "-Wmissing-include-dirs" "-Wnested-externs" "-Wredundant-decls" "-Wshadow" "-Wsign-compare" "-Wsign-conversion" "-Wstrict-prototypes" "-Wundef" "-Wuninitialized" "-Wwrite-strings" "-g3" "-DNDEBUG" "-o" "/opt/rustwide/target/debug/build/ring-c039fe4ebd3fca87/out/third_party/fiat/asm/fiat_curve25519_adx_mul.o" "-c" "third_party/fiat/asm/fiat_curve25519_adx_mul.S" with args "cc" did not execute successfully (status code exit status: 1).running: "cc" "-O0" "-ffunction-sections" "-fdata-sections" "-fPIC" "-gdwarf-4" "-fno-omit-frame-pointer" "-m64" "-I" "include" "-I" "/opt/rustwide/target/debug/build/ring-c039fe4ebd3fca87/out" "-Wall" "-Wextra" "-fvisibility=hidden" "-std=c1x" "-pedantic" "-Wall" "-Wextra" "-Wbad-function-cast" "-Wcast-align" "-Wcast-qual" "-Wconversion" "-Wenum-compare" "-Wfloat-equal" "-Wformat=2" "-Winline" "-Winvalid-pch" "-Wmissing-field-initializers" "-Wmissing-include-dirs" "-Wnested-externs" "-Wredundant-decls" "-Wshadow" "-Wsign-compare" "-Wsign-conversion" "-Wstrict-prototypes" "-Wundef" "-Wuninitialized" "-Wwrite-strings" "-g3" "-DNDEBUG" "-o" "/opt/rustwide/target/debug/build/ring-c039fe4ebd3fca87/out/third_party/fiat/asm/fiat_curve25519_adx_square.o" "-c" "third_party/fiat/asm/fiat_curve25519_adx_square.S"
[INFO] [stderr] warning: ring@0.17.6: crypto/curve25519/curve25519_64_adx.c:23: fatal error: error writing to /tmp/cckJQa0u.s: No space left on device
[INFO] [stderr] warning: ring@0.17.6:    23 | #endif
[INFO] [stderr] warning: ring@0.17.6:       | 
[INFO] [stderr] warning: ring@0.17.6: compilation terminated.
[INFO] [stderr] warning: ring@0.17.6: third_party/fiat/asm/fiat_curve25519_adx_square.S:2: fatal error: when writing output to /tmp/cc3ACGus.s: No space left on device
[INFO] [stderr] warning: ring@0.17.6:     2 | 
[INFO] [stderr] warning: ring@0.17.6:       | 
[INFO] [stderr] warning: ring@0.17.6: compilation terminated.
[INFO] [stderr] warning: ring@0.17.6: ToolExecError: Command "cc" "-O0" "-ffunction-sections" "-fdata-sections" "-fPIC" "-gdwarf-4" "-fno-omit-frame-pointer" "-m64" "-I" "include" "-I" "/opt/rustwide/target/debug/build/ring-c039fe4ebd3fca87/out" "-Wall" "-Wextra" "-fvisibility=hidden" "-std=c1x" "-pedantic" "-Wall" "-Wextra" "-Wbad-function-cast" "-Wcast-align" "-Wcast-qual" "-Wconversion" "-Wenum-compare" "-Wfloat-equal" "-Wformat=2" "-Winline" "-Winvalid-pch" "-Wmissing-field-initializers" "-Wmissing-include-dirs" "-Wnested-externs" "-Wredundant-decls" "-Wshadow" "-Wsign-compare" "-Wsign-conversion" "-Wstrict-prototypes" "-Wundef" "-Wuninitialized" "-Wwrite-strings" "-g3" "-DNDEBUG" "-o" "/opt/rustwide/target/debug/build/ring-c039fe4ebd3fca87/out/crypto/curve25519/curve25519_64_adx.o" "-c" "crypto/curve25519/curve25519_64_adx.c" with args "cc" did not execute successfully (status code exit status: 1).
[INFO] [stderr] warning: ring@0.17.6: ToolExecError: Command "cc" "-O0" "-ffunction-sections" "-fdata-sections" "-fPIC" "-gdwarf-4" "-fno-omit-frame-pointer" "-m64" "-I" "include" "-I" "/opt/rustwide/target/debug/build/ring-c039fe4ebd3fca87/out" "-Wall" "-Wextra" "-fvisibility=hidden" "-std=c1x" "-pedantic" "-Wall" "-Wextra" "-Wbad-function-cast" "-Wcast-align" "-Wcast-qual" "-Wconversion" "-Wenum-compare" "-Wfloat-equal" "-Wformat=2" "-Winline" "-Winvalid-pch" "-Wmissing-field-initializers" "-Wmissing-include-dirs" "-Wnested-externs" "-Wredundant-decls" "-Wshadow" "-Wsign-compare" "-Wsign-conversion" "-Wstrict-prototypes" "-Wundef" "-Wuninitialized" "-Wwrite-strings" "-g3" "-DNDEBUG" "-o" "/opt/rustwide/target/debug/build/ring-c039fe4ebd3fca87/out/third_party/fiat/asm/fiat_curve25519_adx_square.o" "-c" "third_party/fiat/asm/fiat_curve25519_adx_square.S" with args "cc" did not execute successfully (status code exit status: 1).running: "cc" "-O0" "-ffunction-sections" "-fdata-sections" "-fPIC" "-gdwarf-4" "-fno-omit-frame-pointer" "-m64" "-I" "include" "-I" "/opt/rustwide/target/debug/build/ring-c039fe4ebd3fca87/out" "-Wall" "-Wextra" "-fvisibility=hidden" "-std=c1x" "-pedantic" "-Wall" "-Wextra" "-Wbad-function-cast" "-Wcast-align" "-Wcast-qual" "-Wconversion" "-Wenum-compare" "-Wfloat-equal" "-Wformat=2" "-Winline" "-Winvalid-pch" "-Wmissing-field-initializers" "-Wmissing-include-dirs" "-Wnested-externs" "-Wredundant-decls" "-Wshadow" "-Wsign-compare" "-Wsign-conversion" "-Wstrict-prototypes" "-Wundef" "-Wuninitialized" "-Wwrite-strings" "-g3" "-DNDEBUG" "-o" "/opt/rustwide/target/debug/build/ring-c039fe4ebd3fca87/out/crypto/fipsmodule/ec/p256-nistz.o" "-c" "crypto/fipsmodule/ec/p256-nistz.c"
[INFO] [stderr] warning: ring@0.17.6: /opt/rustwide/cargo-home/registry/src/index.crates.io-6f17d22bba15001f/ring-0.17.6/pregenerated/aesni-x86_64-elf.S:5: fatal error: when writing output to /tmp/ccm9l9Po.s: No space left on device
[INFO] [stderr] warning: ring@0.17.6:     5 | 
[INFO] [stderr] warning: ring@0.17.6:       | 
[INFO] [stderr] warning: ring@0.17.6: compilation terminated.
[INFO] [stderr] warning: ring@0.17.6: /opt/rustwide/cargo-home/registry/src/index.crates.io-6f17d22bba15001f/ring-0.17.6/pregenerated/chacha-x86_64-elf.S:5: fatal error: when writing output to /tmp/ccx7uVyn.s: No space left on device
[INFO] [stderr] warning: ring@0.17.6:     5 | 
[INFO] [stderr] warning: ring@0.17.6:       | 
[INFO] [stderr] warning: ring@0.17.6: compilation terminated.
[INFO] [stderr] warning: ring@0.17.6: ToolExecError: Command "cc" "-O0" "-ffunction-sections" "-fdata-sections" "-fPIC" "-gdwarf-4" "-fno-omit-frame-pointer" "-m64" "-I" "include" "-I" "/opt/rustwide/target/debug/build/ring-c039fe4ebd3fca87/out" "-Wall" "-Wextra" "-fvisibility=hidden" "-std=c1x" "-pedantic" "-Wall" "-Wextra" "-Wbad-function-cast" "-Wcast-align" "-Wcast-qual" "-Wconversion" "-Wenum-compare" "-Wfloat-equal" "-Wformat=2" "-Winline" "-Winvalid-pch" "-Wmissing-field-initializers" "-Wmissing-include-dirs" "-Wnested-externs" "-Wredundant-decls" "-Wshadow" "-Wsign-compare" "-Wsign-conversion" "-Wstrict-prototypes" "-Wundef" "-Wuninitialized" "-Wwrite-strings" "-g3" "-DNDEBUG" "-o" "/opt/rustwide/target/debug/build/ring-c039fe4ebd3fca87/out/0195fa0135cff7c4-chacha-x86_64-elf.o" "-c" "/opt/rustwide/cargo-home/registry/src/index.crates.io-6f17d22bba15001f/ring-0.17.6/pregenerated/chacha-x86_64-elf.S" with args "cc" did not execute successfully (status code exit status: 1).
[INFO] [stderr] warning: ring@0.17.6: ToolExecError: Command "cc" "-O0" "-ffunction-sections" "-fdata-sections" "-fPIC" "-gdwarf-4" "-fno-omit-frame-pointer" "-m64" "-I" "include" "-I" "/opt/rustwide/target/debug/build/ring-c039fe4ebd3fca87/out" "-Wall" "-Wextra" "-fvisibility=hidden" "-std=c1x" "-pedantic" "-Wall" "-Wextra" "-Wbad-function-cast" "-Wcast-align" "-Wcast-qual" "-Wconversion" "-Wenum-compare" "-Wfloat-equal" "-Wformat=2" "-Winline" "-Winvalid-pch" "-Wmissing-field-initializers" "-Wmissing-include-dirs" "-Wnested-externs" "-Wredundant-decls" "-Wshadow" "-Wsign-compare" "-Wsign-conversion" "-Wstrict-prototypes" "-Wundef" "-Wuninitialized" "-Wwrite-strings" "-g3" "-DNDEBUG" "-o" "/opt/rustwide/target/debug/build/ring-c039fe4ebd3fca87/out/0195fa0135cff7c4-aesni-x86_64-elf.o" "-c" "/opt/rustwide/cargo-home/registry/src/index.crates.io-6f17d22bba15001f/ring-0.17.6/pregenerated/aesni-x86_64-elf.S" with args "cc" did not execute successfully (status code exit status: 1).running: "cc" "-O0" "-ffunction-sections" "-fdata-sections" "-fPIC" "-gdwarf-4" "-fno-omit-frame-pointer" "-m64" "-I" "include" "-I" "/opt/rustwide/target/debug/build/ring-c039fe4ebd3fca87/out" "-Wall" "-Wextra" "-fvisibility=hidden" "-std=c1x" "-pedantic" "-Wall" "-Wextra" "-Wbad-function-cast" "-Wcast-align" "-Wcast-qual" "-Wconversion" "-Wenum-compare" "-Wfloat-equal" "-Wformat=2" "-Winline" "-Winvalid-pch" "-Wmissing-field-initializers" "-Wmissing-include-dirs" "-Wnested-externs" "-Wredundant-decls" "-Wshadow" "-Wsign-compare" "-Wsign-conversion" "-Wstrict-prototypes" "-Wundef" "-Wuninitialized" "-Wwrite-strings" "-g3" "-DNDEBUG" "-o" "/opt/rustwide/target/debug/build/ring-c039fe4ebd3fca87/out/0195fa0135cff7c4-vpaes-x86_64-elf.o" "-c" "/opt/rustwide/cargo-home/registry/src/index.crates.io-6f17d22bba15001f/ring-0.17.6/pregenerated/vpaes-x86_64-elf.S"
[INFO] [stderr] warning: ring@0.17.6: /opt/rustwide/cargo-home/registry/src/index.crates.io-6f17d22bba15001f/ring-0.17.6/pregenerated/vpaes-x86_64-elf.S:5: fatal error: when writing output to /tmp/ccNAG6kb.s: No space left on device
[INFO] [stderr] warning: ring@0.17.6:     5 | 
[INFO] [stderr] warning: ring@0.17.6:       | 
[INFO] [stderr] warning: ring@0.17.6: compilation terminated.
[INFO] [stderr] warning: ring@0.17.6: crypto/fipsmodule/ec/p256-nistz.c:340:1: fatal error: error writing to /tmp/ccz8EzgS.s: No space left on device
[INFO] [stderr] warning: ring@0.17.6:   340 | }
[INFO] [stderr] warning: ring@0.17.6:       | ^
[INFO] [stderr] warning: ring@0.17.6: compilation terminated.
[INFO] [stderr] warning: ring@0.17.6: /opt/rustwide/cargo-home/registry/src/index.crates.io-6f17d22bba15001f/ring-0.17.6/pregenerated/x86_64-mont-elf.S:5: fatal error: when writing output to /tmp/ccTL2pp2.s: No space left on device
[INFO] [stderr] warning: ring@0.17.6:     5 | 
[INFO] [stderr] warning: ring@0.17.6:       | 
[INFO] [stderr] warning: ring@0.17.6: compilation terminated.
[INFO] [stderr] warning: ring@0.17.6: ToolExecError: Command "cc" "-O0" "-ffunction-sections" "-fdata-sections" "-fPIC" "-gdwarf-4" "-fno-omit-frame-pointer" "-m64" "-I" "include" "-I" "/opt/rustwide/target/debug/build/ring-c039fe4ebd3fca87/out" "-Wall" "-Wextra" "-fvisibility=hidden" "-std=c1x" "-pedantic" "-Wall" "-Wextra" "-Wbad-function-cast" "-Wcast-align" "-Wcast-qual" "-Wconversion" "-Wenum-compare" "-Wfloat-equal" "-Wformat=2" "-Winline" "-Winvalid-pch" "-Wmissing-field-initializers" "-Wmissing-include-dirs" "-Wnested-externs" "-Wredundant-decls" "-Wshadow" "-Wsign-compare" "-Wsign-conversion" "-Wstrict-prototypes" "-Wundef" "-Wuninitialized" "-Wwrite-strings" "-g3" "-DNDEBUG" "-o" "/opt/rustwide/target/debug/build/ring-c039fe4ebd3fca87/out/crypto/fipsmodule/ec/p256-nistz.o" "-c" "crypto/fipsmodule/ec/p256-nistz.c" with args "cc" did not execute successfully (status code exit status: 1).
[INFO] [stderr] warning: ring@0.17.6: ToolExecError: Command "cc" "-O0" "-ffunction-sections" "-fdata-sections" "-fPIC" "-gdwarf-4" "-fno-omit-frame-pointer" "-m64" "-I" "include" "-I" "/opt/rustwide/target/debug/build/ring-c039fe4ebd3fca87/out" "-Wall" "-Wextra" "-fvisibility=hidden" "-std=c1x" "-pedantic" "-Wall" "-Wextra" "-Wbad-function-cast" "-Wcast-align" "-Wcast-qual" "-Wconversion" "-Wenum-compare" "-Wfloat-equal" "-Wformat=2" "-Winline" "-Winvalid-pch" "-Wmissing-field-initializers" "-Wmissing-include-dirs" "-Wnested-externs" "-Wredundant-decls" "-Wshadow" "-Wsign-compare" "-Wsign-conversion" "-Wstrict-prototypes" "-Wundef" "-Wuninitialized" "-Wwrite-strings" "-g3" "-DNDEBUG" "-o" "/opt/rustwide/target/debug/build/ring-c039fe4ebd3fca87/out/0195fa0135cff7c4-vpaes-x86_64-elf.o" "-c" "/opt/rustwide/cargo-home/registry/src/index.crates.io-6f17d22bba15001f/ring-0.17.6/pregenerated/vpaes-x86_64-elf.S" with args "cc" did not execute successfully (status code exit status: 1).
[INFO] [stderr] warning: ring@0.17.6: ToolExecError: Command "cc" "-O0" "-ffunction-sections" "-fdata-sections" "-fPIC" "-gdwarf-4" "-fno-omit-frame-pointer" "-m64" "-I" "include" "-I" "/opt/rustwide/target/debug/build/ring-c039fe4ebd3fca87/out" "-Wall" "-Wextra" "-fvisibility=hidden" "-std=c1x" "-pedantic" "-Wall" "-Wextra" "-Wbad-function-cast" "-Wcast-align" "-Wcast-qual" "-Wconversion" "-Wenum-compare" "-Wfloat-equal" "-Wformat=2" "-Winline" "-Winvalid-pch" "-Wmissing-field-initializers" "-Wmissing-include-dirs" "-Wnested-externs" "-Wredundant-decls" "-Wshadow" "-Wsign-compare" "-Wsign-conversion" "-Wstrict-prototypes" "-Wundef" "-Wuninitialized" "-Wwrite-strings" "-g3" "-DNDEBUG" "-o" "/opt/rustwide/target/debug/build/ring-c039fe4ebd3fca87/out/0195fa0135cff7c4-x86_64-mont-elf.o" "-c" "/opt/rustwide/cargo-home/registry/src/index.crates.io-6f17d22bba15001f/ring-0.17.6/pregenerated/x86_64-mont-elf.S" with args "cc" did not execute successfully (status code exit status: 1).running: "cc" "-O0" "-ffunction-sections" "-fdata-sections" "-fPIC" "-gdwarf-4" "-fno-omit-frame-pointer" "-m64" "-I" "include" "-I" "/opt/rustwide/target/debug/build/ring-c039fe4ebd3fca87/out" "-Wall" "-Wextra" "-fvisibility=hidden" "-std=c1x" "-pedantic" "-Wall" "-Wextra" "-Wbad-function-cast" "-Wcast-align" "-Wcast-qual" "-Wconversion" "-Wenum-compare" "-Wfloat-equal" "-Wformat=2" "-Winline" "-Winvalid-pch" "-Wmissing-field-initializers" "-Wmissing-include-dirs" "-Wnested-externs" "-Wredundant-decls" "-Wshadow" "-Wsign-compare" "-Wsign-conversion" "-Wstrict-prototypes" "-Wundef" "-Wuninitialized" "-Wwrite-strings" "-g3" "-DNDEBUG" "-o" "/opt/rustwide/target/debug/build/ring-c039fe4ebd3fca87/out/0195fa0135cff7c4-x86_64-mont5-elf.o" "-c" "/opt/rustwide/cargo-home/registry/src/index.crates.io-6f17d22bba15001f/ring-0.17.6/pregenerated/x86_64-mont5-elf.S"
[INFO] [stderr] warning: ring@0.17.6: /opt/rustwide/cargo-home/registry/src/index.crates.io-6f17d22bba15001f/ring-0.17.6/pregenerated/x86_64-mont5-elf.S:5: fatal error: when writing output to /tmp/ccUko8h7.s: No space left on device
[INFO] [stderr] warning: ring@0.17.6:     5 | 
[INFO] [stderr] warning: ring@0.17.6:       | 
[INFO] [stderr] warning: ring@0.17.6: compilation terminated.
[INFO] [stderr] warning: ring@0.17.6: ToolExecError: Command "cc" "-O0" "-ffunction-sections" "-fdata-sections" "-fPIC" "-gdwarf-4" "-fno-omit-frame-pointer" "-m64" "-I" "include" "-I" "/opt/rustwide/target/debug/build/ring-c039fe4ebd3fca87/out" "-Wall" "-Wextra" "-fvisibility=hidden" "-std=c1x" "-pedantic" "-Wall" "-Wextra" "-Wbad-function-cast" "-Wcast-align" "-Wcast-qual" "-Wconversion" "-Wenum-compare" "-Wfloat-equal" "-Wformat=2" "-Winline" "-Winvalid-pch" "-Wmissing-field-initializers" "-Wmissing-include-dirs" "-Wnested-externs" "-Wredundant-decls" "-Wshadow" "-Wsign-compare" "-Wsign-conversion" "-Wstrict-prototypes" "-Wundef" "-Wuninitialized" "-Wwrite-strings" "-g3" "-DNDEBUG" "-o" "/opt/rustwide/target/debug/build/ring-c039fe4ebd3fca87/out/0195fa0135cff7c4-x86_64-mont5-elf.o" "-c" "/opt/rustwide/cargo-home/registry/src/index.crates.io-6f17d22bba15001f/ring-0.17.6/pregenerated/x86_64-mont5-elf.S" with args "cc" did not execute successfully (status code exit status: 1).running: "cc" "-O0" "-ffunction-sections" "-fdata-sections" "-fPIC" "-gdwarf-4" "-fno-omit-frame-pointer" "-m64" "-I" "include" "-I" "/opt/rustwide/target/debug/build/ring-c039fe4ebd3fca87/out" "-Wall" "-Wextra" "-fvisibility=hidden" "-std=c1x" "-pedantic" "-Wall" "-Wextra" "-Wbad-function-cast" "-Wcast-align" "-Wcast-qual" "-Wconversion" "-Wenum-compare" "-Wfloat-equal" "-Wformat=2" "-Winline" "-Winvalid-pch" "-Wmissing-field-initializers" "-Wmissing-include-dirs" "-Wnested-externs" "-Wredundant-decls" "-Wshadow" "-Wsign-compare" "-Wsign-conversion" "-Wstrict-prototypes" "-Wundef" "-Wuninitialized" "-Wwrite-strings" "-g3" "-DNDEBUG" "-o" "/opt/rustwide/target/debug/build/ring-c039fe4ebd3fca87/out/0195fa0135cff7c4-p256-x86_64-asm-elf.o" "-c" "/opt/rustwide/cargo-home/registry/src/index.crates.io-6f17d22bba15001f/ring-0.17.6/pregenerated/p256-x86_64-asm-elf.S"
[INFO] [stderr] warning: ring@0.17.6: /opt/rustwide/cargo-home/registry/src/index.crates.io-6f17d22bba15001f/ring-0.17.6/pregenerated/p256-x86_64-asm-elf.S:5: fatal error: when writing output to /tmp/ccBM43or.s: No space left on device
[INFO] [stderr] warning: ring@0.17.6:     5 | 
[INFO] [stderr] warning: ring@0.17.6:       | 
[INFO] [stderr] warning: ring@0.17.6: compilation terminated.
[INFO] [stderr] warning: ring@0.17.6: /opt/rustwide/cargo-home/registry/src/index.crates.io-6f17d22bba15001f/ring-0.17.6/pregenerated/aesni-gcm-x86_64-elf.S:5: fatal error: when writing output to /tmp/cc6Xn5qO.s: No space left on device
[INFO] [stderr] warning: ring@0.17.6:     5 | 
[INFO] [stderr] warning: ring@0.17.6:       | 
[INFO] [stderr] warning: ring@0.17.6: compilation terminated.
[INFO] [stderr] warning: ring@0.17.6: ToolExecError: Command "cc" "-O0" "-ffunction-sections" "-fdata-sections" "-fPIC" "-gdwarf-4" "-fno-omit-frame-pointer" "-m64" "-I" "include" "-I" "/opt/rustwide/target/debug/build/ring-c039fe4ebd3fca87/out" "-Wall" "-Wextra" "-fvisibility=hidden" "-std=c1x" "-pedantic" "-Wall" "-Wextra" "-Wbad-function-cast" "-Wcast-align" "-Wcast-qual" "-Wconversion" "-Wenum-compare" "-Wfloat-equal" "-Wformat=2" "-Winline" "-Winvalid-pch" "-Wmissing-field-initializers" "-Wmissing-include-dirs" "-Wnested-externs" "-Wredundant-decls" "-Wshadow" "-Wsign-compare" "-Wsign-conversion" "-Wstrict-prototypes" "-Wundef" "-Wuninitialized" "-Wwrite-strings" "-g3" "-DNDEBUG" "-o" "/opt/rustwide/target/debug/build/ring-c039fe4ebd3fca87/out/0195fa0135cff7c4-p256-x86_64-asm-elf.o" "-c" "/opt/rustwide/cargo-home/registry/src/index.crates.io-6f17d22bba15001f/ring-0.17.6/pregenerated/p256-x86_64-asm-elf.S" with args "cc" did not execute successfully (status code exit status: 1).
[INFO] [stderr] warning: ring@0.17.6: ToolExecError: Command "cc" "-O0" "-ffunction-sections" "-fdata-sections" "-fPIC" "-gdwarf-4" "-fno-omit-frame-pointer" "-m64" "-I" "include" "-I" "/opt/rustwide/target/debug/build/ring-c039fe4ebd3fca87/out" "-Wall" "-Wextra" "-fvisibility=hidden" "-std=c1x" "-pedantic" "-Wall" "-Wextra" "-Wbad-function-cast" "-Wcast-align" "-Wcast-qual" "-Wconversion" "-Wenum-compare" "-Wfloat-equal" "-Wformat=2" "-Winline" "-Winvalid-pch" "-Wmissing-field-initializers" "-Wmissing-include-dirs" "-Wnested-externs" "-Wredundant-decls" "-Wshadow" "-Wsign-compare" "-Wsign-conversion" "-Wstrict-prototypes" "-Wundef" "-Wuninitialized" "-Wwrite-strings" "-g3" "-DNDEBUG" "-o" "/opt/rustwide/target/debug/build/ring-c039fe4ebd3fca87/out/0195fa0135cff7c4-aesni-gcm-x86_64-elf.o" "-c" "/opt/rustwide/cargo-home/registry/src/index.crates.io-6f17d22bba15001f/ring-0.17.6/pregenerated/aesni-gcm-x86_64-elf.S" with args "cc" did not execute successfully (status code exit status: 1).running: "cc" "-O0" "-ffunction-sections" "-fdata-sections" "-fPIC" "-gdwarf-4" "-fno-omit-frame-pointer" "-m64" "-I" "include" "-I" "/opt/rustwide/target/debug/build/ring-c039fe4ebd3fca87/out" "-Wall" "-Wextra" "-fvisibility=hidden" "-std=c1x" "-pedantic" "-Wall" "-Wextra" "-Wbad-function-cast" "-Wcast-align" "-Wcast-qual" "-Wconversion" "-Wenum-compare" "-Wfloat-equal" "-Wformat=2" "-Winline" "-Winvalid-pch" "-Wmissing-field-initializers" "-Wmissing-include-dirs" "-Wnested-externs" "-Wredundant-decls" "-Wshadow" "-Wsign-compare" "-Wsign-conversion" "-Wstrict-prototypes" "-Wundef" "-Wuninitialized" "-Wwrite-strings" "-g3" "-DNDEBUG" "-o" "/opt/rustwide/target/debug/build/ring-c039fe4ebd3fca87/out/0195fa0135cff7c4-ghash-x86_64-elf.o" "-c" "/opt/rustwide/cargo-home/registry/src/index.crates.io-6f17d22bba15001f/ring-0.17.6/pregenerated/ghash-x86_64-elf.S"
[INFO] [stderr] warning: ring@0.17.6: /opt/rustwide/cargo-home/registry/src/index.crates.io-6f17d22bba15001f/ring-0.17.6/pregenerated/ghash-x86_64-elf.S:5: fatal error: when writing output to /tmp/cc9ERyTD.s: No space left on device
[INFO] [stderr] warning: ring@0.17.6:     5 | 
[INFO] [stderr] warning: ring@0.17.6:       | 
[INFO] [stderr] warning: ring@0.17.6: compilation terminated.
[INFO] [stderr] warning: ring@0.17.6: ToolExecError: Command "cc" "-O0" "-ffunction-sections" "-fdata-sections" "-fPIC" "-gdwarf-4" "-fno-omit-frame-pointer" "-m64" "-I" "include" "-I" "/opt/rustwide/target/debug/build/ring-c039fe4ebd3fca87/out" "-Wall" "-Wextra" "-fvisibility=hidden" "-std=c1x" "-pedantic" "-Wall" "-Wextra" "-Wbad-function-cast" "-Wcast-align" "-Wcast-qual" "-Wconversion" "-Wenum-compare" "-Wfloat-equal" "-Wformat=2" "-Winline" "-Winvalid-pch" "-Wmissing-field-initializers" "-Wmissing-include-dirs" "-Wnested-externs" "-Wredundant-decls" "-Wshadow" "-Wsign-compare" "-Wsign-conversion" "-Wstrict-prototypes" "-Wundef" "-Wuninitialized" "-Wwrite-strings" "-g3" "-DNDEBUG" "-o" "/opt/rustwide/target/debug/build/ring-c039fe4ebd3fca87/out/0195fa0135cff7c4-ghash-x86_64-elf.o" "-c" "/opt/rustwide/cargo-home/registry/src/index.crates.io-6f17d22bba15001f/ring-0.17.6/pregenerated/ghash-x86_64-elf.S" with args "cc" did not execute successfully (status code exit status: 1).running: "cc" "-O0" "-ffunction-sections" "-fdata-sections" "-fPIC" "-gdwarf-4" "-fno-omit-frame-pointer" "-m64" "-I" "include" "-I" "/opt/rustwide/target/debug/build/ring-c039fe4ebd3fca87/out" "-Wall" "-Wextra" "-fvisibility=hidden" "-std=c1x" "-pedantic" "-Wall" "-Wextra" "-Wbad-function-cast" "-Wcast-align" "-Wcast-qual" "-Wconversion" "-Wenum-compare" "-Wfloat-equal" "-Wformat=2" "-Winline" "-Winvalid-pch" "-Wmissing-field-initializers" "-Wmissing-include-dirs" "-Wnested-externs" "-Wredundant-decls" "-Wshadow" "-Wsign-compare" "-Wsign-conversion" "-Wstrict-prototypes" "-Wundef" "-Wuninitialized" "-Wwrite-strings" "-g3" "-DNDEBUG" "-o" "/opt/rustwide/target/debug/build/ring-c039fe4ebd3fca87/out/0195fa0135cff7c4-sha512-x86_64-elf.o" "-c" "/opt/rustwide/cargo-home/registry/src/index.crates.io-6f17d22bba15001f/ring-0.17.6/pregenerated/sha512-x86_64-elf.S"
[INFO] [stderr] warning: ring@0.17.6: /opt/rustwide/cargo-home/registry/src/index.crates.io-6f17d22bba15001f/ring-0.17.6/pregenerated/sha512-x86_64-elf.S:5: fatal error: when writing output to /tmp/ccNMGHcB.s: No space left on device
[INFO] [stderr] warning: ring@0.17.6:     5 | 
[INFO] [stderr] warning: ring@0.17.6:       | 
[INFO] [stderr] warning: ring@0.17.6: compilation terminated.
[INFO] [stderr] warning: ring@0.17.6: /opt/rustwide/cargo-home/registry/src/index.crates.io-6f17d22bba15001f/ring-0.17.6/pregenerated/sha256-x86_64-elf.S:5: fatal error: when writing output to /tmp/ccz8dOoD.s: No space left on device
[INFO] [stderr] warning: ring@0.17.6:     5 | 
[INFO] [stderr] warning: ring@0.17.6:       | 
[INFO] [stderr] warning: ring@0.17.6: compilation terminated.
[INFO] [stderr] warning: ring@0.17.6: /opt/rustwide/cargo-home/registry/src/index.crates.io-6f17d22bba15001f/ring-0.17.6/pregenerated/chacha20_poly1305_x86_64-elf.S:5: fatal error: when writing output to /tmp/cce4HXvv.s: No space left on device
[INFO] [stderr] warning: ring@0.17.6:     5 | 
[INFO] [stderr] warning: ring@0.17.6:       | 
[INFO] [stderr] warning: ring@0.17.6: compilation terminated.
[INFO] [stderr] warning: ring@0.17.6: ToolExecError: Command "cc" "-O0" "-ffunction-sections" "-fdata-sections" "-fPIC" "-gdwarf-4" "-fno-omit-frame-pointer" "-m64" "-I" "include" "-I" "/opt/rustwide/target/debug/build/ring-c039fe4ebd3fca87/out" "-Wall" "-Wextra" "-fvisibility=hidden" "-std=c1x" "-pedantic" "-Wall" "-Wextra" "-Wbad-function-cast" "-Wcast-align" "-Wcast-qual" "-Wconversion" "-Wenum-compare" "-Wfloat-equal" "-Wformat=2" "-Winline" "-Winvalid-pch" "-Wmissing-field-initializers" "-Wmissing-include-dirs" "-Wnested-externs" "-Wredundant-decls" "-Wshadow" "-Wsign-compare" "-Wsign-conversion" "-Wstrict-prototypes" "-Wundef" "-Wuninitialized" "-Wwrite-strings" "-g3" "-DNDEBUG" "-o" "/opt/rustwide/target/debug/build/ring-c039fe4ebd3fca87/out/0195fa0135cff7c4-sha512-x86_64-elf.o" "-c" "/opt/rustwide/cargo-home/registry/src/index.crates.io-6f17d22bba15001f/ring-0.17.6/pregenerated/sha512-x86_64-elf.S" with args "cc" did not execute successfully (status code exit status: 1).
[INFO] [stderr] warning: ring@0.17.6: ToolExecError: Command "cc" "-O0" "-ffunction-sections" "-fdata-sections" "-fPIC" "-gdwarf-4" "-fno-omit-frame-pointer" "-m64" "-I" "include" "-I" "/opt/rustwide/target/debug/build/ring-c039fe4ebd3fca87/out" "-Wall" "-Wextra" "-fvisibility=hidden" "-std=c1x" "-pedantic" "-Wall" "-Wextra" "-Wbad-function-cast" "-Wcast-align" "-Wcast-qual" "-Wconversion" "-Wenum-compare" "-Wfloat-equal" "-Wformat=2" "-Winline" "-Winvalid-pch" "-Wmissing-field-initializers" "-Wmissing-include-dirs" "-Wnested-externs" "-Wredundant-decls" "-Wshadow" "-Wsign-compare" "-Wsign-conversion" "-Wstrict-prototypes" "-Wundef" "-Wuninitialized" "-Wwrite-strings" "-g3" "-DNDEBUG" "-o" "/opt/rustwide/target/debug/build/ring-c039fe4ebd3fca87/out/0195fa0135cff7c4-chacha20_poly1305_x86_64-elf.o" "-c" "/opt/rustwide/cargo-home/registry/src/index.crates.io-6f17d22bba15001f/ring-0.17.6/pregenerated/chacha20_poly1305_x86_64-elf.S" with args "cc" did not execute successfully (status code exit status: 1).
[INFO] [stderr] warning: ring@0.17.6: ToolExecError: Command "cc" "-O0" "-ffunction-sections" "-fdata-sections" "-fPIC" "-gdwarf-4" "-fno-omit-frame-pointer" "-m64" "-I" "include" "-I" "/opt/rustwide/target/debug/build/ring-c039fe4ebd3fca87/out" "-Wall" "-Wextra" "-fvisibility=hidden" "-std=c1x" "-pedantic" "-Wall" "-Wextra" "-Wbad-function-cast" "-Wcast-align" "-Wcast-qual" "-Wconversion" "-Wenum-compare" "-Wfloat-equal" "-Wformat=2" "-Winline" "-Winvalid-pch" "-Wmissing-field-initializers" "-Wmissing-include-dirs" "-Wnested-externs" "-Wredundant-decls" "-Wshadow" "-Wsign-compare" "-Wsign-conversion" "-Wstrict-prototypes" "-Wundef" "-Wuninitialized" "-Wwrite-strings" "-g3" "-DNDEBUG" "-o" "/opt/rustwide/target/debug/build/ring-c039fe4ebd3fca87/out/0195fa0135cff7c4-sha256-x86_64-elf.o" "-c" "/opt/rustwide/cargo-home/registry/src/index.crates.io-6f17d22bba15001f/ring-0.17.6/pregenerated/sha256-x86_64-elf.S" with args "cc" did not execute successfully (status code exit status: 1).
[INFO] [stderr] 
[INFO] [stderr] error: failed to run custom build command for `ring v0.17.6`
[INFO] [stderr] note: To improve backtraces for build dependencies, set the CARGO_PROFILE_DEV_BUILD_OVERRIDE_DEBUG=true environment variable to enable debug information generation.
[INFO] [stderr] 
[INFO] [stderr] Caused by:
[INFO] [stderr]   process didn't exit successfully: `/opt/rustwide/target/debug/build/ring-f0400056c7c7ce00/build-script-build` (exit status: 1)
[INFO] [stderr]   --- stdout
[INFO] [stderr]   cargo:rerun-if-env-changed=RING_PREGENERATE_ASM
[INFO] [stderr]   cargo:rustc-env=RING_CORE_PREFIX=ring_core_0_17_6_
[INFO] [stderr]   OPT_LEVEL = Some("0")
[INFO] [stderr]   TARGET = Some("x86_64-unknown-linux-gnu")
[INFO] [stderr]   HOST = Some("x86_64-unknown-linux-gnu")
[INFO] [stderr]   cargo:rerun-if-env-changed=CC_x86_64-unknown-linux-gnu
[INFO] [stderr]   CC_x86_64-unknown-linux-gnu = None
[INFO] [stderr]   cargo:rerun-if-env-changed=CC_x86_64_unknown_linux_gnu
[INFO] [stderr]   CC_x86_64_unknown_linux_gnu = None
[INFO] [stderr]   cargo:rerun-if-env-changed=HOST_CC
[INFO] [stderr]   HOST_CC = None
[INFO] [stderr]   cargo:rerun-if-env-changed=CC
[INFO] [stderr]   CC = None
[INFO] [stderr]   cargo:rerun-if-env-changed=CRATE_CC_NO_DEFAULTS
[INFO] [stderr]   CRATE_CC_NO_DEFAULTS = None
[INFO] [stderr]   DEBUG = Some("true")
[INFO] [stderr]   CARGO_CFG_TARGET_FEATURE = Some("fxsr,sse,sse2")
[INFO] [stderr]   cargo:rerun-if-env-changed=CFLAGS_x86_64-unknown-linux-gnu
[INFO] [stderr]   CFLAGS_x86_64-unknown-linux-gnu = None
[INFO] [stderr]   cargo:rerun-if-env-changed=CFLAGS_x86_64_unknown_linux_gnu
[INFO] [stderr]   CFLAGS_x86_64_unknown_linux_gnu = None
[INFO] [stderr]   cargo:rerun-if-env-changed=HOST_CFLAGS
[INFO] [stderr]   HOST_CFLAGS = None
[INFO] [stderr]   cargo:rerun-if-env-changed=CFLAGS
[INFO] [stderr]   CFLAGS = None
[INFO] [stderr]   running: "cc" "-O0" "-ffunction-sections" "-fdata-sections" "-fPIC" "-gdwarf-4" "-fno-omit-frame-pointer" "-m64" "-I" "include" "-I" "/opt/rustwide/target/debug/build/ring-c039fe4ebd3fca87/out" "-Wall" "-Wextra" "-fvisibility=hidden" "-std=c1x" "-pedantic" "-Wall" "-Wextra" "-Wbad-function-cast" "-Wcast-align" "-Wcast-qual" "-Wconversion" "-Wenum-compare" "-Wfloat-equal" "-Wformat=2" "-Winline" "-Winvalid-pch" "-Wmissing-field-initializers" "-Wmissing-include-dirs" "-Wnested-externs" "-Wredundant-decls" "-Wshadow" "-Wsign-compare" "-Wsign-conversion" "-Wstrict-prototypes" "-Wundef" "-Wuninitialized" "-Wwrite-strings" "-g3" "-DNDEBUG" "-o" "/opt/rustwide/target/debug/build/ring-c039fe4ebd3fca87/out/crypto/curve25519/curve25519.o" "-c" "crypto/curve25519/curve25519.c"
[INFO] [stderr]   running: "cc" "-O0" "-ffunction-sections" "-fdata-sections" "-fPIC" "-gdwarf-4" "-fno-omit-frame-pointer" "-m64" "-I" "include" "-I" "/opt/rustwide/target/debug/build/ring-c039fe4ebd3fca87/out" "-Wall" "-Wextra" "-fvisibility=hidden" "-std=c1x" "-pedantic" "-Wall" "-Wextra" "-Wbad-function-cast" "-Wcast-align" "-Wcast-qual" "-Wconversion" "-Wenum-compare" "-Wfloat-equal" "-Wformat=2" "-Winline" "-Winvalid-pch" "-Wmissing-field-initializers" "-Wmissing-include-dirs" "-Wnested-externs" "-Wredundant-decls" "-Wshadow" "-Wsign-compare" "-Wsign-conversion" "-Wstrict-prototypes" "-Wundef" "-Wuninitialized" "-Wwrite-strings" "-g3" "-DNDEBUG" "-o" "/opt/rustwide/target/debug/build/ring-c039fe4ebd3fca87/out/crypto/fipsmodule/aes/aes_nohw.o" "-c" "crypto/fipsmodule/aes/aes_nohw.c"
[INFO] [stderr]   running: "cc" "-O0" "-ffunction-sections" "-fdata-sections" "-fPIC" "-gdwarf-4" "-fno-omit-frame-pointer" "-m64" "-I" "include" "-I" "/opt/rustwide/target/debug/build/ring-c039fe4ebd3fca87/out" "-Wall" "-Wextra" "-fvisibility=hidden" "-std=c1x" "-pedantic" "-Wall" "-Wextra" "-Wbad-function-cast" "-Wcast-align" "-Wcast-qual" "-Wconversion" "-Wenum-compare" "-Wfloat-equal" "-Wformat=2" "-Winline" "-Winvalid-pch" "-Wmissing-field-initializers" "-Wmissing-include-dirs" "-Wnested-externs" "-Wredundant-decls" "-Wshadow" "-Wsign-compare" "-Wsign-conversion" "-Wstrict-prototypes" "-Wundef" "-Wuninitialized" "-Wwrite-strings" "-g3" "-DNDEBUG" "-o" "/opt/rustwide/target/debug/build/ring-c039fe4ebd3fca87/out/crypto/fipsmodule/bn/montgomery.o" "-c" "crypto/fipsmodule/bn/montgomery.c"
[INFO] [stderr]   running: "cc" "-O0" "-ffunction-sections" "-fdata-sections" "-fPIC" "-gdwarf-4" "-fno-omit-frame-pointer" "-m64" "-I" "include" "-I" "/opt/rustwide/target/debug/build/ring-c039fe4ebd3fca87/out" "-Wall" "-Wextra" "-fvisibility=hidden" "-std=c1x" "-pedantic" "-Wall" "-Wextra" "-Wbad-function-cast" "-Wcast-align" "-Wcast-qual" "-Wconversion" "-Wenum-compare" "-Wfloat-equal" "-Wformat=2" "-Winline" "-Winvalid-pch" "-Wmissing-field-initializers" "-Wmissing-include-dirs" "-Wnested-externs" "-Wredundant-decls" "-Wshadow" "-Wsign-compare" "-Wsign-conversion" "-Wstrict-prototypes" "-Wundef" "-Wuninitialized" "-Wwrite-strings" "-g3" "-DNDEBUG" "-o" "/opt/rustwide/target/debug/build/ring-c039fe4ebd3fca87/out/crypto/fipsmodule/bn/montgomery_inv.o" "-c" "crypto/fipsmodule/bn/montgomery_inv.c"
[INFO] [stderr]   running: "cc" "-O0" "-ffunction-sections" "-fdata-sections" "-fPIC" "-gdwarf-4" "-fno-omit-frame-pointer" "-m64" "-I" "include" "-I" "/opt/rustwide/target/debug/build/ring-c039fe4ebd3fca87/out" "-Wall" "-Wextra" "-fvisibility=hidden" "-std=c1x" "-pedantic" "-Wall" "-Wextra" "-Wbad-function-cast" "-Wcast-align" "-Wcast-qual" "-Wconversion" "-Wenum-compare" "-Wfloat-equal" "-Wformat=2" "-Winline" "-Winvalid-pch" "-Wmissing-field-initializers" "-Wmissing-include-dirs" "-Wnested-externs" "-Wredundant-decls" "-Wshadow" "-Wsign-compare" "-Wsign-conversion" "-Wstrict-prototypes" "-Wundef" "-Wuninitialized" "-Wwrite-strings" "-g3" "-DNDEBUG" "-o" "/opt/rustwide/target/debug/build/ring-c039fe4ebd3fca87/out/crypto/fipsmodule/ec/ecp_nistz.o" "-c" "crypto/fipsmodule/ec/ecp_nistz.c"
[INFO] [stderr]   cargo:warning=crypto/fipsmodule/ec/ecp_nistz.c:52:1: fatal error: error writing to /tmp/ccLsJlU8.s: No space left on device
[INFO] [stderr] 
[INFO] [stderr]   cargo:warning=   52 | }
[INFO] [stderr] 
[INFO] [stderr]   cargo:warning=      | ^
[INFO] [stderr] 
[INFO] [stderr]   cargo:warning=compilation terminated.
[INFO] [stderr] 
[INFO] [stderr]   running: "cc" "-O0" "-ffunction-sections" "-fdata-sections" "-fPIC" "-gdwarf-4" "-fno-omit-frame-pointer" "-m64" "-I" "include" "-I" "/opt/rustwide/target/debug/build/ring-c039fe4ebd3fca87/out" "-Wall" "-Wextra" "-fvisibility=hidden" "-std=c1x" "-pedantic" "-Wall" "-Wextra" "-Wbad-function-cast" "-Wcast-align" "-Wcast-qual" "-Wconversion" "-Wenum-compare" "-Wfloat-equal" "-Wformat=2" "-Winline" "-Winvalid-pch" "-Wmissing-field-initializers" "-Wmissing-include-dirs" "-Wnested-externs" "-Wredundant-decls" "-Wshadow" "-Wsign-compare" "-Wsign-conversion" "-Wstrict-prototypes" "-Wundef" "-Wuninitialized" "-Wwrite-strings" "-g3" "-DNDEBUG" "-o" "/opt/rustwide/target/debug/build/ring-c039fe4ebd3fca87/out/crypto/fipsmodule/ec/gfp_p256.o" "-c" "crypto/fipsmodule/ec/gfp_p256.c"
[INFO] [stderr]   cargo:warning=/tmp/ccpPRzhK.s: Assembler messages:
[INFO] [stderr] 
[INFO] [stderr]   cargo:warning=/tmp/ccpPRzhK.s: Fatal error: can't write 471 bytes to section .debug_macro of /opt/rustwide/target/debug/build/ring-c039fe4ebd3fca87/out/crypto/fipsmodule/ec/gfp_p256.o: 'No space left on device'
[INFO] [stderr] 
[INFO] [stderr]   cargo:warning=/tmp/ccpPRzhK.s: Fatal error: /opt/rustwide/target/debug/build/ring-c039fe4ebd3fca87/out/crypto/fipsmodule/ec/gfp_p256.o: No space left on device
[INFO] [stderr] 
[INFO] [stderr]   running: "cc" "-O0" "-ffunction-sections" "-fdata-sections" "-fPIC" "-gdwarf-4" "-fno-omit-frame-pointer" "-m64" "-I" "include" "-I" "/opt/rustwide/target/debug/build/ring-c039fe4ebd3fca87/out" "-Wall" "-Wextra" "-fvisibility=hidden" "-std=c1x" "-pedantic" "-Wall" "-Wextra" "-Wbad-function-cast" "-Wcast-align" "-Wcast-qual" "-Wconversion" "-Wenum-compare" "-Wfloat-equal" "-Wformat=2" "-Winline" "-Winvalid-pch" "-Wmissing-field-initializers" "-Wmissing-include-dirs" "-Wnested-externs" "-Wredundant-decls" "-Wshadow" "-Wsign-compare" "-Wsign-conversion" "-Wstrict-prototypes" "-Wundef" "-Wuninitialized" "-Wwrite-strings" "-g3" "-DNDEBUG" "-o" "/opt/rustwide/target/debug/build/ring-c039fe4ebd3fca87/out/crypto/fipsmodule/ec/gfp_p384.o" "-c" "crypto/fipsmodule/ec/gfp_p384.c"
[INFO] [stderr]   cargo:warning=crypto/fipsmodule/ec/gfp_p384.c:247: fatal error: error writing to /tmp/cc4HXuCT.s: No space left on device
[INFO] [stderr] 
[INFO] [stderr]   cargo:warning=compilation terminated.
[INFO] [stderr] 
[INFO] [stderr]   running: "cc" "-O0" "-ffunction-sections" "-fdata-sections" "-fPIC" "-gdwarf-4" "-fno-omit-frame-pointer" "-m64" "-I" "include" "-I" "/opt/rustwide/target/debug/build/ring-c039fe4ebd3fca87/out" "-Wall" "-Wextra" "-fvisibility=hidden" "-std=c1x" "-pedantic" "-Wall" "-Wextra" "-Wbad-function-cast" "-Wcast-align" "-Wcast-qual" "-Wconversion" "-Wenum-compare" "-Wfloat-equal" "-Wformat=2" "-Winline" "-Winvalid-pch" "-Wmissing-field-initializers" "-Wmissing-include-dirs" "-Wnested-externs" "-Wredundant-decls" "-Wshadow" "-Wsign-compare" "-Wsign-conversion" "-Wstrict-prototypes" "-Wundef" "-Wuninitialized" "-Wwrite-strings" "-g3" "-DNDEBUG" "-o" "/opt/rustwide/target/debug/build/ring-c039fe4ebd3fca87/out/crypto/fipsmodule/ec/p256.o" "-c" "crypto/fipsmodule/ec/p256.c"
[INFO] [stderr]   cargo:warning=crypto/fipsmodule/ec/p256.c:28: fatal error: error writing to /tmp/ccRO6k48.s: No space left on device
[INFO] [stderr] 
[INFO] [stderr]   cargo:warning=   28 | 
[INFO] [stderr] 
[INFO] [stderr]   cargo:warning=      | 
[INFO] [stderr] 
[INFO] [stderr]   cargo:warning=compilation terminated.
[INFO] [stderr] 
[INFO] [stderr]   exit status: 0
[INFO] [stderr]   exit status: 0
[INFO] [stderr]   exit status: 0
[INFO] [stderr]   exit status: 0
[INFO] [stderr]   exit status: 1
[INFO] [stderr]   cargo:warning=ToolExecError: Command "cc" "-O0" "-ffunction-sections" "-fdata-sections" "-fPIC" "-gdwarf-4" "-fno-omit-frame-pointer" "-m64" "-I" "include" "-I" "/opt/rustwide/target/debug/build/ring-c039fe4ebd3fca87/out" "-Wall" "-Wextra" "-fvisibility=hidden" "-std=c1x" "-pedantic" "-Wall" "-Wextra" "-Wbad-function-cast" "-Wcast-align" "-Wcast-qual" "-Wconversion" "-Wenum-compare" "-Wfloat-equal" "-Wformat=2" "-Winline" "-Winvalid-pch" "-Wmissing-field-initializers" "-Wmissing-include-dirs" "-Wnested-externs" "-Wredundant-decls" "-Wshadow" "-Wsign-compare" "-Wsign-conversion" "-Wstrict-prototypes" "-Wundef" "-Wuninitialized" "-Wwrite-strings" "-g3" "-DNDEBUG" "-o" "/opt/rustwide/target/debug/build/ring-c039fe4ebd3fca87/out/crypto/fipsmodule/ec/ecp_nistz.o" "-c" "crypto/fipsmodule/ec/ecp_nistz.c" with args "cc" did not execute successfully (status code exit status: 1).
[INFO] [stderr]   exit status: 1
[INFO] [stderr]   cargo:warning=ToolExecError: Command "cc" "-O0" "-ffunction-sections" "-fdata-sections" "-fPIC" "-gdwarf-4" "-fno-omit-frame-pointer" "-m64" "-I" "include" "-I" "/opt/rustwide/target/debug/build/ring-c039fe4ebd3fca87/out" "-Wall" "-Wextra" "-fvisibility=hidden" "-std=c1x" "-pedantic" "-Wall" "-Wextra" "-Wbad-function-cast" "-Wcast-align" "-Wcast-qual" "-Wconversion" "-Wenum-compare" "-Wfloat-equal" "-Wformat=2" "-Winline" "-Winvalid-pch" "-Wmissing-field-initializers" "-Wmissing-include-dirs" "-Wnested-externs" "-Wredundant-decls" "-Wshadow" "-Wsign-compare" "-Wsign-conversion" "-Wstrict-prototypes" "-Wundef" "-Wuninitialized" "-Wwrite-strings" "-g3" "-DNDEBUG" "-o" "/opt/rustwide/target/debug/build/ring-c039fe4ebd3fca87/out/crypto/fipsmodule/ec/gfp_p256.o" "-c" "crypto/fipsmodule/ec/gfp_p256.c" with args "cc" did not execute successfully (status code exit status: 1).running: "cc" "-O0" "-ffunction-sections" "-fdata-sections" "-fPIC" "-gdwarf-4" "-fno-omit-frame-pointer" "-m64" "-I" "include" "-I" "/opt/rustwide/target/debug/build/ring-c039fe4ebd3fca87/out" "-Wall" "-Wextra" "-fvisibility=hidden" "-std=c1x" "-pedantic" "-Wall" "-Wextra" "-Wbad-function-cast" "-Wcast-align" "-Wcast-qual" "-Wconversion" "-Wenum-compare" "-Wfloat-equal" "-Wformat=2" "-Winline" "-Winvalid-pch" "-Wmissing-field-initializers" "-Wmissing-include-dirs" "-Wnested-externs" "-Wredundant-decls" "-Wshadow" "-Wsign-compare" "-Wsign-conversion" "-Wstrict-prototypes" "-Wundef" "-Wuninitialized" "-Wwrite-strings" "-g3" "-DNDEBUG" "-o" "/opt/rustwide/target/debug/build/ring-c039fe4ebd3fca87/out/crypto/limbs/limbs.o" "-c" "crypto/limbs/limbs.c"
[INFO] [stderr] 
[INFO] [stderr]   exit status: 1
[INFO] [stderr]   cargo:warning=ToolExecError: Command "cc" "-O0" "-ffunction-sections" "-fdata-sections" "-fPIC" "-gdwarf-4" "-fno-omit-frame-pointer" "-m64" "-I" "include" "-I" "/opt/rustwide/target/debug/build/ring-c039fe4ebd3fca87/out" "-Wall" "-Wextra" "-fvisibility=hidden" "-std=c1x" "-pedantic" "-Wall" "-Wextra" "-Wbad-function-cast" "-Wcast-align" "-Wcast-qual" "-Wconversion" "-Wenum-compare" "-Wfloat-equal" "-Wformat=2" "-Winline" "-Winvalid-pch" "-Wmissing-field-initializers" "-Wmissing-include-dirs" "-Wnested-externs" "-Wredundant-decls" "-Wshadow" "-Wsign-compare" "-Wsign-conversion" "-Wstrict-prototypes" "-Wundef" "-Wuninitialized" "-Wwrite-strings" "-g3" "-DNDEBUG" "-o" "/opt/rustwide/target/debug/build/ring-c039fe4ebd3fca87/out/crypto/fipsmodule/ec/gfp_p384.o" "-c" "crypto/fipsmodule/ec/gfp_p384.c" with args "cc" did not execute successfully (status code exit status: 1).
[INFO] [stderr]   exit status: 1
[INFO] [stderr]   cargo:warning=ToolExecError: Command "cc" "-O0" "-ffunction-sections" "-fdata-sections" "-fPIC" "-gdwarf-4" "-fno-omit-frame-pointer" "-m64" "-I" "include" "-I" "/opt/rustwide/target/debug/build/ring-c039fe4ebd3fca87/out" "-Wall" "-Wextra" "-fvisibility=hidden" "-std=c1x" "-pedantic" "-Wall" "-Wextra" "-Wbad-function-cast" "-Wcast-align" "-Wcast-qual" "-Wconversion" "-Wenum-compare" "-Wfloat-equal" "-Wformat=2" "-Winline" "-Winvalid-pch" "-Wmissing-field-initializers" "-Wmissing-include-dirs" "-Wnested-externs" "-Wredundant-decls" "-Wshadow" "-Wsign-compare" "-Wsign-conversion" "-Wstrict-prototypes" "-Wundef" "-Wuninitialized" "-Wwrite-strings" "-g3" "-DNDEBUG" "-o" "/opt/rustwide/target/debug/build/ring-c039fe4ebd3fca87/out/crypto/fipsmodule/ec/p256.o" "-c" "crypto/fipsmodule/ec/p256.c" with args "cc" did not execute successfully (status code exit status: 1).running: "cc" "-O0" "-ffunction-sections" "-fdata-sections" "-fPIC" "-gdwarf-4" "-fno-omit-frame-pointer" "-m64" "-I" "include" "-I" "/opt/rustwide/target/debug/build/ring-c039fe4ebd3fca87/out" "-Wall" "-Wextra" "-fvisibility=hidden" "-std=c1x" "-pedantic" "-Wall" "-Wextra" "-Wbad-function-cast" "-Wcast-align" "-Wcast-qual" "-Wconversion" "-Wenum-compare" "-Wfloat-equal" "-Wformat=2" "-Winline" "-Winvalid-pch" "-Wmissing-field-initializers" "-Wmissing-include-dirs" "-Wnested-externs" "-Wredundant-decls" "-Wshadow" "-Wsign-compare" "-Wsign-conversion" "-Wstrict-prototypes" "-Wundef" "-Wuninitialized" "-Wwrite-strings" "-g3" "-DNDEBUG" "-o" "/opt/rustwide/target/debug/build/ring-c039fe4ebd3fca87/out/crypto/mem.o" "-c" "crypto/mem.c"
[INFO] [stderr]   running: "cc" "-O0" "-ffunction-sections" "-fdata-sections" "-fPIC" "-gdwarf-4" "-fno-omit-frame-pointer" "-m64" "-I" "include" "-I" "/opt/rustwide/target/debug/build/ring-c039fe4ebd3fca87/out" "-Wall" "-Wextra" "-fvisibility=hidden" "-std=c1x" "-pedantic" "-Wall" "-Wextra" "-Wbad-function-cast" "-Wcast-align" "-Wcast-qual" "-Wconversion" "-Wenum-compare" "-Wfloat-equal" "-Wformat=2" "-Winline" "-Winvalid-pch" "-Wmissing-field-initializers" "-Wmissing-include-dirs" "-Wnested-externs" "-Wredundant-decls" "-Wshadow" "-Wsign-compare" "-Wsign-conversion" "-Wstrict-prototypes" "-Wundef" "-Wuninitialized" "-Wwrite-strings" "-g3" "-DNDEBUG" "-o" "/opt/rustwide/target/debug/build/ring-c039fe4ebd3fca87/out/crypto/poly1305/poly1305.o" "-c" "crypto/poly1305/poly1305.c"
[INFO] [stderr]   cargo:warning=crypto/poly1305/poly1305.c:23: fatal error: error writing to /tmp/ccC0c3TF.s: No space left on device
[INFO] [stderr] 
[INFO] [stderr]   cargo:warning=   23 | 
[INFO] [stderr] 
[INFO] [stderr]   cargo:warning=      | 
[INFO] [stderr] 
[INFO] [stderr]   cargo:warning=compilation terminated.
[INFO] [stderr] 
[INFO] [stderr]   cargo:warning=crypto/mem.c:70:1: fatal error: error writing to /tmp/ccJnKre4.s: No space left on device
[INFO] [stderr] 
[INFO] [stderr]   cargo:warning=   70 | }
[INFO] [stderr] 
[INFO] [stderr]   cargo:warning=      | ^
[INFO] [stderr] 
[INFO] [stderr]   cargo:warning=compilation terminated.
[INFO] [stderr] 
[INFO] [stderr]   cargo:warning=crypto/limbs/limbs.c:198:1: fatal error: error writing to /tmp/ccVp5tA1.s: No space left on device
[INFO] [stderr] 
[INFO] [stderr]   cargo:warning=  198 | }
[INFO] [stderr] 
[INFO] [stderr]   cargo:warning=      | ^
[INFO] [stderr] 
[INFO] [stderr]   cargo:warning=compilation terminated.
[INFO] [stderr] 
[INFO] [stderr]   running: "cc" "-O0" "-ffunction-sections" "-fdata-sections" "-fPIC" "-gdwarf-4" "-fno-omit-frame-pointer" "-m64" "-I" "include" "-I" "/opt/rustwide/target/debug/build/ring-c039fe4ebd3fca87/out" "-Wall" "-Wextra" "-fvisibility=hidden" "-std=c1x" "-pedantic" "-Wall" "-Wextra" "-Wbad-function-cast" "-Wcast-align" "-Wcast-qual" "-Wconversion" "-Wenum-compare" "-Wfloat-equal" "-Wformat=2" "-Winline" "-Winvalid-pch" "-Wmissing-field-initializers" "-Wmissing-include-dirs" "-Wnested-externs" "-Wredundant-decls" "-Wshadow" "-Wsign-compare" "-Wsign-conversion" "-Wstrict-prototypes" "-Wundef" "-Wuninitialized" "-Wwrite-strings" "-g3" "-DNDEBUG" "-o" "/opt/rustwide/target/debug/build/ring-c039fe4ebd3fca87/out/crypto/crypto.o" "-c" "crypto/crypto.c"
[INFO] [stderr]   cargo:warning=crypto/crypto.c:36:1: fatal error: error writing to /tmp/cc1sA0Fy.s: No space left on device
[INFO] [stderr] 
[INFO] [stderr]   cargo:warning=   36 | HIDDEN uint32_t OPENSSL_ia32cap_P[4] = {0};
[INFO] [stderr] 
[INFO] [stderr]   cargo:warning=      | ^~~~~~
[INFO] [stderr] 
[INFO] [stderr]   cargo:warning=compilation terminated.
[INFO] [stderr] 
[INFO] [stderr] 
[INFO] [stderr]   exit status: 1
[INFO] [stderr]   cargo:warning=ToolExecError: Command "cc" "-O0" "-ffunction-sections" "-fdata-sections" "-fPIC" "-gdwarf-4" "-fno-omit-frame-pointer" "-m64" "-I" "include" "-I" "/opt/rustwide/target/debug/build/ring-c039fe4ebd3fca87/out" "-Wall" "-Wextra" "-fvisibility=hidden" "-std=c1x" "-pedantic" "-Wall" "-Wextra" "-Wbad-function-cast" "-Wcast-align" "-Wcast-qual" "-Wconversion" "-Wenum-compare" "-Wfloat-equal" "-Wformat=2" "-Winline" "-Winvalid-pch" "-Wmissing-field-initializers" "-Wmissing-include-dirs" "-Wnested-externs" "-Wredundant-decls" "-Wshadow" "-Wsign-compare" "-Wsign-conversion" "-Wstrict-prototypes" "-Wundef" "-Wuninitialized" "-Wwrite-strings" "-g3" "-DNDEBUG" "-o" "/opt/rustwide/target/debug/build/ring-c039fe4ebd3fca87/out/crypto/limbs/limbs.o" "-c" "crypto/limbs/limbs.c" with args "cc" did not execute successfully (status code exit status: 1).
[INFO] [stderr]   exit status: 1
[INFO] [stderr]   cargo:warning=ToolExecError: Command "cc" "-O0" "-ffunction-sections" "-fdata-sections" "-fPIC" "-gdwarf-4" "-fno-omit-frame-pointer" "-m64" "-I" "include" "-I" "/opt/rustwide/target/debug/build/ring-c039fe4ebd3fca87/out" "-Wall" "-Wextra" "-fvisibility=hidden" "-std=c1x" "-pedantic" "-Wall" "-Wextra" "-Wbad-function-cast" "-Wcast-align" "-Wcast-qual" "-Wconversion" "-Wenum-compare" "-Wfloat-equal" "-Wformat=2" "-Winline" "-Winvalid-pch" "-Wmissing-field-initializers" "-Wmissing-include-dirs" "-Wnested-externs" "-Wredundant-decls" "-Wshadow" "-Wsign-compare" "-Wsign-conversion" "-Wstrict-prototypes" "-Wundef" "-Wuninitialized" "-Wwrite-strings" "-g3" "-DNDEBUG" "-o" "/opt/rustwide/target/debug/build/ring-c039fe4ebd3fca87/out/crypto/mem.o" "-c" "crypto/mem.c" with args "cc" did not execute successfully (status code exit status: 1).
[INFO] [stderr]   exit status: 1
[INFO] [stderr]   cargo:warning=ToolExecError: Command "cc" "-O0" "-ffunction-sections" "-fdata-sections" "-fPIC" "-gdwarf-4" "-fno-omit-frame-pointer" "-m64" "-I" "include" "-I" "/opt/rustwide/target/debug/build/ring-c039fe4ebd3fca87/out" "-Wall" "-Wextra" "-fvisibility=hidden" "-std=c1x" "-pedantic" "-Wall" "-Wextra" "-Wbad-function-cast" "-Wcast-align" "-Wcast-qual" "-Wconversion" "-Wenum-compare" "-Wfloat-equal" "-Wformat=2" "-Winline" "-Winvalid-pch" "-Wmissing-field-initializers" "-Wmissing-include-dirs" "-Wnested-externs" "-Wredundant-decls" "-Wshadow" "-Wsign-compare" "-Wsign-conversion" "-Wstrict-prototypes" "-Wundef" "-Wuninitialized" "-Wwrite-strings" "-g3" "-DNDEBUG" "-o" "/opt/rustwide/target/debug/build/ring-c039fe4ebd3fca87/out/crypto/poly1305/poly1305.o" "-c" "crypto/poly1305/poly1305.c" with args "cc" did not execute successfully (status code exit status: 1).
[INFO] [stderr]   exit status: 1
[INFO] [stderr]   cargo:warning=ToolExecError: Command "cc" "-O0" "-ffunction-sections" "-fdata-sections" "-fPIC" "-gdwarf-4" "-fno-omit-frame-pointer" "-m64" "-I" "include" "-I" "/opt/rustwide/target/debug/build/ring-c039fe4ebd3fca87/out" "-Wall" "-Wextra" "-fvisibility=hidden" "-std=c1x" "-pedantic" "-Wall" "-Wextra" "-Wbad-function-cast" "-Wcast-align" "-Wcast-qual" "-Wconversion" "-Wenum-compare" "-Wfloat-equal" "-Wformat=2" "-Winline" "-Winvalid-pch" "-Wmissing-field-initializers" "-Wmissing-include-dirs" "-Wnested-externs" "-Wredundant-decls" "-Wshadow" "-Wsign-compare" "-Wsign-conversion" "-Wstrict-prototypes" "-Wundef" "-Wuninitialized" "-Wwrite-strings" "-g3" "-DNDEBUG" "-o" "/opt/rustwide/target/debug/build/ring-c039fe4ebd3fca87/out/crypto/crypto.o" "-c" "crypto/crypto.c" with args "cc" did not execute successfully (status code exit status: 1).running: "cc" "-O0" "-ffunction-sections" "-fdata-sections" "-fPIC" "-gdwarf-4" "-fno-omit-frame-pointer" "-m64" "-I" "include" "-I" "/opt/rustwide/target/debug/build/ring-c039fe4ebd3fca87/out" "-Wall" "-Wextra" "-fvisibility=hidden" "-std=c1x" "-pedantic" "-Wall" "-Wextra" "-Wbad-function-cast" "-Wcast-align" "-Wcast-qual" "-Wconversion" "-Wenum-compare" "-Wfloat-equal" "-Wformat=2" "-Winline" "-Winvalid-pch" "-Wmissing-field-initializers" "-Wmissing-include-dirs" "-Wnested-externs" "-Wredundant-decls" "-Wshadow" "-Wsign-compare" "-Wsign-conversion" "-Wstrict-prototypes" "-Wundef" "-Wuninitialized" "-Wwrite-strings" "-g3" "-DNDEBUG" "-o" "/opt/rustwide/target/debug/build/ring-c039fe4ebd3fca87/out/crypto/cpu_intel.o" "-c" "crypto/cpu_intel.c"
[INFO] [stderr]   running: "cc" "-O0" "-ffunction-sections" "-fdata-sections" "-fPIC" "-gdwarf-4" "-fno-omit-frame-pointer" "-m64" "-I" "include" "-I" "/opt/rustwide/target/debug/build/ring-c039fe4ebd3fca87/out" "-Wall" "-Wextra" "-fvisibility=hidden" "-std=c1x" "-pedantic" "-Wall" "-Wextra" "-Wbad-function-cast" "-Wcast-align" "-Wcast-qual" "-Wconversion" "-Wenum-compare" "-Wfloat-equal" "-Wformat=2" "-Winline" "-Winvalid-pch" "-Wmissing-field-initializers" "-Wmissing-include-dirs" "-Wnested-externs" "-Wredundant-decls" "-Wshadow" "-Wsign-compare" "-Wsign-conversion" "-Wstrict-prototypes" "-Wundef" "-Wuninitialized" "-Wwrite-strings" "-g3" "-DNDEBUG" "-o" "/opt/rustwide/target/debug/build/ring-c039fe4ebd3fca87/out/crypto/curve25519/curve25519_64_adx.o" "-c" "crypto/curve25519/curve25519_64_adx.c"
[INFO] [stderr]   cargo:warning=crypto/cpu_intel.c:201:1: fatal error: error writing to /tmp/ccHB1LxQ.s: No space left on device
[INFO] [stderr] 
[INFO] [stderr]   cargo:warning=  201 | }
[INFO] [stderr] 
[INFO] [stderr]   cargo:warning=      | ^
[INFO] [stderr] 
[INFO] [stderr]   cargo:warning=compilation terminated.
[INFO] [stderr] 
[INFO] [stderr]   running: "cc" "-O0" "-ffunction-sections" "-fdata-sections" "-fPIC" "-gdwarf-4" "-fno-omit-frame-pointer" "-m64" "-I" "include" "-I" "/opt/rustwide/target/debug/build/ring-c039fe4ebd3fca87/out" "-Wall" "-Wextra" "-fvisibility=hidden" "-std=c1x" "-pedantic" "-Wall" "-Wextra" "-Wbad-function-cast" "-Wcast-align" "-Wcast-qual" "-Wconversion" "-Wenum-compare" "-Wfloat-equal" "-Wformat=2" "-Winline" "-Winvalid-pch" "-Wmissing-field-initializers" "-Wmissing-include-dirs" "-Wnested-externs" "-Wredundant-decls" "-Wshadow" "-Wsign-compare" "-Wsign-conversion" "-Wstrict-prototypes" "-Wundef" "-Wuninitialized" "-Wwrite-strings" "-g3" "-DNDEBUG" "-o" "/opt/rustwide/target/debug/build/ring-c039fe4ebd3fca87/out/crypto/poly1305/poly1305_vec.o" "-c" "crypto/poly1305/poly1305_vec.c"
[INFO] [stderr] 
[INFO] [stderr]   exit status: 1
[INFO] [stderr]   cargo:warning=ToolExecError: Command "cc" "-O0" "-ffunction-sections" "-fdata-sections" "-fPIC" "-gdwarf-4" "-fno-omit-frame-pointer" "-m64" "-I" "include" "-I" "/opt/rustwide/target/debug/build/ring-c039fe4ebd3fca87/out" "-Wall" "-Wextra" "-fvisibility=hidden" "-std=c1x" "-pedantic" "-Wall" "-Wextra" "-Wbad-function-cast" "-Wcast-align" "-Wcast-qual" "-Wconversion" "-Wenum-compare" "-Wfloat-equal" "-Wformat=2" "-Winline" "-Winvalid-pch" "-Wmissing-field-initializers" "-Wmissing-include-dirs" "-Wnested-externs" "-Wredundant-decls" "-Wshadow" "-Wsign-compare" "-Wsign-conversion" "-Wstrict-prototypes" "-Wundef" "-Wuninitialized" "-Wwrite-strings" "-g3" "-DNDEBUG" "-o" "/opt/rustwide/target/debug/build/ring-c039fe4ebd3fca87/out/crypto/cpu_intel.o" "-c" "crypto/cpu_intel.c" with args "cc" did not execute successfully (status code exit status: 1).running: "cc" "-O0" "-ffunction-sections" "-fdata-sections" "-fPIC" "-gdwarf-4" "-fno-omit-frame-pointer" "-m64" "-I" "include" "-I" "/opt/rustwide/target/debug/build/ring-c039fe4ebd3fca87/out" "-Wall" "-Wextra" "-fvisibility=hidden" "-std=c1x" "-pedantic" "-Wall" "-Wextra" "-Wbad-function-cast" "-Wcast-align" "-Wcast-qual" "-Wconversion" "-Wenum-compare" "-Wfloat-equal" "-Wformat=2" "-Winline" "-Winvalid-pch" "-Wmissing-field-initializers" "-Wmissing-include-dirs" "-Wnested-externs" "-Wredundant-decls" "-Wshadow" "-Wsign-compare" "-Wsign-conversion" "-Wstrict-prototypes" "-Wundef" "-Wuninitialized" "-Wwrite-strings" "-g3" "-DNDEBUG" "-o" "/opt/rustwide/target/debug/build/ring-c039fe4ebd3fca87/out/third_party/fiat/asm/fiat_curve25519_adx_mul.o" "-c" "third_party/fiat/asm/fiat_curve25519_adx_mul.S"
[INFO] [stderr]   cargo:warning=third_party/fiat/asm/fiat_curve25519_adx_mul.S:2: fatal error: when writing output to /tmp/ccV1P0g2.s: No space left on device
[INFO] [stderr] 
[INFO] [stderr]   cargo:warning=    2 | 
[INFO] [stderr] 
[INFO] [stderr]   cargo:warning=      | 
[INFO] [stderr] 
[INFO] [stderr]   cargo:warning=compilation terminated.
[INFO] [stderr] 
[INFO] [stderr]   cargo:warning=crypto/poly1305/poly1305_vec.c:847:1: fatal error: error writing to /tmp/ccD0klpo.s: No space left on device
[INFO] [stderr] 
[INFO] [stderr]   cargo:warning=  847 | }
[INFO] [stderr] 
[INFO] [stderr]   cargo:warning=      | ^
[INFO] [stderr] 
[INFO] [stderr]   cargo:warning=compilation terminated.
[INFO] [stderr] 
[INFO] [stderr] 
[INFO] [stderr]   exit status: 1
[INFO] [stderr]   cargo:warning=ToolExecError: Command "cc" "-O0" "-ffunction-sections" "-fdata-sections" "-fPIC" "-gdwarf-4" "-fno-omit-frame-pointer" "-m64" "-I" "include" "-I" "/opt/rustwide/target/debug/build/ring-c039fe4ebd3fca87/out" "-Wall" "-Wextra" "-fvisibility=hidden" "-std=c1x" "-pedantic" "-Wall" "-Wextra" "-Wbad-function-cast" "-Wcast-align" "-Wcast-qual" "-Wconversion" "-Wenum-compare" "-Wfloat-equal" "-Wformat=2" "-Winline" "-Winvalid-pch" "-Wmissing-field-initializers" "-Wmissing-include-dirs" "-Wnested-externs" "-Wredundant-decls" "-Wshadow" "-Wsign-compare" "-Wsign-conversion" "-Wstrict-prototypes" "-Wundef" "-Wuninitialized" "-Wwrite-strings" "-g3" "-DNDEBUG" "-o" "/opt/rustwide/target/debug/build/ring-c039fe4ebd3fca87/out/crypto/poly1305/poly1305_vec.o" "-c" "crypto/poly1305/poly1305_vec.c" with args "cc" did not execute successfully (status code exit status: 1).
[INFO] [stderr]   exit status: 1
[INFO] [stderr]   cargo:warning=ToolExecError: Command "cc" "-O0" "-ffunction-sections" "-fdata-sections" "-fPIC" "-gdwarf-4" "-fno-omit-frame-pointer" "-m64" "-I" "include" "-I" "/opt/rustwide/target/debug/build/ring-c039fe4ebd3fca87/out" "-Wall" "-Wextra" "-fvisibility=hidden" "-std=c1x" "-pedantic" "-Wall" "-Wextra" "-Wbad-function-cast" "-Wcast-align" "-Wcast-qual" "-Wconversion" "-Wenum-compare" "-Wfloat-equal" "-Wformat=2" "-Winline" "-Winvalid-pch" "-Wmissing-field-initializers" "-Wmissing-include-dirs" "-Wnested-externs" "-Wredundant-decls" "-Wshadow" "-Wsign-compare" "-Wsign-conversion" "-Wstrict-prototypes" "-Wundef" "-Wuninitialized" "-Wwrite-strings" "-g3" "-DNDEBUG" "-o" "/opt/rustwide/target/debug/build/ring-c039fe4ebd3fca87/out/third_party/fiat/asm/fiat_curve25519_adx_mul.o" "-c" "third_party/fiat/asm/fiat_curve25519_adx_mul.S" with args "cc" did not execute successfully (status code exit status: 1).running: "cc" "-O0" "-ffunction-sections" "-fdata-sections" "-fPIC" "-gdwarf-4" "-fno-omit-frame-pointer" "-m64" "-I" "include" "-I" "/opt/rustwide/target/debug/build/ring-c039fe4ebd3fca87/out" "-Wall" "-Wextra" "-fvisibility=hidden" "-std=c1x" "-pedantic" "-Wall" "-Wextra" "-Wbad-function-cast" "-Wcast-align" "-Wcast-qual" "-Wconversion" "-Wenum-compare" "-Wfloat-equal" "-Wformat=2" "-Winline" "-Winvalid-pch" "-Wmissing-field-initializers" "-Wmissing-include-dirs" "-Wnested-externs" "-Wredundant-decls" "-Wshadow" "-Wsign-compare" "-Wsign-conversion" "-Wstrict-prototypes" "-Wundef" "-Wuninitialized" "-Wwrite-strings" "-g3" "-DNDEBUG" "-o" "/opt/rustwide/target/debug/build/ring-c039fe4ebd3fca87/out/third_party/fiat/asm/fiat_curve25519_adx_square.o" "-c" "third_party/fiat/asm/fiat_curve25519_adx_square.S"
[INFO] [stderr]   cargo:warning=crypto/curve25519/curve25519_64_adx.c:23: fatal error: error writing to /tmp/cckJQa0u.s: No space left on device
[INFO] [stderr] 
[INFO] [stderr]   cargo:warning=   23 | #endif
[INFO] [stderr] 
[INFO] [stderr]   cargo:warning=      | 
[INFO] [stderr] 
[INFO] [stderr]   cargo:warning=compilation terminated.
[INFO] [stderr] 
[INFO] [stderr]   cargo:warning=third_party/fiat/asm/fiat_curve25519_adx_square.S:2: fatal error: when writing output to /tmp/cc3ACGus.s: No space left on device
[INFO] [stderr] 
[INFO] [stderr]   cargo:warning=    2 | 
[INFO] [stderr] 
[INFO] [stderr]   cargo:warning=      | 
[INFO] [stderr] 
[INFO] [stderr]   cargo:warning=compilation terminated.
[INFO] [stderr] 
[INFO] [stderr] 
[INFO] [stderr]   exit status: 1
[INFO] [stderr]   cargo:warning=ToolExecError: Command "cc" "-O0" "-ffunction-sections" "-fdata-sections" "-fPIC" "-gdwarf-4" "-fno-omit-frame-pointer" "-m64" "-I" "include" "-I" "/opt/rustwide/target/debug/build/ring-c039fe4ebd3fca87/out" "-Wall" "-Wextra" "-fvisibility=hidden" "-std=c1x" "-pedantic" "-Wall" "-Wextra" "-Wbad-function-cast" "-Wcast-align" "-Wcast-qual" "-Wconversion" "-Wenum-compare" "-Wfloat-equal" "-Wformat=2" "-Winline" "-Winvalid-pch" "-Wmissing-field-initializers" "-Wmissing-include-dirs" "-Wnested-externs" "-Wredundant-decls" "-Wshadow" "-Wsign-compare" "-Wsign-conversion" "-Wstrict-prototypes" "-Wundef" "-Wuninitialized" "-Wwrite-strings" "-g3" "-DNDEBUG" "-o" "/opt/rustwide/target/debug/build/ring-c039fe4ebd3fca87/out/crypto/curve25519/curve25519_64_adx.o" "-c" "crypto/curve25519/curve25519_64_adx.c" with args "cc" did not execute successfully (status code exit status: 1).
[INFO] [stderr]   exit status: 1
[INFO] [stderr]   cargo:warning=ToolExecError: Command "cc" "-O0" "-ffunction-sections" "-fdata-sections" "-fPIC" "-gdwarf-4" "-fno-omit-frame-pointer" "-m64" "-I" "include" "-I" "/opt/rustwide/target/debug/build/ring-c039fe4ebd3fca87/out" "-Wall" "-Wextra" "-fvisibility=hidden" "-std=c1x" "-pedantic" "-Wall" "-Wextra" "-Wbad-function-cast" "-Wcast-align" "-Wcast-qual" "-Wconversion" "-Wenum-compare" "-Wfloat-equal" "-Wformat=2" "-Winline" "-Winvalid-pch" "-Wmissing-field-initializers" "-Wmissing-include-dirs" "-Wnested-externs" "-Wredundant-decls" "-Wshadow" "-Wsign-compare" "-Wsign-conversion" "-Wstrict-prototypes" "-Wundef" "-Wuninitialized" "-Wwrite-strings" "-g3" "-DNDEBUG" "-o" "/opt/rustwide/target/debug/build/ring-c039fe4ebd3fca87/out/third_party/fiat/asm/fiat_curve25519_adx_square.o" "-c" "third_party/fiat/asm/fiat_curve25519_adx_square.S" with args "cc" did not execute successfully (status code exit status: 1).running: "cc" "-O0" "-ffunction-sections" "-fdata-sections" "-fPIC" "-gdwarf-4" "-fno-omit-frame-pointer" "-m64" "-I" "include" "-I" "/opt/rustwide/target/debug/build/ring-c039fe4ebd3fca87/out" "-Wall" "-Wextra" "-fvisibility=hidden" "-std=c1x" "-pedantic" "-Wall" "-Wextra" "-Wbad-function-cast" "-Wcast-align" "-Wcast-qual" "-Wconversion" "-Wenum-compare" "-Wfloat-equal" "-Wformat=2" "-Winline" "-Winvalid-pch" "-Wmissing-field-initializers" "-Wmissing-include-dirs" "-Wnested-externs" "-Wredundant-decls" "-Wshadow" "-Wsign-compare" "-Wsign-conversion" "-Wstrict-prototypes" "-Wundef" "-Wuninitialized" "-Wwrite-strings" "-g3" "-DNDEBUG" "-o" "/opt/rustwide/target/debug/build/ring-c039fe4ebd3fca87/out/crypto/fipsmodule/ec/p256-nistz.o" "-c" "crypto/fipsmodule/ec/p256-nistz.c"
[INFO] [stderr]   running: "cc" "-O0" "-ffunction-sections" "-fdata-sections" "-fPIC" "-gdwarf-4" "-fno-omit-frame-pointer" "-m64" "-I" "include" "-I" "/opt/rustwide/target/debug/build/ring-c039fe4ebd3fca87/out" "-Wall" "-Wextra" "-fvisibility=hidden" "-std=c1x" "-pedantic" "-Wall" "-Wextra" "-Wbad-function-cast" "-Wcast-align" "-Wcast-qual" "-Wconversion" "-Wenum-compare" "-Wfloat-equal" "-Wformat=2" "-Winline" "-Winvalid-pch" "-Wmissing-field-initializers" "-Wmissing-include-dirs" "-Wnested-externs" "-Wredundant-decls" "-Wshadow" "-Wsign-compare" "-Wsign-conversion" "-Wstrict-prototypes" "-Wundef" "-Wuninitialized" "-Wwrite-strings" "-g3" "-DNDEBUG" "-o" "/opt/rustwide/target/debug/build/ring-c039fe4ebd3fca87/out/0195fa0135cff7c4-chacha-x86_64-elf.o" "-c" "/opt/rustwide/cargo-home/registry/src/index.crates.io-6f17d22bba15001f/ring-0.17.6/pregenerated/chacha-x86_64-elf.S"
[INFO] [stderr]   running: "cc" "-O0" "-ffunction-sections" "-fdata-sections" "-fPIC" "-gdwarf-4" "-fno-omit-frame-pointer" "-m64" "-I" "include" "-I" "/opt/rustwide/target/debug/build/ring-c039fe4ebd3fca87/out" "-Wall" "-Wextra" "-fvisibility=hidden" "-std=c1x" "-pedantic" "-Wall" "-Wextra" "-Wbad-function-cast" "-Wcast-align" "-Wcast-qual" "-Wconversion" "-Wenum-compare" "-Wfloat-equal" "-Wformat=2" "-Winline" "-Winvalid-pch" "-Wmissing-field-initializers" "-Wmissing-include-dirs" "-Wnested-externs" "-Wredundant-decls" "-Wshadow" "-Wsign-compare" "-Wsign-conversion" "-Wstrict-prototypes" "-Wundef" "-Wuninitialized" "-Wwrite-strings" "-g3" "-DNDEBUG" "-o" "/opt/rustwide/target/debug/build/ring-c039fe4ebd3fca87/out/0195fa0135cff7c4-aesni-x86_64-elf.o" "-c" "/opt/rustwide/cargo-home/registry/src/index.crates.io-6f17d22bba15001f/ring-0.17.6/pregenerated/aesni-x86_64-elf.S"
[INFO] [stderr]   cargo:warning=/opt/rustwide/cargo-home/registry/src/index.crates.io-6f17d22bba15001f/ring-0.17.6/pregenerated/aesni-x86_64-elf.S:5: fatal error: when writing output to /tmp/ccm9l9Po.s: No space left on device
[INFO] [stderr] 
[INFO] [stderr]   cargo:warning=    5 | 
[INFO] [stderr] 
[INFO] [stderr]   cargo:warning=      | 
[INFO] [stderr] 
[INFO] [stderr]   cargo:warning=compilation terminated.
[INFO] [stderr] 
[INFO] [stderr]   cargo:warning=/opt/rustwide/cargo-home/registry/src/index.crates.io-6f17d22bba15001f/ring-0.17.6/pregenerated/chacha-x86_64-elf.S:5: fatal error: when writing output to /tmp/ccx7uVyn.s: No space left on device
[INFO] [stderr] 
[INFO] [stderr]   cargo:warning=    5 | 
[INFO] [stderr] 
[INFO] [stderr]   cargo:warning=      | 
[INFO] [stderr] 
[INFO] [stderr]   cargo:warning=compilation terminated.
[INFO] [stderr] 
[INFO] [stderr] 
[INFO] [stderr]   exit status: 1
[INFO] [stderr]   cargo:warning=ToolExecError: Command "cc" "-O0" "-ffunction-sections" "-fdata-sections" "-fPIC" "-gdwarf-4" "-fno-omit-frame-pointer" "-m64" "-I" "include" "-I" "/opt/rustwide/target/debug/build/ring-c039fe4ebd3fca87/out" "-Wall" "-Wextra" "-fvisibility=hidden" "-std=c1x" "-pedantic" "-Wall" "-Wextra" "-Wbad-function-cast" "-Wcast-align" "-Wcast-qual" "-Wconversion" "-Wenum-compare" "-Wfloat-equal" "-Wformat=2" "-Winline" "-Winvalid-pch" "-Wmissing-field-initializers" "-Wmissing-include-dirs" "-Wnested-externs" "-Wredundant-decls" "-Wshadow" "-Wsign-compare" "-Wsign-conversion" "-Wstrict-prototypes" "-Wundef" "-Wuninitialized" "-Wwrite-strings" "-g3" "-DNDEBUG" "-o" "/opt/rustwide/target/debug/build/ring-c039fe4ebd3fca87/out/0195fa0135cff7c4-chacha-x86_64-elf.o" "-c" "/opt/rustwide/cargo-home/registry/src/index.crates.io-6f17d22bba15001f/ring-0.17.6/pregenerated/chacha-x86_64-elf.S" with args "cc" did not execute successfully (status code exit status: 1).
[INFO] [stderr]   exit status: 1
[INFO] [stderr]   cargo:warning=ToolExecError: Command "cc" "-O0" "-ffunction-sections" "-fdata-sections" "-fPIC" "-gdwarf-4" "-fno-omit-frame-pointer" "-m64" "-I" "include" "-I" "/opt/rustwide/target/debug/build/ring-c039fe4ebd3fca87/out" "-Wall" "-Wextra" "-fvisibility=hidden" "-std=c1x" "-pedantic" "-Wall" "-Wextra" "-Wbad-function-cast" "-Wcast-align" "-Wcast-qual" "-Wconversion" "-Wenum-compare" "-Wfloat-equal" "-Wformat=2" "-Winline" "-Winvalid-pch" "-Wmissing-field-initializers" "-Wmissing-include-dirs" "-Wnested-externs" "-Wredundant-decls" "-Wshadow" "-Wsign-compare" "-Wsign-conversion" "-Wstrict-prototypes" "-Wundef" "-Wuninitialized" "-Wwrite-strings" "-g3" "-DNDEBUG" "-o" "/opt/rustwide/target/debug/build/ring-c039fe4ebd3fca87/out/0195fa0135cff7c4-aesni-x86_64-elf.o" "-c" "/opt/rustwide/cargo-home/registry/src/index.crates.io-6f17d22bba15001f/ring-0.17.6/pregenerated/aesni-x86_64-elf.S" with args "cc" did not execute successfully (status code exit status: 1).running: "cc" "-O0" "-ffunction-sections" "-fdata-sections" "-fPIC" "-gdwarf-4" "-fno-omit-frame-pointer" "-m64" "-I" "include" "-I" "/opt/rustwide/target/debug/build/ring-c039fe4ebd3fca87/out" "-Wall" "-Wextra" "-fvisibility=hidden" "-std=c1x" "-pedantic" "-Wall" "-Wextra" "-Wbad-function-cast" "-Wcast-align" "-Wcast-qual" "-Wconversion" "-Wenum-compare" "-Wfloat-equal" "-Wformat=2" "-Winline" "-Winvalid-pch" "-Wmissing-field-initializers" "-Wmissing-include-dirs" "-Wnested-externs" "-Wredundant-decls" "-Wshadow" "-Wsign-compare" "-Wsign-conversion" "-Wstrict-prototypes" "-Wundef" "-Wuninitialized" "-Wwrite-strings" "-g3" "-DNDEBUG" "-o" "/opt/rustwide/target/debug/build/ring-c039fe4ebd3fca87/out/0195fa0135cff7c4-vpaes-x86_64-elf.o" "-c" "/opt/rustwide/cargo-home/registry/src/index.crates.io-6f17d22bba15001f/ring-0.17.6/pregenerated/vpaes-x86_64-elf.S"
[INFO] [stderr]   cargo:warning=/opt/rustwide/cargo-home/registry/src/index.crates.io-6f17d22bba15001f/ring-0.17.6/pregenerated/vpaes-x86_64-elf.S:5: fatal error: when writing output to /tmp/ccNAG6kb.s: No space left on device
[INFO] [stderr] 
[INFO] [stderr]   cargo:warning=    5 | 
[INFO] [stderr] 
[INFO] [stderr]   cargo:warning=      | 
[INFO] [stderr] 
[INFO] [stderr]   cargo:warning=compilation terminated.
[INFO] [stderr] 
[INFO] [stderr]   cargo:warning=crypto/fipsmodule/ec/p256-nistz.c:340:1: fatal error: error writing to /tmp/ccz8EzgS.s: No space left on device
[INFO] [stderr] 
[INFO] [stderr]   cargo:warning=  340 | }
[INFO] [stderr] 
[INFO] [stderr]   cargo:warning=      | ^
[INFO] [stderr] 
[INFO] [stderr]   cargo:warning=compilation terminated.
[INFO] [stderr] 
[INFO] [stderr]   running: "cc" "-O0" "-ffunction-sections" "-fdata-sections" "-fPIC" "-gdwarf-4" "-fno-omit-frame-pointer" "-m64" "-I" "include" "-I" "/opt/rustwide/target/debug/build/ring-c039fe4ebd3fca87/out" "-Wall" "-Wextra" "-fvisibility=hidden" "-std=c1x" "-pedantic" "-Wall" "-Wextra" "-Wbad-function-cast" "-Wcast-align" "-Wcast-qual" "-Wconversion" "-Wenum-compare" "-Wfloat-equal" "-Wformat=2" "-Winline" "-Winvalid-pch" "-Wmissing-field-initializers" "-Wmissing-include-dirs" "-Wnested-externs" "-Wredundant-decls" "-Wshadow" "-Wsign-compare" "-Wsign-conversion" "-Wstrict-prototypes" "-Wundef" "-Wuninitialized" "-Wwrite-strings" "-g3" "-DNDEBUG" "-o" "/opt/rustwide/target/debug/build/ring-c039fe4ebd3fca87/out/0195fa0135cff7c4-x86_64-mont-elf.o" "-c" "/opt/rustwide/cargo-home/registry/src/index.crates.io-6f17d22bba15001f/ring-0.17.6/pregenerated/x86_64-mont-elf.S"
[INFO] [stderr]   cargo:warning=/opt/rustwide/cargo-home/registry/src/index.crates.io-6f17d22bba15001f/ring-0.17.6/pregenerated/x86_64-mont-elf.S:5: fatal error: when writing output to /tmp/ccTL2pp2.s: No space left on device
[INFO] [stderr] 
[INFO] [stderr]   cargo:warning=    5 | 
[INFO] [stderr] 
[INFO] [stderr]   cargo:warning=      | 
[INFO] [stderr] 
[INFO] [stderr]   cargo:warning=compilation terminated.
[INFO] [stderr] 
[INFO] [stderr] 
[INFO] [stderr]   exit status: 1
[INFO] [stderr]   cargo:warning=ToolExecError: Command "cc" "-O0" "-ffunction-sections" "-fdata-sections" "-fPIC" "-gdwarf-4" "-fno-omit-frame-pointer" "-m64" "-I" "include" "-I" "/opt/rustwide/target/debug/build/ring-c039fe4ebd3fca87/out" "-Wall" "-Wextra" "-fvisibility=hidden" "-std=c1x" "-pedantic" "-Wall" "-Wextra" "-Wbad-function-cast" "-Wcast-align" "-Wcast-qual" "-Wconversion" "-Wenum-compare" "-Wfloat-equal" "-Wformat=2" "-Winline" "-Winvalid-pch" "-Wmissing-field-initializers" "-Wmissing-include-dirs" "-Wnested-externs" "-Wredundant-decls" "-Wshadow" "-Wsign-compare" "-Wsign-conversion" "-Wstrict-prototypes" "-Wundef" "-Wuninitialized" "-Wwrite-strings" "-g3" "-DNDEBUG" "-o" "/opt/rustwide/target/debug/build/ring-c039fe4ebd3fca87/out/crypto/fipsmodule/ec/p256-nistz.o" "-c" "crypto/fipsmodule/ec/p256-nistz.c" with args "cc" did not execute successfully (status code exit status: 1).
[INFO] [stderr]   exit status: 1
[INFO] [stderr]   cargo:warning=ToolExecError: Command "cc" "-O0" "-ffunction-sections" "-fdata-sections" "-fPIC" "-gdwarf-4" "-fno-omit-frame-pointer" "-m64" "-I" "include" "-I" "/opt/rustwide/target/debug/build/ring-c039fe4ebd3fca87/out" "-Wall" "-Wextra" "-fvisibility=hidden" "-std=c1x" "-pedantic" "-Wall" "-Wextra" "-Wbad-function-cast" "-Wcast-align" "-Wcast-qual" "-Wconversion" "-Wenum-compare" "-Wfloat-equal" "-Wformat=2" "-Winline" "-Winvalid-pch" "-Wmissing-field-initializers" "-Wmissing-include-dirs" "-Wnested-externs" "-Wredundant-decls" "-Wshadow" "-Wsign-compare" "-Wsign-conversion" "-Wstrict-prototypes" "-Wundef" "-Wuninitialized" "-Wwrite-strings" "-g3" "-DNDEBUG" "-o" "/opt/rustwide/target/debug/build/ring-c039fe4ebd3fca87/out/0195fa0135cff7c4-vpaes-x86_64-elf.o" "-c" "/opt/rustwide/cargo-home/registry/src/index.crates.io-6f17d22bba15001f/ring-0.17.6/pregenerated/vpaes-x86_64-elf.S" with args "cc" did not execute successfully (status code exit status: 1).
[INFO] [stderr]   exit status: 1
[INFO] [stderr]   cargo:warning=ToolExecError: Command "cc" "-O0" "-ffunction-sections" "-fdata-sections" "-fPIC" "-gdwarf-4" "-fno-omit-frame-pointer" "-m64" "-I" "include" "-I" "/opt/rustwide/target/debug/build/ring-c039fe4ebd3fca87/out" "-Wall" "-Wextra" "-fvisibility=hidden" "-std=c1x" "-pedantic" "-Wall" "-Wextra" "-Wbad-function-cast" "-Wcast-align" "-Wcast-qual" "-Wconversion" "-Wenum-compare" "-Wfloat-equal" "-Wformat=2" "-Winline" "-Winvalid-pch" "-Wmissing-field-initializers" "-Wmissing-include-dirs" "-Wnested-externs" "-Wredundant-decls" "-Wshadow" "-Wsign-compare" "-Wsign-conversion" "-Wstrict-prototypes" "-Wundef" "-Wuninitialized" "-Wwrite-strings" "-g3" "-DNDEBUG" "-o" "/opt/rustwide/target/debug/build/ring-c039fe4ebd3fca87/out/0195fa0135cff7c4-x86_64-mont-elf.o" "-c" "/opt/rustwide/cargo-home/registry/src/index.crates.io-6f17d22bba15001f/ring-0.17.6/pregenerated/x86_64-mont-elf.S" with args "cc" did not execute successfully (status code exit status: 1).running: "cc" "-O0" "-ffunction-sections" "-fdata-sections" "-fPIC" "-gdwarf-4" "-fno-omit-frame-pointer" "-m64" "-I" "include" "-I" "/opt/rustwide/target/debug/build/ring-c039fe4ebd3fca87/out" "-Wall" "-Wextra" "-fvisibility=hidden" "-std=c1x" "-pedantic" "-Wall" "-Wextra" "-Wbad-function-cast" "-Wcast-align" "-Wcast-qual" "-Wconversion" "-Wenum-compare" "-Wfloat-equal" "-Wformat=2" "-Winline" "-Winvalid-pch" "-Wmissing-field-initializers" "-Wmissing-include-dirs" "-Wnested-externs" "-Wredundant-decls" "-Wshadow" "-Wsign-compare" "-Wsign-conversion" "-Wstrict-prototypes" "-Wundef" "-Wuninitialized" "-Wwrite-strings" "-g3" "-DNDEBUG" "-o" "/opt/rustwide/target/debug/build/ring-c039fe4ebd3fca87/out/0195fa0135cff7c4-x86_64-mont5-elf.o" "-c" "/opt/rustwide/cargo-home/registry/src/index.crates.io-6f17d22bba15001f/ring-0.17.6/pregenerated/x86_64-mont5-elf.S"
[INFO] [stderr]   cargo:warning=/opt/rustwide/cargo-home/registry/src/index.crates.io-6f17d22bba15001f/ring-0.17.6/pregenerated/x86_64-mont5-elf.S:5: fatal error: when writing output to /tmp/ccUko8h7.s: No space left on device
[INFO] [stderr] 
[INFO] [stderr]   cargo:warning=    5 | 
[INFO] [stderr] 
[INFO] [stderr]   cargo:warning=      | 
[INFO] [stderr] 
[INFO] [stderr]   cargo:warning=compilation terminated.
[INFO] [stderr] 
[INFO] [stderr] 
[INFO] [stderr]   exit status: 1
[INFO] [stderr]   cargo:warning=ToolExecError: Command "cc" "-O0" "-ffunction-sections" "-fdata-sections" "-fPIC" "-gdwarf-4" "-fno-omit-frame-pointer" "-m64" "-I" "include" "-I" "/opt/rustwide/target/debug/build/ring-c039fe4ebd3fca87/out" "-Wall" "-Wextra" "-fvisibility=hidden" "-std=c1x" "-pedantic" "-Wall" "-Wextra" "-Wbad-function-cast" "-Wcast-align" "-Wcast-qual" "-Wconversion" "-Wenum-compare" "-Wfloat-equal" "-Wformat=2" "-Winline" "-Winvalid-pch" "-Wmissing-field-initializers" "-Wmissing-include-dirs" "-Wnested-externs" "-Wredundant-decls" "-Wshadow" "-Wsign-compare" "-Wsign-conversion" "-Wstrict-prototypes" "-Wundef" "-Wuninitialized" "-Wwrite-strings" "-g3" "-DNDEBUG" "-o" "/opt/rustwide/target/debug/build/ring-c039fe4ebd3fca87/out/0195fa0135cff7c4-x86_64-mont5-elf.o" "-c" "/opt/rustwide/cargo-home/registry/src/index.crates.io-6f17d22bba15001f/ring-0.17.6/pregenerated/x86_64-mont5-elf.S" with args "cc" did not execute successfully (status code exit status: 1).running: "cc" "-O0" "-ffunction-sections" "-fdata-sections" "-fPIC" "-gdwarf-4" "-fno-omit-frame-pointer" "-m64" "-I" "include" "-I" "/opt/rustwide/target/debug/build/ring-c039fe4ebd3fca87/out" "-Wall" "-Wextra" "-fvisibility=hidden" "-std=c1x" "-pedantic" "-Wall" "-Wextra" "-Wbad-function-cast" "-Wcast-align" "-Wcast-qual" "-Wconversion" "-Wenum-compare" "-Wfloat-equal" "-Wformat=2" "-Winline" "-Winvalid-pch" "-Wmissing-field-initializers" "-Wmissing-include-dirs" "-Wnested-externs" "-Wredundant-decls" "-Wshadow" "-Wsign-compare" "-Wsign-conversion" "-Wstrict-prototypes" "-Wundef" "-Wuninitialized" "-Wwrite-strings" "-g3" "-DNDEBUG" "-o" "/opt/rustwide/target/debug/build/ring-c039fe4ebd3fca87/out/0195fa0135cff7c4-p256-x86_64-asm-elf.o" "-c" "/opt/rustwide/cargo-home/registry/src/index.crates.io-6f17d22bba15001f/ring-0.17.6/pregenerated/p256-x86_64-asm-elf.S"
[INFO] [stderr]   cargo:warning=/opt/rustwide/cargo-home/registry/src/index.crates.io-6f17d22bba15001f/ring-0.17.6/pregenerated/p256-x86_64-asm-elf.S:5: fatal error: when writing output to /tmp/ccBM43or.s: No space left on device
[INFO] [stderr] 
[INFO] [stderr]   cargo:warning=    5 | 
[INFO] [stderr] 
[INFO] [stderr]   cargo:warning=      | 
[INFO] [stderr] 
[INFO] [stderr]   cargo:warning=compilation terminated.
[INFO] [stderr] 
[INFO] [stderr]   running: "cc" "-O0" "-ffunction-sections" "-fdata-sections" "-fPIC" "-gdwarf-4" "-fno-omit-frame-pointer" "-m64" "-I" "include" "-I" "/opt/rustwide/target/debug/build/ring-c039fe4ebd3fca87/out" "-Wall" "-Wextra" "-fvisibility=hidden" "-std=c1x" "-pedantic" "-Wall" "-Wextra" "-Wbad-function-cast" "-Wcast-align" "-Wcast-qual" "-Wconversion" "-Wenum-compare" "-Wfloat-equal" "-Wformat=2" "-Winline" "-Winvalid-pch" "-Wmissing-field-initializers" "-Wmissing-include-dirs" "-Wnested-externs" "-Wredundant-decls" "-Wshadow" "-Wsign-compare" "-Wsign-conversion" "-Wstrict-prototypes" "-Wundef" "-Wuninitialized" "-Wwrite-strings" "-g3" "-DNDEBUG" "-o" "/opt/rustwide/target/debug/build/ring-c039fe4ebd3fca87/out/0195fa0135cff7c4-aesni-gcm-x86_64-elf.o" "-c" "/opt/rustwide/cargo-home/registry/src/index.crates.io-6f17d22bba15001f/ring-0.17.6/pregenerated/aesni-gcm-x86_64-elf.S"
[INFO] [stderr]   cargo:warning=/opt/rustwide/cargo-home/registry/src/index.crates.io-6f17d22bba15001f/ring-0.17.6/pregenerated/aesni-gcm-x86_64-elf.S:5: fatal error: when writing output to /tmp/cc6Xn5qO.s: No space left on device
[INFO] [stderr] 
[INFO] [stderr]   cargo:warning=    5 | 
[INFO] [stderr] 
[INFO] [stderr]   cargo:warning=      | 
[INFO] [stderr] 
[INFO] [stderr]   cargo:warning=compilation terminated.
[INFO] [stderr] 
[INFO] [stderr] 
[INFO] [stderr]   exit status: 1
[INFO] [stderr]   cargo:warning=ToolExecError: Command "cc" "-O0" "-ffunction-sections" "-fdata-sections" "-fPIC" "-gdwarf-4" "-fno-omit-frame-pointer" "-m64" "-I" "include" "-I" "/opt/rustwide/target/debug/build/ring-c039fe4ebd3fca87/out" "-Wall" "-Wextra" "-fvisibility=hidden" "-std=c1x" "-pedantic" "-Wall" "-Wextra" "-Wbad-function-cast" "-Wcast-align" "-Wcast-qual" "-Wconversion" "-Wenum-compare" "-Wfloat-equal" "-Wformat=2" "-Winline" "-Winvalid-pch" "-Wmissing-field-initializers" "-Wmissing-include-dirs" "-Wnested-externs" "-Wredundant-decls" "-Wshadow" "-Wsign-compare" "-Wsign-conversion" "-Wstrict-prototypes" "-Wundef" "-Wuninitialized" "-Wwrite-strings" "-g3" "-DNDEBUG" "-o" "/opt/rustwide/target/debug/build/ring-c039fe4ebd3fca87/out/0195fa0135cff7c4-p256-x86_64-asm-elf.o" "-c" "/opt/rustwide/cargo-home/registry/src/index.crates.io-6f17d22bba15001f/ring-0.17.6/pregenerated/p256-x86_64-asm-elf.S" with args "cc" did not execute successfully (status code exit status: 1).
[INFO] [stderr]   exit status: 1
[INFO] [stderr]   cargo:warning=ToolExecError: Command "cc" "-O0" "-ffunction-sections" "-fdata-sections" "-fPIC" "-gdwarf-4" "-fno-omit-frame-pointer" "-m64" "-I" "include" "-I" "/opt/rustwide/target/debug/build/ring-c039fe4ebd3fca87/out" "-Wall" "-Wextra" "-fvisibility=hidden" "-std=c1x" "-pedantic" "-Wall" "-Wextra" "-Wbad-function-cast" "-Wcast-align" "-Wcast-qual" "-Wconversion" "-Wenum-compare" "-Wfloat-equal" "-Wformat=2" "-Winline" "-Winvalid-pch" "-Wmissing-field-initializers" "-Wmissing-include-dirs" "-Wnested-externs" "-Wredundant-decls" "-Wshadow" "-Wsign-compare" "-Wsign-conversion" "-Wstrict-prototypes" "-Wundef" "-Wuninitialized" "-Wwrite-strings" "-g3" "-DNDEBUG" "-o" "/opt/rustwide/target/debug/build/ring-c039fe4ebd3fca87/out/0195fa0135cff7c4-aesni-gcm-x86_64-elf.o" "-c" "/opt/rustwide/cargo-home/registry/src/index.crates.io-6f17d22bba15001f/ring-0.17.6/pregenerated/aesni-gcm-x86_64-elf.S" with args "cc" did not execute successfully (status code exit status: 1).running: "cc" "-O0" "-ffunction-sections" "-fdata-sections" "-fPIC" "-gdwarf-4" "-fno-omit-frame-pointer" "-m64" "-I" "include" "-I" "/opt/rustwide/target/debug/build/ring-c039fe4ebd3fca87/out" "-Wall" "-Wextra" "-fvisibility=hidden" "-std=c1x" "-pedantic" "-Wall" "-Wextra" "-Wbad-function-cast" "-Wcast-align" "-Wcast-qual" "-Wconversion" "-Wenum-compare" "-Wfloat-equal" "-Wformat=2" "-Winline" "-Winvalid-pch" "-Wmissing-field-initializers" "-Wmissing-include-dirs" "-Wnested-externs" "-Wredundant-decls" "-Wshadow" "-Wsign-compare" "-Wsign-conversion" "-Wstrict-prototypes" "-Wundef" "-Wuninitialized" "-Wwrite-strings" "-g3" "-DNDEBUG" "-o" "/opt/rustwide/target/debug/build/ring-c039fe4ebd3fca87/out/0195fa0135cff7c4-ghash-x86_64-elf.o" "-c" "/opt/rustwide/cargo-home/registry/src/index.crates.io-6f17d22bba15001f/ring-0.17.6/pregenerated/ghash-x86_64-elf.S"
[INFO] [stderr]   cargo:warning=/opt/rustwide/cargo-home/registry/src/index.crates.io-6f17d22bba15001f/ring-0.17.6/pregenerated/ghash-x86_64-elf.S:5: fatal error: when writing output to /tmp/cc9ERyTD.s: No space left on device
[INFO] [stderr] 
[INFO] [stderr]   cargo:warning=    5 | 
[INFO] [stderr] 
[INFO] [stderr]   cargo:warning=      | 
[INFO] [stderr] 
[INFO] [stderr]   cargo:warning=compilation terminated.
[INFO] [stderr] 
[INFO] [stderr] 
[INFO] [stderr]   exit status: 1
[INFO] [stderr]   cargo:warning=ToolExecError: Command "cc" "-O0" "-ffunction-sections" "-fdata-sections" "-fPIC" "-gdwarf-4" "-fno-omit-frame-pointer" "-m64" "-I" "include" "-I" "/opt/rustwide/target/debug/build/ring-c039fe4ebd3fca87/out" "-Wall" "-Wextra" "-fvisibility=hidden" "-std=c1x" "-pedantic" "-Wall" "-Wextra" "-Wbad-function-cast" "-Wcast-align" "-Wcast-qual" "-Wconversion" "-Wenum-compare" "-Wfloat-equal" "-Wformat=2" "-Winline" "-Winvalid-pch" "-Wmissing-field-initializers" "-Wmissing-include-dirs" "-Wnested-externs" "-Wredundant-decls" "-Wshadow" "-Wsign-compare" "-Wsign-conversion" "-Wstrict-prototypes" "-Wundef" "-Wuninitialized" "-Wwrite-strings" "-g3" "-DNDEBUG" "-o" "/opt/rustwide/target/debug/build/ring-c039fe4ebd3fca87/out/0195fa0135cff7c4-ghash-x86_64-elf.o" "-c" "/opt/rustwide/cargo-home/registry/src/index.crates.io-6f17d22bba15001f/ring-0.17.6/pregenerated/ghash-x86_64-elf.S" with args "cc" did not execute successfully (status code exit status: 1).running: "cc" "-O0" "-ffunction-sections" "-fdata-sections" "-fPIC" "-gdwarf-4" "-fno-omit-frame-pointer" "-m64" "-I" "include" "-I" "/opt/rustwide/target/debug/build/ring-c039fe4ebd3fca87/out" "-Wall" "-Wextra" "-fvisibility=hidden" "-std=c1x" "-pedantic" "-Wall" "-Wextra" "-Wbad-function-cast" "-Wcast-align" "-Wcast-qual" "-Wconversion" "-Wenum-compare" "-Wfloat-equal" "-Wformat=2" "-Winline" "-Winvalid-pch" "-Wmissing-field-initializers" "-Wmissing-include-dirs" "-Wnested-externs" "-Wredundant-decls" "-Wshadow" "-Wsign-compare" "-Wsign-conversion" "-Wstrict-prototypes" "-Wundef" "-Wuninitialized" "-Wwrite-strings" "-g3" "-DNDEBUG" "-o" "/opt/rustwide/target/debug/build/ring-c039fe4ebd3fca87/out/0195fa0135cff7c4-sha512-x86_64-elf.o" "-c" "/opt/rustwide/cargo-home/registry/src/index.crates.io-6f17d22bba15001f/ring-0.17.6/pregenerated/sha512-x86_64-elf.S"
[INFO] [stderr]   cargo:warning=/opt/rustwide/cargo-home/registry/src/index.crates.io-6f17d22bba15001f/ring-0.17.6/pregenerated/sha512-x86_64-elf.S:5: fatal error: when writing output to /tmp/ccNMGHcB.s: No space left on device
[INFO] [stderr] 
[INFO] [stderr]   cargo:warning=    5 | 
[INFO] [stderr] 
[INFO] [stderr]   cargo:warning=      | 
[INFO] [stderr] 
[INFO] [stderr]   cargo:warning=compilation terminated.
[INFO] [stderr] 
[INFO] [stderr]   running: "cc" "-O0" "-ffunction-sections" "-fdata-sections" "-fPIC" "-gdwarf-4" "-fno-omit-frame-pointer" "-m64" "-I" "include" "-I" "/opt/rustwide/target/debug/build/ring-c039fe4ebd3fca87/out" "-Wall" "-Wextra" "-fvisibility=hidden" "-std=c1x" "-pedantic" "-Wall" "-Wextra" "-Wbad-function-cast" "-Wcast-align" "-Wcast-qual" "-Wconversion" "-Wenum-compare" "-Wfloat-equal" "-Wformat=2" "-Winline" "-Winvalid-pch" "-Wmissing-field-initializers" "-Wmissing-include-dirs" "-Wnested-externs" "-Wredundant-decls" "-Wshadow" "-Wsign-compare" "-Wsign-conversion" "-Wstrict-prototypes" "-Wundef" "-Wuninitialized" "-Wwrite-strings" "-g3" "-DNDEBUG" "-o" "/opt/rustwide/target/debug/build/ring-c039fe4ebd3fca87/out/0195fa0135cff7c4-chacha20_poly1305_x86_64-elf.o" "-c" "/opt/rustwide/cargo-home/registry/src/index.crates.io-6f17d22bba15001f/ring-0.17.6/pregenerated/chacha20_poly1305_x86_64-elf.S"
[INFO] [stderr]   running: "cc" "-O0" "-ffunction-sections" "-fdata-sections" "-fPIC" "-gdwarf-4" "-fno-omit-frame-pointer" "-m64" "-I" "include" "-I" "/opt/rustwide/target/debug/build/ring-c039fe4ebd3fca87/out" "-Wall" "-Wextra" "-fvisibility=hidden" "-std=c1x" "-pedantic" "-Wall" "-Wextra" "-Wbad-function-cast" "-Wcast-align" "-Wcast-qual" "-Wconversion" "-Wenum-compare" "-Wfloat-equal" "-Wformat=2" "-Winline" "-Winvalid-pch" "-Wmissing-field-initializers" "-Wmissing-include-dirs" "-Wnested-externs" "-Wredundant-decls" "-Wshadow" "-Wsign-compare" "-Wsign-conversion" "-Wstrict-prototypes" "-Wundef" "-Wuninitialized" "-Wwrite-strings" "-g3" "-DNDEBUG" "-o" "/opt/rustwide/target/debug/build/ring-c039fe4ebd3fca87/out/0195fa0135cff7c4-sha256-x86_64-elf.o" "-c" "/opt/rustwide/cargo-home/registry/src/index.crates.io-6f17d22bba15001f/ring-0.17.6/pregenerated/sha256-x86_64-elf.S"
[INFO] [stderr]   cargo:warning=/opt/rustwide/cargo-home/registry/src/index.crates.io-6f17d22bba15001f/ring-0.17.6/pregenerated/sha256-x86_64-elf.S:5: fatal error: when writing output to /tmp/ccz8dOoD.s: No space left on device
[INFO] [stderr] 
[INFO] [stderr]   cargo:warning=    5 | 
[INFO] [stderr] 
[INFO] [stderr]   cargo:warning=      | 
[INFO] [stderr] 
[INFO] [stderr]   cargo:warning=compilation terminated.
[INFO] [stderr] 
[INFO] [stderr]   cargo:warning=/opt/rustwide/cargo-home/registry/src/index.crates.io-6f17d22bba15001f/ring-0.17.6/pregenerated/chacha20_poly1305_x86_64-elf.S:5: fatal error: when writing output to /tmp/cce4HXvv.s: No space left on device
[INFO] [stderr] 
[INFO] [stderr]   cargo:warning=    5 | 
[INFO] [stderr] 
[INFO] [stderr]   cargo:warning=      | 
[INFO] [stderr] 
[INFO] [stderr]   cargo:warning=compilation terminated.
[INFO] [stderr] 
[INFO] [stderr] 
[INFO] [stderr]   exit status: 1
[INFO] [stderr]   cargo:warning=ToolExecError: Command "cc" "-O0" "-ffunction-sections" "-fdata-sections" "-fPIC" "-gdwarf-4" "-fno-omit-frame-pointer" "-m64" "-I" "include" "-I" "/opt/rustwide/target/debug/build/ring-c039fe4ebd3fca87/out" "-Wall" "-Wextra" "-fvisibility=hidden" "-std=c1x" "-pedantic" "-Wall" "-Wextra" "-Wbad-function-cast" "-Wcast-align" "-Wcast-qual" "-Wconversion" "-Wenum-compare" "-Wfloat-equal" "-Wformat=2" "-Winline" "-Winvalid-pch" "-Wmissing-field-initializers" "-Wmissing-include-dirs" "-Wnested-externs" "-Wredundant-decls" "-Wshadow" "-Wsign-compare" "-Wsign-conversion" "-Wstrict-prototypes" "-Wundef" "-Wuninitialized" "-Wwrite-strings" "-g3" "-DNDEBUG" "-o" "/opt/rustwide/target/debug/build/ring-c039fe4ebd3fca87/out/0195fa0135cff7c4-sha512-x86_64-elf.o" "-c" "/opt/rustwide/cargo-home/registry/src/index.crates.io-6f17d22bba15001f/ring-0.17.6/pregenerated/sha512-x86_64-elf.S" with args "cc" did not execute successfully (status code exit status: 1).
[INFO] [stderr]   exit status: 1
[INFO] [stderr]   cargo:warning=ToolExecError: Command "cc" "-O0" "-ffunction-sections" "-fdata-sections" "-fPIC" "-gdwarf-4" "-fno-omit-frame-pointer" "-m64" "-I" "include" "-I" "/opt/rustwide/target/debug/build/ring-c039fe4ebd3fca87/out" "-Wall" "-Wextra" "-fvisibility=hidden" "-std=c1x" "-pedantic" "-Wall" "-Wextra" "-Wbad-function-cast" "-Wcast-align" "-Wcast-qual" "-Wconversion" "-Wenum-compare" "-Wfloat-equal" "-Wformat=2" "-Winline" "-Winvalid-pch" "-Wmissing-field-initializers" "-Wmissing-include-dirs" "-Wnested-externs" "-Wredundant-decls" "-Wshadow" "-Wsign-compare" "-Wsign-conversion" "-Wstrict-prototypes" "-Wundef" "-Wuninitialized" "-Wwrite-strings" "-g3" "-DNDEBUG" "-o" "/opt/rustwide/target/debug/build/ring-c039fe4ebd3fca87/out/0195fa0135cff7c4-chacha20_poly1305_x86_64-elf.o" "-c" "/opt/rustwide/cargo-home/registry/src/index.crates.io-6f17d22bba15001f/ring-0.17.6/pregenerated/chacha20_poly1305_x86_64-elf.S" with args "cc" did not execute successfully (status code exit status: 1).
[INFO] [stderr]   exit status: 1
[INFO] [stderr]   cargo:warning=ToolExecError: Command "cc" "-O0" "-ffunction-sections" "-fdata-sections" "-fPIC" "-gdwarf-4" "-fno-omit-frame-pointer" "-m64" "-I" "include" "-I" "/opt/rustwide/target/debug/build/ring-c039fe4ebd3fca87/out" "-Wall" "-Wextra" "-fvisibility=hidden" "-std=c1x" "-pedantic" "-Wall" "-Wextra" "-Wbad-function-cast" "-Wcast-align" "-Wcast-qual" "-Wconversion" "-Wenum-compare" "-Wfloat-equal" "-Wformat=2" "-Winline" "-Winvalid-pch" "-Wmissing-field-initializers" "-Wmissing-include-dirs" "-Wnested-externs" "-Wredundant-decls" "-Wshadow" "-Wsign-compare" "-Wsign-conversion" "-Wstrict-prototypes" "-Wundef" "-Wuninitialized" "-Wwrite-strings" "-g3" "-DNDEBUG" "-o" "/opt/rustwide/target/debug/build/ring-c039fe4ebd3fca87/out/0195fa0135cff7c4-sha256-x86_64-elf.o" "-c" "/opt/rustwide/cargo-home/registry/src/index.crates.io-6f17d22bba15001f/ring-0.17.6/pregenerated/sha256-x86_64-elf.S" with args "cc" did not execute successfully (status code exit status: 1).
[INFO] [stderr] 
[INFO] [stderr]   --- stderr
[INFO] [stderr] 
[INFO] [stderr] 
[INFO] [stderr]   error occurred: Command "cc" "-O0" "-ffunction-sections" "-fdata-sections" "-fPIC" "-gdwarf-4" "-fno-omit-frame-pointer" "-m64" "-I" "include" "-I" "/opt/rustwide/target/debug/build/ring-c039fe4ebd3fca87/out" "-Wall" "-Wextra" "-fvisibility=hidden" "-std=c1x" "-pedantic" "-Wall" "-Wextra" "-Wbad-function-cast" "-Wcast-align" "-Wcast-qual" "-Wconversion" "-Wenum-compare" "-Wfloat-equal" "-Wformat=2" "-Winline" "-Winvalid-pch" "-Wmissing-field-initializers" "-Wmissing-include-dirs" "-Wnested-externs" "-Wredundant-decls" "-Wshadow" "-Wsign-compare" "-Wsign-conversion" "-Wstrict-prototypes" "-Wundef" "-Wuninitialized" "-Wwrite-strings" "-g3" "-DNDEBUG" "-o" "/opt/rustwide/target/debug/build/ring-c039fe4ebd3fca87/out/0195fa0135cff7c4-sha256-x86_64-elf.o" "-c" "/opt/rustwide/cargo-home/registry/src/index.crates.io-6f17d22bba15001f/ring-0.17.6/pregenerated/sha256-x86_64-elf.S" with args "cc" did not execute successfully (status code exit status: 1).
[INFO] [stderr] 
[INFO] [stderr] 
[INFO] [stderr] The following warnings were emitted during compilation:
[INFO] [stderr] 
[INFO] [stderr] warning: zstd-sys@2.0.9+zstd.1.5.5: zstd/lib/common/debug.c:24:1: fatal error: error closing /tmp/ccQO6BDC.s: No space left on device
[INFO] [stderr] warning: zstd-sys@2.0.9+zstd.1.5.5:    24 | int g_debuglevel = DEBUGLEVEL;
[INFO] [stderr] warning: zstd-sys@2.0.9+zstd.1.5.5:       | ^~~
[INFO] [stderr] warning: zstd-sys@2.0.9+zstd.1.5.5: compilation terminated.
[INFO] [stderr] warning: zstd-sys@2.0.9+zstd.1.5.5: ToolExecError: Command "cc" "-O0" "-ffunction-sections" "-fdata-sections" "-fPIC" "-gdwarf-4" "-fno-omit-frame-pointer" "-m64" "-I" "zstd/lib/" "-I" "zstd/lib/common" "-fvisibility=hidden" "-ffunction-sections" "-fdata-sections" "-fmerge-all-constants" "-DZSTD_LIB_DEPRECATED=0" "-DXXH_PRIVATE_API=" "-DZSTDLIB_VISIBILITY=" "-DZSTDERRORLIB_VISIBILITY=" "-o" "/opt/rustwide/target/debug/build/zstd-sys-465f52744ce4a5dd/out/zstd/lib/common/debug.o" "-c" "zstd/lib/common/debug.c" with args "cc" did not execute successfully (status code exit status: 1).running: "cc" "-O0" "-ffunction-sections" "-fdata-sections" "-fPIC" "-gdwarf-4" "-fno-omit-frame-pointer" "-m64" "-I" "zstd/lib/" "-I" "zstd/lib/common" "-fvisibility=hidden" "-ffunction-sections" "-fdata-sections" "-fmerge-all-constants" "-DZSTD_LIB_DEPRECATED=0" "-DXXH_PRIVATE_API=" "-DZSTDLIB_VISIBILITY=" "-DZSTDERRORLIB_VISIBILITY=" "-o" "/opt/rustwide/target/debug/build/zstd-sys-465f52744ce4a5dd/out/zstd/lib/common/error_private.o" "-c" "zstd/lib/common/error_private.c"
[INFO] [stderr] warning: zstd-sys@2.0.9+zstd.1.5.5: zstd/lib/common/fse_decompress.c:309:1: fatal error: error writing to /tmp/ccuZZWr8.s: No space left on device
[INFO] [stderr] warning: zstd-sys@2.0.9+zstd.1.5.5:   309 | }
[INFO] [stderr] warning: zstd-sys@2.0.9+zstd.1.5.5:       | ^
[INFO] [stderr] warning: zstd-sys@2.0.9+zstd.1.5.5: compilation terminated.
[INFO] [stderr] warning: zstd-sys@2.0.9+zstd.1.5.5: ToolExecError: Command "cc" "-O0" "-ffunction-sections" "-fdata-sections" "-fPIC" "-gdwarf-4" "-fno-omit-frame-pointer" "-m64" "-I" "zstd/lib/" "-I" "zstd/lib/common" "-fvisibility=hidden" "-ffunction-sections" "-fdata-sections" "-fmerge-all-constants" "-DZSTD_LIB_DEPRECATED=0" "-DXXH_PRIVATE_API=" "-DZSTDLIB_VISIBILITY=" "-DZSTDERRORLIB_VISIBILITY=" "-o" "/opt/rustwide/target/debug/build/zstd-sys-465f52744ce4a5dd/out/zstd/lib/common/fse_decompress.o" "-c" "zstd/lib/common/fse_decompress.c" with args "cc" did not execute successfully (status code exit status: 1).running: "cc" "-O0" "-ffunction-sections" "-fdata-sections" "-fPIC" "-gdwarf-4" "-fno-omit-frame-pointer" "-m64" "-I" "zstd/lib/" "-I" "zstd/lib/common" "-fvisibility=hidden" "-ffunction-sections" "-fdata-sections" "-fmerge-all-constants" "-DZSTD_LIB_DEPRECATED=0" "-DXXH_PRIVATE_API=" "-DZSTDLIB_VISIBILITY=" "-DZSTDERRORLIB_VISIBILITY=" "-o" "/opt/rustwide/target/debug/build/zstd-sys-465f52744ce4a5dd/out/zstd/lib/common/pool.o" "-c" "zstd/lib/common/pool.c"
[INFO] [stderr] warning: zstd-sys@2.0.9+zstd.1.5.5: zstd/lib/common/zstd_common.c:48:1: fatal error: error writing to /tmp/ccRDwhHo.s: No space left on device
[INFO] [stderr] warning: zstd-sys@2.0.9+zstd.1.5.5:    48 | const char* ZSTD_getErrorString(ZSTD_ErrorCode code) { return ERR_getErrorString(code); }
[INFO] [stderr] warning: zstd-sys@2.0.9+zstd.1.5.5:       | ^~~~~
[INFO] [stderr] warning: zstd-sys@2.0.9+zstd.1.5.5: compilation terminated.
[INFO] [stderr] warning: zstd-sys@2.0.9+zstd.1.5.5: zstd/lib/compress/fse_compress.c:622:1: fatal error: error writing to /tmp/ccyowFrJ.s: No space left on device
[INFO] [stderr] warning: zstd-sys@2.0.9+zstd.1.5.5:   622 | size_t FSE_compressBound(size_t size) { return FSE_COMPRESSBOUND(size); }
[INFO] [stderr] warning: zstd-sys@2.0.9+zstd.1.5.5:       | ^~~~~~
[INFO] [stderr] warning: zstd-sys@2.0.9+zstd.1.5.5: compilation terminated.
[INFO] [stderr] warning: zstd-sys@2.0.9+zstd.1.5.5: /tmp/ccIMyBuu.s: Assembler messages:
[INFO] [stderr] warning: zstd-sys@2.0.9+zstd.1.5.5: /tmp/ccIMyBuu.s: Fatal error: /opt/rustwide/target/debug/build/zstd-sys-465f52744ce4a5dd/out/zstd/lib/compress/hist.o: No space left on device
[INFO] [stderr] warning: zstd-sys@2.0.9+zstd.1.5.5: ToolExecError: Command "cc" "-O0" "-ffunction-sections" "-fdata-sections" "-fPIC" "-gdwarf-4" "-fno-omit-frame-pointer" "-m64" "-I" "zstd/lib/" "-I" "zstd/lib/common" "-fvisibility=hidden" "-ffunction-sections" "-fdata-sections" "-fmerge-all-constants" "-DZSTD_LIB_DEPRECATED=0" "-DXXH_PRIVATE_API=" "-DZSTDLIB_VISIBILITY=" "-DZSTDERRORLIB_VISIBILITY=" "-o" "/opt/rustwide/target/debug/build/zstd-sys-465f52744ce4a5dd/out/zstd/lib/common/zstd_common.o" "-c" "zstd/lib/common/zstd_common.c" with args "cc" did not execute successfully (status code exit status: 1).
[INFO] [stderr] warning: zstd-sys@2.0.9+zstd.1.5.5: ToolExecError: Command "cc" "-O0" "-ffunction-sections" "-fdata-sections" "-fPIC" "-gdwarf-4" "-fno-omit-frame-pointer" "-m64" "-I" "zstd/lib/" "-I" "zstd/lib/common" "-fvisibility=hidden" "-ffunction-sections" "-fdata-sections" "-fmerge-all-constants" "-DZSTD_LIB_DEPRECATED=0" "-DXXH_PRIVATE_API=" "-DZSTDLIB_VISIBILITY=" "-DZSTDERRORLIB_VISIBILITY=" "-o" "/opt/rustwide/target/debug/build/zstd-sys-465f52744ce4a5dd/out/zstd/lib/compress/fse_compress.o" "-c" "zstd/lib/compress/fse_compress.c" with args "cc" did not execute successfully (status code exit status: 1).
[INFO] [stderr] warning: zstd-sys@2.0.9+zstd.1.5.5: ToolExecError: Command "cc" "-O0" "-ffunction-sections" "-fdata-sections" "-fPIC" "-gdwarf-4" "-fno-omit-frame-pointer" "-m64" "-I" "zstd/lib/" "-I" "zstd/lib/common" "-fvisibility=hidden" "-ffunction-sections" "-fdata-sections" "-fmerge-all-constants" "-DZSTD_LIB_DEPRECATED=0" "-DXXH_PRIVATE_API=" "-DZSTDLIB_VISIBILITY=" "-DZSTDERRORLIB_VISIBILITY=" "-o" "/opt/rustwide/target/debug/build/zstd-sys-465f52744ce4a5dd/out/zstd/lib/compress/hist.o" "-c" "zstd/lib/compress/hist.c" with args "cc" did not execute successfully (status code exit status: 1).running: "cc" "-O0" "-ffunction-sections" "-fdata-sections" "-fPIC" "-gdwarf-4" "-fno-omit-frame-pointer" "-m64" "-I" "zstd/lib/" "-I" "zstd/lib/common" "-fvisibility=hidden" "-ffunction-sections" "-fdata-sections" "-fmerge-all-constants" "-DZSTD_LIB_DEPRECATED=0" "-DXXH_PRIVATE_API=" "-DZSTDLIB_VISIBILITY=" "-DZSTDERRORLIB_VISIBILITY=" "-o" "/opt/rustwide/target/debug/build/zstd-sys-465f52744ce4a5dd/out/zstd/lib/compress/zstd_compress.o" "-c" "zstd/lib/compress/zstd_compress.c"
[INFO] [stderr] warning: zstd-sys@2.0.9+zstd.1.5.5: zstd/lib/compress/zstd_compress_literals.c:235:1: fatal error: error writing to /tmp/cc5c6835.s: No space left on device
[INFO] [stderr] warning: zstd-sys@2.0.9+zstd.1.5.5:   235 | }
[INFO] [stderr] warning: zstd-sys@2.0.9+zstd.1.5.5:       | ^
[INFO] [stderr] warning: zstd-sys@2.0.9+zstd.1.5.5: compilation terminated.
[INFO] [stderr] warning: zstd-sys@2.0.9+zstd.1.5.5: zstd/lib/compress/huf_compress.c:1435:1: fatal error: error writing to /tmp/ccoX3dPv.s: No space left on device
[INFO] [stderr] warning: zstd-sys@2.0.9+zstd.1.5.5:  1435 | }
[INFO] [stderr] warning: zstd-sys@2.0.9+zstd.1.5.5:       | ^
[INFO] [stderr] warning: zstd-sys@2.0.9+zstd.1.5.5: compilation terminated.
[INFO] [stderr] warning: zstd-sys@2.0.9+zstd.1.5.5: ToolExecError: Command "cc" "-O0" "-ffunction-sections" "-fdata-sections" "-fPIC" "-gdwarf-4" "-fno-omit-frame-pointer" "-m64" "-I" "zstd/lib/" "-I" "zstd/lib/common" "-fvisibility=hidden" "-ffunction-sections" "-fdata-sections" "-fmerge-all-constants" "-DZSTD_LIB_DEPRECATED=0" "-DXXH_PRIVATE_API=" "-DZSTDLIB_VISIBILITY=" "-DZSTDERRORLIB_VISIBILITY=" "-o" "/opt/rustwide/target/debug/build/zstd-sys-465f52744ce4a5dd/out/zstd/lib/compress/zstd_compress_literals.o" "-c" "zstd/lib/compress/zstd_compress_literals.c" with args "cc" did not execute successfully (status code exit status: 1).running: "cc" "-O0" "-ffunction-sections" "-fdata-sections" "-fPIC" "-gdwarf-4" "-fno-omit-frame-pointer" "-m64" "-I" "zstd/lib/" "-I" "zstd/lib/common" "-fvisibility=hidden" "-ffunction-sections" "-fdata-sections" "-fmerge-all-constants" "-DZSTD_LIB_DEPRECATED=0" "-DXXH_PRIVATE_API=" "-DZSTDLIB_VISIBILITY=" "-DZSTDERRORLIB_VISIBILITY=" "-o" "/opt/rustwide/target/debug/build/zstd-sys-465f52744ce4a5dd/out/zstd/lib/compress/zstd_compress_superblock.o" "-c" "zstd/lib/compress/zstd_compress_superblock.c"
[INFO] [stderr] warning: zstd-sys@2.0.9+zstd.1.5.5: zstd/lib/compress/zstd_compress_sequences.c:442:1: fatal error: error writing to /tmp/ccgECnTG.s: No space left on device
[INFO] [stderr] warning: zstd-sys@2.0.9+zstd.1.5.5:   442 | }
[INFO] [stderr] warning: zstd-sys@2.0.9+zstd.1.5.5:       | ^
[INFO] [stderr] warning: zstd-sys@2.0.9+zstd.1.5.5: compilation terminated.
[INFO] [stderr] warning: zstd-sys@2.0.9+zstd.1.5.5: zstd/lib/compress/zstd_compress_superblock.c:577:1: fatal error: error writing to /tmp/ccspNS89.s: No space left on device
[INFO] [stderr] warning: zstd-sys@2.0.9+zstd.1.5.5:   577 | }
[INFO] [stderr] warning: zstd-sys@2.0.9+zstd.1.5.5:       | ^
[INFO] [stderr] warning: zstd-sys@2.0.9+zstd.1.5.5: compilation terminated.
[INFO] [stderr] warning: zstd-sys@2.0.9+zstd.1.5.5: ToolExecError: Command "cc" "-O0" "-ffunction-sections" "-fdata-sections" "-fPIC" "-gdwarf-4" "-fno-omit-frame-pointer" "-m64" "-I" "zstd/lib/" "-I" "zstd/lib/common" "-fvisibility=hidden" "-ffunction-sections" "-fdata-sections" "-fmerge-all-constants" "-DZSTD_LIB_DEPRECATED=0" "-DXXH_PRIVATE_API=" "-DZSTDLIB_VISIBILITY=" "-DZSTDERRORLIB_VISIBILITY=" "-o" "/opt/rustwide/target/debug/build/zstd-sys-465f52744ce4a5dd/out/zstd/lib/compress/huf_compress.o" "-c" "zstd/lib/compress/huf_compress.c" with args "cc" did not execute successfully (status code exit status: 1).
[INFO] [stderr] warning: zstd-sys@2.0.9+zstd.1.5.5: ToolExecError: Command "cc" "-O0" "-ffunction-sections" "-fdata-sections" "-fPIC" "-gdwarf-4" "-fno-omit-frame-pointer" "-m64" "-I" "zstd/lib/" "-I" "zstd/lib/common" "-fvisibility=hidden" "-ffunction-sections" "-fdata-sections" "-fmerge-all-constants" "-DZSTD_LIB_DEPRECATED=0" "-DXXH_PRIVATE_API=" "-DZSTDLIB_VISIBILITY=" "-DZSTDERRORLIB_VISIBILITY=" "-o" "/opt/rustwide/target/debug/build/zstd-sys-465f52744ce4a5dd/out/zstd/lib/compress/zstd_compress_sequences.o" "-c" "zstd/lib/compress/zstd_compress_sequences.c" with args "cc" did not execute successfully (status code exit status: 1).
[INFO] [stderr] warning: zstd-sys@2.0.9+zstd.1.5.5: ToolExecError: Command "cc" "-O0" "-ffunction-sections" "-fdata-sections" "-fPIC" "-gdwarf-4" "-fno-omit-frame-pointer" "-m64" "-I" "zstd/lib/" "-I" "zstd/lib/common" "-fvisibility=hidden" "-ffunction-sections" "-fdata-sections" "-fmerge-all-constants" "-DZSTD_LIB_DEPRECATED=0" "-DXXH_PRIVATE_API=" "-DZSTDLIB_VISIBILITY=" "-DZSTDERRORLIB_VISIBILITY=" "-o" "/opt/rustwide/target/debug/build/zstd-sys-465f52744ce4a5dd/out/zstd/lib/compress/zstd_compress_superblock.o" "-c" "zstd/lib/compress/zstd_compress_superblock.c" with args "cc" did not execute successfully (status code exit status: 1).running: "cc" "-O0" "-ffunction-sections" "-fdata-sections" "-fPIC" "-gdwarf-4" "-fno-omit-frame-pointer" "-m64" "-I" "zstd/lib/" "-I" "zstd/lib/common" "-fvisibility=hidden" "-ffunction-sections" "-fdata-sections" "-fmerge-all-constants" "-DZSTD_LIB_DEPRECATED=0" "-DXXH_PRIVATE_API=" "-DZSTDLIB_VISIBILITY=" "-DZSTDERRORLIB_VISIBILITY=" "-o" "/opt/rustwide/target/debug/build/zstd-sys-465f52744ce4a5dd/out/zstd/lib/compress/zstd_fast.o" "-c" "zstd/lib/compress/zstd_fast.c"
[INFO] [stderr] warning: zstd-sys@2.0.9+zstd.1.5.5: zstd/lib/compress/zstd_compress.c:7032:1: fatal error: error writing to /tmp/ccBgIiiI.s: No space left on device
[INFO] [stderr] warning: zstd-sys@2.0.9+zstd.1.5.5:  7032 | }
[INFO] [stderr] warning: zstd-sys@2.0.9+zstd.1.5.5:       | ^
[INFO] [stderr] warning: zstd-sys@2.0.9+zstd.1.5.5: compilation terminated.
[INFO] [stderr] warning: zstd-sys@2.0.9+zstd.1.5.5: ToolExecError: Command "cc" "-O0" "-ffunction-sections" "-fdata-sections" "-fPIC" "-gdwarf-4" "-fno-omit-frame-pointer" "-m64" "-I" "zstd/lib/" "-I" "zstd/lib/common" "-fvisibility=hidden" "-ffunction-sections" "-fdata-sections" "-fmerge-all-constants" "-DZSTD_LIB_DEPRECATED=0" "-DXXH_PRIVATE_API=" "-DZSTDLIB_VISIBILITY=" "-DZSTDERRORLIB_VISIBILITY=" "-o" "/opt/rustwide/target/debug/build/zstd-sys-465f52744ce4a5dd/out/zstd/lib/compress/zstd_compress.o" "-c" "zstd/lib/compress/zstd_compress.c" with args "cc" did not execute successfully (status code exit status: 1).running: "cc" "-O0" "-ffunction-sections" "-fdata-sections" "-fPIC" "-gdwarf-4" "-fno-omit-frame-pointer" "-m64" "-I" "zstd/lib/" "-I" "zstd/lib/common" "-fvisibility=hidden" "-ffunction-sections" "-fdata-sections" "-fmerge-all-constants" "-DZSTD_LIB_DEPRECATED=0" "-DXXH_PRIVATE_API=" "-DZSTDLIB_VISIBILITY=" "-DZSTDERRORLIB_VISIBILITY=" "-o" "/opt/rustwide/target/debug/build/zstd-sys-465f52744ce4a5dd/out/zstd/lib/compress/zstd_ldm.o" "-c" "zstd/lib/compress/zstd_ldm.c"
[INFO] [stderr] warning: zstd-sys@2.0.9+zstd.1.5.5: zstd/lib/compress/zstd_double_fast.c:758:1: fatal error: error writing to /tmp/ccYmLY7k.s: No space left on device
[INFO] [stderr] warning: zstd-sys@2.0.9+zstd.1.5.5:   758 | }
[INFO] [stderr] warning: zstd-sys@2.0.9+zstd.1.5.5:       | ^
[INFO] [stderr] warning: zstd-sys@2.0.9+zstd.1.5.5: compilation terminated.
[INFO] [stderr] warning: zstd-sys@2.0.9+zstd.1.5.5: zstd/lib/compress/zstd_ldm.c:724:1: fatal error: error writing to /tmp/ccTlEYiR.s: No space left on device
[INFO] [stderr] warning: zstd-sys@2.0.9+zstd.1.5.5:   724 | }
[INFO] [stderr] warning: zstd-sys@2.0.9+zstd.1.5.5:       | ^
[INFO] [stderr] warning: zstd-sys@2.0.9+zstd.1.5.5: compilation terminated.
[INFO] [stderr] warning: zstd-sys@2.0.9+zstd.1.5.5: zstd/lib/compress/zstd_fast.c:960:1: fatal error: error writing to /tmp/ccrYJ3WI.s: No space left on device
[INFO] [stderr] warning: zstd-sys@2.0.9+zstd.1.5.5:   960 | }
[INFO] [stderr] warning: zstd-sys@2.0.9+zstd.1.5.5:       | ^
[INFO] [stderr] warning: zstd-sys@2.0.9+zstd.1.5.5: compilation terminated.
[INFO] [stderr] warning: zstd-sys@2.0.9+zstd.1.5.5: ToolExecError: Command "cc" "-O0" "-ffunction-sections" "-fdata-sections" "-fPIC" "-gdwarf-4" "-fno-omit-frame-pointer" "-m64" "-I" "zstd/lib/" "-I" "zstd/lib/common" "-fvisibility=hidden" "-ffunction-sections" "-fdata-sections" "-fmerge-all-constants" "-DZSTD_LIB_DEPRECATED=0" "-DXXH_PRIVATE_API=" "-DZSTDLIB_VISIBILITY=" "-DZSTDERRORLIB_VISIBILITY=" "-o" "/opt/rustwide/target/debug/build/zstd-sys-465f52744ce4a5dd/out/zstd/lib/compress/zstd_double_fast.o" "-c" "zstd/lib/compress/zstd_double_fast.c" with args "cc" did not execute successfully (status code exit status: 1).
[INFO] [stderr] warning: zstd-sys@2.0.9+zstd.1.5.5: ToolExecError: Command "cc" "-O0" "-ffunction-sections" "-fdata-sections" "-fPIC" "-gdwarf-4" "-fno-omit-frame-pointer" "-m64" "-I" "zstd/lib/" "-I" "zstd/lib/common" "-fvisibility=hidden" "-ffunction-sections" "-fdata-sections" "-fmerge-all-constants" "-DZSTD_LIB_DEPRECATED=0" "-DXXH_PRIVATE_API=" "-DZSTDLIB_VISIBILITY=" "-DZSTDERRORLIB_VISIBILITY=" "-o" "/opt/rustwide/target/debug/build/zstd-sys-465f52744ce4a5dd/out/zstd/lib/compress/zstd_fast.o" "-c" "zstd/lib/compress/zstd_fast.c" with args "cc" did not execute successfully (status code exit status: 1).running: "cc" "-O0" "-ffunction-sections" "-fdata-sections" "-fPIC" "-gdwarf-4" "-fno-omit-frame-pointer" "-m64" "-I" "zstd/lib/" "-I" "zstd/lib/common" "-fvisibility=hidden" "-ffunction-sections" "-fdata-sections" "-fmerge-all-constants" "-DZSTD_LIB_DEPRECATED=0" "-DXXH_PRIVATE_API=" "-DZSTDLIB_VISIBILITY=" "-DZSTDERRORLIB_VISIBILITY=" "-o" "/opt/rustwide/target/debug/build/zstd-sys-465f52744ce4a5dd/out/zstd/lib/compress/zstdmt_compress.o" "-c" "zstd/lib/compress/zstdmt_compress.c"
[INFO] [stderr] warning: zstd-sys@2.0.9+zstd.1.5.5: ToolExecError: Command "cc" "-O0" "-ffunction-sections" "-fdata-sections" "-fPIC" "-gdwarf-4" "-fno-omit-frame-pointer" "-m64" "-I" "zstd/lib/" "-I" "zstd/lib/common" "-fvisibility=hidden" "-ffunction-sections" "-fdata-sections" "-fmerge-all-constants" "-DZSTD_LIB_DEPRECATED=0" "-DXXH_PRIVATE_API=" "-DZSTDLIB_VISIBILITY=" "-DZSTDERRORLIB_VISIBILITY=" "-o" "/opt/rustwide/target/debug/build/zstd-sys-465f52744ce4a5dd/out/zstd/lib/compress/zstd_ldm.o" "-c" "zstd/lib/compress/zstd_ldm.c" with args "cc" did not execute successfully (status code exit status: 1).running: "cc" "-O0" "-ffunction-sections" "-fdata-sections" "-fPIC" "-gdwarf-4" "-fno-omit-frame-pointer" "-m64" "-I" "zstd/lib/" "-I" "zstd/lib/common" "-fvisibility=hidden" "-ffunction-sections" "-fdata-sections" "-fmerge-all-constants" "-DZSTD_LIB_DEPRECATED=0" "-DXXH_PRIVATE_API=" "-DZSTDLIB_VISIBILITY=" "-DZSTDERRORLIB_VISIBILITY=" "-o" "/opt/rustwide/target/debug/build/zstd-sys-465f52744ce4a5dd/out/zstd/lib/decompress/huf_decompress.o" "-c" "zstd/lib/decompress/huf_decompress.c"
[INFO] [stderr] warning: zstd-sys@2.0.9+zstd.1.5.5: zstd/lib/compress/zstd_opt.c:1468:1: fatal error: error writing to /tmp/ccsG28Gj.s: No space left on device
[INFO] [stderr] warning: zstd-sys@2.0.9+zstd.1.5.5:  1468 | }
[INFO] [stderr] warning: zstd-sys@2.0.9+zstd.1.5.5:       | ^
[INFO] [stderr] warning: zstd-sys@2.0.9+zstd.1.5.5: compilation terminated.
[INFO] [stderr] warning: zstd-sys@2.0.9+zstd.1.5.5: zstd/lib/compress/zstdmt_compress.c:1867:1: fatal error: error writing to /tmp/ccxn5Hsw.s: No space left on device
[INFO] [stderr] warning: zstd-sys@2.0.9+zstd.1.5.5:  1867 | }
[INFO] [stderr] warning: zstd-sys@2.0.9+zstd.1.5.5:       | ^
[INFO] [stderr] warning: zstd-sys@2.0.9+zstd.1.5.5: compilation terminated.
[INFO] [stderr] warning: zstd-sys@2.0.9+zstd.1.5.5: zstd/lib/decompress/zstd_ddict.c:244:1: fatal error: error writing to /tmp/ccey0M1x.s: No space left on device
[INFO] [stderr] warning: zstd-sys@2.0.9+zstd.1.5.5:   244 | }
[INFO] [stderr] warning: zstd-sys@2.0.9+zstd.1.5.5:       | ^
[INFO] [stderr] warning: zstd-sys@2.0.9+zstd.1.5.5: compilation terminated.
[INFO] [stderr] warning: zstd-sys@2.0.9+zstd.1.5.5: ToolExecError: Command "cc" "-O0" "-ffunction-sections" "-fdata-sections" "-fPIC" "-gdwarf-4" "-fno-omit-frame-pointer" "-m64" "-I" "zstd/lib/" "-I" "zstd/lib/common" "-fvisibility=hidden" "-ffunction-sections" "-fdata-sections" "-fmerge-all-constants" "-DZSTD_LIB_DEPRECATED=0" "-DXXH_PRIVATE_API=" "-DZSTDLIB_VISIBILITY=" "-DZSTDERRORLIB_VISIBILITY=" "-o" "/opt/rustwide/target/debug/build/zstd-sys-465f52744ce4a5dd/out/zstd/lib/compress/zstd_opt.o" "-c" "zstd/lib/compress/zstd_opt.c" with args "cc" did not execute successfully (status code exit status: 1).
[INFO] [stderr] warning: zstd-sys@2.0.9+zstd.1.5.5: ToolExecError: Command "cc" "-O0" "-ffunction-sections" "-fdata-sections" "-fPIC" "-gdwarf-4" "-fno-omit-frame-pointer" "-m64" "-I" "zstd/lib/" "-I" "zstd/lib/common" "-fvisibility=hidden" "-ffunction-sections" "-fdata-sections" "-fmerge-all-constants" "-DZSTD_LIB_DEPRECATED=0" "-DXXH_PRIVATE_API=" "-DZSTDLIB_VISIBILITY=" "-DZSTDERRORLIB_VISIBILITY=" "-o" "/opt/rustwide/target/debug/build/zstd-sys-465f52744ce4a5dd/out/zstd/lib/compress/zstdmt_compress.o" "-c" "zstd/lib/compress/zstdmt_compress.c" with args "cc" did not execute successfully (status code exit status: 1).
[INFO] [stderr] warning: zstd-sys@2.0.9+zstd.1.5.5: ToolExecError: Command "cc" "-O0" "-ffunction-sections" "-fdata-sections" "-fPIC" "-gdwarf-4" "-fno-omit-frame-pointer" "-m64" "-I" "zstd/lib/" "-I" "zstd/lib/common" "-fvisibility=hidden" "-ffunction-sections" "-fdata-sections" "-fmerge-all-constants" "-DZSTD_LIB_DEPRECATED=0" "-DXXH_PRIVATE_API=" "-DZSTDLIB_VISIBILITY=" "-DZSTDERRORLIB_VISIBILITY=" "-o" "/opt/rustwide/target/debug/build/zstd-sys-465f52744ce4a5dd/out/zstd/lib/decompress/zstd_ddict.o" "-c" "zstd/lib/decompress/zstd_ddict.c" with args "cc" did not execute successfully (status code exit status: 1).running: "cc" "-O0" "-ffunction-sections" "-fdata-sections" "-fPIC" "-gdwarf-4" "-fno-omit-frame-pointer" "-m64" "-I" "zstd/lib/" "-I" "zstd/lib/common" "-fvisibility=hidden" "-ffunction-sections" "-fdata-sections" "-fmerge-all-constants" "-DZSTD_LIB_DEPRECATED=0" "-DXXH_PRIVATE_API=" "-DZSTDLIB_VISIBILITY=" "-DZSTDERRORLIB_VISIBILITY=" "-o" "/opt/rustwide/target/debug/build/zstd-sys-465f52744ce4a5dd/out/zstd/lib/decompress/zstd_decompress.o" "-c" "zstd/lib/decompress/zstd_decompress.c"
[INFO] [stderr] warning: zstd-sys@2.0.9+zstd.1.5.5: zstd/lib/decompress/huf_decompress_amd64.S:12: fatal error: when writing output to /tmp/ccpC0RVp.s: No space left on device
[INFO] [stderr] warning: zstd-sys@2.0.9+zstd.1.5.5:    12 | 
[INFO] [stderr] warning: zstd-sys@2.0.9+zstd.1.5.5:       | 
[INFO] [stderr] warning: zstd-sys@2.0.9+zstd.1.5.5: compilation terminated.
[INFO] [stderr] warning: zstd-sys@2.0.9+zstd.1.5.5: zstd/lib/decompress/huf_decompress.c:1882:1: fatal error: error writing to /tmp/cc7orXXY.s: No space left on device
[INFO] [stderr] warning: zstd-sys@2.0.9+zstd.1.5.5:  1882 | }
[INFO] [stderr] warning: zstd-sys@2.0.9+zstd.1.5.5:       | ^
[INFO] [stderr] warning: zstd-sys@2.0.9+zstd.1.5.5: compilation terminated.
[INFO] [stderr] warning: zstd-sys@2.0.9+zstd.1.5.5: ToolExecError: Command "cc" "-O0" "-ffunction-sections" "-fdata-sections" "-fPIC" "-gdwarf-4" "-fno-omit-frame-pointer" "-m64" "-I" "zstd/lib/" "-I" "zstd/lib/common" "-fvisibility=hidden" "-ffunction-sections" "-fdata-sections" "-fmerge-all-constants" "-DZSTD_LIB_DEPRECATED=0" "-DXXH_PRIVATE_API=" "-DZSTDLIB_VISIBILITY=" "-DZSTDERRORLIB_VISIBILITY=" "-o" "/opt/rustwide/target/debug/build/zstd-sys-465f52744ce4a5dd/out/zstd/lib/decompress/huf_decompress.o" "-c" "zstd/lib/decompress/huf_decompress.c" with args "cc" did not execute successfully (status code exit status: 1).
[INFO] [stderr] warning: zstd-sys@2.0.9+zstd.1.5.5: ToolExecError: Command "cc" "-O0" "-ffunction-sections" "-fdata-sections" "-fPIC" "-gdwarf-4" "-fno-omit-frame-pointer" "-m64" "-I" "zstd/lib/" "-I" "zstd/lib/common" "-fvisibility=hidden" "-ffunction-sections" "-fdata-sections" "-fmerge-all-constants" "-DZSTD_LIB_DEPRECATED=0" "-DXXH_PRIVATE_API=" "-DZSTDLIB_VISIBILITY=" "-DZSTDERRORLIB_VISIBILITY=" "-o" "/opt/rustwide/target/debug/build/zstd-sys-465f52744ce4a5dd/out/zstd/lib/decompress/huf_decompress_amd64.o" "-c" "zstd/lib/decompress/huf_decompress_amd64.S" with args "cc" did not execute successfully (status code exit status: 1).cargo:warning=zstd/lib/decompress/zstd_decompress.c:2355:1: fatal error: error writing to /tmp/ccATh9h0.s: No space left on device
[INFO] [stderr] warning: zstd-sys@2.0.9+zstd.1.5.5:  2355 | }
[INFO] [stderr] warning: zstd-sys@2.0.9+zstd.1.5.5:       | ^
[INFO] [stderr] warning: zstd-sys@2.0.9+zstd.1.5.5: compilation terminated.
[INFO] [stderr] warning: zstd-sys@2.0.9+zstd.1.5.5: ToolExecError: Command "cc" "-O0" "-ffunction-sections" "-fdata-sections" "-fPIC" "-gdwarf-4" "-fno-omit-frame-pointer" "-m64" "-I" "zstd/lib/" "-I" "zstd/lib/common" "-fvisibility=hidden" "-ffunction-sections" "-fdata-sections" "-fmerge-all-constants" "-DZSTD_LIB_DEPRECATED=0" "-DXXH_PRIVATE_API=" "-DZSTDLIB_VISIBILITY=" "-DZSTDERRORLIB_VISIBILITY=" "-o" "/opt/rustwide/target/debug/build/zstd-sys-465f52744ce4a5dd/out/zstd/lib/decompress/zstd_decompress.o" "-c" "zstd/lib/decompress/zstd_decompress.c" with args "cc" did not execute successfully (status code exit status: 1).cargo:warning=zstd/lib/decompress/zstd_decompress_block.c:2192:1: fatal error: error writing to /tmp/cc6zpkPl.s: No space left on device
[INFO] [stderr] warning: zstd-sys@2.0.9+zstd.1.5.5:  2192 | }
[INFO] [stderr] warning: zstd-sys@2.0.9+zstd.1.5.5:       | ^
[INFO] [stderr] warning: zstd-sys@2.0.9+zstd.1.5.5: compilation terminated.
[INFO] [stderr] warning: zstd-sys@2.0.9+zstd.1.5.5: ToolExecError: Command "cc" "-O0" "-ffunction-sections" "-fdata-sections" "-fPIC" "-gdwarf-4" "-fno-omit-frame-pointer" "-m64" "-I" "zstd/lib/" "-I" "zstd/lib/common" "-fvisibility=hidden" "-ffunction-sections" "-fdata-sections" "-fmerge-all-constants" "-DZSTD_LIB_DEPRECATED=0" "-DXXH_PRIVATE_API=" "-DZSTDLIB_VISIBILITY=" "-DZSTDERRORLIB_VISIBILITY=" "-o" "/opt/rustwide/target/debug/build/zstd-sys-465f52744ce4a5dd/out/zstd/lib/decompress/zstd_decompress_block.o" "-c" "zstd/lib/decompress/zstd_decompress_block.c" with args "cc" did not execute successfully (status code exit status: 1).cargo:warning=zstd/lib/compress/zstd_lazy.c:2157:1: fatal error: error writing to /tmp/cc8tViV7.s: No space left on device
[INFO] [stderr] warning: zstd-sys@2.0.9+zstd.1.5.5:  2157 | }
[INFO] [stderr] warning: zstd-sys@2.0.9+zstd.1.5.5:       | ^
[INFO] [stderr] warning: zstd-sys@2.0.9+zstd.1.5.5: compilation terminated.
[INFO] [stderr] warning: zstd-sys@2.0.9+zstd.1.5.5: ToolExecError: Command "cc" "-O0" "-ffunction-sections" "-fdata-sections" "-fPIC" "-gdwarf-4" "-fno-omit-frame-pointer" "-m64" "-I" "zstd/lib/" "-I" "zstd/lib/common" "-fvisibility=hidden" "-ffunction-sections" "-fdata-sections" "-fmerge-all-constants" "-DZSTD_LIB_DEPRECATED=0" "-DXXH_PRIVATE_API=" "-DZSTDLIB_VISIBILITY=" "-DZSTDERRORLIB_VISIBILITY=" "-o" "/opt/rustwide/target/debug/build/zstd-sys-465f52744ce4a5dd/out/zstd/lib/compress/zstd_lazy.o" "-c" "zstd/lib/compress/zstd_lazy.c" with args "cc" did not execute successfully (status code exit status: 1).
[INFO] [stderr] 
[INFO] [stderr] error: failed to run custom build command for `zstd-sys v2.0.9+zstd.1.5.5`
[INFO] [stderr] note: To improve backtraces for build dependencies, set the CARGO_PROFILE_DEV_BUILD_OVERRIDE_DEBUG=true environment variable to enable debug information generation.
[INFO] [stderr] 
[INFO] [stderr] Caused by:
[INFO] [stderr]   process didn't exit successfully: `/opt/rustwide/target/debug/build/zstd-sys-bc1ed8cd2f0a708f/build-script-build` (exit status: 1)
[INFO] [stderr]   --- stdout
[INFO] [stderr]   cargo:rerun-if-env-changed=ZSTD_SYS_USE_PKG_CONFIG
[INFO] [stderr]   TARGET = Some("x86_64-unknown-linux-gnu")
[INFO] [stderr]   OPT_LEVEL = Some("0")
[INFO] [stderr]   HOST = Some("x86_64-unknown-linux-gnu")
[INFO] [stderr]   cargo:rerun-if-env-changed=CC_x86_64-unknown-linux-gnu
[INFO] [stderr]   CC_x86_64-unknown-linux-gnu = None
[INFO] [stderr]   cargo:rerun-if-env-changed=CC_x86_64_unknown_linux_gnu
[INFO] [stderr]   CC_x86_64_unknown_linux_gnu = None
[INFO] [stderr]   cargo:rerun-if-env-changed=HOST_CC
[INFO] [stderr]   HOST_CC = None
[INFO] [stderr]   cargo:rerun-if-env-changed=CC
[INFO] [stderr]   CC = None
[INFO] [stderr]   cargo:rerun-if-env-changed=CRATE_CC_NO_DEFAULTS
[INFO] [stderr]   CRATE_CC_NO_DEFAULTS = None
[INFO] [stderr]   DEBUG = Some("true")
[INFO] [stderr]   CARGO_CFG_TARGET_FEATURE = Some("fxsr,sse,sse2")
[INFO] [stderr]   cargo:rerun-if-env-changed=CFLAGS_x86_64-unknown-linux-gnu
[INFO] [stderr]   CFLAGS_x86_64-unknown-linux-gnu = None
[INFO] [stderr]   cargo:rerun-if-env-changed=CFLAGS_x86_64_unknown_linux_gnu
[INFO] [stderr]   CFLAGS_x86_64_unknown_linux_gnu = None
[INFO] [stderr]   cargo:rerun-if-env-changed=HOST_CFLAGS
[INFO] [stderr]   HOST_CFLAGS = None
[INFO] [stderr]   cargo:rerun-if-env-changed=CFLAGS
[INFO] [stderr]   CFLAGS = None
[INFO] [stderr]   cargo:rerun-if-env-changed=CC_x86_64-unknown-linux-gnu
[INFO] [stderr]   CC_x86_64-unknown-linux-gnu = None
[INFO] [stderr]   cargo:rerun-if-env-changed=CC_x86_64_unknown_linux_gnu
[INFO] [stderr]   CC_x86_64_unknown_linux_gnu = None
[INFO] [stderr]   cargo:rerun-if-env-changed=HOST_CC
[INFO] [stderr]   HOST_CC = None
[INFO] [stderr]   cargo:rerun-if-env-changed=CC
[INFO] [stderr]   CC = None
[INFO] [stderr]   cargo:rerun-if-env-changed=CRATE_CC_NO_DEFAULTS
[INFO] [stderr]   CRATE_CC_NO_DEFAULTS = None
[INFO] [stderr]   CARGO_CFG_TARGET_FEATURE = Some("fxsr,sse,sse2")
[INFO] [stderr]   cargo:rerun-if-env-changed=CFLAGS_x86_64-unknown-linux-gnu
[INFO] [stderr]   CFLAGS_x86_64-unknown-linux-gnu = None
[INFO] [stderr]   cargo:rerun-if-env-changed=CFLAGS_x86_64_unknown_linux_gnu
[INFO] [stderr]   CFLAGS_x86_64_unknown_linux_gnu = None
[INFO] [stderr]   cargo:rerun-if-env-changed=HOST_CFLAGS
[INFO] [stderr]   HOST_CFLAGS = None
[INFO] [stderr]   cargo:rerun-if-env-changed=CFLAGS
[INFO] [stderr]   CFLAGS = None
[INFO] [stderr]   cargo:rerun-if-env-changed=CC_x86_64-unknown-linux-gnu
[INFO] [stderr]   CC_x86_64-unknown-linux-gnu = None
[INFO] [stderr]   cargo:rerun-if-env-changed=CC_x86_64_unknown_linux_gnu
[INFO] [stderr]   CC_x86_64_unknown_linux_gnu = None
[INFO] [stderr]   cargo:rerun-if-env-changed=HOST_CC
[INFO] [stderr]   HOST_CC = None
[INFO] [stderr]   cargo:rerun-if-env-changed=CC
[INFO] [stderr]   CC = None
[INFO] [stderr]   cargo:rerun-if-env-changed=CRATE_CC_NO_DEFAULTS
[INFO] [stderr]   CRATE_CC_NO_DEFAULTS = None
[INFO] [stderr]   CARGO_CFG_TARGET_FEATURE = Some("fxsr,sse,sse2")
[INFO] [stderr]   cargo:rerun-if-env-changed=CFLAGS_x86_64-unknown-linux-gnu
[INFO] [stderr]   CFLAGS_x86_64-unknown-linux-gnu = None
[INFO] [stderr]   cargo:rerun-if-env-changed=CFLAGS_x86_64_unknown_linux_gnu
[INFO] [stderr]   CFLAGS_x86_64_unknown_linux_gnu = None
[INFO] [stderr]   cargo:rerun-if-env-changed=HOST_CFLAGS
[INFO] [stderr]   HOST_CFLAGS = None
[INFO] [stderr]   cargo:rerun-if-env-changed=CFLAGS
[INFO] [stderr]   CFLAGS = None
[INFO] [stderr]   cargo:rerun-if-env-changed=CC_x86_64-unknown-linux-gnu
[INFO] [stderr]   CC_x86_64-unknown-linux-gnu = None
[INFO] [stderr]   cargo:rerun-if-env-changed=CC_x86_64_unknown_linux_gnu
[INFO] [stderr]   CC_x86_64_unknown_linux_gnu = None
[INFO] [stderr]   cargo:rerun-if-env-changed=HOST_CC
[INFO] [stderr]   HOST_CC = None
[INFO] [stderr]   cargo:rerun-if-env-changed=CC
[INFO] [stderr]   CC = None
[INFO] [stderr]   cargo:rerun-if-env-changed=CRATE_CC_NO_DEFAULTS
[INFO] [stderr]   CRATE_CC_NO_DEFAULTS = None
[INFO] [stderr]   CARGO_CFG_TARGET_FEATURE = Some("fxsr,sse,sse2")
[INFO] [stderr]   cargo:rerun-if-env-changed=CFLAGS_x86_64-unknown-linux-gnu
[INFO] [stderr]   CFLAGS_x86_64-unknown-linux-gnu = None
[INFO] [stderr]   cargo:rerun-if-env-changed=CFLAGS_x86_64_unknown_linux_gnu
[INFO] [stderr]   CFLAGS_x86_64_unknown_linux_gnu = None
[INFO] [stderr]   cargo:rerun-if-env-changed=HOST_CFLAGS
[INFO] [stderr]   HOST_CFLAGS = None
[INFO] [stderr]   cargo:rerun-if-env-changed=CFLAGS
[INFO] [stderr]   CFLAGS = None
[INFO] [stderr]   running: "cc" "-O0" "-ffunction-sections" "-fdata-sections" "-fPIC" "-gdwarf-4" "-fno-omit-frame-pointer" "-m64" "-I" "zstd/lib/" "-I" "zstd/lib/common" "-fvisibility=hidden" "-ffunction-sections" "-fdata-sections" "-fmerge-all-constants" "-DZSTD_LIB_DEPRECATED=0" "-DXXH_PRIVATE_API=" "-DZSTDLIB_VISIBILITY=" "-DZSTDERRORLIB_VISIBILITY=" "-o" "/opt/rustwide/target/debug/build/zstd-sys-465f52744ce4a5dd/out/zstd/lib/common/debug.o" "-c" "zstd/lib/common/debug.c"
[INFO] [stderr]   cargo:warning=zstd/lib/common/debug.c:24:1: fatal error: error closing /tmp/ccQO6BDC.s: No space left on device
[INFO] [stderr] 
[INFO] [stderr]   cargo:warning=   24 | int g_debuglevel = DEBUGLEVEL;
[INFO] [stderr] 
[INFO] [stderr]   cargo:warning=      | ^~~
[INFO] [stderr] 
[INFO] [stderr]   cargo:warning=compilation terminated.
[INFO] [stderr] 
[INFO] [stderr]   running: "cc" "-O0" "-ffunction-sections" "-fdata-sections" "-fPIC" "-gdwarf-4" "-fno-omit-frame-pointer" "-m64" "-I" "zstd/lib/" "-I" "zstd/lib/common" "-fvisibility=hidden" "-ffunction-sections" "-fdata-sections" "-fmerge-all-constants" "-DZSTD_LIB_DEPRECATED=0" "-DXXH_PRIVATE_API=" "-DZSTDLIB_VISIBILITY=" "-DZSTDERRORLIB_VISIBILITY=" "-o" "/opt/rustwide/target/debug/build/zstd-sys-465f52744ce4a5dd/out/zstd/lib/common/entropy_common.o" "-c" "zstd/lib/common/entropy_common.c"
[INFO] [stderr]   exit status: 1
[INFO] [stderr]   cargo:warning=ToolExecError: Command "cc" "-O0" "-ffunction-sections" "-fdata-sections" "-fPIC" "-gdwarf-4" "-fno-omit-frame-pointer" "-m64" "-I" "zstd/lib/" "-I" "zstd/lib/common" "-fvisibility=hidden" "-ffunction-sections" "-fdata-sections" "-fmerge-all-constants" "-DZSTD_LIB_DEPRECATED=0" "-DXXH_PRIVATE_API=" "-DZSTDLIB_VISIBILITY=" "-DZSTDERRORLIB_VISIBILITY=" "-o" "/opt/rustwide/target/debug/build/zstd-sys-465f52744ce4a5dd/out/zstd/lib/common/debug.o" "-c" "zstd/lib/common/debug.c" with args "cc" did not execute successfully (status code exit status: 1).running: "cc" "-O0" "-ffunction-sections" "-fdata-sections" "-fPIC" "-gdwarf-4" "-fno-omit-frame-pointer" "-m64" "-I" "zstd/lib/" "-I" "zstd/lib/common" "-fvisibility=hidden" "-ffunction-sections" "-fdata-sections" "-fmerge-all-constants" "-DZSTD_LIB_DEPRECATED=0" "-DXXH_PRIVATE_API=" "-DZSTDLIB_VISIBILITY=" "-DZSTDERRORLIB_VISIBILITY=" "-o" "/opt/rustwide/target/debug/build/zstd-sys-465f52744ce4a5dd/out/zstd/lib/common/error_private.o" "-c" "zstd/lib/common/error_private.c"
[INFO] [stderr]   running: "cc" "-O0" "-ffunction-sections" "-fdata-sections" "-fPIC" "-gdwarf-4" "-fno-omit-frame-pointer" "-m64" "-I" "zstd/lib/" "-I" "zstd/lib/common" "-fvisibility=hidden" "-ffunction-sections" "-fdata-sections" "-fmerge-all-constants" "-DZSTD_LIB_DEPRECATED=0" "-DXXH_PRIVATE_API=" "-DZSTDLIB_VISIBILITY=" "-DZSTDERRORLIB_VISIBILITY=" "-o" "/opt/rustwide/target/debug/build/zstd-sys-465f52744ce4a5dd/out/zstd/lib/common/fse_decompress.o" "-c" "zstd/lib/common/fse_decompress.c"
[INFO] [stderr]   cargo:warning=zstd/lib/common/fse_decompress.c:309:1: fatal error: error writing to /tmp/ccuZZWr8.s: No space left on device
[INFO] [stderr] 
[INFO] [stderr]   cargo:warning=  309 | }
[INFO] [stderr] 
[INFO] [stderr]   cargo:warning=      | ^
[INFO] [stderr] 
[INFO] [stderr]   cargo:warning=compilation terminated.
[INFO] [stderr] 
[INFO] [stderr] 
[INFO] [stderr]   exit status: 0
[INFO] [stderr]   exit status: 0
[INFO] [stderr]   exit status: 1
[INFO] [stderr]   cargo:warning=ToolExecError: Command "cc" "-O0" "-ffunction-sections" "-fdata-sections" "-fPIC" "-gdwarf-4" "-fno-omit-frame-pointer" "-m64" "-I" "zstd/lib/" "-I" "zstd/lib/common" "-fvisibility=hidden" "-ffunction-sections" "-fdata-sections" "-fmerge-all-constants" "-DZSTD_LIB_DEPRECATED=0" "-DXXH_PRIVATE_API=" "-DZSTDLIB_VISIBILITY=" "-DZSTDERRORLIB_VISIBILITY=" "-o" "/opt/rustwide/target/debug/build/zstd-sys-465f52744ce4a5dd/out/zstd/lib/common/fse_decompress.o" "-c" "zstd/lib/common/fse_decompress.c" with args "cc" did not execute successfully (status code exit status: 1).running: "cc" "-O0" "-ffunction-sections" "-fdata-sections" "-fPIC" "-gdwarf-4" "-fno-omit-frame-pointer" "-m64" "-I" "zstd/lib/" "-I" "zstd/lib/common" "-fvisibility=hidden" "-ffunction-sections" "-fdata-sections" "-fmerge-all-constants" "-DZSTD_LIB_DEPRECATED=0" "-DXXH_PRIVATE_API=" "-DZSTDLIB_VISIBILITY=" "-DZSTDERRORLIB_VISIBILITY=" "-o" "/opt/rustwide/target/debug/build/zstd-sys-465f52744ce4a5dd/out/zstd/lib/common/pool.o" "-c" "zstd/lib/common/pool.c"
[INFO] [stderr]   running: "cc" "-O0" "-ffunction-sections" "-fdata-sections" "-fPIC" "-gdwarf-4" "-fno-omit-frame-pointer" "-m64" "-I" "zstd/lib/" "-I" "zstd/lib/common" "-fvisibility=hidden" "-ffunction-sections" "-fdata-sections" "-fmerge-all-constants" "-DZSTD_LIB_DEPRECATED=0" "-DXXH_PRIVATE_API=" "-DZSTDLIB_VISIBILITY=" "-DZSTDERRORLIB_VISIBILITY=" "-o" "/opt/rustwide/target/debug/build/zstd-sys-465f52744ce4a5dd/out/zstd/lib/common/threading.o" "-c" "zstd/lib/common/threading.c"
[INFO] [stderr]   running: "cc" "-O0" "-ffunction-sections" "-fdata-sections" "-fPIC" "-gdwarf-4" "-fno-omit-frame-pointer" "-m64" "-I" "zstd/lib/" "-I" "zstd/lib/common" "-fvisibility=hidden" "-ffunction-sections" "-fdata-sections" "-fmerge-all-constants" "-DZSTD_LIB_DEPRECATED=0" "-DXXH_PRIVATE_API=" "-DZSTDLIB_VISIBILITY=" "-DZSTDERRORLIB_VISIBILITY=" "-o" "/opt/rustwide/target/debug/build/zstd-sys-465f52744ce4a5dd/out/zstd/lib/common/zstd_common.o" "-c" "zstd/lib/common/zstd_common.c"
[INFO] [stderr]   running: "cc" "-O0" "-ffunction-sections" "-fdata-sections" "-fPIC" "-gdwarf-4" "-fno-omit-frame-pointer" "-m64" "-I" "zstd/lib/" "-I" "zstd/lib/common" "-fvisibility=hidden" "-ffunction-sections" "-fdata-sections" "-fmerge-all-constants" "-DZSTD_LIB_DEPRECATED=0" "-DXXH_PRIVATE_API=" "-DZSTDLIB_VISIBILITY=" "-DZSTDERRORLIB_VISIBILITY=" "-o" "/opt/rustwide/target/debug/build/zstd-sys-465f52744ce4a5dd/out/zstd/lib/compress/fse_compress.o" "-c" "zstd/lib/compress/fse_compress.c"
[INFO] [stderr]   cargo:warning=zstd/lib/common/zstd_common.c:48:1: fatal error: error writing to /tmp/ccRDwhHo.s: No space left on device
[INFO] [stderr] 
[INFO] [stderr]   cargo:warning=   48 | const char* ZSTD_getErrorString(ZSTD_ErrorCode code) { return ERR_getErrorString(code); }
[INFO] [stderr] 
[INFO] [stderr]   cargo:warning=      | ^~~~~
[INFO] [stderr] 
[INFO] [stderr]   cargo:warning=compilation terminated.
[INFO] [stderr] 
[INFO] [stderr]   running: "cc" "-O0" "-ffunction-sections" "-fdata-sections" "-fPIC" "-gdwarf-4" "-fno-omit-frame-pointer" "-m64" "-I" "zstd/lib/" "-I" "zstd/lib/common" "-fvisibility=hidden" "-ffunction-sections" "-fdata-sections" "-fmerge-all-constants" "-DZSTD_LIB_DEPRECATED=0" "-DXXH_PRIVATE_API=" "-DZSTDLIB_VISIBILITY=" "-DZSTDERRORLIB_VISIBILITY=" "-o" "/opt/rustwide/target/debug/build/zstd-sys-465f52744ce4a5dd/out/zstd/lib/compress/hist.o" "-c" "zstd/lib/compress/hist.c"
[INFO] [stderr]   cargo:warning=zstd/lib/compress/fse_compress.c:622:1: fatal error: error writing to /tmp/ccyowFrJ.s: No space left on device
[INFO] [stderr] 
[INFO] [stderr]   cargo:warning=  622 | size_t FSE_compressBound(size_t size) { return FSE_COMPRESSBOUND(size); }
[INFO] [stderr] 
[INFO] [stderr]   cargo:warning=      | ^~~~~~
[INFO] [stderr] 
[INFO] [stderr]   cargo:warning=compilation terminated.
[INFO] [stderr] 
[INFO] [stderr]   running: "cc" "-O0" "-ffunction-sections" "-fdata-sections" "-fPIC" "-gdwarf-4" "-fno-omit-frame-pointer" "-m64" "-I" "zstd/lib/" "-I" "zstd/lib/common" "-fvisibility=hidden" "-ffunction-sections" "-fdata-sections" "-fmerge-all-constants" "-DZSTD_LIB_DEPRECATED=0" "-DXXH_PRIVATE_API=" "-DZSTDLIB_VISIBILITY=" "-DZSTDERRORLIB_VISIBILITY=" "-o" "/opt/rustwide/target/debug/build/zstd-sys-465f52744ce4a5dd/out/zstd/lib/compress/huf_compress.o" "-c" "zstd/lib/compress/huf_compress.c"
[INFO] [stderr]   cargo:warning=/tmp/ccIMyBuu.s: Assembler messages:
[INFO] [stderr] 
[INFO] [stderr]   cargo:warning=/tmp/ccIMyBuu.s: Fatal error: /opt/rustwide/target/debug/build/zstd-sys-465f52744ce4a5dd/out/zstd/lib/compress/hist.o: No space left on device
[INFO] [stderr] 
[INFO] [stderr] 
[INFO] [stderr]   exit status: 0
[INFO] [stderr]   exit status: 0
[INFO] [stderr]   exit status: 1
[INFO] [stderr]   cargo:warning=ToolExecError: Command "cc" "-O0" "-ffunction-sections" "-fdata-sections" "-fPIC" "-gdwarf-4" "-fno-omit-frame-pointer" "-m64" "-I" "zstd/lib/" "-I" "zstd/lib/common" "-fvisibility=hidden" "-ffunction-sections" "-fdata-sections" "-fmerge-all-constants" "-DZSTD_LIB_DEPRECATED=0" "-DXXH_PRIVATE_API=" "-DZSTDLIB_VISIBILITY=" "-DZSTDERRORLIB_VISIBILITY=" "-o" "/opt/rustwide/target/debug/build/zstd-sys-465f52744ce4a5dd/out/zstd/lib/common/zstd_common.o" "-c" "zstd/lib/common/zstd_common.c" with args "cc" did not execute successfully (status code exit status: 1).
[INFO] [stderr]   exit status: 1
[INFO] [stderr]   cargo:warning=ToolExecError: Command "cc" "-O0" "-ffunction-sections" "-fdata-sections" "-fPIC" "-gdwarf-4" "-fno-omit-frame-pointer" "-m64" "-I" "zstd/lib/" "-I" "zstd/lib/common" "-fvisibility=hidden" "-ffunction-sections" "-fdata-sections" "-fmerge-all-constants" "-DZSTD_LIB_DEPRECATED=0" "-DXXH_PRIVATE_API=" "-DZSTDLIB_VISIBILITY=" "-DZSTDERRORLIB_VISIBILITY=" "-o" "/opt/rustwide/target/debug/build/zstd-sys-465f52744ce4a5dd/out/zstd/lib/compress/fse_compress.o" "-c" "zstd/lib/compress/fse_compress.c" with args "cc" did not execute successfully (status code exit status: 1).
[INFO] [stderr]   exit status: 1
[INFO] [stderr]   cargo:warning=ToolExecError: Command "cc" "-O0" "-ffunction-sections" "-fdata-sections" "-fPIC" "-gdwarf-4" "-fno-omit-frame-pointer" "-m64" "-I" "zstd/lib/" "-I" "zstd/lib/common" "-fvisibility=hidden" "-ffunction-sections" "-fdata-sections" "-fmerge-all-constants" "-DZSTD_LIB_DEPRECATED=0" "-DXXH_PRIVATE_API=" "-DZSTDLIB_VISIBILITY=" "-DZSTDERRORLIB_VISIBILITY=" "-o" "/opt/rustwide/target/debug/build/zstd-sys-465f52744ce4a5dd/out/zstd/lib/compress/hist.o" "-c" "zstd/lib/compress/hist.c" with args "cc" did not execute successfully (status code exit status: 1).running: "cc" "-O0" "-ffunction-sections" "-fdata-sections" "-fPIC" "-gdwarf-4" "-fno-omit-frame-pointer" "-m64" "-I" "zstd/lib/" "-I" "zstd/lib/common" "-fvisibility=hidden" "-ffunction-sections" "-fdata-sections" "-fmerge-all-constants" "-DZSTD_LIB_DEPRECATED=0" "-DXXH_PRIVATE_API=" "-DZSTDLIB_VISIBILITY=" "-DZSTDERRORLIB_VISIBILITY=" "-o" "/opt/rustwide/target/debug/build/zstd-sys-465f52744ce4a5dd/out/zstd/lib/compress/zstd_compress.o" "-c" "zstd/lib/compress/zstd_compress.c"
[INFO] [stderr]   running: "cc" "-O0" "-ffunction-sections" "-fdata-sections" "-fPIC" "-gdwarf-4" "-fno-omit-frame-pointer" "-m64" "-I" "zstd/lib/" "-I" "zstd/lib/common" "-fvisibility=hidden" "-ffunction-sections" "-fdata-sections" "-fmerge-all-constants" "-DZSTD_LIB_DEPRECATED=0" "-DXXH_PRIVATE_API=" "-DZSTDLIB_VISIBILITY=" "-DZSTDERRORLIB_VISIBILITY=" "-o" "/opt/rustwide/target/debug/build/zstd-sys-465f52744ce4a5dd/out/zstd/lib/compress/zstd_compress_literals.o" "-c" "zstd/lib/compress/zstd_compress_literals.c"
[INFO] [stderr]   cargo:warning=zstd/lib/compress/zstd_compress_literals.c:235:1: fatal error: error writing to /tmp/cc5c6835.s: No space left on device
[INFO] [stderr] 
[INFO] [stderr]   cargo:warning=  235 | }
[INFO] [stderr] 
[INFO] [stderr]   cargo:warning=      | ^
[INFO] [stderr] 
[INFO] [stderr]   cargo:warning=compilation terminated.
[INFO] [stderr] 
[INFO] [stderr]   running: "cc" "-O0" "-ffunction-sections" "-fdata-sections" "-fPIC" "-gdwarf-4" "-fno-omit-frame-pointer" "-m64" "-I" "zstd/lib/" "-I" "zstd/lib/common" "-fvisibility=hidden" "-ffunction-sections" "-fdata-sections" "-fmerge-all-constants" "-DZSTD_LIB_DEPRECATED=0" "-DXXH_PRIVATE_API=" "-DZSTDLIB_VISIBILITY=" "-DZSTDERRORLIB_VISIBILITY=" "-o" "/opt/rustwide/target/debug/build/zstd-sys-465f52744ce4a5dd/out/zstd/lib/compress/zstd_compress_sequences.o" "-c" "zstd/lib/compress/zstd_compress_sequences.c"
[INFO] [stderr]   cargo:warning=zstd/lib/compress/huf_compress.c:1435:1: fatal error: error writing to /tmp/ccoX3dPv.s: No space left on device
[INFO] [stderr] 
[INFO] [stderr]   cargo:warning= 1435 | }
[INFO] [stderr] 
[INFO] [stderr]   cargo:warning=      | ^
[INFO] [stderr] 
[INFO] [stderr]   cargo:warning=compilation terminated.
[INFO] [stderr] 
[INFO] [stderr] 
[INFO] [stderr]   exit status: 1
[INFO] [stderr]   cargo:warning=ToolExecError: Command "cc" "-O0" "-ffunction-sections" "-fdata-sections" "-fPIC" "-gdwarf-4" "-fno-omit-frame-pointer" "-m64" "-I" "zstd/lib/" "-I" "zstd/lib/common" "-fvisibility=hidden" "-ffunction-sections" "-fdata-sections" "-fmerge-all-constants" "-DZSTD_LIB_DEPRECATED=0" "-DXXH_PRIVATE_API=" "-DZSTDLIB_VISIBILITY=" "-DZSTDERRORLIB_VISIBILITY=" "-o" "/opt/rustwide/target/debug/build/zstd-sys-465f52744ce4a5dd/out/zstd/lib/compress/zstd_compress_literals.o" "-c" "zstd/lib/compress/zstd_compress_literals.c" with args "cc" did not execute successfully (status code exit status: 1).running: "cc" "-O0" "-ffunction-sections" "-fdata-sections" "-fPIC" "-gdwarf-4" "-fno-omit-frame-pointer" "-m64" "-I" "zstd/lib/" "-I" "zstd/lib/common" "-fvisibility=hidden" "-ffunction-sections" "-fdata-sections" "-fmerge-all-constants" "-DZSTD_LIB_DEPRECATED=0" "-DXXH_PRIVATE_API=" "-DZSTDLIB_VISIBILITY=" "-DZSTDERRORLIB_VISIBILITY=" "-o" "/opt/rustwide/target/debug/build/zstd-sys-465f52744ce4a5dd/out/zstd/lib/compress/zstd_compress_superblock.o" "-c" "zstd/lib/compress/zstd_compress_superblock.c"
[INFO] [stderr]   cargo:warning=zstd/lib/compress/zstd_compress_sequences.c:442:1: fatal error: error writing to /tmp/ccgECnTG.s: No space left on device
[INFO] [stderr] 
[INFO] [stderr]   cargo:warning=  442 | }
[INFO] [stderr] 
[INFO] [stderr]   cargo:warning=      | ^
[INFO] [stderr] 
[INFO] [stderr]   cargo:warning=compilation terminated.
[INFO] [stderr] 
[INFO] [stderr]   running: "cc" "-O0" "-ffunction-sections" "-fdata-sections" "-fPIC" "-gdwarf-4" "-fno-omit-frame-pointer" "-m64" "-I" "zstd/lib/" "-I" "zstd/lib/common" "-fvisibility=hidden" "-ffunction-sections" "-fdata-sections" "-fmerge-all-constants" "-DZSTD_LIB_DEPRECATED=0" "-DXXH_PRIVATE_API=" "-DZSTDLIB_VISIBILITY=" "-DZSTDERRORLIB_VISIBILITY=" "-o" "/opt/rustwide/target/debug/build/zstd-sys-465f52744ce4a5dd/out/zstd/lib/compress/zstd_double_fast.o" "-c" "zstd/lib/compress/zstd_double_fast.c"
[INFO] [stderr]   cargo:warning=zstd/lib/compress/zstd_compress_superblock.c:577:1: fatal error: error writing to /tmp/ccspNS89.s: No space left on device
[INFO] [stderr] 
[INFO] [stderr]   cargo:warning=  577 | }
[INFO] [stderr] 
[INFO] [stderr]   cargo:warning=      | ^
[INFO] [stderr] 
[INFO] [stderr]   cargo:warning=compilation terminated.
[INFO] [stderr] 
[INFO] [stderr] 
[INFO] [stderr]   exit status: 1
[INFO] [stderr]   cargo:warning=ToolExecError: Command "cc" "-O0" "-ffunction-sections" "-fdata-sections" "-fPIC" "-gdwarf-4" "-fno-omit-frame-pointer" "-m64" "-I" "zstd/lib/" "-I" "zstd/lib/common" "-fvisibility=hidden" "-ffunction-sections" "-fdata-sections" "-fmerge-all-constants" "-DZSTD_LIB_DEPRECATED=0" "-DXXH_PRIVATE_API=" "-DZSTDLIB_VISIBILITY=" "-DZSTDERRORLIB_VISIBILITY=" "-o" "/opt/rustwide/target/debug/build/zstd-sys-465f52744ce4a5dd/out/zstd/lib/compress/huf_compress.o" "-c" "zstd/lib/compress/huf_compress.c" with args "cc" did not execute successfully (status code exit status: 1).
[INFO] [stderr]   exit status: 1
[INFO] [stderr]   cargo:warning=ToolExecError: Command "cc" "-O0" "-ffunction-sections" "-fdata-sections" "-fPIC" "-gdwarf-4" "-fno-omit-frame-pointer" "-m64" "-I" "zstd/lib/" "-I" "zstd/lib/common" "-fvisibility=hidden" "-ffunction-sections" "-fdata-sections" "-fmerge-all-constants" "-DZSTD_LIB_DEPRECATED=0" "-DXXH_PRIVATE_API=" "-DZSTDLIB_VISIBILITY=" "-DZSTDERRORLIB_VISIBILITY=" "-o" "/opt/rustwide/target/debug/build/zstd-sys-465f52744ce4a5dd/out/zstd/lib/compress/zstd_compress_sequences.o" "-c" "zstd/lib/compress/zstd_compress_sequences.c" with args "cc" did not execute successfully (status code exit status: 1).
[INFO] [stderr]   exit status: 1
[INFO] [stderr]   cargo:warning=ToolExecError: Command "cc" "-O0" "-ffunction-sections" "-fdata-sections" "-fPIC" "-gdwarf-4" "-fno-omit-frame-pointer" "-m64" "-I" "zstd/lib/" "-I" "zstd/lib/common" "-fvisibility=hidden" "-ffunction-sections" "-fdata-sections" "-fmerge-all-constants" "-DZSTD_LIB_DEPRECATED=0" "-DXXH_PRIVATE_API=" "-DZSTDLIB_VISIBILITY=" "-DZSTDERRORLIB_VISIBILITY=" "-o" "/opt/rustwide/target/debug/build/zstd-sys-465f52744ce4a5dd/out/zstd/lib/compress/zstd_compress_superblock.o" "-c" "zstd/lib/compress/zstd_compress_superblock.c" with args "cc" did not execute successfully (status code exit status: 1).running: "cc" "-O0" "-ffunction-sections" "-fdata-sections" "-fPIC" "-gdwarf-4" "-fno-omit-frame-pointer" "-m64" "-I" "zstd/lib/" "-I" "zstd/lib/common" "-fvisibility=hidden" "-ffunction-sections" "-fdata-sections" "-fmerge-all-constants" "-DZSTD_LIB_DEPRECATED=0" "-DXXH_PRIVATE_API=" "-DZSTDLIB_VISIBILITY=" "-DZSTDERRORLIB_VISIBILITY=" "-o" "/opt/rustwide/target/debug/build/zstd-sys-465f52744ce4a5dd/out/zstd/lib/compress/zstd_fast.o" "-c" "zstd/lib/compress/zstd_fast.c"
[INFO] [stderr]   running: "cc" "-O0" "-ffunction-sections" "-fdata-sections" "-fPIC" "-gdwarf-4" "-fno-omit-frame-pointer" "-m64" "-I" "zstd/lib/" "-I" "zstd/lib/common" "-fvisibility=hidden" "-ffunction-sections" "-fdata-sections" "-fmerge-all-constants" "-DZSTD_LIB_DEPRECATED=0" "-DXXH_PRIVATE_API=" "-DZSTDLIB_VISIBILITY=" "-DZSTDERRORLIB_VISIBILITY=" "-o" "/opt/rustwide/target/debug/build/zstd-sys-465f52744ce4a5dd/out/zstd/lib/compress/zstd_lazy.o" "-c" "zstd/lib/compress/zstd_lazy.c"
[INFO] [stderr]   cargo:warning=zstd/lib/compress/zstd_compress.c:7032:1: fatal error: error writing to /tmp/ccBgIiiI.s: No space left on device
[INFO] [stderr] 
[INFO] [stderr]   cargo:warning= 7032 | }
[INFO] [stderr] 
[INFO] [stderr]   cargo:warning=      | ^
[INFO] [stderr] 
[INFO] [stderr]   cargo:warning=compilation terminated.
[INFO] [stderr] 
[INFO] [stderr] 
[INFO] [stderr]   exit status: 1
[INFO] [stderr]   cargo:warning=ToolExecError: Command "cc" "-O0" "-ffunction-sections" "-fdata-sections" "-fPIC" "-gdwarf-4" "-fno-omit-frame-pointer" "-m64" "-I" "zstd/lib/" "-I" "zstd/lib/common" "-fvisibility=hidden" "-ffunction-sections" "-fdata-sections" "-fmerge-all-constants" "-DZSTD_LIB_DEPRECATED=0" "-DXXH_PRIVATE_API=" "-DZSTDLIB_VISIBILITY=" "-DZSTDERRORLIB_VISIBILITY=" "-o" "/opt/rustwide/target/debug/build/zstd-sys-465f52744ce4a5dd/out/zstd/lib/compress/zstd_compress.o" "-c" "zstd/lib/compress/zstd_compress.c" with args "cc" did not execute successfully (status code exit status: 1).running: "cc" "-O0" "-ffunction-sections" "-fdata-sections" "-fPIC" "-gdwarf-4" "-fno-omit-frame-pointer" "-m64" "-I" "zstd/lib/" "-I" "zstd/lib/common" "-fvisibility=hidden" "-ffunction-sections" "-fdata-sections" "-fmerge-all-constants" "-DZSTD_LIB_DEPRECATED=0" "-DXXH_PRIVATE_API=" "-DZSTDLIB_VISIBILITY=" "-DZSTDERRORLIB_VISIBILITY=" "-o" "/opt/rustwide/target/debug/build/zstd-sys-465f52744ce4a5dd/out/zstd/lib/compress/zstd_ldm.o" "-c" "zstd/lib/compress/zstd_ldm.c"
[INFO] [stderr]   running: "cc" "-O0" "-ffunction-sections" "-fdata-sections" "-fPIC" "-gdwarf-4" "-fno-omit-frame-pointer" "-m64" "-I" "zstd/lib/" "-I" "zstd/lib/common" "-fvisibility=hidden" "-ffunction-sections" "-fdata-sections" "-fmerge-all-constants" "-DZSTD_LIB_DEPRECATED=0" "-DXXH_PRIVATE_API=" "-DZSTDLIB_VISIBILITY=" "-DZSTDERRORLIB_VISIBILITY=" "-o" "/opt/rustwide/target/debug/build/zstd-sys-465f52744ce4a5dd/out/zstd/lib/compress/zstd_opt.o" "-c" "zstd/lib/compress/zstd_opt.c"
[INFO] [stderr]   cargo:warning=zstd/lib/compress/zstd_double_fast.c:758:1: fatal error: error writing to /tmp/ccYmLY7k.s: No space left on device
[INFO] [stderr] 
[INFO] [stderr]   cargo:warning=  758 | }
[INFO] [stderr] 
[INFO] [stderr]   cargo:warning=      | ^
[INFO] [stderr] 
[INFO] [stderr]   cargo:warning=compilation terminated.
[INFO] [stderr] 
[INFO] [stderr]   cargo:warning=zstd/lib/compress/zstd_ldm.c:724:1: fatal error: error writing to /tmp/ccTlEYiR.s: No space left on device
[INFO] [stderr] 
[INFO] [stderr]   cargo:warning=  724 | }
[INFO] [stderr] 
[INFO] [stderr]   cargo:warning=      | ^
[INFO] [stderr] 
[INFO] [stderr]   cargo:warning=compilation terminated.
[INFO] [stderr] 
[INFO] [stderr]   cargo:warning=zstd/lib/compress/zstd_fast.c:960:1: fatal error: error writing to /tmp/ccrYJ3WI.s: No space left on device
[INFO] [stderr] 
[INFO] [stderr]   cargo:warning=  960 | }
[INFO] [stderr] 
[INFO] [stderr]   cargo:warning=      | ^
[INFO] [stderr] 
[INFO] [stderr]   cargo:warning=compilation terminated.
[INFO] [stderr] 
[INFO] [stderr] 
[INFO] [stderr]   exit status: 1
[INFO] [stderr]   cargo:warning=ToolExecError: Command "cc" "-O0" "-ffunction-sections" "-fdata-sections" "-fPIC" "-gdwarf-4" "-fno-omit-frame-pointer" "-m64" "-I" "zstd/lib/" "-I" "zstd/lib/common" "-fvisibility=hidden" "-ffunction-sections" "-fdata-sections" "-fmerge-all-constants" "-DZSTD_LIB_DEPRECATED=0" "-DXXH_PRIVATE_API=" "-DZSTDLIB_VISIBILITY=" "-DZSTDERRORLIB_VISIBILITY=" "-o" "/opt/rustwide/target/debug/build/zstd-sys-465f52744ce4a5dd/out/zstd/lib/compress/zstd_double_fast.o" "-c" "zstd/lib/compress/zstd_double_fast.c" with args "cc" did not execute successfully (status code exit status: 1).
[INFO] [stderr]   exit status: 1
[INFO] [stderr]   cargo:warning=ToolExecError: Command "cc" "-O0" "-ffunction-sections" "-fdata-sections" "-fPIC" "-gdwarf-4" "-fno-omit-frame-pointer" "-m64" "-I" "zstd/lib/" "-I" "zstd/lib/common" "-fvisibility=hidden" "-ffunction-sections" "-fdata-sections" "-fmerge-all-constants" "-DZSTD_LIB_DEPRECATED=0" "-DXXH_PRIVATE_API=" "-DZSTDLIB_VISIBILITY=" "-DZSTDERRORLIB_VISIBILITY=" "-o" "/opt/rustwide/target/debug/build/zstd-sys-465f52744ce4a5dd/out/zstd/lib/compress/zstd_fast.o" "-c" "zstd/lib/compress/zstd_fast.c" with args "cc" did not execute successfully (status code exit status: 1).running: "cc" "-O0" "-ffunction-sections" "-fdata-sections" "-fPIC" "-gdwarf-4" "-fno-omit-frame-pointer" "-m64" "-I" "zstd/lib/" "-I" "zstd/lib/common" "-fvisibility=hidden" "-ffunction-sections" "-fdata-sections" "-fmerge-all-constants" "-DZSTD_LIB_DEPRECATED=0" "-DXXH_PRIVATE_API=" "-DZSTDLIB_VISIBILITY=" "-DZSTDERRORLIB_VISIBILITY=" "-o" "/opt/rustwide/target/debug/build/zstd-sys-465f52744ce4a5dd/out/zstd/lib/compress/zstdmt_compress.o" "-c" "zstd/lib/compress/zstdmt_compress.c"
[INFO] [stderr] 
[INFO] [stderr]   exit status: 1
[INFO] [stderr]   cargo:warning=ToolExecError: Command "cc" "-O0" "-ffunction-sections" "-fdata-sections" "-fPIC" "-gdwarf-4" "-fno-omit-frame-pointer" "-m64" "-I" "zstd/lib/" "-I" "zstd/lib/common" "-fvisibility=hidden" "-ffunction-sections" "-fdata-sections" "-fmerge-all-constants" "-DZSTD_LIB_DEPRECATED=0" "-DXXH_PRIVATE_API=" "-DZSTDLIB_VISIBILITY=" "-DZSTDERRORLIB_VISIBILITY=" "-o" "/opt/rustwide/target/debug/build/zstd-sys-465f52744ce4a5dd/out/zstd/lib/compress/zstd_ldm.o" "-c" "zstd/lib/compress/zstd_ldm.c" with args "cc" did not execute successfully (status code exit status: 1).running: "cc" "-O0" "-ffunction-sections" "-fdata-sections" "-fPIC" "-gdwarf-4" "-fno-omit-frame-pointer" "-m64" "-I" "zstd/lib/" "-I" "zstd/lib/common" "-fvisibility=hidden" "-ffunction-sections" "-fdata-sections" "-fmerge-all-constants" "-DZSTD_LIB_DEPRECATED=0" "-DXXH_PRIVATE_API=" "-DZSTDLIB_VISIBILITY=" "-DZSTDERRORLIB_VISIBILITY=" "-o" "/opt/rustwide/target/debug/build/zstd-sys-465f52744ce4a5dd/out/zstd/lib/decompress/huf_decompress.o" "-c" "zstd/lib/decompress/huf_decompress.c"
[INFO] [stderr]   running: "cc" "-O0" "-ffunction-sections" "-fdata-sections" "-fPIC" "-gdwarf-4" "-fno-omit-frame-pointer" "-m64" "-I" "zstd/lib/" "-I" "zstd/lib/common" "-fvisibility=hidden" "-ffunction-sections" "-fdata-sections" "-fmerge-all-constants" "-DZSTD_LIB_DEPRECATED=0" "-DXXH_PRIVATE_API=" "-DZSTDLIB_VISIBILITY=" "-DZSTDERRORLIB_VISIBILITY=" "-o" "/opt/rustwide/target/debug/build/zstd-sys-465f52744ce4a5dd/out/zstd/lib/decompress/zstd_ddict.o" "-c" "zstd/lib/decompress/zstd_ddict.c"
[INFO] [stderr]   cargo:warning=zstd/lib/compress/zstd_opt.c:1468:1: fatal error: error writing to /tmp/ccsG28Gj.s: No space left on device
[INFO] [stderr] 
[INFO] [stderr]   cargo:warning= 1468 | }
[INFO] [stderr] 
[INFO] [stderr]   cargo:warning=      | ^
[INFO] [stderr] 
[INFO] [stderr]   cargo:warning=compilation terminated.
[INFO] [stderr] 
[INFO] [stderr]   cargo:warning=zstd/lib/compress/zstdmt_compress.c:1867:1: fatal error: error writing to /tmp/ccxn5Hsw.s: No space left on device
[INFO] [stderr] 
[INFO] [stderr]   cargo:warning= 1867 | }
[INFO] [stderr] 
[INFO] [stderr]   cargo:warning=      | ^
[INFO] [stderr] 
[INFO] [stderr]   cargo:warning=compilation terminated.
[INFO] [stderr] 
[INFO] [stderr]   cargo:warning=zstd/lib/decompress/zstd_ddict.c:244:1: fatal error: error writing to /tmp/ccey0M1x.s: No space left on device
[INFO] [stderr] 
[INFO] [stderr]   cargo:warning=  244 | }
[INFO] [stderr] 
[INFO] [stderr]   cargo:warning=      | ^
[INFO] [stderr] 
[INFO] [stderr]   cargo:warning=compilation terminated.
[INFO] [stderr] 
[INFO] [stderr] 
[INFO] [stderr]   exit status: 1
[INFO] [stderr]   cargo:warning=ToolExecError: Command "cc" "-O0" "-ffunction-sections" "-fdata-sections" "-fPIC" "-gdwarf-4" "-fno-omit-frame-pointer" "-m64" "-I" "zstd/lib/" "-I" "zstd/lib/common" "-fvisibility=hidden" "-ffunction-sections" "-fdata-sections" "-fmerge-all-constants" "-DZSTD_LIB_DEPRECATED=0" "-DXXH_PRIVATE_API=" "-DZSTDLIB_VISIBILITY=" "-DZSTDERRORLIB_VISIBILITY=" "-o" "/opt/rustwide/target/debug/build/zstd-sys-465f52744ce4a5dd/out/zstd/lib/compress/zstd_opt.o" "-c" "zstd/lib/compress/zstd_opt.c" with args "cc" did not execute successfully (status code exit status: 1).
[INFO] [stderr]   exit status: 1
[INFO] [stderr]   cargo:warning=ToolExecError: Command "cc" "-O0" "-ffunction-sections" "-fdata-sections" "-fPIC" "-gdwarf-4" "-fno-omit-frame-pointer" "-m64" "-I" "zstd/lib/" "-I" "zstd/lib/common" "-fvisibility=hidden" "-ffunction-sections" "-fdata-sections" "-fmerge-all-constants" "-DZSTD_LIB_DEPRECATED=0" "-DXXH_PRIVATE_API=" "-DZSTDLIB_VISIBILITY=" "-DZSTDERRORLIB_VISIBILITY=" "-o" "/opt/rustwide/target/debug/build/zstd-sys-465f52744ce4a5dd/out/zstd/lib/compress/zstdmt_compress.o" "-c" "zstd/lib/compress/zstdmt_compress.c" with args "cc" did not execute successfully (status code exit status: 1).
[INFO] [stderr]   exit status: 1
[INFO] [stderr]   cargo:warning=ToolExecError: Command "cc" "-O0" "-ffunction-sections" "-fdata-sections" "-fPIC" "-gdwarf-4" "-fno-omit-frame-pointer" "-m64" "-I" "zstd/lib/" "-I" "zstd/lib/common" "-fvisibility=hidden" "-ffunction-sections" "-fdata-sections" "-fmerge-all-constants" "-DZSTD_LIB_DEPRECATED=0" "-DXXH_PRIVATE_API=" "-DZSTDLIB_VISIBILITY=" "-DZSTDERRORLIB_VISIBILITY=" "-o" "/opt/rustwide/target/debug/build/zstd-sys-465f52744ce4a5dd/out/zstd/lib/decompress/zstd_ddict.o" "-c" "zstd/lib/decompress/zstd_ddict.c" with args "cc" did not execute successfully (status code exit status: 1).running: "cc" "-O0" "-ffunction-sections" "-fdata-sections" "-fPIC" "-gdwarf-4" "-fno-omit-frame-pointer" "-m64" "-I" "zstd/lib/" "-I" "zstd/lib/common" "-fvisibility=hidden" "-ffunction-sections" "-fdata-sections" "-fmerge-all-constants" "-DZSTD_LIB_DEPRECATED=0" "-DXXH_PRIVATE_API=" "-DZSTDLIB_VISIBILITY=" "-DZSTDERRORLIB_VISIBILITY=" "-o" "/opt/rustwide/target/debug/build/zstd-sys-465f52744ce4a5dd/out/zstd/lib/decompress/zstd_decompress.o" "-c" "zstd/lib/decompress/zstd_decompress.c"
[INFO] [stderr]   running: "cc" "-O0" "-ffunction-sections" "-fdata-sections" "-fPIC" "-gdwarf-4" "-fno-omit-frame-pointer" "-m64" "-I" "zstd/lib/" "-I" "zstd/lib/common" "-fvisibility=hidden" "-ffunction-sections" "-fdata-sections" "-fmerge-all-constants" "-DZSTD_LIB_DEPRECATED=0" "-DXXH_PRIVATE_API=" "-DZSTDLIB_VISIBILITY=" "-DZSTDERRORLIB_VISIBILITY=" "-o" "/opt/rustwide/target/debug/build/zstd-sys-465f52744ce4a5dd/out/zstd/lib/decompress/zstd_decompress_block.o" "-c" "zstd/lib/decompress/zstd_decompress_block.c"
[INFO] [stderr]   running: "cc" "-O0" "-ffunction-sections" "-fdata-sections" "-fPIC" "-gdwarf-4" "-fno-omit-frame-pointer" "-m64" "-I" "zstd/lib/" "-I" "zstd/lib/common" "-fvisibility=hidden" "-ffunction-sections" "-fdata-sections" "-fmerge-all-constants" "-DZSTD_LIB_DEPRECATED=0" "-DXXH_PRIVATE_API=" "-DZSTDLIB_VISIBILITY=" "-DZSTDERRORLIB_VISIBILITY=" "-o" "/opt/rustwide/target/debug/build/zstd-sys-465f52744ce4a5dd/out/zstd/lib/decompress/huf_decompress_amd64.o" "-c" "zstd/lib/decompress/huf_decompress_amd64.S"
[INFO] [stderr]   cargo:warning=zstd/lib/decompress/huf_decompress_amd64.S:12: fatal error: when writing output to /tmp/ccpC0RVp.s: No space left on device
[INFO] [stderr] 
[INFO] [stderr]   cargo:warning=   12 | 
[INFO] [stderr] 
[INFO] [stderr]   cargo:warning=      | 
[INFO] [stderr] 
[INFO] [stderr]   cargo:warning=compilation terminated.
[INFO] [stderr] 
[INFO] [stderr]   cargo:warning=zstd/lib/decompress/huf_decompress.c:1882:1: fatal error: error writing to /tmp/cc7orXXY.s: No space left on device
[INFO] [stderr] 
[INFO] [stderr]   cargo:warning= 1882 | }
[INFO] [stderr] 
[INFO] [stderr]   cargo:warning=      | ^
[INFO] [stderr] 
[INFO] [stderr]   cargo:warning=compilation terminated.
[INFO] [stderr] 
[INFO] [stderr] 
[INFO] [stderr]   exit status: 1
[INFO] [stderr]   cargo:warning=ToolExecError: Command "cc" "-O0" "-ffunction-sections" "-fdata-sections" "-fPIC" "-gdwarf-4" "-fno-omit-frame-pointer" "-m64" "-I" "zstd/lib/" "-I" "zstd/lib/common" "-fvisibility=hidden" "-ffunction-sections" "-fdata-sections" "-fmerge-all-constants" "-DZSTD_LIB_DEPRECATED=0" "-DXXH_PRIVATE_API=" "-DZSTDLIB_VISIBILITY=" "-DZSTDERRORLIB_VISIBILITY=" "-o" "/opt/rustwide/target/debug/build/zstd-sys-465f52744ce4a5dd/out/zstd/lib/decompress/huf_decompress.o" "-c" "zstd/lib/decompress/huf_decompress.c" with args "cc" did not execute successfully (status code exit status: 1).
[INFO] [stderr]   exit status: 1
[INFO] [stderr]   cargo:warning=ToolExecError: Command "cc" "-O0" "-ffunction-sections" "-fdata-sections" "-fPIC" "-gdwarf-4" "-fno-omit-frame-pointer" "-m64" "-I" "zstd/lib/" "-I" "zstd/lib/common" "-fvisibility=hidden" "-ffunction-sections" "-fdata-sections" "-fmerge-all-constants" "-DZSTD_LIB_DEPRECATED=0" "-DXXH_PRIVATE_API=" "-DZSTDLIB_VISIBILITY=" "-DZSTDERRORLIB_VISIBILITY=" "-o" "/opt/rustwide/target/debug/build/zstd-sys-465f52744ce4a5dd/out/zstd/lib/decompress/huf_decompress_amd64.o" "-c" "zstd/lib/decompress/huf_decompress_amd64.S" with args "cc" did not execute successfully (status code exit status: 1).cargo:warning=zstd/lib/decompress/zstd_decompress.c:2355:1: fatal error: error writing to /tmp/ccATh9h0.s: No space left on device
[INFO] [stderr] 
[INFO] [stderr]   cargo:warning= 2355 | }
[INFO] [stderr] 
[INFO] [stderr]   cargo:warning=      | ^
[INFO] [stderr] 
[INFO] [stderr]   cargo:warning=compilation terminated.
[INFO] [stderr] 
[INFO] [stderr] 
[INFO] [stderr]   exit status: 1
[INFO] [stderr]   cargo:warning=ToolExecError: Command "cc" "-O0" "-ffunction-sections" "-fdata-sections" "-fPIC" "-gdwarf-4" "-fno-omit-frame-pointer" "-m64" "-I" "zstd/lib/" "-I" "zstd/lib/common" "-fvisibility=hidden" "-ffunction-sections" "-fdata-sections" "-fmerge-all-constants" "-DZSTD_LIB_DEPRECATED=0" "-DXXH_PRIVATE_API=" "-DZSTDLIB_VISIBILITY=" "-DZSTDERRORLIB_VISIBILITY=" "-o" "/opt/rustwide/target/debug/build/zstd-sys-465f52744ce4a5dd/out/zstd/lib/decompress/zstd_decompress.o" "-c" "zstd/lib/decompress/zstd_decompress.c" with args "cc" did not execute successfully (status code exit status: 1).cargo:warning=zstd/lib/decompress/zstd_decompress_block.c:2192:1: fatal error: error writing to /tmp/cc6zpkPl.s: No space left on device
[INFO] [stderr] 
[INFO] [stderr]   cargo:warning= 2192 | }
[INFO] [stderr] 
[INFO] [stderr]   cargo:warning=      | ^
[INFO] [stderr] 
[INFO] [stderr]   cargo:warning=compilation terminated.
[INFO] [stderr] 
[INFO] [stderr] 
[INFO] [stderr]   exit status: 1
[INFO] [stderr]   cargo:warning=ToolExecError: Command "cc" "-O0" "-ffunction-sections" "-fdata-sections" "-fPIC" "-gdwarf-4" "-fno-omit-frame-pointer" "-m64" "-I" "zstd/lib/" "-I" "zstd/lib/common" "-fvisibility=hidden" "-ffunction-sections" "-fdata-sections" "-fmerge-all-constants" "-DZSTD_LIB_DEPRECATED=0" "-DXXH_PRIVATE_API=" "-DZSTDLIB_VISIBILITY=" "-DZSTDERRORLIB_VISIBILITY=" "-o" "/opt/rustwide/target/debug/build/zstd-sys-465f52744ce4a5dd/out/zstd/lib/decompress/zstd_decompress_block.o" "-c" "zstd/lib/decompress/zstd_decompress_block.c" with args "cc" did not execute successfully (status code exit status: 1).cargo:warning=zstd/lib/compress/zstd_lazy.c:2157:1: fatal error: error writing to /tmp/cc8tViV7.s: No space left on device
[INFO] [stderr] 
[INFO] [stderr]   cargo:warning= 2157 | }
[INFO] [stderr] 
[INFO] [stderr]   cargo:warning=      | ^
[INFO] [stderr] 
[INFO] [stderr]   cargo:warning=compilation terminated.
[INFO] [stderr] 
[INFO] [stderr] 
[INFO] [stderr]   exit status: 1
[INFO] [stderr]   cargo:warning=ToolExecError: Command "cc" "-O0" "-ffunction-sections" "-fdata-sections" "-fPIC" "-gdwarf-4" "-fno-omit-frame-pointer" "-m64" "-I" "zstd/lib/" "-I" "zstd/lib/common" "-fvisibility=hidden" "-ffunction-sections" "-fdata-sections" "-fmerge-all-constants" "-DZSTD_LIB_DEPRECATED=0" "-DXXH_PRIVATE_API=" "-DZSTDLIB_VISIBILITY=" "-DZSTDERRORLIB_VISIBILITY=" "-o" "/opt/rustwide/target/debug/build/zstd-sys-465f52744ce4a5dd/out/zstd/lib/compress/zstd_lazy.o" "-c" "zstd/lib/compress/zstd_lazy.c" with args "cc" did not execute successfully (status code exit status: 1).
[INFO] [stderr] 
[INFO] [stderr]   --- stderr
[INFO] [stderr] 
[INFO] [stderr] 
[INFO] [stderr]   error occurred: Command "cc" "-O0" "-ffunction-sections" "-fdata-sections" "-fPIC" "-gdwarf-4" "-fno-omit-frame-pointer" "-m64" "-I" "zstd/lib/" "-I" "zstd/lib/common" "-fvisibility=hidden" "-ffunction-sections" "-fdata-sections" "-fmerge-all-constants" "-DZSTD_LIB_DEPRECATED=0" "-DXXH_PRIVATE_API=" "-DZSTDLIB_VISIBILITY=" "-DZSTDERRORLIB_VISIBILITY=" "-o" "/opt/rustwide/target/debug/build/zstd-sys-465f52744ce4a5dd/out/zstd/lib/compress/zstd_lazy.o" "-c" "zstd/lib/compress/zstd_lazy.c" with args "cc" did not execute successfully (status code exit status: 1).
[INFO] [stderr] 
[INFO] [stderr] 
[INFO] running `Command { std: "docker" "inspect" "e3f9cc627b9c9e007a9bfee838c3c4fcaacf920a95ffa89733b41d2c83411422", kill_on_drop: false }`
[INFO] running `Command { std: "docker" "rm" "-f" "e3f9cc627b9c9e007a9bfee838c3c4fcaacf920a95ffa89733b41d2c83411422", kill_on_drop: false }`
[INFO] [stdout] e3f9cc627b9c9e007a9bfee838c3c4fcaacf920a95ffa89733b41d2c83411422
