[INFO] cloning repository https://github.com/SkuJin/1337Ware
[INFO] running `Command { std: "git" "-c" "credential.helper=" "-c" "credential.helper=/workspace/cargo-home/bin/git-credential-null" "clone" "--bare" "https://github.com/SkuJin/1337Ware" "/workspace/cache/git-repos/https%3A%2F%2Fgithub.com%2FSkuJin%2F1337Ware", kill_on_drop: false }`
[INFO] [stderr] Cloning into bare repository '/workspace/cache/git-repos/https%3A%2F%2Fgithub.com%2FSkuJin%2F1337Ware'...
[INFO] running `Command { std: "git" "rev-parse" "HEAD", kill_on_drop: false }`
[INFO] [stdout] 64ff21286f39451f13e918ea95e54d8fde87cabd
[INFO] testing SkuJin/1337Ware/64ff21286f39451f13e918ea95e54d8fde87cabd against nightly-2024-10-28 for randomize-layout
[INFO] running `Command { std: "git" "clone" "/workspace/cache/git-repos/https%3A%2F%2Fgithub.com%2FSkuJin%2F1337Ware" "/workspace/builds/worker-7-tc1/source", kill_on_drop: false }`
[INFO] [stderr] Cloning into '/workspace/builds/worker-7-tc1/source'...
[INFO] [stderr] done.
[INFO] validating manifest of git repo https://github.com/SkuJin/1337Ware on toolchain nightly-2024-10-28
[INFO] running `Command { std: CARGO_HOME="/workspace/cargo-home" RUSTUP_HOME="/workspace/rustup-home" "/workspace/cargo-home/bin/cargo" "+nightly-2024-10-28" "metadata" "--manifest-path" "Cargo.toml" "--no-deps", kill_on_drop: false }`
[INFO] started tweaking git repo https://github.com/SkuJin/1337Ware
[INFO] finished tweaking git repo https://github.com/SkuJin/1337Ware
[INFO] tweaked toml for git repo https://github.com/SkuJin/1337Ware written to /workspace/builds/worker-7-tc1/source/Cargo.toml
[INFO] crate git repo https://github.com/SkuJin/1337Ware already has a lockfile, it will not be regenerated
[INFO] running `Command { std: CARGO_HOME="/workspace/cargo-home" RUSTUP_HOME="/workspace/rustup-home" "/workspace/cargo-home/bin/cargo" "+nightly-2024-10-28" "fetch" "--manifest-path" "Cargo.toml", kill_on_drop: false }`
[INFO] [stderr]     Updating crates.io index
[INFO] [stderr]  Downloading crates ...
[INFO] [stderr]   Downloaded chlorine v1.0.10
[INFO] [stderr]   Downloaded imgui-winit-support v0.11.0
[INFO] [stderr]   Downloaded discord-rpc-client v0.4.0
[INFO] [stderr]   Downloaded mki v0.2.3
[INFO] [stderr]   Downloaded imgui-glow-renderer v0.11.0
[INFO] [stderr]   Downloaded imgui v0.11.0
[INFO] [stderr]   Downloaded imgui-sys v0.11.0
[INFO] running `Command { std: "docker" "create" "-v" "/var/lib/crater-agent-workspace/builds/worker-7-tc1/target:/opt/rustwide/target:rw,Z" "-v" "/var/lib/crater-agent-workspace/builds/worker-7-tc1/source:/opt/rustwide/workdir:ro,Z" "-v" "/var/lib/crater-agent-workspace/cargo-home:/opt/rustwide/cargo-home:ro,Z" "-v" "/var/lib/crater-agent-workspace/rustup-home:/opt/rustwide/rustup-home:ro,Z" "-e" "SOURCE_DIR=/opt/rustwide/workdir" "-e" "CARGO_TARGET_DIR=/opt/rustwide/target" "-e" "CARGO_HOME=/opt/rustwide/cargo-home" "-e" "RUSTUP_HOME=/opt/rustwide/rustup-home" "-w" "/opt/rustwide/workdir" "-m" "1610612736" "--user" "0:0" "--network" "none" "ghcr.io/rust-lang/crates-build-env/linux@sha256:4a844ea9eb2546a2d2c7022eacef16ef2e8229c7fbb2c7d4d55a9ceca922f72d" "/opt/rustwide/cargo-home/bin/cargo" "+nightly-2024-10-28" "metadata" "--no-deps" "--format-version=1", kill_on_drop: false }`
[INFO] [stdout] 1e98d81139e00612109a88320bf7a809b9ba6f2f9a89dfe015a3845bad8cc9a4
[INFO] running `Command { std: "docker" "start" "-a" "1e98d81139e00612109a88320bf7a809b9ba6f2f9a89dfe015a3845bad8cc9a4", kill_on_drop: false }`
[INFO] running `Command { std: "docker" "inspect" "1e98d81139e00612109a88320bf7a809b9ba6f2f9a89dfe015a3845bad8cc9a4", kill_on_drop: false }`
[INFO] running `Command { std: "docker" "rm" "-f" "1e98d81139e00612109a88320bf7a809b9ba6f2f9a89dfe015a3845bad8cc9a4", kill_on_drop: false }`
[INFO] [stdout] 1e98d81139e00612109a88320bf7a809b9ba6f2f9a89dfe015a3845bad8cc9a4
[INFO] running `Command { std: "docker" "create" "-v" "/var/lib/crater-agent-workspace/builds/worker-7-tc1/target:/opt/rustwide/target:rw,Z" "-v" "/var/lib/crater-agent-workspace/builds/worker-7-tc1/source:/opt/rustwide/workdir:ro,Z" "-v" "/var/lib/crater-agent-workspace/cargo-home:/opt/rustwide/cargo-home:ro,Z" "-v" "/var/lib/crater-agent-workspace/rustup-home:/opt/rustwide/rustup-home:ro,Z" "-e" "SOURCE_DIR=/opt/rustwide/workdir" "-e" "CARGO_TARGET_DIR=/opt/rustwide/target" "-e" "CARGO_INCREMENTAL=0" "-e" "RUST_BACKTRACE=full" "-e" "RUSTFLAGS=--cap-lints=forbid" "-e" "RUSTDOCFLAGS=--cap-lints=forbid" "-e" "CARGO_HOME=/opt/rustwide/cargo-home" "-e" "RUSTUP_HOME=/opt/rustwide/rustup-home" "-w" "/opt/rustwide/workdir" "-m" "1610612736" "--user" "0:0" "--network" "none" "ghcr.io/rust-lang/crates-build-env/linux@sha256:4a844ea9eb2546a2d2c7022eacef16ef2e8229c7fbb2c7d4d55a9ceca922f72d" "/opt/rustwide/cargo-home/bin/cargo" "+nightly-2024-10-28" "build" "--frozen" "--message-format=json", kill_on_drop: false }`
[INFO] [stdout] 80be6a1365962a1a57b9a956fa8eff85d09c5d021679585b229141d966b6ae0e
[INFO] running `Command { std: "docker" "start" "-a" "80be6a1365962a1a57b9a956fa8eff85d09c5d021679585b229141d966b6ae0e", kill_on_drop: false }`
[INFO] [stderr]    Compiling libc v0.2.150
[INFO] [stderr]    Compiling proc-macro2 v1.0.70
[INFO] [stderr]    Compiling unicode-ident v1.0.12
[INFO] [stderr]    Compiling xml-rs v0.8.19
[INFO] [stderr]    Compiling log v0.4.20
[INFO] [stderr]    Compiling smallvec v1.11.2
[INFO] [stderr]    Compiling once_cell v1.18.0
[INFO] [stderr]    Compiling khronos_api v3.1.0
[INFO] [stderr]    Compiling simd-adler32 v0.3.7
[INFO] [stderr]    Compiling memoffset v0.6.5
[INFO] [stderr]    Compiling wayland-sys v0.29.5
[INFO] [stderr]    Compiling libloading v0.8.1
[INFO] [stderr]    Compiling downcast-rs v1.2.0
[INFO] [stderr]    Compiling scoped-tls v1.0.1
[INFO] [stderr]    Compiling slotmap v1.0.6
[INFO] [stderr]    Compiling lock_api v0.4.11
[INFO] [stderr]    Compiling servo-fontconfig-sys v5.1.0
[INFO] [stderr]    Compiling thiserror v1.0.50
[INFO] [stderr]    Compiling miniz_oxide v0.7.1
[INFO] [stderr]    Compiling dlib v0.5.2
[INFO] [stderr]    Compiling minimal-lexical v0.2.1
[INFO] [stderr]    Compiling memchr v2.6.4
[INFO] [stderr]    Compiling parking_lot_core v0.9.9
[INFO] [stderr]    Compiling scopeguard v1.2.0
[INFO] [stderr]    Compiling bytemuck v1.14.0
[INFO] [stderr]    Compiling fdeflate v0.3.1
[INFO] [stderr]    Compiling smithay-client-toolkit v0.16.1
[INFO] [stderr]    Compiling x11-dl v2.21.0
[INFO] [stderr]    Compiling crossfont v0.5.2
[INFO] [stderr]    Compiling arrayref v0.3.7
[INFO] [stderr]    Compiling percent-encoding v2.3.1
[INFO] [stderr]    Compiling serde v1.0.193
[INFO] [stderr]    Compiling vec_map v0.8.2
[INFO] [stderr]    Compiling foreign-types-shared v0.3.1
[INFO] [stderr]    Compiling tiny-skia-path v0.7.0
[INFO] [stderr]    Compiling safe_arch v0.5.2
[INFO] [stderr]    Compiling libudev-sys v0.1.4
[INFO] [stderr]    Compiling arrayvec v0.5.2
[INFO] [stderr]    Compiling byteorder v1.5.0
[INFO] [stderr]    Compiling windows_x86_64_gnu v0.52.0
[INFO] [stderr]    Compiling gl_generator v0.14.0
[INFO] [stderr]    Compiling quote v1.0.33
[INFO] [stderr]    Compiling flate2 v1.0.28
[INFO] [stderr]    Compiling nom v7.1.3
[INFO] [stderr]    Compiling tinyvec_macros v0.1.1
[INFO] [stderr]    Compiling indexmap v1.9.3
[INFO] [stderr]    Compiling tinyvec v1.6.0
[INFO] [stderr]    Compiling syn v2.0.39
[INFO] [stderr]    Compiling cc v1.0.83
[INFO] [stderr]    Compiling wayland-scanner v0.29.5
[INFO] [stderr]    Compiling nix v0.10.0
[INFO] [stderr]    Compiling cty v0.2.2
[INFO] [stderr]    Compiling mint v0.5.9
[INFO] [stderr]    Compiling input-sys v1.17.0
[INFO] [stderr]    Compiling crossbeam-utils v0.8.16
[INFO] [stderr]    Compiling ryu v1.0.15
[INFO] [stderr]    Compiling chlorine v1.0.10
[INFO] [stderr]    Compiling png v0.17.10
[INFO] [stderr]    Compiling raw-window-handle v0.4.3
[INFO] [stderr]    Compiling num-traits v0.2.17
[INFO] [stderr]    Compiling x11 v2.21.0
[INFO] [stderr]    Compiling instant v0.1.12
[INFO] [stderr]    Compiling cfg-if v0.1.10
[INFO] [stderr]    Compiling serde_json v1.0.108
[INFO] [stderr]    Compiling rustls v0.21.9
[INFO] [stderr]    Compiling unicode-bidi v0.3.13
[INFO] [stderr]    Compiling void v1.0.2
[INFO] [stderr]    Compiling raw-window-handle v0.5.2
[INFO] [stderr]    Compiling ioctl-sys v0.5.2
[INFO] [stderr]    Compiling hashbrown v0.12.3
[INFO] [stderr]    Compiling linked-hash-map v0.5.6
[INFO] [stderr]    Compiling glutin_glx_sys v0.1.8
[INFO] [stderr]    Compiling glutin_egl_sys v0.1.6
[INFO] [stderr]    Compiling windows-targets v0.52.0
[INFO] [stderr]    Compiling form_urlencoded v1.2.1
[INFO] [stderr]    Compiling cmake v0.1.50
[INFO] [stderr]    Compiling yaml-rust v0.4.5
[INFO] [stderr]    Compiling nix v0.24.3
[INFO] [stderr]    Compiling getrandom v0.2.11
[INFO] [stderr]    Compiling nix v0.25.1
[INFO] [stderr]    Compiling memmap2 v0.5.10
[INFO] [stderr]    Compiling tiny-skia v0.7.0
[INFO] [stderr]    Compiling iovec v0.1.4
[INFO] [stderr]    Compiling parking_lot v0.12.1
[INFO] [stderr]    Compiling bytes v0.4.12
[INFO] [stderr]    Compiling unicode-normalization v0.1.22
[INFO] [stderr]    Compiling mio v0.8.9
[INFO] [stderr]    Compiling wayland-client v0.29.5
[INFO] [stderr]    Compiling freetype-sys v0.13.1
[INFO] [stderr]    Compiling expat-sys v2.1.6
[INFO] [stderr]    Compiling ring v0.17.6
[INFO] [stderr]    Compiling wayland-protocols v0.29.5
[INFO] [stderr]    Compiling imgui-sys v0.11.0
[INFO] [stderr]    Compiling udev v0.6.3
[INFO] [stderr]    Compiling xcursor v0.3.4
[INFO] [stderr]    Compiling freetype-rs v0.26.0
[INFO] [stderr]    Compiling idna v0.5.0
[INFO] [stderr]    Compiling servo-fontconfig v0.5.1
[INFO] [stderr]    Compiling rand_core v0.6.4
[INFO] [stderr]    Compiling uinput-sys v0.1.7
[INFO] [stderr]    Compiling shared_library v0.1.9
[INFO] [stderr]    Compiling custom_derive v0.1.7
[INFO] [stderr]    Compiling ppv-lite86 v0.2.17
[INFO] [stderr]    Compiling enum_derive v0.1.7
[INFO] [stderr]    Compiling option-ext v0.2.0
[INFO] [stderr]    Compiling dirs-sys v0.4.1
[INFO] [stderr]    Compiling url v2.5.0
[INFO] [stderr]    Compiling osmesa-sys v0.1.2
[INFO] [stderr]    Compiling input v0.7.1
[INFO] [stderr]    Compiling rand_chacha v0.3.1
[INFO] [stderr]    Compiling uuid v1.6.1
[INFO] [stderr]    Compiling crossbeam-channel v0.5.8
[INFO] [stderr]    Compiling windows-core v0.52.0
[INFO] [stderr]    Compiling glow v0.12.3
[INFO] [stderr]    Compiling base64 v0.21.5
[INFO] [stderr]    Compiling webpki-roots v0.25.3
[INFO] [stderr]    Compiling rand v0.8.5
[INFO] [stderr]    Compiling directories v5.0.1
[INFO] [stderr]    Compiling md5 v0.7.0
[INFO] [stderr]    Compiling uinput v0.1.3
[INFO] [stderr]    Compiling windows v0.52.0
[INFO] [stderr]    Compiling thiserror-impl v1.0.50
[INFO] [stderr]    Compiling foreign-types-macros v0.2.3
[INFO] [stderr]    Compiling serde_derive v1.0.193
[INFO] [stderr]    Compiling num-derive v0.4.1
[INFO] [stderr]    Compiling wayland-commons v0.29.5
[INFO] [stderr]    Compiling foreign-types v0.5.0
[INFO] [stderr]    Compiling calloop v0.10.6
[INFO] [stderr]    Compiling sct v0.7.1
[INFO] [stderr]    Compiling rustls-webpki v0.101.7
[INFO] [stderr]    Compiling wayland-cursor v0.29.5
[INFO] [stderr]    Compiling wayland-egl v0.29.5
[INFO] [stderr]    Compiling ureq v2.9.1
[INFO] [stderr]    Compiling imgui v0.11.0
[INFO] [stderr]    Compiling serde_yaml v0.8.26
[INFO] [stderr]    Compiling mki v0.2.3
[INFO] [stderr]    Compiling discord-rpc-client v0.4.0
[INFO] [stderr]    Compiling imgui-glow-renderer v0.11.0
[INFO] [stderr]    Compiling sctk-adwaita v0.4.3
[INFO] [stderr]    Compiling winit v0.27.5
[INFO] [stderr]    Compiling glutin v0.29.1
[INFO] [stderr]    Compiling imgui-winit-support v0.11.0
[INFO] [stderr]    Compiling OneThreeThreeSevenWare v1.0.0 (/opt/rustwide/workdir)
[INFO] [stdout] error[E0433]: failed to resolve: could not find `windows` in `os`
[INFO] [stdout]  --> src/utils/process_manager.rs:3:14
[INFO] [stdout]   |
[INFO] [stdout] 3 | use std::os::windows::prelude::OsStringExt;
[INFO] [stdout]   |              ^^^^^^^ could not find `windows` in `os`
[INFO] [stdout]   |
[INFO] [stdout] note: found an item that was configured out
[INFO] [stdout]  --> /rustc/df4ca44d3fbc9301ee17f30f4d474e6ae4b05252/library/std/src/os/mod.rs:54:9
[INFO] [stdout] note: the item is gated here
[INFO] [stdout]  --> /rustc/df4ca44d3fbc9301ee17f30f4d474e6ae4b05252/library/std/src/os/mod.rs:46:1
[INFO] [stdout] note: found an item that was configured out
[INFO] [stdout]  --> /rustc/df4ca44d3fbc9301ee17f30f4d474e6ae4b05252/library/std/src/os/mod.rs:101:9
[INFO] [stdout] note: the item is gated here
[INFO] [stdout]  --> /rustc/df4ca44d3fbc9301ee17f30f4d474e6ae4b05252/library/std/src/os/mod.rs:100:1
[INFO] [stdout] 
[INFO] [stdout] 
[INFO] [stdout] error[E0432]: unresolved import `glutin::platform::windows`
[INFO] [stdout]   --> src/ui/windows.rs:1:104
[INFO] [stdout]    |
[INFO] [stdout] 1  | ...lyCurrent, window::WindowBuilder, platform::windows::WindowBuilderExtWindows, ContextBuilder};
[INFO] [stdout]    |                                                ^^^^^^^ could not find `windows` in `platform`
[INFO] [stdout]    |
[INFO] [stdout] note: found an item that was configured out
[INFO] [stdout]   --> /opt/rustwide/cargo-home/registry/src/index.crates.io-6f17d22bba15001f/glutin-0.29.1/src/platform/mod.rs:20:9
[INFO] [stdout]    |
[INFO] [stdout] 20 | pub mod windows;
[INFO] [stdout]    |         ^^^^^^^
[INFO] [stdout] note: the item is gated behind the `windows` feature
[INFO] [stdout]   --> /opt/rustwide/cargo-home/registry/src/index.crates.io-6f17d22bba15001f/glutin-0.29.1/src/platform/windows.rs:1:8
[INFO] [stdout]    |
[INFO] [stdout] 1  | #![cfg(target_os = "windows")]
[INFO] [stdout]    |        ^^^^^^^^^^^^^^^^^^^^^
[INFO] [stdout] 
[INFO] [stdout] 
[INFO] [stdout] warning: unused import: `mint::Vector4`
[INFO] [stdout]  --> src/cheat/features/cheat_list.rs:3:5
[INFO] [stdout]   |
[INFO] [stdout] 3 | use mint::Vector4;
[INFO] [stdout]   |     ^^^^^^^^^^^^^
[INFO] [stdout]   |
[INFO] [stdout]   = note: `#[warn(unused_imports)]` on by default
[INFO] [stdout] 
[INFO] [stdout] 
[INFO] [stdout] warning: unused imports: `CONFIG`, `functions::color_u32_to_f32`, and `main::WINDOWS_ACTIVE`
[INFO] [stdout]  --> src/cheat/features/cheat_list.rs:5:29
[INFO] [stdout]   |
[INFO] [stdout] 5 | use crate::{utils::config::{CONFIG, Config}, ui::{main::WINDOWS_ACTIVE, functions::color_u32_to_f32}};
[INFO] [stdout]   |                             ^^^^^^                ^^^^^^^^^^^^^^^^^^^^  ^^^^^^^^^^^^^^^^^^^^^^^^^^^
[INFO] [stdout] 
[INFO] [stdout] 
[INFO] [stdout] error[E0599]: no function or associated item named `from_wide` found for struct `OsString` in the current scope
[INFO] [stdout]    --> src/utils/process_manager.rs:247:42
[INFO] [stdout]     |
[INFO] [stdout] 247 |             let current_name = OsString::from_wide(&process_info.szExeFile[..]).into_string().unwrap().replace("\u{0}", "");
[INFO] [stdout]     |                                          ^^^^^^^^^ function or associated item not found in `OsString`
[INFO] [stdout]     |
[INFO] [stdout] note: if you're trying to build a new `OsString` consider using one of the following associated functions:
[INFO] [stdout]       OsString::new
[INFO] [stdout]       OsString::from_encoded_bytes_unchecked
[INFO] [stdout]       OsString::with_capacity
[INFO] [stdout]    --> /rustc/df4ca44d3fbc9301ee17f30f4d474e6ae4b05252/library/std/src/ffi/os_str.rs:140:5
[INFO] [stdout] help: there is an associated function `from_iter` with a similar name
[INFO] [stdout]     |
[INFO] [stdout] 247 |             let current_name = OsString::from_iter(&process_info.szExeFile[..]).into_string().unwrap().replace("\u{0}", "");
[INFO] [stdout]     |                                          ~~~~~~~~~
[INFO] [stdout] 
[INFO] [stdout] 
[INFO] [stdout] error[E0599]: no function or associated item named `from_wide` found for struct `OsString` in the current scope
[INFO] [stdout]    --> src/utils/process_manager.rs:272:42
[INFO] [stdout]     |
[INFO] [stdout] 272 |             let current_name = OsString::from_wide(&process_info.szExeFile[..]).into_string().unwrap().replace("\u{0}", "");
[INFO] [stdout]     |                                          ^^^^^^^^^ function or associated item not found in `OsString`
[INFO] [stdout]     |
[INFO] [stdout] note: if you're trying to build a new `OsString` consider using one of the following associated functions:
[INFO] [stdout]       OsString::new
[INFO] [stdout]       OsString::from_encoded_bytes_unchecked
[INFO] [stdout]       OsString::with_capacity
[INFO] [stdout]    --> /rustc/df4ca44d3fbc9301ee17f30f4d474e6ae4b05252/library/std/src/ffi/os_str.rs:140:5
[INFO] [stdout] help: there is an associated function `from_iter` with a similar name
[INFO] [stdout]     |
[INFO] [stdout] 272 |             let current_name = OsString::from_iter(&process_info.szExeFile[..]).into_string().unwrap().replace("\u{0}", "");
[INFO] [stdout]     |                                          ~~~~~~~~~
[INFO] [stdout] 
[INFO] [stdout] 
[INFO] [stdout] error[E0599]: no function or associated item named `from_wide` found for struct `OsString` in the current scope
[INFO] [stdout]    --> src/utils/process_manager.rs:298:42
[INFO] [stdout]     |
[INFO] [stdout] 298 |             let current_name = OsString::from_wide(&module_info.szModule[..]).into_string().unwrap().replace("\u{0}", "");
[INFO] [stdout]     |                                          ^^^^^^^^^ function or associated item not found in `OsString`
[INFO] [stdout]     |
[INFO] [stdout] note: if you're trying to build a new `OsString` consider using one of the following associated functions:
[INFO] [stdout]       OsString::new
[INFO] [stdout]       OsString::from_encoded_bytes_unchecked
[INFO] [stdout]       OsString::with_capacity
[INFO] [stdout]    --> /rustc/df4ca44d3fbc9301ee17f30f4d474e6ae4b05252/library/std/src/ffi/os_str.rs:140:5
[INFO] [stdout] help: there is an associated function `from_iter` with a similar name
[INFO] [stdout]     |
[INFO] [stdout] 298 |             let current_name = OsString::from_iter(&module_info.szModule[..]).into_string().unwrap().replace("\u{0}", "");
[INFO] [stdout]     |                                          ~~~~~~~~~
[INFO] [stdout] 
[INFO] [stdout] 
[INFO] [stdout] error[E0599]: no method named `with_owner_window` found for struct `WindowBuilder` in the current scope
[INFO] [stdout]   --> src/ui/windows.rs:76:10
[INFO] [stdout]    |
[INFO] [stdout] 75 |       let window_builder = WindowBuilder::new()
[INFO] [stdout]    |  __________________________-
[INFO] [stdout] 76 | |         .with_owner_window(hwnd.0)
[INFO] [stdout]    | |         -^^^^^^^^^^^^^^^^^ method not found in `WindowBuilder`
[INFO] [stdout]    | |_________|
[INFO] [stdout]    |
[INFO] [stdout] 
[INFO] [stdout] 
[INFO] [stdout] warning: unused variable: `ui`
[INFO] [stdout]   --> src/cheat/features/cheat_list.rs:11:26
[INFO] [stdout]    |
[INFO] [stdout] 11 | pub fn render_cheat_list(ui: &mut Ui, config: Config, pawn: bool, aimbot_toggled: bool, triggerbot_toggled: bool) {
[INFO] [stdout]    |                          ^^ help: if this is intentional, prefix it with an underscore: `_ui`
[INFO] [stdout]    |
[INFO] [stdout]    = note: `#[warn(unused_variables)]` on by default
[INFO] [stdout] 
[INFO] [stdout] 
[INFO] [stdout] warning: unused variable: `config`
[INFO] [stdout]   --> src/cheat/features/cheat_list.rs:11:39
[INFO] [stdout]    |
[INFO] [stdout] 11 | pub fn render_cheat_list(ui: &mut Ui, config: Config, pawn: bool, aimbot_toggled: bool, triggerbot_toggled: bool) {
[INFO] [stdout]    |                                       ^^^^^^ help: if this is intentional, prefix it with an underscore: `_config`
[INFO] [stdout] 
[INFO] [stdout] 
[INFO] [stdout] warning: unused variable: `pawn`
[INFO] [stdout]   --> src/cheat/features/cheat_list.rs:11:55
[INFO] [stdout]    |
[INFO] [stdout] 11 | pub fn render_cheat_list(ui: &mut Ui, config: Config, pawn: bool, aimbot_toggled: bool, triggerbot_toggled: bool) {
[INFO] [stdout]    |                                                       ^^^^ help: if this is intentional, prefix it with an underscore: `_pawn`
[INFO] [stdout] 
[INFO] [stdout] 
[INFO] [stdout] warning: unused variable: `aimbot_toggled`
[INFO] [stdout]   --> src/cheat/features/cheat_list.rs:11:67
[INFO] [stdout]    |
[INFO] [stdout] 11 | pub fn render_cheat_list(ui: &mut Ui, config: Config, pawn: bool, aimbot_toggled: bool, triggerbot_toggled: bool) {
[INFO] [stdout]    |                                                                   ^^^^^^^^^^^^^^ help: if this is intentional, prefix it with an underscore: `_aimbot_toggled`
[INFO] [stdout] 
[INFO] [stdout] 
[INFO] [stdout] warning: unused variable: `triggerbot_toggled`
[INFO] [stdout]   --> src/cheat/features/cheat_list.rs:11:89
[INFO] [stdout]    |
[INFO] [stdout] 11 | pub fn render_cheat_list(ui: &mut Ui, config: Config, pawn: bool, aimbot_toggled: bool, triggerbot_toggled: bool) {
[INFO] [stdout]    |                                                                                         ^^^^^^^^^^^^^^^^^^ help: if this is intentional, prefix it with an underscore: `_triggerbot_toggled`
[INFO] [stdout] 
[INFO] [stdout] 
[INFO] [stdout] Some errors have detailed explanations: E0432, E0433, E0599.
[INFO] [stdout] 
[INFO] [stdout] For more information about an error, try `rustc --explain E0432`.
[INFO] [stdout] 
[INFO] [stderr] error: could not compile `OneThreeThreeSevenWare` (bin "OneThreeThreeSevenWare") due to 6 previous errors; 7 warnings emitted
[INFO] running `Command { std: "docker" "inspect" "80be6a1365962a1a57b9a956fa8eff85d09c5d021679585b229141d966b6ae0e", kill_on_drop: false }`
[INFO] running `Command { std: "docker" "rm" "-f" "80be6a1365962a1a57b9a956fa8eff85d09c5d021679585b229141d966b6ae0e", kill_on_drop: false }`
[INFO] [stdout] 80be6a1365962a1a57b9a956fa8eff85d09c5d021679585b229141d966b6ae0e
