[INFO] cloning repository https://github.com/LwwL-123/substrate_v2
[INFO] running `Command { std: "git" "-c" "credential.helper=" "-c" "credential.helper=/workspace/cargo-home/bin/git-credential-null" "clone" "--bare" "https://github.com/LwwL-123/substrate_v2" "/workspace/cache/git-repos/https%3A%2F%2Fgithub.com%2FLwwL-123%2Fsubstrate_v2", kill_on_drop: false }`
[INFO] [stderr] Cloning into bare repository '/workspace/cache/git-repos/https%3A%2F%2Fgithub.com%2FLwwL-123%2Fsubstrate_v2'...
[INFO] running `Command { std: "git" "rev-parse" "HEAD", kill_on_drop: false }`
[INFO] [stdout] 2bdba38a1b4d2585dee999d6dd7599c9a52107b4
[INFO] testing LwwL-123/substrate_v2/2bdba38a1b4d2585dee999d6dd7599c9a52107b4 against nightly-2024-10-28+rustflags=-Zrandomize-layout for randomize-layout
[INFO] running `Command { std: "git" "clone" "/workspace/cache/git-repos/https%3A%2F%2Fgithub.com%2FLwwL-123%2Fsubstrate_v2" "/workspace/builds/worker-6-tc2/source", kill_on_drop: false }`
[INFO] [stderr] Cloning into '/workspace/builds/worker-6-tc2/source'...
[INFO] [stderr] done.
[INFO] validating manifest of git repo https://github.com/LwwL-123/substrate_v2 on toolchain nightly-2024-10-28
[INFO] running `Command { std: CARGO_HOME="/workspace/cargo-home" RUSTUP_HOME="/workspace/rustup-home" "/workspace/cargo-home/bin/cargo" "+nightly-2024-10-28" "metadata" "--manifest-path" "Cargo.toml" "--no-deps", kill_on_drop: false }`
[INFO] started tweaking git repo https://github.com/LwwL-123/substrate_v2
[INFO] finished tweaking git repo https://github.com/LwwL-123/substrate_v2
[INFO] tweaked toml for git repo https://github.com/LwwL-123/substrate_v2 written to /workspace/builds/worker-6-tc2/source/Cargo.toml
[INFO] crate git repo https://github.com/LwwL-123/substrate_v2 already has a lockfile, it will not be regenerated
[INFO] running `Command { std: CARGO_HOME="/workspace/cargo-home" RUSTUP_HOME="/workspace/rustup-home" "/workspace/cargo-home/bin/cargo" "+nightly-2024-10-28" "fetch" "--manifest-path" "Cargo.toml", kill_on_drop: false }`
[INFO] [stderr]     Blocking waiting for file lock on package cache
[INFO] [stderr]     Updating git repository `https://gitee.com/mohaijiang/substrate.git`
[ERROR] error running command: no output for 300 seconds
[INFO] testing LwwL-123/substrate_v2/2bdba38a1b4d2585dee999d6dd7599c9a52107b4 against nightly-2024-10-28+rustflags=-Zrandomize-layout for randomize-layout
[INFO] running `Command { std: "git" "clone" "/workspace/cache/git-repos/https%3A%2F%2Fgithub.com%2FLwwL-123%2Fsubstrate_v2" "/workspace/builds/worker-6-tc2/source", kill_on_drop: false }`
[INFO] [stderr] Cloning into '/workspace/builds/worker-6-tc2/source'...
[INFO] [stderr] done.
[INFO] validating manifest of git repo https://github.com/LwwL-123/substrate_v2 on toolchain nightly-2024-10-28
[INFO] running `Command { std: CARGO_HOME="/workspace/cargo-home" RUSTUP_HOME="/workspace/rustup-home" "/workspace/cargo-home/bin/cargo" "+nightly-2024-10-28" "metadata" "--manifest-path" "Cargo.toml" "--no-deps", kill_on_drop: false }`
[INFO] started tweaking git repo https://github.com/LwwL-123/substrate_v2
[INFO] finished tweaking git repo https://github.com/LwwL-123/substrate_v2
[INFO] tweaked toml for git repo https://github.com/LwwL-123/substrate_v2 written to /workspace/builds/worker-6-tc2/source/Cargo.toml
[INFO] crate git repo https://github.com/LwwL-123/substrate_v2 already has a lockfile, it will not be regenerated
[INFO] running `Command { std: CARGO_HOME="/workspace/cargo-home" RUSTUP_HOME="/workspace/rustup-home" "/workspace/cargo-home/bin/cargo" "+nightly-2024-10-28" "fetch" "--manifest-path" "Cargo.toml", kill_on_drop: false }`
[INFO] [stderr]     Blocking waiting for file lock on package cache
[INFO] [stderr]     Updating git repository `https://gitee.com/mohaijiang/substrate.git`
[INFO] [stderr]     Blocking waiting for file lock on package cache
[INFO] [stderr]  Downloading crates ...
[INFO] [stderr]   Downloaded jobserver v0.1.22
[INFO] [stderr]   Downloaded addr2line v0.15.2
[INFO] [stderr]   Downloaded which v4.1.0
[INFO] [stderr]   Downloaded backtrace v0.3.60
[INFO] [stderr]   Downloaded object v0.25.3
[INFO] [stderr]   Downloaded cranelift-codegen-meta v0.74.0
[INFO] [stderr]   Downloaded ed25519 v1.1.1
[INFO] [stderr]   Downloaded parity-scale-codec-derive v2.1.3
[INFO] [stderr]   Downloaded wasmtime-fiber v0.27.0
[INFO] [stderr]   Downloaded libp2p-wasm-ext v0.28.2
[INFO] [stderr]   Downloaded libp2p-mdns v0.30.2
[INFO] [stderr]   Downloaded linregress v0.4.3
[INFO] [stderr]   Downloaded retain_mut v0.1.3
[INFO] [stderr]   Downloaded cranelift-native v0.74.0
[INFO] [stderr]   Downloaded cranelift-codegen-shared v0.74.0
[INFO] [stderr]   Downloaded wasmtime-obj v0.27.0
[INFO] [stderr]   Downloaded parity-scale-codec v2.1.3
[INFO] [stderr]   Downloaded trie-db v0.22.5
[INFO] [stderr]   Downloaded wat v1.0.38
[INFO] [stderr]   Downloaded minicbor v0.8.1
[INFO] [stderr]   Downloaded psm v0.1.13
[INFO] [stderr]   Downloaded pwasm-utils v0.18.1
[INFO] [stderr]   Downloaded wasmtime-cache v0.27.0
[INFO] [stderr]   Downloaded kvdb-rocksdb v0.11.1
[INFO] [stderr]   Downloaded wasmtime-jit v0.27.0
[INFO] [stderr]   Downloaded wasmtime-profiling v0.27.0
[INFO] [stderr]   Downloaded cranelift-bforest v0.74.0
[INFO] [stderr]   Downloaded wasmtime-environ v0.27.0
[INFO] [stderr]   Downloaded cranelift-entity v0.74.0
[INFO] [stderr]   Downloaded cranelift-frontend v0.74.0
[INFO] [stderr]   Downloaded wasmtime-debug v0.27.0
[INFO] [stderr]   Downloaded rand_distr v0.4.1
[INFO] [stderr]   Downloaded wasmtime-cranelift v0.27.0
[INFO] [stderr]   Downloaded target-lexicon v0.12.0
[INFO] [stderr]   Downloaded wasmi v0.9.0
[INFO] [stderr]   Downloaded wasmtime v0.27.0
[INFO] [stderr]   Downloaded libp2p-gossipsub v0.30.1
[INFO] [stderr]   Downloaded rocksdb v0.16.0
[INFO] [stderr]   Downloaded wast v36.0.0
[INFO] [stderr]   Downloaded wasmtime-runtime v0.27.0
[INFO] [stderr]   Downloaded finality-grandpa v0.14.1
[INFO] [stderr]   Downloaded libp2p-core v0.28.3
[INFO] [stderr]   Downloaded cranelift-wasm v0.74.0
[INFO] [stderr]   Downloaded cranelift-codegen v0.74.0
[INFO] running `Command { std: "docker" "create" "-v" "/var/lib/crater-agent-workspace/builds/worker-6-tc2/target:/opt/rustwide/target:rw,Z" "-v" "/var/lib/crater-agent-workspace/builds/worker-6-tc2/source:/opt/rustwide/workdir:ro,Z" "-v" "/var/lib/crater-agent-workspace/cargo-home:/opt/rustwide/cargo-home:ro,Z" "-v" "/var/lib/crater-agent-workspace/rustup-home:/opt/rustwide/rustup-home:ro,Z" "-e" "SOURCE_DIR=/opt/rustwide/workdir" "-e" "CARGO_TARGET_DIR=/opt/rustwide/target" "-e" "CARGO_HOME=/opt/rustwide/cargo-home" "-e" "RUSTUP_HOME=/opt/rustwide/rustup-home" "-w" "/opt/rustwide/workdir" "-m" "1610612736" "--user" "0:0" "--network" "none" "ghcr.io/rust-lang/crates-build-env/linux@sha256:4a844ea9eb2546a2d2c7022eacef16ef2e8229c7fbb2c7d4d55a9ceca922f72d" "/opt/rustwide/cargo-home/bin/cargo" "+nightly-2024-10-28" "metadata" "--no-deps" "--format-version=1", kill_on_drop: false }`
[INFO] [stdout] 6b25af7858f4159fc6766f75b6a48a964d0f5d3bb11ba8dcb2e286a1bad01034
[INFO] running `Command { std: "docker" "start" "-a" "6b25af7858f4159fc6766f75b6a48a964d0f5d3bb11ba8dcb2e286a1bad01034", kill_on_drop: false }`
[INFO] running `Command { std: "docker" "inspect" "6b25af7858f4159fc6766f75b6a48a964d0f5d3bb11ba8dcb2e286a1bad01034", kill_on_drop: false }`
[INFO] running `Command { std: "docker" "rm" "-f" "6b25af7858f4159fc6766f75b6a48a964d0f5d3bb11ba8dcb2e286a1bad01034", kill_on_drop: false }`
[INFO] [stdout] 6b25af7858f4159fc6766f75b6a48a964d0f5d3bb11ba8dcb2e286a1bad01034
[INFO] running `Command { std: "docker" "create" "-v" "/var/lib/crater-agent-workspace/builds/worker-6-tc2/target:/opt/rustwide/target:rw,Z" "-v" "/var/lib/crater-agent-workspace/builds/worker-6-tc2/source:/opt/rustwide/workdir:ro,Z" "-v" "/var/lib/crater-agent-workspace/cargo-home:/opt/rustwide/cargo-home:ro,Z" "-v" "/var/lib/crater-agent-workspace/rustup-home:/opt/rustwide/rustup-home:ro,Z" "-e" "SOURCE_DIR=/opt/rustwide/workdir" "-e" "CARGO_TARGET_DIR=/opt/rustwide/target" "-e" "CARGO_INCREMENTAL=0" "-e" "RUST_BACKTRACE=full" "-e" "RUSTFLAGS=--cap-lints=forbid -Zrandomize-layout" "-e" "RUSTDOCFLAGS=--cap-lints=forbid" "-e" "CARGO_HOME=/opt/rustwide/cargo-home" "-e" "RUSTUP_HOME=/opt/rustwide/rustup-home" "-w" "/opt/rustwide/workdir" "-m" "1610612736" "--user" "0:0" "--network" "none" "ghcr.io/rust-lang/crates-build-env/linux@sha256:4a844ea9eb2546a2d2c7022eacef16ef2e8229c7fbb2c7d4d55a9ceca922f72d" "/opt/rustwide/cargo-home/bin/cargo" "+nightly-2024-10-28" "build" "--frozen" "--message-format=json", kill_on_drop: false }`
[INFO] [stdout] 78fdd10ce7be6c9ec971f5936d7092e457716141edaa98da3061e1da3783b883
[INFO] running `Command { std: "docker" "start" "-a" "78fdd10ce7be6c9ec971f5936d7092e457716141edaa98da3061e1da3783b883", kill_on_drop: false }`
[INFO] [stderr]    Compiling proc-macro2 v1.0.27
[INFO] [stderr]    Compiling unicode-xid v0.2.2
[INFO] [stderr]    Compiling syn v1.0.73
[INFO] [stderr]    Compiling libc v0.2.97
[INFO] [stderr]    Compiling version_check v0.9.3
[INFO] [stderr]    Compiling autocfg v1.0.1
[INFO] [stderr]    Compiling serde_derive v1.0.126
[INFO] [stderr]    Compiling serde v1.0.126
[INFO] [stderr]    Compiling log v0.4.14
[INFO] [stderr]    Compiling memchr v2.4.0
[INFO] [stderr]    Compiling lazy_static v1.4.0
[INFO] [stderr]    Compiling ppv-lite86 v0.2.10
[INFO] [stderr]    Compiling smallvec v1.6.1
[INFO] [stderr]    Compiling byteorder v1.4.3
[INFO] [stderr]    Compiling typenum v1.13.0
[INFO] [stderr]    Compiling futures v0.1.31
[INFO] [stderr]    Compiling slab v0.4.3
[INFO] [stderr]    Compiling cfg-if v0.1.10
[INFO] [stderr]    Compiling either v1.6.1
[INFO] [stderr]    Compiling instant v0.1.9
[INFO] [stderr]    Compiling lock_api v0.4.4
[INFO] [stderr]    Compiling hashbrown v0.11.2
[INFO] [stderr]    Compiling futures-core v0.3.15
[INFO] [stderr]    Compiling pin-project-lite v0.2.7
[INFO] [stderr]    Compiling futures-io v0.3.15
[INFO] [stderr]    Compiling anyhow v1.0.41
[INFO] [stderr]    Compiling indexmap v1.7.0
[INFO] [stderr]    Compiling proc-macro-hack v0.5.19
[INFO] [stderr]    Compiling futures-sink v0.3.15
[INFO] [stderr]    Compiling futures-macro v0.3.15
[INFO] [stderr]    Compiling proc-macro-nested v0.1.7
[INFO] [stderr]    Compiling value-bag v1.0.0-alpha.7
[INFO] [stdout] error[E0422]: cannot find struct, variant or union type `LineColumn` in crate `proc_macro`
[INFO] [stdout]    --> /opt/rustwide/cargo-home/registry/src/index.crates.io-6f17d22bba15001f/proc-macro2-1.0.27/src/wrapper.rs:485:33
[INFO] [stdout]     |
[INFO] [stdout] 485 |                 let proc_macro::LineColumn { line, column } = s.start();
[INFO] [stdout]     |                                 ^^^^^^^^^^ not found in `proc_macro`
[INFO] [stdout]     |
[INFO] [stdout] help: consider importing one of these structs
[INFO] [stdout]     |
[INFO] [stdout] 1   + use crate::LineColumn;
[INFO] [stdout]     |
[INFO] [stdout] 1   + use crate::fallback::LineColumn;
[INFO] [stdout]     |
[INFO] [stdout] help: if you import `LineColumn`, refer to it directly
[INFO] [stdout]     |
[INFO] [stdout] 485 -                 let proc_macro::LineColumn { line, column } = s.start();
[INFO] [stdout] 485 +                 let LineColumn { line, column } = s.start();
[INFO] [stdout]     |
[INFO] [stdout] 
[INFO] [stdout] 
[INFO] [stdout] error[E0422]: cannot find struct, variant or union type `LineColumn` in crate `proc_macro`
[INFO] [stdout]    --> /opt/rustwide/cargo-home/registry/src/index.crates.io-6f17d22bba15001f/proc-macro2-1.0.27/src/wrapper.rs:502:33
[INFO] [stdout]     |
[INFO] [stdout] 502 |                 let proc_macro::LineColumn { line, column } = s.end();
[INFO] [stdout]     |                                 ^^^^^^^^^^ not found in `proc_macro`
[INFO] [stdout]     |
[INFO] [stdout] help: consider importing one of these structs
[INFO] [stdout]     |
[INFO] [stdout] 1   + use crate::LineColumn;
[INFO] [stdout]     |
[INFO] [stdout] 1   + use crate::fallback::LineColumn;
[INFO] [stdout]     |
[INFO] [stdout] help: if you import `LineColumn`, refer to it directly
[INFO] [stdout]     |
[INFO] [stdout] 502 -                 let proc_macro::LineColumn { line, column } = s.end();
[INFO] [stdout] 502 +                 let LineColumn { line, column } = s.end();
[INFO] [stdout]     |
[INFO] [stdout] 
[INFO] [stdout] 
[INFO] [stderr]    Compiling generic-array v0.14.4
[INFO] [stderr]    Compiling futures-channel v0.3.15
[INFO] [stderr]    Compiling futures-task v0.3.15
[INFO] [stderr]    Compiling futures-util v0.3.15
[INFO] [stderr]    Compiling pin-utils v0.1.0
[INFO] [stderr]    Compiling getrandom v0.1.16
[INFO] [stderr]    Compiling subtle v2.4.0
[INFO] [stderr]    Compiling opaque-debug v0.3.0
[INFO] [stdout] For more information about this error, try `rustc --explain E0422`.
[INFO] [stdout] 
[INFO] [stderr]    Compiling static_assertions v1.1.0
[INFO] [stderr] error: could not compile `proc-macro2` (lib) due to 2 previous errors
[INFO] [stderr] warning: build failed, waiting for other jobs to finish...
[INFO] running `Command { std: "docker" "inspect" "78fdd10ce7be6c9ec971f5936d7092e457716141edaa98da3061e1da3783b883", kill_on_drop: false }`
[INFO] running `Command { std: "docker" "rm" "-f" "78fdd10ce7be6c9ec971f5936d7092e457716141edaa98da3061e1da3783b883", kill_on_drop: false }`
[INFO] [stdout] 78fdd10ce7be6c9ec971f5936d7092e457716141edaa98da3061e1da3783b883
