[INFO] cloning repository https://github.com/LeoMansini/stack_epa
[INFO] running `Command { std: "git" "-c" "credential.helper=" "-c" "credential.helper=/workspace/cargo-home/bin/git-credential-null" "clone" "--bare" "https://github.com/LeoMansini/stack_epa" "/workspace/cache/git-repos/https%3A%2F%2Fgithub.com%2FLeoMansini%2Fstack_epa", kill_on_drop: false }`
[INFO] [stderr] Cloning into bare repository '/workspace/cache/git-repos/https%3A%2F%2Fgithub.com%2FLeoMansini%2Fstack_epa'...
[INFO] running `Command { std: "git" "rev-parse" "HEAD", kill_on_drop: false }`
[INFO] [stdout] 00ee6a9d2ac7b9a86c4f0b6906260fe83e9a0b24
[INFO] testing LeoMansini/stack_epa/00ee6a9d2ac7b9a86c4f0b6906260fe83e9a0b24 against nightly-2024-10-28+rustflags=-Zrandomize-layout for randomize-layout
[INFO] running `Command { std: "git" "clone" "/workspace/cache/git-repos/https%3A%2F%2Fgithub.com%2FLeoMansini%2Fstack_epa" "/workspace/builds/worker-1-tc2/source", kill_on_drop: false }`
[INFO] [stderr] Cloning into '/workspace/builds/worker-1-tc2/source'...
[INFO] [stderr] done.
[INFO] validating manifest of git repo https://github.com/LeoMansini/stack_epa on toolchain nightly-2024-10-28
[INFO] running `Command { std: CARGO_HOME="/workspace/cargo-home" RUSTUP_HOME="/workspace/rustup-home" "/workspace/cargo-home/bin/cargo" "+nightly-2024-10-28" "metadata" "--manifest-path" "Cargo.toml" "--no-deps", kill_on_drop: false }`
[INFO] started tweaking git repo https://github.com/LeoMansini/stack_epa
[INFO] finished tweaking git repo https://github.com/LeoMansini/stack_epa
[INFO] tweaked toml for git repo https://github.com/LeoMansini/stack_epa written to /workspace/builds/worker-1-tc2/source/Cargo.toml
[INFO] crate git repo https://github.com/LeoMansini/stack_epa already has a lockfile, it will not be regenerated
[INFO] running `Command { std: CARGO_HOME="/workspace/cargo-home" RUSTUP_HOME="/workspace/rustup-home" "/workspace/cargo-home/bin/cargo" "+nightly-2024-10-28" "fetch" "--manifest-path" "Cargo.toml", kill_on_drop: false }`
[INFO] [stderr]     Blocking waiting for file lock on package cache
[INFO] [stderr]     Updating crates.io index
[INFO] [stderr]     Blocking waiting for file lock on package cache
[ERROR] error running command: no output for 300 seconds
[INFO] testing LeoMansini/stack_epa/00ee6a9d2ac7b9a86c4f0b6906260fe83e9a0b24 against nightly-2024-10-28+rustflags=-Zrandomize-layout for randomize-layout
[INFO] running `Command { std: "git" "clone" "/workspace/cache/git-repos/https%3A%2F%2Fgithub.com%2FLeoMansini%2Fstack_epa" "/workspace/builds/worker-1-tc2/source", kill_on_drop: false }`
[INFO] [stderr] Cloning into '/workspace/builds/worker-1-tc2/source'...
[INFO] [stderr] done.
[INFO] validating manifest of git repo https://github.com/LeoMansini/stack_epa on toolchain nightly-2024-10-28
[INFO] running `Command { std: CARGO_HOME="/workspace/cargo-home" RUSTUP_HOME="/workspace/rustup-home" "/workspace/cargo-home/bin/cargo" "+nightly-2024-10-28" "metadata" "--manifest-path" "Cargo.toml" "--no-deps", kill_on_drop: false }`
[INFO] started tweaking git repo https://github.com/LeoMansini/stack_epa
[INFO] finished tweaking git repo https://github.com/LeoMansini/stack_epa
[INFO] tweaked toml for git repo https://github.com/LeoMansini/stack_epa written to /workspace/builds/worker-1-tc2/source/Cargo.toml
[INFO] crate git repo https://github.com/LeoMansini/stack_epa already has a lockfile, it will not be regenerated
[INFO] running `Command { std: CARGO_HOME="/workspace/cargo-home" RUSTUP_HOME="/workspace/rustup-home" "/workspace/cargo-home/bin/cargo" "+nightly-2024-10-28" "fetch" "--manifest-path" "Cargo.toml", kill_on_drop: false }`
[INFO] [stderr]     Blocking waiting for file lock on package cache
[INFO] [stderr]     Blocking waiting for file lock on package cache
[INFO] [stderr]  Downloading crates ...
[INFO] [stderr]   Downloaded kani-verifier v0.53.0
[INFO] running `Command { std: "docker" "create" "-v" "/var/lib/crater-agent-workspace/builds/worker-1-tc2/target:/opt/rustwide/target:rw,Z" "-v" "/var/lib/crater-agent-workspace/builds/worker-1-tc2/source:/opt/rustwide/workdir:ro,Z" "-v" "/var/lib/crater-agent-workspace/cargo-home:/opt/rustwide/cargo-home:ro,Z" "-v" "/var/lib/crater-agent-workspace/rustup-home:/opt/rustwide/rustup-home:ro,Z" "-e" "SOURCE_DIR=/opt/rustwide/workdir" "-e" "CARGO_TARGET_DIR=/opt/rustwide/target" "-e" "CARGO_HOME=/opt/rustwide/cargo-home" "-e" "RUSTUP_HOME=/opt/rustwide/rustup-home" "-w" "/opt/rustwide/workdir" "-m" "1610612736" "--user" "0:0" "--network" "none" "ghcr.io/rust-lang/crates-build-env/linux@sha256:4a844ea9eb2546a2d2c7022eacef16ef2e8229c7fbb2c7d4d55a9ceca922f72d" "/opt/rustwide/cargo-home/bin/cargo" "+nightly-2024-10-28" "metadata" "--no-deps" "--format-version=1", kill_on_drop: false }`
[INFO] [stdout] 3e6df03f02425c487c7a27d1fe7d547017bc0169b4699e672a0004e072ad441c
[INFO] running `Command { std: "docker" "start" "-a" "3e6df03f02425c487c7a27d1fe7d547017bc0169b4699e672a0004e072ad441c", kill_on_drop: false }`
[INFO] running `Command { std: "docker" "inspect" "3e6df03f02425c487c7a27d1fe7d547017bc0169b4699e672a0004e072ad441c", kill_on_drop: false }`
[INFO] running `Command { std: "docker" "rm" "-f" "3e6df03f02425c487c7a27d1fe7d547017bc0169b4699e672a0004e072ad441c", kill_on_drop: false }`
[INFO] [stdout] 3e6df03f02425c487c7a27d1fe7d547017bc0169b4699e672a0004e072ad441c
[INFO] running `Command { std: "docker" "create" "-v" "/var/lib/crater-agent-workspace/builds/worker-1-tc2/target:/opt/rustwide/target:rw,Z" "-v" "/var/lib/crater-agent-workspace/builds/worker-1-tc2/source:/opt/rustwide/workdir:ro,Z" "-v" "/var/lib/crater-agent-workspace/cargo-home:/opt/rustwide/cargo-home:ro,Z" "-v" "/var/lib/crater-agent-workspace/rustup-home:/opt/rustwide/rustup-home:ro,Z" "-e" "SOURCE_DIR=/opt/rustwide/workdir" "-e" "CARGO_TARGET_DIR=/opt/rustwide/target" "-e" "CARGO_INCREMENTAL=0" "-e" "RUST_BACKTRACE=full" "-e" "RUSTFLAGS=--cap-lints=forbid -Zrandomize-layout" "-e" "RUSTDOCFLAGS=--cap-lints=forbid" "-e" "CARGO_HOME=/opt/rustwide/cargo-home" "-e" "RUSTUP_HOME=/opt/rustwide/rustup-home" "-w" "/opt/rustwide/workdir" "-m" "1610612736" "--user" "0:0" "--network" "none" "ghcr.io/rust-lang/crates-build-env/linux@sha256:4a844ea9eb2546a2d2c7022eacef16ef2e8229c7fbb2c7d4d55a9ceca922f72d" "/opt/rustwide/cargo-home/bin/cargo" "+nightly-2024-10-28" "build" "--frozen" "--message-format=json", kill_on_drop: false }`
[INFO] [stdout] 1f714025738069c3fabd2efde74abce6c049566b6f44680cbdb44e1caf145eb3
[INFO] running `Command { std: "docker" "start" "-a" "1f714025738069c3fabd2efde74abce6c049566b6f44680cbdb44e1caf145eb3", kill_on_drop: false }`
[INFO] [stderr]    Compiling anyhow v1.0.86
[INFO] [stderr]    Compiling log v0.4.22
[INFO] [stderr]    Compiling kani-verifier v0.53.0
[INFO] [stderr]    Compiling home v0.5.9
[INFO] [stderr]    Compiling os_info v3.8.2
[INFO] [stderr]    Compiling stack_epa v0.1.0 (/opt/rustwide/workdir)
[INFO] [stdout] error[E0433]: failed to resolve: use of undeclared crate or module `kani`
[INFO] [stdout]   --> src/transitions.rs:43:3
[INFO] [stdout]    |
[INFO] [stdout] 43 | #[kani::proof]
[INFO] [stdout]    |   ^^^^ use of undeclared crate or module `kani`
[INFO] [stdout] 
[INFO] [stdout] 
[INFO] [stdout] error[E0433]: failed to resolve: use of undeclared crate or module `kani`
[INFO] [stdout]   --> src/transitions.rs:52:3
[INFO] [stdout]    |
[INFO] [stdout] 52 | #[kani::proof]
[INFO] [stdout]    |   ^^^^ use of undeclared crate or module `kani`
[INFO] [stdout] 
[INFO] [stdout] 
[INFO] [stdout] error[E0433]: failed to resolve: use of undeclared crate or module `kani`
[INFO] [stdout]   --> src/transitions.rs:61:3
[INFO] [stdout]    |
[INFO] [stdout] 61 | #[kani::proof]
[INFO] [stdout]    |   ^^^^ use of undeclared crate or module `kani`
[INFO] [stdout] 
[INFO] [stdout] 
[INFO] [stdout] error[E0433]: failed to resolve: use of undeclared crate or module `kani`
[INFO] [stdout]   --> src/transitions.rs:70:3
[INFO] [stdout]    |
[INFO] [stdout] 70 | #[kani::proof]
[INFO] [stdout]    |   ^^^^ use of undeclared crate or module `kani`
[INFO] [stdout] 
[INFO] [stdout] 
[INFO] [stdout] error[E0433]: failed to resolve: use of undeclared crate or module `kani`
[INFO] [stdout]   --> src/transitions.rs:79:3
[INFO] [stdout]    |
[INFO] [stdout] 79 | #[kani::proof]
[INFO] [stdout]    |   ^^^^ use of undeclared crate or module `kani`
[INFO] [stdout] 
[INFO] [stdout] 
[INFO] [stdout] error[E0433]: failed to resolve: use of undeclared crate or module `kani`
[INFO] [stdout]   --> src/transitions.rs:88:3
[INFO] [stdout]    |
[INFO] [stdout] 88 | #[kani::proof]
[INFO] [stdout]    |   ^^^^ use of undeclared crate or module `kani`
[INFO] [stdout] 
[INFO] [stdout] 
[INFO] [stdout] error[E0433]: failed to resolve: use of undeclared crate or module `kani`
[INFO] [stdout]   --> src/transitions.rs:97:3
[INFO] [stdout]    |
[INFO] [stdout] 97 | #[kani::proof]
[INFO] [stdout]    |   ^^^^ use of undeclared crate or module `kani`
[INFO] [stdout] 
[INFO] [stdout] 
[INFO] [stdout] error[E0433]: failed to resolve: use of undeclared crate or module `kani`
[INFO] [stdout]    --> src/transitions.rs:106:3
[INFO] [stdout]     |
[INFO] [stdout] 106 | #[kani::proof]
[INFO] [stdout]     |   ^^^^ use of undeclared crate or module `kani`
[INFO] [stdout] 
[INFO] [stdout] 
[INFO] [stdout] error[E0433]: failed to resolve: use of undeclared crate or module `kani`
[INFO] [stdout]    --> src/transitions.rs:115:3
[INFO] [stdout]     |
[INFO] [stdout] 115 | #[kani::proof]
[INFO] [stdout]     |   ^^^^ use of undeclared crate or module `kani`
[INFO] [stdout] 
[INFO] [stdout] 
[INFO] [stdout] error[E0433]: failed to resolve: use of undeclared crate or module `kani`
[INFO] [stdout]    --> src/transitions.rs:124:3
[INFO] [stdout]     |
[INFO] [stdout] 124 | #[kani::proof]
[INFO] [stdout]     |   ^^^^ use of undeclared crate or module `kani`
[INFO] [stdout] 
[INFO] [stdout] 
[INFO] [stdout] error[E0433]: failed to resolve: use of undeclared crate or module `kani`
[INFO] [stdout]    --> src/transitions.rs:133:3
[INFO] [stdout]     |
[INFO] [stdout] 133 | #[kani::proof]
[INFO] [stdout]     |   ^^^^ use of undeclared crate or module `kani`
[INFO] [stdout] 
[INFO] [stdout] 
[INFO] [stdout] error[E0433]: failed to resolve: use of undeclared crate or module `kani`
[INFO] [stdout]    --> src/transitions.rs:142:3
[INFO] [stdout]     |
[INFO] [stdout] 142 | #[kani::proof]
[INFO] [stdout]     |   ^^^^ use of undeclared crate or module `kani`
[INFO] [stdout] 
[INFO] [stdout] 
[INFO] [stdout] error[E0433]: failed to resolve: use of undeclared crate or module `kani`
[INFO] [stdout]  --> src/transitions.rs:4:27
[INFO] [stdout]   |
[INFO] [stdout] 4 |     let capacity: usize = kani::any();
[INFO] [stdout]   |                           ^^^^ use of undeclared crate or module `kani`
[INFO] [stdout] 
[INFO] [stdout] 
[INFO] [stdout] error[E0433]: failed to resolve: use of undeclared crate or module `kani`
[INFO] [stdout]  --> src/transitions.rs:5:5
[INFO] [stdout]   |
[INFO] [stdout] 5 |     kani::assume(capacity <= 3); // Suficiente para posibilitar todas las trancisiones.
[INFO] [stdout]   |     ^^^^ use of undeclared crate or module `kani`
[INFO] [stdout] 
[INFO] [stdout] 
[INFO] [stdout] error[E0433]: failed to resolve: use of undeclared crate or module `kani`
[INFO] [stdout]  --> src/transitions.rs:6:23
[INFO] [stdout]   |
[INFO] [stdout] 6 |     let size: usize = kani::any();
[INFO] [stdout]   |                       ^^^^ use of undeclared crate or module `kani`
[INFO] [stdout] 
[INFO] [stdout] 
[INFO] [stdout] error[E0433]: failed to resolve: use of undeclared crate or module `kani`
[INFO] [stdout]  --> src/transitions.rs:7:5
[INFO] [stdout]   |
[INFO] [stdout] 7 |     kani::assume(size <= capacity);
[INFO] [stdout]   |     ^^^^ use of undeclared crate or module `kani`
[INFO] [stdout] 
[INFO] [stdout] 
[INFO] [stdout] error[E0433]: failed to resolve: use of undeclared crate or module `kani`
[INFO] [stdout]   --> src/transitions.rs:46:5
[INFO] [stdout]    |
[INFO] [stdout] 46 |     kani::assume(estoy_en_push(&s));
[INFO] [stdout]    |     ^^^^ use of undeclared crate or module `kani`
[INFO] [stdout] 
[INFO] [stdout] 
[INFO] [stdout] error[E0433]: failed to resolve: use of undeclared crate or module `kani`
[INFO] [stdout]   --> src/transitions.rs:55:5
[INFO] [stdout]    |
[INFO] [stdout] 55 |     kani::assume(estoy_en_push(&s));
[INFO] [stdout]    |     ^^^^ use of undeclared crate or module `kani`
[INFO] [stdout] 
[INFO] [stdout] 
[INFO] [stdout] error[E0433]: failed to resolve: use of undeclared crate or module `kani`
[INFO] [stdout]   --> src/transitions.rs:64:5
[INFO] [stdout]    |
[INFO] [stdout] 64 |     kani::assume(estoy_en_push(&s));
[INFO] [stdout]    |     ^^^^ use of undeclared crate or module `kani`
[INFO] [stdout] 
[INFO] [stdout] 
[INFO] [stdout] error[E0433]: failed to resolve: use of undeclared crate or module `kani`
[INFO] [stdout]   --> src/transitions.rs:73:5
[INFO] [stdout]    |
[INFO] [stdout] 73 |     kani::assume(estoy_en_pop(&s));
[INFO] [stdout]    |     ^^^^ use of undeclared crate or module `kani`
[INFO] [stdout] 
[INFO] [stdout] 
[INFO] [stdout] error[E0433]: failed to resolve: use of undeclared crate or module `kani`
[INFO] [stdout]   --> src/transitions.rs:82:5
[INFO] [stdout]    |
[INFO] [stdout] 82 |     kani::assume(estoy_en_pop(&s));
[INFO] [stdout]    |     ^^^^ use of undeclared crate or module `kani`
[INFO] [stdout] 
[INFO] [stdout] 
[INFO] [stdout] error[E0433]: failed to resolve: use of undeclared crate or module `kani`
[INFO] [stdout]   --> src/transitions.rs:91:5
[INFO] [stdout]    |
[INFO] [stdout] 91 |     kani::assume(estoy_en_pop(&s));
[INFO] [stdout]    |     ^^^^ use of undeclared crate or module `kani`
[INFO] [stdout] 
[INFO] [stdout] 
[INFO] [stdout] error[E0433]: failed to resolve: use of undeclared crate or module `kani`
[INFO] [stdout]    --> src/transitions.rs:100:5
[INFO] [stdout]     |
[INFO] [stdout] 100 |     kani::assume(estoy_en_pushpop(&s));
[INFO] [stdout]     |     ^^^^ use of undeclared crate or module `kani`
[INFO] [stdout] 
[INFO] [stdout] 
[INFO] [stdout] error[E0433]: failed to resolve: use of undeclared crate or module `kani`
[INFO] [stdout]    --> src/transitions.rs:109:5
[INFO] [stdout]     |
[INFO] [stdout] 109 |     kani::assume(estoy_en_pushpop(&s));
[INFO] [stdout]     |     ^^^^ use of undeclared crate or module `kani`
[INFO] [stdout] 
[INFO] [stdout] 
[INFO] [stdout] error[E0433]: failed to resolve: use of undeclared crate or module `kani`
[INFO] [stdout]    --> src/transitions.rs:118:5
[INFO] [stdout]     |
[INFO] [stdout] 118 |     kani::assume(estoy_en_pushpop(&s));
[INFO] [stdout]     |     ^^^^ use of undeclared crate or module `kani`
[INFO] [stdout] 
[INFO] [stdout] 
[INFO] [stdout] error[E0433]: failed to resolve: use of undeclared crate or module `kani`
[INFO] [stdout]    --> src/transitions.rs:127:5
[INFO] [stdout]     |
[INFO] [stdout] 127 |     kani::assume(estoy_en_pushpop(&s));
[INFO] [stdout]     |     ^^^^ use of undeclared crate or module `kani`
[INFO] [stdout] 
[INFO] [stdout] 
[INFO] [stdout] error[E0433]: failed to resolve: use of undeclared crate or module `kani`
[INFO] [stdout]    --> src/transitions.rs:136:5
[INFO] [stdout]     |
[INFO] [stdout] 136 |     kani::assume(estoy_en_pushpop(&s));
[INFO] [stdout]     |     ^^^^ use of undeclared crate or module `kani`
[INFO] [stdout] 
[INFO] [stdout] 
[INFO] [stdout] error[E0433]: failed to resolve: use of undeclared crate or module `kani`
[INFO] [stdout]    --> src/transitions.rs:145:5
[INFO] [stdout]     |
[INFO] [stdout] 145 |     kani::assume(estoy_en_pushpop(&s));
[INFO] [stdout]     |     ^^^^ use of undeclared crate or module `kani`
[INFO] [stdout] 
[INFO] [stdout] 
[INFO] [stdout] For more information about this error, try `rustc --explain E0433`.
[INFO] [stdout] 
[INFO] [stderr] error: could not compile `stack_epa` (bin "stack_epa") due to 28 previous errors
[INFO] running `Command { std: "docker" "inspect" "1f714025738069c3fabd2efde74abce6c049566b6f44680cbdb44e1caf145eb3", kill_on_drop: false }`
[INFO] running `Command { std: "docker" "rm" "-f" "1f714025738069c3fabd2efde74abce6c049566b6f44680cbdb44e1caf145eb3", kill_on_drop: false }`
[INFO] [stdout] 1f714025738069c3fabd2efde74abce6c049566b6f44680cbdb44e1caf145eb3
