[INFO] cloning repository https://github.com/JesusButForGayPeople/timaeus
[INFO] running `Command { std: "git" "-c" "credential.helper=" "-c" "credential.helper=/workspace/cargo-home/bin/git-credential-null" "clone" "--bare" "https://github.com/JesusButForGayPeople/timaeus" "/workspace/cache/git-repos/https%3A%2F%2Fgithub.com%2FJesusButForGayPeople%2Ftimaeus", kill_on_drop: false }`
[INFO] [stderr] Cloning into bare repository '/workspace/cache/git-repos/https%3A%2F%2Fgithub.com%2FJesusButForGayPeople%2Ftimaeus'...
[INFO] running `Command { std: "git" "rev-parse" "HEAD", kill_on_drop: false }`
[INFO] [stdout] ba336abd2691100aaf22fd6ca5d757528a6fb6a1
[INFO] testing JesusButForGayPeople/timaeus/ba336abd2691100aaf22fd6ca5d757528a6fb6a1 against nightly-2024-10-28 for randomize-layout
[INFO] running `Command { std: "git" "clone" "/workspace/cache/git-repos/https%3A%2F%2Fgithub.com%2FJesusButForGayPeople%2Ftimaeus" "/workspace/builds/worker-4-tc1/source", kill_on_drop: false }`
[INFO] [stderr] Cloning into '/workspace/builds/worker-4-tc1/source'...
[INFO] [stderr] done.
[INFO] validating manifest of git repo https://github.com/JesusButForGayPeople/timaeus on toolchain nightly-2024-10-28
[INFO] running `Command { std: CARGO_HOME="/workspace/cargo-home" RUSTUP_HOME="/workspace/rustup-home" "/workspace/cargo-home/bin/cargo" "+nightly-2024-10-28" "metadata" "--manifest-path" "Cargo.toml" "--no-deps", kill_on_drop: false }`
[INFO] started tweaking git repo https://github.com/JesusButForGayPeople/timaeus
[INFO] finished tweaking git repo https://github.com/JesusButForGayPeople/timaeus
[INFO] tweaked toml for git repo https://github.com/JesusButForGayPeople/timaeus written to /workspace/builds/worker-4-tc1/source/Cargo.toml
[INFO] crate git repo https://github.com/JesusButForGayPeople/timaeus already has a lockfile, it will not be regenerated
[INFO] running `Command { std: CARGO_HOME="/workspace/cargo-home" RUSTUP_HOME="/workspace/rustup-home" "/workspace/cargo-home/bin/cargo" "+nightly-2024-10-28" "fetch" "--manifest-path" "Cargo.toml", kill_on_drop: false }`
[INFO] [stderr] warning: unused manifest key: package.debug
[INFO] running `Command { std: "docker" "create" "-v" "/var/lib/crater-agent-workspace/builds/worker-4-tc1/target:/opt/rustwide/target:rw,Z" "-v" "/var/lib/crater-agent-workspace/builds/worker-4-tc1/source:/opt/rustwide/workdir:ro,Z" "-v" "/var/lib/crater-agent-workspace/cargo-home:/opt/rustwide/cargo-home:ro,Z" "-v" "/var/lib/crater-agent-workspace/rustup-home:/opt/rustwide/rustup-home:ro,Z" "-e" "SOURCE_DIR=/opt/rustwide/workdir" "-e" "CARGO_TARGET_DIR=/opt/rustwide/target" "-e" "CARGO_HOME=/opt/rustwide/cargo-home" "-e" "RUSTUP_HOME=/opt/rustwide/rustup-home" "-w" "/opt/rustwide/workdir" "-m" "1610612736" "--user" "0:0" "--network" "none" "ghcr.io/rust-lang/crates-build-env/linux@sha256:4a844ea9eb2546a2d2c7022eacef16ef2e8229c7fbb2c7d4d55a9ceca922f72d" "/opt/rustwide/cargo-home/bin/cargo" "+nightly-2024-10-28" "metadata" "--no-deps" "--format-version=1", kill_on_drop: false }`
[INFO] [stdout] feda6beab3a6e8f8541ee6c04c29278260dc717219ff0f2d622dfb67930472b0
[INFO] running `Command { std: "docker" "start" "-a" "feda6beab3a6e8f8541ee6c04c29278260dc717219ff0f2d622dfb67930472b0", kill_on_drop: false }`
[INFO] running `Command { std: "docker" "inspect" "feda6beab3a6e8f8541ee6c04c29278260dc717219ff0f2d622dfb67930472b0", kill_on_drop: false }`
[INFO] running `Command { std: "docker" "rm" "-f" "feda6beab3a6e8f8541ee6c04c29278260dc717219ff0f2d622dfb67930472b0", kill_on_drop: false }`
[INFO] [stdout] feda6beab3a6e8f8541ee6c04c29278260dc717219ff0f2d622dfb67930472b0
[INFO] running `Command { std: "docker" "create" "-v" "/var/lib/crater-agent-workspace/builds/worker-4-tc1/target:/opt/rustwide/target:rw,Z" "-v" "/var/lib/crater-agent-workspace/builds/worker-4-tc1/source:/opt/rustwide/workdir:ro,Z" "-v" "/var/lib/crater-agent-workspace/cargo-home:/opt/rustwide/cargo-home:ro,Z" "-v" "/var/lib/crater-agent-workspace/rustup-home:/opt/rustwide/rustup-home:ro,Z" "-e" "SOURCE_DIR=/opt/rustwide/workdir" "-e" "CARGO_TARGET_DIR=/opt/rustwide/target" "-e" "CARGO_INCREMENTAL=0" "-e" "RUST_BACKTRACE=full" "-e" "RUSTFLAGS=--cap-lints=forbid" "-e" "RUSTDOCFLAGS=--cap-lints=forbid" "-e" "CARGO_HOME=/opt/rustwide/cargo-home" "-e" "RUSTUP_HOME=/opt/rustwide/rustup-home" "-w" "/opt/rustwide/workdir" "-m" "1610612736" "--user" "0:0" "--network" "none" "ghcr.io/rust-lang/crates-build-env/linux@sha256:4a844ea9eb2546a2d2c7022eacef16ef2e8229c7fbb2c7d4d55a9ceca922f72d" "/opt/rustwide/cargo-home/bin/cargo" "+nightly-2024-10-28" "build" "--frozen" "--message-format=json", kill_on_drop: false }`
[INFO] [stdout] 1df9c3be821171f361f80ccf4e75c5312db3b88bacc31586300514aef85fc479
[INFO] running `Command { std: "docker" "start" "-a" "1df9c3be821171f361f80ccf4e75c5312db3b88bacc31586300514aef85fc479", kill_on_drop: false }`
[INFO] [stderr] warning: unused manifest key: package.debug
[INFO] [stderr]    Compiling cfg-if v1.0.0
[INFO] [stderr]    Compiling libc v0.2.155
[INFO] [stderr]    Compiling sdl2 v0.35.2
[INFO] [stderr]    Compiling sdl2-sys v0.35.2
[INFO] [stderr]    Compiling timaeus v0.1.0 (/opt/rustwide/workdir)
[INFO] [stdout] error[E0583]: file not found for module `WATER_GUN`
[INFO] [stdout]   --> src/textures/mod.rs:11:1
[INFO] [stdout]    |
[INFO] [stdout] 11 | pub mod WATER_GUN;
[INFO] [stdout]    | ^^^^^^^^^^^^^^^^^^
[INFO] [stdout]    |
[INFO] [stdout]    = help: to create the module `WATER_GUN`, create file "src/textures/WATER_GUN.rs" or "src/textures/WATER_GUN/mod.rs"
[INFO] [stdout]    = note: if there is a `mod WATER_GUN` elsewhere in the crate already, import it with `use crate::...` instead
[INFO] [stdout] 
[INFO] [stdout] 
[INFO] [stdout] error[E0425]: cannot find value `WATER_GUN_WIDTH` in module `WATER_GUN`
[INFO] [stdout]   --> src/textures/mod.rs:25:23
[INFO] [stdout]    |
[INFO] [stdout] 25 |     width: WATER_GUN::WATER_GUN_WIDTH,
[INFO] [stdout]    |                       ^^^^^^^^^^^^^^^ not found in `WATER_GUN`
[INFO] [stdout] 
[INFO] [stdout] 
[INFO] [stdout] error[E0425]: cannot find value `WATER_GUN_HEIGHT` in module `WATER_GUN`
[INFO] [stdout]   --> src/textures/mod.rs:26:24
[INFO] [stdout]    |
[INFO] [stdout] 26 |     height: WATER_GUN::WATER_GUN_HEIGHT,
[INFO] [stdout]    |                        ^^^^^^^^^^^^^^^^ not found in `WATER_GUN`
[INFO] [stdout] 
[INFO] [stdout] 
[INFO] [stdout] error[E0425]: cannot find value `WATER_GUN_ARRAY` in module `WATER_GUN`
[INFO] [stdout]   --> src/textures/mod.rs:27:23
[INFO] [stdout]    |
[INFO] [stdout] 27 |     data: &WATER_GUN::WATER_GUN_ARRAY,
[INFO] [stdout]    |                       ^^^^^^^^^^^^^^^ not found in `WATER_GUN`
[INFO] [stdout] 
[INFO] [stdout] 
[INFO] [stdout] Some errors have detailed explanations: E0425, E0583.
[INFO] [stdout] 
[INFO] [stdout] For more information about an error, try `rustc --explain E0425`.
[INFO] [stdout] 
[INFO] [stderr] error: could not compile `timaeus` (lib) due to 4 previous errors
[INFO] running `Command { std: "docker" "inspect" "1df9c3be821171f361f80ccf4e75c5312db3b88bacc31586300514aef85fc479", kill_on_drop: false }`
[INFO] running `Command { std: "docker" "rm" "-f" "1df9c3be821171f361f80ccf4e75c5312db3b88bacc31586300514aef85fc479", kill_on_drop: false }`
[INFO] [stdout] 1df9c3be821171f361f80ccf4e75c5312db3b88bacc31586300514aef85fc479
