[INFO] cloning repository https://github.com/HeapUnderfl0w/PizzaService
[INFO] running `Command { std: "git" "-c" "credential.helper=" "-c" "credential.helper=/workspace/cargo-home/bin/git-credential-null" "clone" "--bare" "https://github.com/HeapUnderfl0w/PizzaService" "/workspace/cache/git-repos/https%3A%2F%2Fgithub.com%2FHeapUnderfl0w%2FPizzaService", kill_on_drop: false }`
[INFO] [stderr] Cloning into bare repository '/workspace/cache/git-repos/https%3A%2F%2Fgithub.com%2FHeapUnderfl0w%2FPizzaService'...
[INFO] running `Command { std: "git" "rev-parse" "HEAD", kill_on_drop: false }`
[INFO] [stdout] 171626b1a9ad2778059f411fdc255bbbd1a9289d
[INFO] testing HeapUnderfl0w/PizzaService/171626b1a9ad2778059f411fdc255bbbd1a9289d against nightly-2024-10-28 for randomize-layout
[INFO] running `Command { std: "git" "clone" "/workspace/cache/git-repos/https%3A%2F%2Fgithub.com%2FHeapUnderfl0w%2FPizzaService" "/workspace/builds/worker-1-tc1/source", kill_on_drop: false }`
[INFO] [stderr] Cloning into '/workspace/builds/worker-1-tc1/source'...
[INFO] [stderr] done.
[INFO] validating manifest of git repo https://github.com/HeapUnderfl0w/PizzaService on toolchain nightly-2024-10-28
[INFO] running `Command { std: CARGO_HOME="/workspace/cargo-home" RUSTUP_HOME="/workspace/rustup-home" "/workspace/cargo-home/bin/cargo" "+nightly-2024-10-28" "metadata" "--manifest-path" "Cargo.toml" "--no-deps", kill_on_drop: false }`
[INFO] started tweaking git repo https://github.com/HeapUnderfl0w/PizzaService
[INFO] finished tweaking git repo https://github.com/HeapUnderfl0w/PizzaService
[INFO] tweaked toml for git repo https://github.com/HeapUnderfl0w/PizzaService written to /workspace/builds/worker-1-tc1/source/Cargo.toml
[INFO] crate git repo https://github.com/HeapUnderfl0w/PizzaService already has a lockfile, it will not be regenerated
[INFO] running `Command { std: CARGO_HOME="/workspace/cargo-home" RUSTUP_HOME="/workspace/rustup-home" "/workspace/cargo-home/bin/cargo" "+nightly-2024-10-28" "fetch" "--manifest-path" "Cargo.toml", kill_on_drop: false }`
[INFO] [stderr] warning: no edition set: defaulting to the 2015 edition while the latest is 2021
[INFO] [stderr]     Updating crates.io index
[INFO] [stderr]     Blocking waiting for file lock on package cache
[INFO] [stderr]  Downloading crates ...
[INFO] [stderr]   Downloaded tokio-timer v0.2.1
[INFO] [stderr]   Downloaded tokio-threadpool v0.1.2
[INFO] [stderr]   Downloaded bitflags v1.0.2
[INFO] [stderr]   Downloaded byteorder v1.2.2
[INFO] [stderr]   Downloaded crossbeam-deque v0.3.0
[INFO] [stderr]   Downloaded tokio v0.1.5
[INFO] [stderr]   Downloaded openssl-sys v0.9.28
[INFO] [stderr]   Downloaded scoped-tls v0.1.1
[INFO] [stderr]   Downloaded hyper v0.11.25
[INFO] [stderr]   Downloaded ears v0.5.1
[INFO] [stderr]   Downloaded cc v1.0.13
[INFO] [stderr]   Downloaded serde_derive v1.0.44
[INFO] [stderr]   Downloaded colored v1.6.0
[INFO] [stderr]   Downloaded fern v0.5.5
[INFO] [stderr]   Downloaded proc-macro2 v0.3.7
[INFO] [stderr]   Downloaded serde v1.0.44
[INFO] running `Command { std: "docker" "create" "-v" "/var/lib/crater-agent-workspace/builds/worker-1-tc1/target:/opt/rustwide/target:rw,Z" "-v" "/var/lib/crater-agent-workspace/builds/worker-1-tc1/source:/opt/rustwide/workdir:ro,Z" "-v" "/var/lib/crater-agent-workspace/cargo-home:/opt/rustwide/cargo-home:ro,Z" "-v" "/var/lib/crater-agent-workspace/rustup-home:/opt/rustwide/rustup-home:ro,Z" "-e" "SOURCE_DIR=/opt/rustwide/workdir" "-e" "CARGO_TARGET_DIR=/opt/rustwide/target" "-e" "CARGO_HOME=/opt/rustwide/cargo-home" "-e" "RUSTUP_HOME=/opt/rustwide/rustup-home" "-w" "/opt/rustwide/workdir" "-m" "1610612736" "--user" "0:0" "--network" "none" "ghcr.io/rust-lang/crates-build-env/linux@sha256:4a844ea9eb2546a2d2c7022eacef16ef2e8229c7fbb2c7d4d55a9ceca922f72d" "/opt/rustwide/cargo-home/bin/cargo" "+nightly-2024-10-28" "metadata" "--no-deps" "--format-version=1", kill_on_drop: false }`
[INFO] [stdout] a8036acf84c0aa51519e92437da8d329f5b5981df96b9d60ed57f96bf4bcb657
[INFO] running `Command { std: "docker" "start" "-a" "a8036acf84c0aa51519e92437da8d329f5b5981df96b9d60ed57f96bf4bcb657", kill_on_drop: false }`
[INFO] running `Command { std: "docker" "inspect" "a8036acf84c0aa51519e92437da8d329f5b5981df96b9d60ed57f96bf4bcb657", kill_on_drop: false }`
[INFO] running `Command { std: "docker" "rm" "-f" "a8036acf84c0aa51519e92437da8d329f5b5981df96b9d60ed57f96bf4bcb657", kill_on_drop: false }`
[INFO] [stdout] a8036acf84c0aa51519e92437da8d329f5b5981df96b9d60ed57f96bf4bcb657
[INFO] running `Command { std: "docker" "create" "-v" "/var/lib/crater-agent-workspace/builds/worker-1-tc1/target:/opt/rustwide/target:rw,Z" "-v" "/var/lib/crater-agent-workspace/builds/worker-1-tc1/source:/opt/rustwide/workdir:ro,Z" "-v" "/var/lib/crater-agent-workspace/cargo-home:/opt/rustwide/cargo-home:ro,Z" "-v" "/var/lib/crater-agent-workspace/rustup-home:/opt/rustwide/rustup-home:ro,Z" "-e" "SOURCE_DIR=/opt/rustwide/workdir" "-e" "CARGO_TARGET_DIR=/opt/rustwide/target" "-e" "CARGO_INCREMENTAL=0" "-e" "RUST_BACKTRACE=full" "-e" "RUSTFLAGS=--cap-lints=forbid" "-e" "RUSTDOCFLAGS=--cap-lints=forbid" "-e" "CARGO_HOME=/opt/rustwide/cargo-home" "-e" "RUSTUP_HOME=/opt/rustwide/rustup-home" "-w" "/opt/rustwide/workdir" "-m" "1610612736" "--user" "0:0" "--network" "none" "ghcr.io/rust-lang/crates-build-env/linux@sha256:4a844ea9eb2546a2d2c7022eacef16ef2e8229c7fbb2c7d4d55a9ceca922f72d" "/opt/rustwide/cargo-home/bin/cargo" "+nightly-2024-10-28" "build" "--frozen" "--message-format=json", kill_on_drop: false }`
[INFO] [stdout] 8684c24c8eef515e54453a5d5bac13a18f7238c680b1fe8e918a7a34737673ff
[INFO] running `Command { std: "docker" "start" "-a" "8684c24c8eef515e54453a5d5bac13a18f7238c680b1fe8e918a7a34737673ff", kill_on_drop: false }`
[INFO] [stderr] warning: no edition set: defaulting to the 2015 edition while the latest is 2021
[INFO] [stderr]    Compiling libc v0.2.40
[INFO] [stderr]    Compiling cfg-if v0.1.2
[INFO] [stderr]    Compiling futures v0.1.21
[INFO] [stderr]    Compiling version_check v0.1.3
[INFO] [stderr]    Compiling byteorder v1.2.2
[INFO] [stderr]    Compiling lazy_static v1.0.0
[INFO] [stderr]    Compiling slab v0.4.0
[INFO] [stderr]    Compiling lazycell v0.6.0
[INFO] [stderr]    Compiling nodrop v0.1.12
[INFO] [stderr]    Compiling memoffset v0.2.1
[INFO] [stderr]    Compiling scopeguard v0.3.3
[INFO] [stderr]    Compiling cc v1.0.13
[INFO] [stderr]    Compiling pkg-config v0.3.11
[INFO] [stderr]    Compiling siphasher v0.2.2
[INFO] [stderr]    Compiling lazy_static v0.2.11
[INFO] [stderr]    Compiling scoped-tls v0.1.1
[INFO] [stderr]    Compiling arrayvec v0.4.7
[INFO] [stderr]    Compiling foreign-types-shared v0.1.1
[INFO] [stderr]    Compiling openssl v0.9.24
[INFO] [stderr]    Compiling log v0.4.1
[INFO] [stderr]    Compiling crossbeam-utils v0.3.2
[INFO] [stderr]    Compiling crossbeam-utils v0.2.2
[INFO] [stderr]    Compiling foreign-types v0.3.2
[INFO] [stderr]    Compiling bitflags v0.9.1
[INFO] [stderr]    Compiling unicode-xid v0.1.0
[INFO] [stderr]    Compiling build_const v0.2.1
[INFO] [stderr]    Compiling matches v0.1.6
[INFO] [stderr]    Compiling percent-encoding v1.0.1
[INFO] [stderr]    Compiling proc-macro2 v0.3.7
[INFO] [stderr]    Compiling unicode-bidi v0.3.4
[INFO] [stderr]    Compiling take v0.1.0
[INFO] [stderr]    Compiling log v0.3.9
[INFO] [stderr]    Compiling safemem v0.2.0
[INFO] [stderr]    Compiling unicase v1.4.2
[INFO] [stderr]    Compiling unicase v2.1.0
[INFO] [stderr]    Compiling crossbeam-epoch v0.4.1
[INFO] [stderr]    Compiling unicode-normalization v0.1.5
[INFO] [stderr]    Compiling crc v1.8.1
[INFO] [stderr]    Compiling serde v1.0.44
[INFO] [stderr]    Compiling smallvec v0.2.1
[INFO] [stderr]    Compiling slab v0.3.0
[INFO] [stderr]    Compiling base64 v0.9.1
[INFO] [stderr]    Compiling rand v0.4.2
[INFO] [stderr]    Compiling iovec v0.1.2
[INFO] [stderr]    Compiling net2 v0.2.32
[INFO] [stderr]    Compiling num_cpus v1.8.0
[INFO] [stderr]    Compiling bytes v0.4.7
[INFO] [stderr]    Compiling crossbeam-deque v0.3.0
[INFO] [stderr]    Compiling phf_shared v0.7.21
[INFO] [stderr]    Compiling mio v0.6.14
[INFO] [stderr]    Compiling time v0.1.39
[INFO] [stderr]    Compiling idna v0.1.4
[INFO] [stderr]    Compiling quote v0.5.2
[INFO] [stderr]    Compiling httparse v1.2.4
[INFO] [stderr]    Compiling dtoa v0.4.2
[INFO] [stderr]    Compiling mime v0.3.5
[INFO] [stderr]    Compiling language-tags v0.2.2
[INFO] [stderr]    Compiling syn v0.13.1
[INFO] [stderr]    Compiling phf v0.7.21
[INFO] [stderr]    Compiling adler32 v1.0.2
[INFO] [stderr]    Compiling itoa v0.4.1
[INFO] [stderr]    Compiling openssl-sys v0.9.28
[INFO] [stderr]    Compiling num-traits v0.2.2
[INFO] [stderr]    Compiling ears v0.5.1
[INFO] [stderr]    Compiling itoa v0.3.4
[INFO] [stderr]    Compiling libflate v0.1.14
[INFO] [stderr]    Compiling rand v0.3.22
[INFO] [stderr]    Compiling colored v1.6.0
[INFO] [stderr]    Compiling phf_generator v0.7.21
[INFO] [stderr]    Compiling uuid v0.5.1
[INFO] [stderr]    Compiling encoding_rs v0.7.2
[INFO] [stderr]    Compiling phf_codegen v0.7.21
[INFO] [stderr]    Compiling fern v0.5.5
[INFO] [stderr]    Compiling tokio-executor v0.1.2
[INFO] [stderr]    Compiling tokio-io v0.1.6
[INFO] [stderr]    Compiling tokio-service v0.1.0
[INFO] [stderr]    Compiling mime_guess v2.0.0-alpha.4
[INFO] [stderr] error: failed to run custom build command for `openssl-sys v0.9.28`
[INFO] [stderr] note: To improve backtraces for build dependencies, set the CARGO_PROFILE_DEV_BUILD_OVERRIDE_DEBUG=true environment variable to enable debug information generation.
[INFO] [stderr] 
[INFO] [stderr] Caused by:
[INFO] [stderr]   process didn't exit successfully: `/opt/rustwide/target/debug/build/openssl-sys-791f811ab57312cd/build-script-build` (exit status: 101)
[INFO] [stderr]   --- stdout
[INFO] [stderr]   cargo:rerun-if-env-changed=X86_64_UNKNOWN_LINUX_GNU_OPENSSL_LIB_DIR
[INFO] [stderr]   cargo:rerun-if-env-changed=OPENSSL_LIB_DIR
[INFO] [stderr]   cargo:rerun-if-env-changed=X86_64_UNKNOWN_LINUX_GNU_OPENSSL_INCLUDE_DIR
[INFO] [stderr]   cargo:rerun-if-env-changed=OPENSSL_INCLUDE_DIR
[INFO] [stderr]   cargo:rerun-if-env-changed=X86_64_UNKNOWN_LINUX_GNU_OPENSSL_DIR
[INFO] [stderr]   cargo:rerun-if-env-changed=OPENSSL_DIR
[INFO] [stderr]   cargo:rustc-link-lib=ssl
[INFO] [stderr]   cargo:rustc-link-lib=crypto
[INFO] [stderr]   OPT_LEVEL = Some("0")
[INFO] [stderr]   TARGET = Some("x86_64-unknown-linux-gnu")
[INFO] [stderr]   HOST = Some("x86_64-unknown-linux-gnu")
[INFO] [stderr]   TARGET = Some("x86_64-unknown-linux-gnu")
[INFO] [stderr]   TARGET = Some("x86_64-unknown-linux-gnu")
[INFO] [stderr]   HOST = Some("x86_64-unknown-linux-gnu")
[INFO] [stderr]   CC_x86_64-unknown-linux-gnu = None
[INFO] [stderr]   CC_x86_64_unknown_linux_gnu = None
[INFO] [stderr]   HOST_CC = None
[INFO] [stderr]   CC = None
[INFO] [stderr]   HOST = Some("x86_64-unknown-linux-gnu")
[INFO] [stderr]   TARGET = Some("x86_64-unknown-linux-gnu")
[INFO] [stderr]   HOST = Some("x86_64-unknown-linux-gnu")
[INFO] [stderr]   CFLAGS_x86_64-unknown-linux-gnu = None
[INFO] [stderr]   CFLAGS_x86_64_unknown_linux_gnu = None
[INFO] [stderr]   HOST_CFLAGS = None
[INFO] [stderr]   CFLAGS = None
[INFO] [stderr]   DEBUG = Some("true")
[INFO] [stderr]   running: "cc" "-O0" "-ffunction-sections" "-fdata-sections" "-fPIC" "-g" "-m64" "-Wall" "-Wextra" "-E" "/opt/rustwide/target/debug/build/openssl-sys-1b5db79cb26fb1d7/out/expando.c"
[INFO] [stderr]   exit status: 0
[INFO] [stderr]   cargo:rustc-cfg=osslconf="OPENSSL_NO_SSL3_METHOD"
[INFO] [stderr]   cargo:conf=OPENSSL_NO_SSL3_METHOD
[INFO] [stderr] 
[INFO] [stderr]   --- stderr
[INFO] [stderr]   thread 'main' panicked at /opt/rustwide/cargo-home/registry/src/index.crates.io-6f17d22bba15001f/openssl-sys-0.9.28/build.rs:509:9:
[INFO] [stderr] 
[INFO] [stderr] 
[INFO] [stderr]   This crate is only compatible with OpenSSL 1.0.1 through 1.1.1, or LibreSSL 2.5
[INFO] [stderr]   through 2.7, but a different version of OpenSSL was found. The build is now aborting
[INFO] [stderr]   due to this version mismatch.
[INFO] [stderr] 
[INFO] [stderr] 
[INFO] [stderr]   stack backtrace:
[INFO] [stderr]      0:     0x597bb942327a - std::backtrace_rs::backtrace::libunwind::trace::h207520d6e9873551
[INFO] [stderr]                                  at /rustc/df4ca44d3fbc9301ee17f30f4d474e6ae4b05252/library/std/src/../../backtrace/src/backtrace/libunwind.rs:116:5
[INFO] [stderr]      1:     0x597bb942327a - std::backtrace_rs::backtrace::trace_unsynchronized::h2ed7433f370e3eca
[INFO] [stderr]                                  at /rustc/df4ca44d3fbc9301ee17f30f4d474e6ae4b05252/library/std/src/../../backtrace/src/backtrace/mod.rs:66:5
[INFO] [stderr]      2:     0x597bb942327a - std::sys::backtrace::_print_fmt::h916fac51166b18d7
[INFO] [stderr]                                  at /rustc/df4ca44d3fbc9301ee17f30f4d474e6ae4b05252/library/std/src/sys/backtrace.rs:66:9
[INFO] [stderr]      3:     0x597bb942327a - <std::sys::backtrace::BacktraceLock::print::DisplayBacktrace as core::fmt::Display>::fmt::ha0a4c9b8ce3802e6
[INFO] [stderr]                                  at /rustc/df4ca44d3fbc9301ee17f30f4d474e6ae4b05252/library/std/src/sys/backtrace.rs:39:26
[INFO] [stderr]      4:     0x597bb9446863 - core::fmt::rt::Argument::fmt::h4cfc8587d52b3eb5
[INFO] [stderr]                                  at /rustc/df4ca44d3fbc9301ee17f30f4d474e6ae4b05252/library/core/src/fmt/rt.rs:177:76
[INFO] [stderr]      5:     0x597bb9446863 - core::fmt::write::h522cc39e5b36ae9f
[INFO] [stderr]                                  at /rustc/df4ca44d3fbc9301ee17f30f4d474e6ae4b05252/library/core/src/fmt/mod.rs:1190:21
[INFO] [stderr]      6:     0x597bb941fe63 - std::io::Write::write_fmt::hf1c1dcc8cc1287f0
[INFO] [stderr]                                  at /rustc/df4ca44d3fbc9301ee17f30f4d474e6ae4b05252/library/std/src/io/mod.rs:1839:15
[INFO] [stderr]      7:     0x597bb94230c2 - std::sys::backtrace::BacktraceLock::print::h4b9e00b29e9c0942
[INFO] [stderr]                                  at /rustc/df4ca44d3fbc9301ee17f30f4d474e6ae4b05252/library/std/src/sys/backtrace.rs:42:9
[INFO] [stderr]      8:     0x597bb94242bc - std::panicking::default_hook::{{closure}}::hb59b88280d0324d9
[INFO] [stderr]                                  at /rustc/df4ca44d3fbc9301ee17f30f4d474e6ae4b05252/library/std/src/panicking.rs:268:22
[INFO] [stderr]      9:     0x597bb9424102 - std::panicking::default_hook::he1dd496665be4a29
[INFO] [stderr]                                  at /rustc/df4ca44d3fbc9301ee17f30f4d474e6ae4b05252/library/std/src/panicking.rs:295:9
[INFO] [stderr]     10:     0x597bb94248f7 - std::panicking::rust_panic_with_hook::h2ff17fe8f26dfcf8
[INFO] [stderr]                                  at /rustc/df4ca44d3fbc9301ee17f30f4d474e6ae4b05252/library/std/src/panicking.rs:801:13
[INFO] [stderr]     11:     0x597bb93c692a - std::panicking::begin_panic::{{closure}}::he8b9ef8cab3dce1e
[INFO] [stderr]     12:     0x597bb93c68aa - std::sys::backtrace::__rust_end_short_backtrace::h80c497b43c27ba1a
[INFO] [stderr]     13:     0x597bb93c68d7 - std::panicking::begin_panic::h3e1abd38d23a5ccc
[INFO] [stderr]     14:     0x597bb93ae2ab - build_script_build::validate_headers::h829d32d6380fd7fc
[INFO] [stderr]     15:     0x597bb93acebf - build_script_build::try_pkg_config::h236d8ca10f3172d1
[INFO] [stderr]     16:     0x597bb93abe78 - build_script_build::find_openssl_dir::h17706241091ee0d5
[INFO] [stderr]     17:     0x597bb93abc58 - build_script_build::main::{{closure}}::h352437719c0d670f
[INFO] [stderr]     18:     0x597bb93a75a3 - core::option::Option<T>::unwrap_or_else::h1c4b9d31cab523ee
[INFO] [stderr]     19:     0x597bb93aad7f - build_script_build::main::hbd176a361760b1a3
[INFO] [stderr]     20:     0x597bb93b18b3 - core::ops::function::FnOnce::call_once::hc8409dacc27a0d55
[INFO] [stderr]     21:     0x597bb93b1106 - std::sys::backtrace::__rust_begin_short_backtrace::h7e0f8518b15b42e8
[INFO] [stderr]     22:     0x597bb93b0e09 - std::rt::lang_start::{{closure}}::h1e412317f250e9c5
[INFO] [stderr]     23:     0x597bb941c687 - core::ops::function::impls::<impl core::ops::function::FnOnce<A> for &F>::call_once::hd87d66b906e0ccaf
[INFO] [stderr]                                  at /rustc/df4ca44d3fbc9301ee17f30f4d474e6ae4b05252/library/core/src/ops/function.rs:284:13
[INFO] [stderr]     24:     0x597bb941c687 - std::panicking::try::do_call::hae3703de71fc9e3a
[INFO] [stderr]                                  at /rustc/df4ca44d3fbc9301ee17f30f4d474e6ae4b05252/library/std/src/panicking.rs:557:40
[INFO] [stderr]     25:     0x597bb941c687 - std::panicking::try::h1178330e9a2b2645
[INFO] [stderr]                                  at /rustc/df4ca44d3fbc9301ee17f30f4d474e6ae4b05252/library/std/src/panicking.rs:520:19
[INFO] [stderr]     26:     0x597bb941c687 - std::panic::catch_unwind::h0acf49d2305d32ad
[INFO] [stderr]                                  at /rustc/df4ca44d3fbc9301ee17f30f4d474e6ae4b05252/library/std/src/panic.rs:358:14
[INFO] [stderr]     27:     0x597bb941c687 - std::rt::lang_start_internal::{{closure}}::h2d95182d798177be
[INFO] [stderr]                                  at /rustc/df4ca44d3fbc9301ee17f30f4d474e6ae4b05252/library/std/src/rt.rs:174:48
[INFO] [stderr]     28:     0x597bb941c687 - std::panicking::try::do_call::hb506f5bfe11fd30c
[INFO] [stderr]                                  at /rustc/df4ca44d3fbc9301ee17f30f4d474e6ae4b05252/library/std/src/panicking.rs:557:40
[INFO] [stderr]     29:     0x597bb941c687 - std::panicking::try::h54d825c46bd0fa95
[INFO] [stderr]                                  at /rustc/df4ca44d3fbc9301ee17f30f4d474e6ae4b05252/library/std/src/panicking.rs:520:19
[INFO] [stderr]     30:     0x597bb941c687 - std::panic::catch_unwind::hffbb0ad20c4e9fac
[INFO] [stderr]                                  at /rustc/df4ca44d3fbc9301ee17f30f4d474e6ae4b05252/library/std/src/panic.rs:358:14
[INFO] [stderr]     31:     0x597bb941c687 - std::rt::lang_start_internal::h52c291ef1962c925
[INFO] [stderr]                                  at /rustc/df4ca44d3fbc9301ee17f30f4d474e6ae4b05252/library/std/src/rt.rs:174:20
[INFO] [stderr]     32:     0x597bb93b0de7 - std::rt::lang_start::h3aab5d4a2fc2f69b
[INFO] [stderr]     33:     0x597bb93afeb5 - main
[INFO] [stderr]     34:     0x7ed3b22acd90 - <unknown>
[INFO] [stderr]     35:     0x7ed3b22ace40 - __libc_start_main
[INFO] [stderr]     36:     0x597bb93a5a85 - _start
[INFO] [stderr]     37:                0x0 - <unknown>
[INFO] [stderr] warning: build failed, waiting for other jobs to finish...
[INFO] [stdout] error: linking with `cc` failed: exit status: 1
[INFO] [stdout]   |
[INFO] [stdout]   = note: LC_ALL="C" PATH="/opt/rustwide/rustup-home/toolchains/nightly-2024-10-28-x86_64-unknown-linux-gnu/lib/rustlib/x86_64-unknown-linux-gnu/bin:/opt/rustwide/rustup-home/toolchains/nightly-2024-10-28-x86_64-unknown-linux-gnu/lib/rustlib/x86_64-unknown-linux-gnu/bin/self-contained:/opt/rustwide/cargo-home/bin:/usr/local/sbin:/usr/local/bin:/usr/sbin:/usr/bin:/sbin:/bin" VSLANG="1033" "cc" "-Wl,--version-script=/tmp/rustc5AsQXE/list" "-Wl,--no-undefined-version" "-m64" "/tmp/rustc5AsQXE/symbols.o" "/opt/rustwide/target/debug/deps/ears-22a9b65301ec8e1c.ears.aa4137ddd2b388bb-cgu.00.rcgu.o" "/opt/rustwide/target/debug/deps/ears-22a9b65301ec8e1c.ears.aa4137ddd2b388bb-cgu.01.rcgu.o" "/opt/rustwide/target/debug/deps/ears-22a9b65301ec8e1c.ears.aa4137ddd2b388bb-cgu.02.rcgu.o" "/opt/rustwide/target/debug/deps/ears-22a9b65301ec8e1c.ears.aa4137ddd2b388bb-cgu.03.rcgu.o" "/opt/rustwide/target/debug/deps/ears-22a9b65301ec8e1c.ears.aa4137ddd2b388bb-cgu.04.rcgu.o" "/opt/rustwide/target/debug/deps/ears-22a9b65301ec8e1c.ears.aa4137ddd2b388bb-cgu.05.rcgu.o" "/opt/rustwide/target/debug/deps/ears-22a9b65301ec8e1c.ears.aa4137ddd2b388bb-cgu.06.rcgu.o" "/opt/rustwide/target/debug/deps/ears-22a9b65301ec8e1c.ears.aa4137ddd2b388bb-cgu.07.rcgu.o" "/opt/rustwide/target/debug/deps/ears-22a9b65301ec8e1c.ears.aa4137ddd2b388bb-cgu.08.rcgu.o" "/opt/rustwide/target/debug/deps/ears-22a9b65301ec8e1c.ears.aa4137ddd2b388bb-cgu.09.rcgu.o" "/opt/rustwide/target/debug/deps/ears-22a9b65301ec8e1c.dsez4sii594qeyac03xe1sfb3.rcgu.rmeta" "-Wl,--as-needed" "-Wl,-Bdynamic" "-lopenal" "-lsndfile" "-Wl,-Bstatic" "/opt/rustwide/target/debug/deps/liblazy_static-db150a8b3ee87459.rlib" "/opt/rustwide/target/debug/deps/liblibc-14c7f9e60a034094.rlib" "-Wl,-Bdynamic" "/opt/rustwide/rustup-home/toolchains/nightly-2024-10-28-x86_64-unknown-linux-gnu/lib/rustlib/x86_64-unknown-linux-gnu/lib/libstd-fb8c387236db3c10.so" "-Wl,-Bstatic" "/opt/rustwide/rustup-home/toolchains/nightly-2024-10-28-x86_64-unknown-linux-gnu/lib/rustlib/x86_64-unknown-linux-gnu/lib/libcompiler_builtins-0e6386368b0a24e8.rlib" "-Wl,-Bdynamic" "-lutil" "-lgcc_s" "-lutil" "-lrt" "-lpthread" "-lm" "-ldl" "-lc" "-B/opt/rustwide/rustup-home/toolchains/nightly-2024-10-28-x86_64-unknown-linux-gnu/lib/rustlib/x86_64-unknown-linux-gnu/bin/gcc-ld" "-fuse-ld=lld" "-Wl,--eh-frame-hdr" "-Wl,-z,noexecstack" "-L" "/usr/local/opt/openal-soft/lib" "-L" "/usr/local/lib" "-L" "/opt/rustwide/rustup-home/toolchains/nightly-2024-10-28-x86_64-unknown-linux-gnu/lib/rustlib/x86_64-unknown-linux-gnu/lib" "-o" "/opt/rustwide/target/debug/deps/libears-22a9b65301ec8e1c.so" "-shared" "-Wl,-soname=libears-22a9b65301ec8e1c.so" "-Wl,-z,relro,-z,now" "-nodefaultlibs"
[INFO] [stdout]   = note: rust-lld: error: unable to find library -lsndfile
[INFO] [stdout]           collect2: error: ld returned 1 exit status
[INFO] [stdout]           
[INFO] [stdout] 
[INFO] [stdout] 
[INFO] [stderr] error: could not compile `ears` (lib) due to 1 previous error
[INFO] running `Command { std: "docker" "inspect" "8684c24c8eef515e54453a5d5bac13a18f7238c680b1fe8e918a7a34737673ff", kill_on_drop: false }`
[INFO] running `Command { std: "docker" "rm" "-f" "8684c24c8eef515e54453a5d5bac13a18f7238c680b1fe8e918a7a34737673ff", kill_on_drop: false }`
[INFO] [stdout] 8684c24c8eef515e54453a5d5bac13a18f7238c680b1fe8e918a7a34737673ff
