[INFO] fetching crate truncnorm 0.5.1...
[INFO] testing truncnorm-0.5.1 against nightly-2024-10-28 for randomize-layout
[INFO] extracting crate truncnorm 0.5.1 into /workspace/builds/worker-0-tc1/source
[INFO] validating manifest of crates.io crate truncnorm 0.5.1 on toolchain nightly-2024-10-28
[INFO] running `Command { std: CARGO_HOME="/workspace/cargo-home" RUSTUP_HOME="/workspace/rustup-home" "/workspace/cargo-home/bin/cargo" "+nightly-2024-10-28" "metadata" "--manifest-path" "Cargo.toml" "--no-deps", kill_on_drop: false }`
[INFO] started tweaking crates.io crate truncnorm 0.5.1
[INFO] finished tweaking crates.io crate truncnorm 0.5.1
[INFO] tweaked toml for crates.io crate truncnorm 0.5.1 written to /workspace/builds/worker-0-tc1/source/Cargo.toml
[INFO] running `Command { std: CARGO_HOME="/workspace/cargo-home" RUSTUP_HOME="/workspace/rustup-home" "/workspace/cargo-home/bin/cargo" "+nightly-2024-10-28" "generate-lockfile" "--manifest-path" "Cargo.toml", kill_on_drop: false }`
[INFO] [stderr]     Updating crates.io index
[INFO] [stderr]      Locking 235 packages to latest compatible versions
[INFO] [stderr]       Adding argmin v0.5.1 (available: v0.10.0)
[INFO] [stderr]       Adding bindgen v0.59.2 (available: v0.70.1)
[INFO] [stderr]       Adding blas-src v0.8.0 (available: v0.10.0)
[INFO] [stderr]       Adding criterion v0.3.6 (available: v0.5.1)
[INFO] [stderr]       Adding ndarray v0.15.6 (available: v0.16.1)
[INFO] [stderr]       Adding ndarray-linalg v0.14.1 (available: v0.16.0)
[INFO] [stderr]       Adding ndarray-rand v0.14.0 (available: v0.15.0)
[INFO] [stderr]       Adding ndarray-stats v0.5.1 (available: v0.6.0)
[INFO] [stderr]       Adding proptest-derive v0.2.0 (available: v0.5.0)
[INFO] [stderr]       Adding statrs v0.15.0 (available: v0.17.1)
[INFO] [stderr]       Adding zstd-sys v1.4.18+zstd.1.4.7 (available: v1.6.3+zstd.1.5.2)
[INFO] running `Command { std: CARGO_HOME="/workspace/cargo-home" RUSTUP_HOME="/workspace/rustup-home" "/workspace/cargo-home/bin/cargo" "+nightly-2024-10-28" "fetch" "--manifest-path" "Cargo.toml", kill_on_drop: false }`
[INFO] [stderr]  Downloading crates ...
[INFO] [stderr]   Downloaded intel-mkl-src v0.6.0+mkl2020.1
[INFO] [stderr]   Downloaded proptest-derive v0.2.0
[INFO] [stderr]   Downloaded lapack-sys v0.12.1
[INFO] [stderr]   Downloaded blas-src v0.8.0
[INFO] [stderr]   Downloaded intel-mkl-tool v0.2.0+mkl2020.1
[INFO] [stderr]   Downloaded lapack v0.18.0
[INFO] [stderr]   Downloaded ndarray-linalg v0.14.1
[INFO] [stderr]   Downloaded lax v0.2.0
[INFO] [stderr]   Downloaded ndarray-rand v0.14.0
[INFO] [stderr]   Downloaded cauchy v0.4.0
[INFO] [stderr]   Downloaded argmin v0.5.1
[INFO] running `Command { std: "docker" "create" "-v" "/var/lib/crater-agent-workspace/builds/worker-0-tc1/target:/opt/rustwide/target:rw,Z" "-v" "/var/lib/crater-agent-workspace/builds/worker-0-tc1/source:/opt/rustwide/workdir:ro,Z" "-v" "/var/lib/crater-agent-workspace/cargo-home:/opt/rustwide/cargo-home:ro,Z" "-v" "/var/lib/crater-agent-workspace/rustup-home:/opt/rustwide/rustup-home:ro,Z" "-e" "SOURCE_DIR=/opt/rustwide/workdir" "-e" "CARGO_TARGET_DIR=/opt/rustwide/target" "-e" "CARGO_HOME=/opt/rustwide/cargo-home" "-e" "RUSTUP_HOME=/opt/rustwide/rustup-home" "-w" "/opt/rustwide/workdir" "-m" "1610612736" "--user" "0:0" "--network" "none" "ghcr.io/rust-lang/crates-build-env/linux@sha256:4a844ea9eb2546a2d2c7022eacef16ef2e8229c7fbb2c7d4d55a9ceca922f72d" "/opt/rustwide/cargo-home/bin/cargo" "+nightly-2024-10-28" "metadata" "--no-deps" "--format-version=1", kill_on_drop: false }`
[INFO] [stdout] e975561799eea7eec0f5aa25c70abbd8aa7fcbc9cfa898ab5bc20db04cbc2a83
[INFO] running `Command { std: "docker" "start" "-a" "e975561799eea7eec0f5aa25c70abbd8aa7fcbc9cfa898ab5bc20db04cbc2a83", kill_on_drop: false }`
[INFO] running `Command { std: "docker" "inspect" "e975561799eea7eec0f5aa25c70abbd8aa7fcbc9cfa898ab5bc20db04cbc2a83", kill_on_drop: false }`
[INFO] running `Command { std: "docker" "rm" "-f" "e975561799eea7eec0f5aa25c70abbd8aa7fcbc9cfa898ab5bc20db04cbc2a83", kill_on_drop: false }`
[INFO] [stdout] e975561799eea7eec0f5aa25c70abbd8aa7fcbc9cfa898ab5bc20db04cbc2a83
[INFO] running `Command { std: "docker" "create" "-v" "/var/lib/crater-agent-workspace/builds/worker-0-tc1/target:/opt/rustwide/target:rw,Z" "-v" "/var/lib/crater-agent-workspace/builds/worker-0-tc1/source:/opt/rustwide/workdir:ro,Z" "-v" "/var/lib/crater-agent-workspace/cargo-home:/opt/rustwide/cargo-home:ro,Z" "-v" "/var/lib/crater-agent-workspace/rustup-home:/opt/rustwide/rustup-home:ro,Z" "-e" "SOURCE_DIR=/opt/rustwide/workdir" "-e" "CARGO_TARGET_DIR=/opt/rustwide/target" "-e" "CARGO_INCREMENTAL=0" "-e" "RUST_BACKTRACE=full" "-e" "RUSTFLAGS=--cap-lints=forbid" "-e" "RUSTDOCFLAGS=--cap-lints=forbid" "-e" "CARGO_HOME=/opt/rustwide/cargo-home" "-e" "RUSTUP_HOME=/opt/rustwide/rustup-home" "-w" "/opt/rustwide/workdir" "-m" "1610612736" "--user" "0:0" "--network" "none" "ghcr.io/rust-lang/crates-build-env/linux@sha256:4a844ea9eb2546a2d2c7022eacef16ef2e8229c7fbb2c7d4d55a9ceca922f72d" "/opt/rustwide/cargo-home/bin/cargo" "+nightly-2024-10-28" "build" "--frozen" "--message-format=json", kill_on_drop: false }`
[INFO] [stdout] 238205b421d2b1e5203271c970502b40ff62bd4ae411ee143ceb9a70c3b93aa6
[INFO] running `Command { std: "docker" "start" "-a" "238205b421d2b1e5203271c970502b40ff62bd4ae411ee143ceb9a70c3b93aa6", kill_on_drop: false }`
[INFO] [stderr]    Compiling libm v0.2.11
[INFO] [stderr]    Compiling serde v1.0.214
[INFO] [stderr]    Compiling num-traits v0.2.19
[INFO] [stderr]    Compiling matrixmultiply v0.3.9
[INFO] [stderr]    Compiling libc v0.2.161
[INFO] [stderr]    Compiling rawpointer v0.2.1
[INFO] [stderr]    Compiling getrandom v0.2.15
[INFO] [stderr]    Compiling serde_derive v1.0.214
[INFO] [stderr]    Compiling glob v0.3.1
[INFO] [stderr]    Compiling aho-corasick v1.1.3
[INFO] [stderr]    Compiling slog v2.7.0
[INFO] [stderr]    Compiling regex-syntax v0.8.5
[INFO] [stderr]    Compiling paste v1.0.15
[INFO] [stderr]    Compiling clang-sys v1.8.1
[INFO] [stderr]    Compiling rustix v0.38.38
[INFO] [stderr]    Compiling atty v0.2.14
[INFO] [stderr]    Compiling cblas-sys v0.1.4
[INFO] [stderr]    Compiling linux-raw-sys v0.4.14
[INFO] [stderr]    Compiling time-core v0.1.2
[INFO] [stderr]    Compiling minimal-lexical v0.2.1
[INFO] [stderr]    Compiling num-conv v0.1.0
[INFO] [stderr]    Compiling thiserror v1.0.66
[INFO] [stderr]    Compiling crossbeam-utils v0.8.20
[INFO] [stderr]    Compiling bitflags v2.6.0
[INFO] [stderr]    Compiling syn v1.0.109
[INFO] [stderr]    Compiling powerfmt v0.2.0
[INFO] [stderr]    Compiling unicode-width v0.1.14
[INFO] [stderr]    Compiling num-integer v0.1.46
[INFO] [stderr]    Compiling approx v0.4.0
[INFO] [stderr]    Compiling approx v0.5.1
[INFO] [stderr]    Compiling textwrap v0.11.0
[INFO] [stderr]    Compiling deranged v0.3.11
[INFO] [stderr]    Compiling nom v7.1.3
[INFO] [stderr]    Compiling num-bigint v0.4.6
[INFO] [stderr]    Compiling time-macros v0.2.18
[INFO] [stderr]    Compiling regex-automata v0.4.8
[INFO] [stderr]    Compiling num-rational v0.4.2
[INFO] [stderr]    Compiling thiserror-impl v1.0.66
[INFO] [stderr]    Compiling dirs-sys-next v0.1.2
[INFO] [stderr]    Compiling lapack-sys v0.12.1
[INFO] [stderr]    Compiling libloading v0.8.5
[INFO] [stderr]    Compiling strsim v0.8.0
[INFO] [stderr]    Compiling bindgen v0.59.2
[INFO] [stderr]    Compiling bitflags v1.3.2
[INFO] [stderr]    Compiling ansi_term v0.12.1
[INFO] [stderr]    Compiling either v1.13.0
[INFO] [stderr]    Compiling humantime v2.1.0
[INFO] [stderr]    Compiling home v0.5.9
[INFO] [stderr]    Compiling termcolor v1.4.1
[INFO] [stderr]    Compiling typenum v1.17.0
[INFO] [stderr]    Compiling log v0.4.22
[INFO] [stderr]    Compiling vec_map v0.8.2
[INFO] [stderr]    Compiling which v4.4.2
[INFO] [stderr]    Compiling clap v2.34.0
[INFO] [stderr]    Compiling thread_local v1.1.8
[INFO] [stderr]    Compiling dirs-next v2.0.0
[INFO] [stderr]    Compiling cexpr v0.6.0
[INFO] [stderr]    Compiling time v0.3.36
[INFO] [stderr]    Compiling regex v1.11.1
[INFO] [stderr]    Compiling indexmap v1.9.3
[INFO] [stderr]    Compiling peeking_take_while v0.1.2
[INFO] [stderr]    Compiling env_logger v0.9.3
[INFO] [stderr]    Compiling slog-async v2.8.0
[INFO] [stderr]    Compiling lazycell v1.3.0
[INFO] [stderr]    Compiling rustc-hash v1.1.0
[INFO] [stderr]    Compiling anyhow v1.0.92
[INFO] [stderr]    Compiling crossbeam-channel v0.5.13
[INFO] [stderr]    Compiling term v0.7.0
[INFO] [stderr]    Compiling num-iter v0.1.45
[INFO] [stderr]    Compiling is-terminal v0.4.13
[INFO] [stderr]    Compiling take_mut v0.2.2
[INFO] [stderr]    Compiling rand_core v0.6.4
[INFO] [stderr]    Compiling serde_json v1.0.132
[INFO] [stderr]    Compiling hashbrown v0.12.3
[INFO] [stderr]    Compiling rand_chacha v0.3.1
[INFO] [stderr]    Compiling rand v0.8.5
[INFO] [stderr]    Compiling slog-term v2.9.1
[INFO] [stderr]    Compiling slog-json v2.6.1
[INFO] [stderr]    Compiling bincode v1.3.3
[INFO] [stderr]    Compiling itertools v0.10.5
[INFO] [stderr]    Compiling noisy_float v0.2.0
[INFO] [stderr]    Compiling num-complex v0.4.6
[INFO] [stderr]    Compiling rand_distr v0.4.3
[INFO] [stderr]    Compiling instant v0.1.13
[INFO] [stderr]    Compiling nalgebra-macros v0.1.0
[INFO] [stderr]    Compiling ndarray v0.15.6
[INFO] [stderr]    Compiling cauchy v0.4.0
[INFO] [stderr]    Compiling lapack v0.18.0
[INFO] [stderr]    Compiling simba v0.5.1
[INFO] [stderr]    Compiling num v0.4.3
[INFO] [stderr]    Compiling lax v0.2.0
[INFO] [stderr]    Compiling truncnorm v0.5.1 (/opt/rustwide/workdir)
[INFO] [stderr]    Compiling ndarray-linalg v0.14.1
[INFO] [stderr]    Compiling ndarray-rand v0.14.0
[INFO] [stderr]    Compiling ndarray-stats v0.5.1
[INFO] [stderr]    Compiling argmin v0.5.1
[INFO] [stderr]    Compiling nalgebra v0.27.1
[INFO] [stderr]    Compiling statrs v0.15.0
[INFO] [stdout] warning: `extern` block uses type `u128`, which is not FFI-safe
[INFO] [stdout]  --> /opt/rustwide/target/debug/build/truncnorm-6d03a7451bfc6a56/out/bindings.rs:3:13921
[INFO] [stdout]   |
[INFO] [stdout] 3 | ...rn "C" { pub fn cabsl (__z : __BindgenComplex < f64 >) -> u128 ; } extern "C" { pub fn __cabsl (__z : __BindgenComplex < f64 >) -> u12...
[INFO] [stdout]   |                                                              ^^^^ not FFI-safe
[INFO] [stdout]   |
[INFO] [stdout]   = note: 128-bit integers don't currently have a known stable ABI
[INFO] [stdout]   = note: `#[warn(improper_ctypes)]` on by default
[INFO] [stdout] 
[INFO] [stdout] 
[INFO] [stdout] warning: `extern` block uses type `u128`, which is not FFI-safe
[INFO] [stdout]  --> /opt/rustwide/target/debug/build/truncnorm-6d03a7451bfc6a56/out/bindings.rs:3:13994
[INFO] [stdout]   |
[INFO] [stdout] 3 | ... "C" { pub fn __cabsl (__z : __BindgenComplex < f64 >) -> u128 ; } extern "C" { pub fn cargl (__z : __BindgenComplex < f64 >) -> u128 ...
[INFO] [stdout]   |                                                              ^^^^ not FFI-safe
[INFO] [stdout]   |
[INFO] [stdout]   = note: 128-bit integers don't currently have a known stable ABI
[INFO] [stdout] 
[INFO] [stdout] 
[INFO] [stdout] warning: `extern` block uses type `u128`, which is not FFI-safe
[INFO] [stdout]  --> /opt/rustwide/target/debug/build/truncnorm-6d03a7451bfc6a56/out/bindings.rs:3:14065
[INFO] [stdout]   |
[INFO] [stdout] 3 | ...rn "C" { pub fn cargl (__z : __BindgenComplex < f64 >) -> u128 ; } extern "C" { pub fn __cargl (__z : __BindgenComplex < f64 >) -> u12...
[INFO] [stdout]   |                                                              ^^^^ not FFI-safe
[INFO] [stdout]   |
[INFO] [stdout]   = note: 128-bit integers don't currently have a known stable ABI
[INFO] [stdout] 
[INFO] [stdout] 
[INFO] [stdout] warning: `extern` block uses type `u128`, which is not FFI-safe
[INFO] [stdout]  --> /opt/rustwide/target/debug/build/truncnorm-6d03a7451bfc6a56/out/bindings.rs:3:14138
[INFO] [stdout]   |
[INFO] [stdout] 3 | ... "C" { pub fn __cargl (__z : __BindgenComplex < f64 >) -> u128 ; } extern "C" { pub fn conjl (__z : __BindgenComplex < f64 >) -> __Bin...
[INFO] [stdout]   |                                                              ^^^^ not FFI-safe
[INFO] [stdout]   |
[INFO] [stdout]   = note: 128-bit integers don't currently have a known stable ABI
[INFO] [stdout] 
[INFO] [stdout] 
[INFO] [stdout] warning: `extern` block uses type `u128`, which is not FFI-safe
[INFO] [stdout]  --> /opt/rustwide/target/debug/build/truncnorm-6d03a7451bfc6a56/out/bindings.rs:3:14580
[INFO] [stdout]   |
[INFO] [stdout] 3 | ...n "C" { pub fn cimagl (__z : __BindgenComplex < f64 >) -> u128 ; } extern "C" { pub fn __cimagl (__z : __BindgenComplex < f64 >) -> u1...
[INFO] [stdout]   |                                                              ^^^^ not FFI-safe
[INFO] [stdout]   |
[INFO] [stdout]   = note: 128-bit integers don't currently have a known stable ABI
[INFO] [stdout] 
[INFO] [stdout] 
[INFO] [stdout] warning: `extern` block uses type `u128`, which is not FFI-safe
[INFO] [stdout]  --> /opt/rustwide/target/debug/build/truncnorm-6d03a7451bfc6a56/out/bindings.rs:3:14654
[INFO] [stdout]   |
[INFO] [stdout] 3 | ..."C" { pub fn __cimagl (__z : __BindgenComplex < f64 >) -> u128 ; } extern "C" { pub fn creall (__z : __BindgenComplex < f64 >) -> u128...
[INFO] [stdout]   |                                                              ^^^^ not FFI-safe
[INFO] [stdout]   |
[INFO] [stdout]   = note: 128-bit integers don't currently have a known stable ABI
[INFO] [stdout] 
[INFO] [stdout] 
[INFO] [stdout] warning: `extern` block uses type `u128`, which is not FFI-safe
[INFO] [stdout]  --> /opt/rustwide/target/debug/build/truncnorm-6d03a7451bfc6a56/out/bindings.rs:3:14726
[INFO] [stdout]   |
[INFO] [stdout] 3 | ...n "C" { pub fn creall (__z : __BindgenComplex < f64 >) -> u128 ; } extern "C" { pub fn __creall (__z : __BindgenComplex < f64 >) -> u1...
[INFO] [stdout]   |                                                              ^^^^ not FFI-safe
[INFO] [stdout]   |
[INFO] [stdout]   = note: 128-bit integers don't currently have a known stable ABI
[INFO] [stdout] 
[INFO] [stdout] 
[INFO] [stdout] warning: `extern` block uses type `u128`, which is not FFI-safe
[INFO] [stdout]  --> /opt/rustwide/target/debug/build/truncnorm-6d03a7451bfc6a56/out/bindings.rs:3:14800
[INFO] [stdout]   |
[INFO] [stdout] 3 | ..."C" { pub fn __creall (__z : __BindgenComplex < f64 >) -> u128 ; } extern "C" { pub fn Faddeeva_w (z : __BindgenComplex < f64 > , rele...
[INFO] [stdout]   |                                                              ^^^^ not FFI-safe
[INFO] [stdout]   |
[INFO] [stdout]   = note: 128-bit integers don't currently have a known stable ABI
[INFO] [stdout] 
[INFO] [stdout] 
[INFO] [stderr]     Finished `dev` profile [unoptimized + debuginfo] target(s) in 17.67s
[INFO] [stderr] warning: the following packages contain code that will be rejected by a future version of Rust: nalgebra v0.27.1
[INFO] [stderr] note: to see what the problems were, use the option `--future-incompat-report`, or run `cargo report future-incompatibilities --id 3`
[INFO] running `Command { std: "docker" "inspect" "238205b421d2b1e5203271c970502b40ff62bd4ae411ee143ceb9a70c3b93aa6", kill_on_drop: false }`
[INFO] running `Command { std: "docker" "rm" "-f" "238205b421d2b1e5203271c970502b40ff62bd4ae411ee143ceb9a70c3b93aa6", kill_on_drop: false }`
[INFO] [stdout] 238205b421d2b1e5203271c970502b40ff62bd4ae411ee143ceb9a70c3b93aa6
[INFO] running `Command { std: "docker" "create" "-v" "/var/lib/crater-agent-workspace/builds/worker-0-tc1/target:/opt/rustwide/target:rw,Z" "-v" "/var/lib/crater-agent-workspace/builds/worker-0-tc1/source:/opt/rustwide/workdir:ro,Z" "-v" "/var/lib/crater-agent-workspace/cargo-home:/opt/rustwide/cargo-home:ro,Z" "-v" "/var/lib/crater-agent-workspace/rustup-home:/opt/rustwide/rustup-home:ro,Z" "-e" "SOURCE_DIR=/opt/rustwide/workdir" "-e" "CARGO_TARGET_DIR=/opt/rustwide/target" "-e" "CARGO_INCREMENTAL=0" "-e" "RUST_BACKTRACE=full" "-e" "RUSTFLAGS=--cap-lints=forbid" "-e" "RUSTDOCFLAGS=--cap-lints=forbid" "-e" "CARGO_HOME=/opt/rustwide/cargo-home" "-e" "RUSTUP_HOME=/opt/rustwide/rustup-home" "-w" "/opt/rustwide/workdir" "-m" "1610612736" "--user" "0:0" "--network" "none" "ghcr.io/rust-lang/crates-build-env/linux@sha256:4a844ea9eb2546a2d2c7022eacef16ef2e8229c7fbb2c7d4d55a9ceca922f72d" "/opt/rustwide/cargo-home/bin/cargo" "+nightly-2024-10-28" "test" "--frozen" "--no-run" "--message-format=json", kill_on_drop: false }`
[INFO] [stdout] a492fd99c002217b4178b8b6b5ebfcd1e447ff01637d319fb4d5f997a31d26e2
[INFO] running `Command { std: "docker" "start" "-a" "a492fd99c002217b4178b8b6b5ebfcd1e447ff01637d319fb4d5f997a31d26e2", kill_on_drop: false }`
[INFO] [stderr]    Compiling bitflags v2.6.0
[INFO] [stderr]    Compiling linux-raw-sys v0.4.14
[INFO] [stderr]    Compiling atty v0.2.14
[INFO] [stderr]    Compiling either v1.13.0
[INFO] [stderr]    Compiling proc-macro2 v0.4.30
[INFO] [stderr]    Compiling rustix v0.38.38
[INFO] [stderr]    Compiling unicode-xid v0.1.0
[INFO] [stderr]    Compiling crossbeam-channel v0.5.13
[INFO] [stderr]    Compiling clap v2.34.0
[INFO] [stderr]    Compiling env_logger v0.9.3
[INFO] [stderr]    Compiling fastrand v2.1.1
[INFO] [stderr]    Compiling itertools v0.10.5
[INFO] [stderr]    Compiling syn v0.15.44
[INFO] [stderr]    Compiling plotters-backend v0.3.7
[INFO] [stderr]    Compiling slog-async v2.8.0
[INFO] [stderr]    Compiling quote v0.6.13
[INFO] [stderr]    Compiling plotters-svg v0.3.7
[INFO] [stderr]    Compiling regex-automata v0.4.8
[INFO] [stderr]    Compiling wait-timeout v0.2.0
[INFO] [stderr]    Compiling half v1.8.3
[INFO] [stderr]    Compiling bit-vec v0.6.3
[INFO] [stderr]    Compiling cast v0.3.0
[INFO] [stderr]    Compiling serde_cbor v0.11.2
[INFO] [stderr]    Compiling bit-set v0.5.3
[INFO] [stderr]    Compiling argmin v0.5.1
[INFO] [stderr]    Compiling csv v1.3.0
[INFO] [stderr]    Compiling criterion-plot v0.4.5
[INFO] [stderr]    Compiling ndarray-stats v0.5.1
[INFO] [stderr]    Compiling rayon v1.10.0
[INFO] [stderr]    Compiling plotters v0.3.7
[INFO] [stderr]    Compiling which v4.4.2
[INFO] [stderr]    Compiling bindgen v0.59.2
[INFO] [stderr]    Compiling tempfile v3.13.0
[INFO] [stderr]    Compiling regex v1.11.1
[INFO] [stderr]    Compiling rusty-fork v0.3.0
[INFO] [stderr]    Compiling tinytemplate v1.2.1
[INFO] [stderr]    Compiling rand_xorshift v0.3.0
[INFO] [stderr]    Compiling unarray v0.1.4
[INFO] [stderr]    Compiling oorandom v11.1.4
[INFO] [stderr]    Compiling proptest v1.5.0
[INFO] [stderr]    Compiling criterion v0.3.6
[INFO] [stderr]    Compiling truncnorm v0.5.1 (/opt/rustwide/workdir)
[INFO] [stderr]    Compiling proptest-derive v0.2.0
[INFO] [stdout] error: use of unstable library feature 'test': `bench` is a part of custom test frameworks which are unstable
[INFO] [stdout]    --> src/truncnorm.rs:484:7
[INFO] [stdout]     |
[INFO] [stdout] 484 |     #[bench]
[INFO] [stdout]     |       ^^^^^
[INFO] [stdout]     |
[INFO] [stdout]     = warning: this was previously accepted by the compiler but is being phased out; it will become a hard error in a future release!
[INFO] [stdout]     = note: for more information, see issue #64266 <https://github.com/rust-lang/rust/issues/64266>
[INFO] [stdout]     = note: `#[deny(soft_unstable)]` on by default
[INFO] [stdout] 
[INFO] [stdout] 
[INFO] [stdout] error: use of unstable library feature 'test': `bench` is a part of custom test frameworks which are unstable
[INFO] [stdout]    --> src/truncnorm.rs:495:7
[INFO] [stdout]     |
[INFO] [stdout] 495 |     #[bench]
[INFO] [stdout]     |       ^^^^^
[INFO] [stdout]     |
[INFO] [stdout]     = warning: this was previously accepted by the compiler but is being phased out; it will become a hard error in a future release!
[INFO] [stdout]     = note: for more information, see issue #64266 <https://github.com/rust-lang/rust/issues/64266>
[INFO] [stdout] 
[INFO] [stdout] 
[INFO] [stdout] error: use of unstable library feature 'test': `bench` is a part of custom test frameworks which are unstable
[INFO] [stdout]    --> src/truncnorm.rs:560:7
[INFO] [stdout]     |
[INFO] [stdout] 560 |     #[bench]
[INFO] [stdout]     |       ^^^^^
[INFO] [stdout]     |
[INFO] [stdout]     = warning: this was previously accepted by the compiler but is being phased out; it will become a hard error in a future release!
[INFO] [stdout]     = note: for more information, see issue #64266 <https://github.com/rust-lang/rust/issues/64266>
[INFO] [stdout] 
[INFO] [stdout] 
[INFO] [stdout] error[E0658]: use of unstable library feature 'test'
[INFO] [stdout]    --> src/truncnorm.rs:465:5
[INFO] [stdout]     |
[INFO] [stdout] 465 |     extern crate test;
[INFO] [stdout]     |     ^^^^^^^^^^^^^^^^^^
[INFO] [stdout]     |
[INFO] [stdout]     = note: see issue #50297 <https://github.com/rust-lang/rust/issues/50297> for more information
[INFO] [stdout]     = help: add `#![feature(test)]` to the crate attributes to enable
[INFO] [stdout]     = note: this compiler was built on 2024-10-27; consider upgrading it if it is out of date
[INFO] [stdout] 
[INFO] [stdout] 
[INFO] [stdout] error[E0658]: use of unstable library feature 'test'
[INFO] [stdout]    --> src/truncnorm.rs:470:9
[INFO] [stdout]     |
[INFO] [stdout] 470 |     use test::Bencher;
[INFO] [stdout]     |         ^^^^^^^^^^^^^
[INFO] [stdout]     |
[INFO] [stdout]     = note: see issue #50297 <https://github.com/rust-lang/rust/issues/50297> for more information
[INFO] [stdout]     = help: add `#![feature(test)]` to the crate attributes to enable
[INFO] [stdout]     = note: this compiler was built on 2024-10-27; consider upgrading it if it is out of date
[INFO] [stdout] 
[INFO] [stdout] 
[INFO] [stdout] error[E0658]: use of unstable library feature 'test'
[INFO] [stdout]    --> src/truncnorm.rs:486:39
[INFO] [stdout]     |
[INFO] [stdout] 486 |     fn bench_ln_normal_pr(bench: &mut Bencher) {
[INFO] [stdout]     |                                       ^^^^^^^
[INFO] [stdout]     |
[INFO] [stdout]     = note: see issue #50297 <https://github.com/rust-lang/rust/issues/50297> for more information
[INFO] [stdout]     = help: add `#![feature(test)]` to the crate attributes to enable
[INFO] [stdout]     = note: this compiler was built on 2024-10-27; consider upgrading it if it is out of date
[INFO] [stdout] 
[INFO] [stdout] 
[INFO] [stdout] error[E0658]: use of unstable library feature 'test'
[INFO] [stdout]    --> src/truncnorm.rs:492:23
[INFO] [stdout]     |
[INFO] [stdout] 492 |         bench.iter(|| test::black_box(ln_normal_pr(&a, &c)));
[INFO] [stdout]     |                       ^^^^^^^^^^^^^^^
[INFO] [stdout]     |
[INFO] [stdout]     = note: see issue #50297 <https://github.com/rust-lang/rust/issues/50297> for more information
[INFO] [stdout]     = help: add `#![feature(test)]` to the crate attributes to enable
[INFO] [stdout]     = note: this compiler was built on 2024-10-27; consider upgrading it if it is out of date
[INFO] [stdout] 
[INFO] [stdout] 
[INFO] [stdout] error[E0658]: use of unstable library feature 'test'
[INFO] [stdout]    --> src/truncnorm.rs:497:31
[INFO] [stdout]     |
[INFO] [stdout] 497 |     fn bench_cholperm(b: &mut Bencher) {
[INFO] [stdout]     |                               ^^^^^^^
[INFO] [stdout]     |
[INFO] [stdout]     = note: see issue #50297 <https://github.com/rust-lang/rust/issues/50297> for more information
[INFO] [stdout]     = help: add `#![feature(test)]` to the crate attributes to enable
[INFO] [stdout]     = note: this compiler was built on 2024-10-27; consider upgrading it if it is out of date
[INFO] [stdout] 
[INFO] [stdout] 
[INFO] [stdout] error[E0658]: use of unstable library feature 'test'
[INFO] [stdout]    --> src/truncnorm.rs:505:19
[INFO] [stdout]     |
[INFO] [stdout] 505 |         b.iter(|| test::black_box(cholperm(&mut sigma, &mut l, &mut u)));
[INFO] [stdout]     |                   ^^^^^^^^^^^^^^^
[INFO] [stdout]     |
[INFO] [stdout]     = note: see issue #50297 <https://github.com/rust-lang/rust/issues/50297> for more information
[INFO] [stdout]     = help: add `#![feature(test)]` to the crate attributes to enable
[INFO] [stdout]     = note: this compiler was built on 2024-10-27; consider upgrading it if it is out of date
[INFO] [stdout] 
[INFO] [stdout] 
[INFO] [stdout] error[E0658]: use of unstable library feature 'test'
[INFO] [stdout]    --> src/truncnorm.rs:561:36
[INFO] [stdout]     |
[INFO] [stdout] 561 |     fn bench_mv_normal_cdf(b: &mut Bencher) {
[INFO] [stdout]     |                                    ^^^^^^^
[INFO] [stdout]     |
[INFO] [stdout]     = note: see issue #50297 <https://github.com/rust-lang/rust/issues/50297> for more information
[INFO] [stdout]     = help: add `#![feature(test)]` to the crate attributes to enable
[INFO] [stdout]     = note: this compiler was built on 2024-10-27; consider upgrading it if it is out of date
[INFO] [stdout] 
[INFO] [stdout] 
[INFO] [stdout] error[E0658]: use of unstable library feature 'test'
[INFO] [stdout]    --> src/truncnorm.rs:569:13
[INFO] [stdout]     |
[INFO] [stdout] 569 |             test::black_box(mv_truncnormal_cdf(
[INFO] [stdout]     |             ^^^^^^^^^^^^^^^
[INFO] [stdout]     |
[INFO] [stdout]     = note: see issue #50297 <https://github.com/rust-lang/rust/issues/50297> for more information
[INFO] [stdout]     = help: add `#![feature(test)]` to the crate attributes to enable
[INFO] [stdout]     = note: this compiler was built on 2024-10-27; consider upgrading it if it is out of date
[INFO] [stdout] 
[INFO] [stdout] 
[INFO] [stdout] error[E0658]: use of unstable library feature 'test'
[INFO] [stdout]   --> src/util.rs:78:5
[INFO] [stdout]    |
[INFO] [stdout] 78 |     extern crate test;
[INFO] [stdout]    |     ^^^^^^^^^^^^^^^^^^
[INFO] [stdout]    |
[INFO] [stdout]    = note: see issue #50297 <https://github.com/rust-lang/rust/issues/50297> for more information
[INFO] [stdout]    = help: add `#![feature(test)]` to the crate attributes to enable
[INFO] [stdout]    = note: this compiler was built on 2024-10-27; consider upgrading it if it is out of date
[INFO] [stdout] 
[INFO] [stdout] 
[INFO] [stdout] error[E0658]: use of unstable library feature 'test'
[INFO] [stdout]    --> src/truncnorm.rs:492:15
[INFO] [stdout]     |
[INFO] [stdout] 492 |         bench.iter(|| test::black_box(ln_normal_pr(&a, &c)));
[INFO] [stdout]     |               ^^^^
[INFO] [stdout]     |
[INFO] [stdout]     = note: see issue #50297 <https://github.com/rust-lang/rust/issues/50297> for more information
[INFO] [stdout]     = help: add `#![feature(test)]` to the crate attributes to enable
[INFO] [stdout]     = note: this compiler was built on 2024-10-27; consider upgrading it if it is out of date
[INFO] [stdout] 
[INFO] [stdout] 
[INFO] [stdout] error[E0658]: use of unstable library feature 'test'
[INFO] [stdout]    --> src/truncnorm.rs:505:11
[INFO] [stdout]     |
[INFO] [stdout] 505 |         b.iter(|| test::black_box(cholperm(&mut sigma, &mut l, &mut u)));
[INFO] [stdout]     |           ^^^^
[INFO] [stdout]     |
[INFO] [stdout]     = note: see issue #50297 <https://github.com/rust-lang/rust/issues/50297> for more information
[INFO] [stdout]     = help: add `#![feature(test)]` to the crate attributes to enable
[INFO] [stdout]     = note: this compiler was built on 2024-10-27; consider upgrading it if it is out of date
[INFO] [stdout] 
[INFO] [stdout] 
[INFO] [stdout] warning: `extern` block uses type `u128`, which is not FFI-safe
[INFO] [stdout]  --> /opt/rustwide/target/debug/build/truncnorm-178d75de2627c35c/out/bindings.rs:3:13921
[INFO] [stdout]   |
[INFO] [stdout] 3 | ...rn "C" { pub fn cabsl (__z : __BindgenComplex < f64 >) -> u128 ; } extern "C" { pub fn __cabsl (__z : __BindgenComplex < f64 >) -> u12...
[INFO] [stdout]   |                                                              ^^^^ not FFI-safe
[INFO] [stdout]   |
[INFO] [stdout]   = note: 128-bit integers don't currently have a known stable ABI
[INFO] [stdout]   = note: `#[warn(improper_ctypes)]` on by default
[INFO] [stdout] 
[INFO] [stdout] 
[INFO] [stdout] warning: `extern` block uses type `u128`, which is not FFI-safe
[INFO] [stdout]  --> /opt/rustwide/target/debug/build/truncnorm-178d75de2627c35c/out/bindings.rs:3:13994
[INFO] [stdout]   |
[INFO] [stdout] 3 | ... "C" { pub fn __cabsl (__z : __BindgenComplex < f64 >) -> u128 ; } extern "C" { pub fn cargl (__z : __BindgenComplex < f64 >) -> u128 ...
[INFO] [stdout]   |                                                              ^^^^ not FFI-safe
[INFO] [stdout]   |
[INFO] [stdout]   = note: 128-bit integers don't currently have a known stable ABI
[INFO] [stdout] 
[INFO] [stdout] 
[INFO] [stdout] warning: `extern` block uses type `u128`, which is not FFI-safe
[INFO] [stdout]  --> /opt/rustwide/target/debug/build/truncnorm-178d75de2627c35c/out/bindings.rs:3:14065
[INFO] [stdout]   |
[INFO] [stdout] 3 | ...rn "C" { pub fn cargl (__z : __BindgenComplex < f64 >) -> u128 ; } extern "C" { pub fn __cargl (__z : __BindgenComplex < f64 >) -> u12...
[INFO] [stdout]   |                                                              ^^^^ not FFI-safe
[INFO] [stdout]   |
[INFO] [stdout]   = note: 128-bit integers don't currently have a known stable ABI
[INFO] [stdout] 
[INFO] [stdout] 
[INFO] [stdout] warning: `extern` block uses type `u128`, which is not FFI-safe
[INFO] [stdout]  --> /opt/rustwide/target/debug/build/truncnorm-178d75de2627c35c/out/bindings.rs:3:14138
[INFO] [stdout]   |
[INFO] [stdout] 3 | ... "C" { pub fn __cargl (__z : __BindgenComplex < f64 >) -> u128 ; } extern "C" { pub fn conjl (__z : __BindgenComplex < f64 >) -> __Bin...
[INFO] [stdout]   |                                                              ^^^^ not FFI-safe
[INFO] [stdout]   |
[INFO] [stdout]   = note: 128-bit integers don't currently have a known stable ABI
[INFO] [stdout] 
[INFO] [stdout] 
[INFO] [stdout] warning: `extern` block uses type `u128`, which is not FFI-safe
[INFO] [stdout]  --> /opt/rustwide/target/debug/build/truncnorm-178d75de2627c35c/out/bindings.rs:3:14580
[INFO] [stdout]   |
[INFO] [stdout] 3 | ...n "C" { pub fn cimagl (__z : __BindgenComplex < f64 >) -> u128 ; } extern "C" { pub fn __cimagl (__z : __BindgenComplex < f64 >) -> u1...
[INFO] [stdout]   |                                                              ^^^^ not FFI-safe
[INFO] [stdout]   |
[INFO] [stdout]   = note: 128-bit integers don't currently have a known stable ABI
[INFO] [stdout] 
[INFO] [stdout] 
[INFO] [stdout] warning: `extern` block uses type `u128`, which is not FFI-safe
[INFO] [stdout]  --> /opt/rustwide/target/debug/build/truncnorm-178d75de2627c35c/out/bindings.rs:3:14654
[INFO] [stdout]   |
[INFO] [stdout] 3 | ..."C" { pub fn __cimagl (__z : __BindgenComplex < f64 >) -> u128 ; } extern "C" { pub fn creall (__z : __BindgenComplex < f64 >) -> u128...
[INFO] [stdout]   |                                                              ^^^^ not FFI-safe
[INFO] [stdout]   |
[INFO] [stdout]   = note: 128-bit integers don't currently have a known stable ABI
[INFO] [stdout] 
[INFO] [stdout] 
[INFO] [stdout] warning: `extern` block uses type `u128`, which is not FFI-safe
[INFO] [stdout]  --> /opt/rustwide/target/debug/build/truncnorm-178d75de2627c35c/out/bindings.rs:3:14726
[INFO] [stdout]   |
[INFO] [stdout] 3 | ...n "C" { pub fn creall (__z : __BindgenComplex < f64 >) -> u128 ; } extern "C" { pub fn __creall (__z : __BindgenComplex < f64 >) -> u1...
[INFO] [stdout]   |                                                              ^^^^ not FFI-safe
[INFO] [stdout]   |
[INFO] [stdout]   = note: 128-bit integers don't currently have a known stable ABI
[INFO] [stdout] 
[INFO] [stdout] 
[INFO] [stdout] warning: `extern` block uses type `u128`, which is not FFI-safe
[INFO] [stdout]  --> /opt/rustwide/target/debug/build/truncnorm-178d75de2627c35c/out/bindings.rs:3:14800
[INFO] [stdout]   |
[INFO] [stdout] 3 | ..."C" { pub fn __creall (__z : __BindgenComplex < f64 >) -> u128 ; } extern "C" { pub fn Faddeeva_w (z : __BindgenComplex < f64 > , rele...
[INFO] [stdout]   |                                                              ^^^^ not FFI-safe
[INFO] [stdout]   |
[INFO] [stdout]   = note: 128-bit integers don't currently have a known stable ABI
[INFO] [stdout] 
[INFO] [stdout] 
[INFO] [stdout] error[E0308]: mismatched types
[INFO] [stdout]    --> src/truncnorm.rs:556:13
[INFO] [stdout]     |
[INFO] [stdout] 556 |         let (samples, logp) = mv_truncnormal_rand(l, u, sigma, 5, 10, &mut rng);
[INFO] [stdout]     |             ^^^^^^^^^^^^^^^   ------------------------------------------------- this expression has type `ArrayBase<OwnedRepr<f64>, Dim<[usize; 2]>>`
[INFO] [stdout]     |             |
[INFO] [stdout]     |             expected `ArrayBase<OwnedRepr<f64>, Dim<...>>`, found `(_, _)`
[INFO] [stdout]     |
[INFO] [stdout]     = note: expected struct `ArrayBase<OwnedRepr<f64>, Dim<[usize; 2]>>`
[INFO] [stdout]                 found tuple `(_, _)`
[INFO] [stdout] 
[INFO] [stdout] 
[INFO] [stdout] error[E0658]: use of unstable library feature 'test'
[INFO] [stdout]    --> src/truncnorm.rs:568:11
[INFO] [stdout]     |
[INFO] [stdout] 568 |         b.iter(|| {
[INFO] [stdout]     |           ^^^^
[INFO] [stdout]     |
[INFO] [stdout]     = note: see issue #50297 <https://github.com/rust-lang/rust/issues/50297> for more information
[INFO] [stdout]     = help: add `#![feature(test)]` to the crate attributes to enable
[INFO] [stdout]     = note: this compiler was built on 2024-10-27; consider upgrading it if it is out of date
[INFO] [stdout] 
[INFO] [stdout] 
[INFO] [stdout] warning: unused variable: `samples`
[INFO] [stdout]    --> src/truncnorm.rs:481:13
[INFO] [stdout]     |
[INFO] [stdout] 481 |         let samples = mv_truncnormal_rand(l, u, sigma, n, max_iters, &mut rng);
[INFO] [stdout]     |             ^^^^^^^ help: if this is intentional, prefix it with an underscore: `_samples`
[INFO] [stdout]     |
[INFO] [stdout]     = note: `#[warn(unused_variables)]` on by default
[INFO] [stdout] 
[INFO] [stdout] 
[INFO] [stdout] Some errors have detailed explanations: E0308, E0658.
[INFO] [stdout] 
[INFO] [stdout] For more information about an error, try `rustc --explain E0308`.
[INFO] [stdout] 
[INFO] [stderr] error: could not compile `truncnorm` (lib test) due to 19 previous errors; 1 warning emitted
[INFO] [stderr] warning: build failed, waiting for other jobs to finish...
[INFO] running `Command { std: "docker" "inspect" "a492fd99c002217b4178b8b6b5ebfcd1e447ff01637d319fb4d5f997a31d26e2", kill_on_drop: false }`
[INFO] running `Command { std: "docker" "rm" "-f" "a492fd99c002217b4178b8b6b5ebfcd1e447ff01637d319fb4d5f997a31d26e2", kill_on_drop: false }`
[INFO] [stdout] a492fd99c002217b4178b8b6b5ebfcd1e447ff01637d319fb4d5f997a31d26e2
