[INFO] fetching crate triton-air 0.42.1...
[INFO] testing triton-air-0.42.1 against nightly-2024-10-28+rustflags=-Zrandomize-layout for randomize-layout
[INFO] extracting crate triton-air 0.42.1 into /workspace/builds/worker-1-tc2/source
[INFO] validating manifest of crates.io crate triton-air 0.42.1 on toolchain nightly-2024-10-28
[INFO] running `Command { std: CARGO_HOME="/workspace/cargo-home" RUSTUP_HOME="/workspace/rustup-home" "/workspace/cargo-home/bin/cargo" "+nightly-2024-10-28" "metadata" "--manifest-path" "Cargo.toml" "--no-deps", kill_on_drop: false }`
[INFO] started tweaking crates.io crate triton-air 0.42.1
[INFO] finished tweaking crates.io crate triton-air 0.42.1
[INFO] tweaked toml for crates.io crate triton-air 0.42.1 written to /workspace/builds/worker-1-tc2/source/Cargo.toml
[INFO] running `Command { std: CARGO_HOME="/workspace/cargo-home" RUSTUP_HOME="/workspace/rustup-home" "/workspace/cargo-home/bin/cargo" "+nightly-2024-10-28" "generate-lockfile" "--manifest-path" "Cargo.toml", kill_on_drop: false }`
[INFO] [stderr]     Updating crates.io index
[INFO] [stderr]     Blocking waiting for file lock on package cache
[INFO] [stderr]      Locking 120 packages to latest compatible versions
[INFO] [stderr]       Adding twenty-first v0.42.0-alpha.11 (available: v0.43.0)
[INFO] running `Command { std: CARGO_HOME="/workspace/cargo-home" RUSTUP_HOME="/workspace/rustup-home" "/workspace/cargo-home/bin/cargo" "+nightly-2024-10-28" "fetch" "--manifest-path" "Cargo.toml", kill_on_drop: false }`
[INFO] [stderr]     Blocking waiting for file lock on package cache
[INFO] running `Command { std: "docker" "create" "-v" "/var/lib/crater-agent-workspace/builds/worker-1-tc2/target:/opt/rustwide/target:rw,Z" "-v" "/var/lib/crater-agent-workspace/builds/worker-1-tc2/source:/opt/rustwide/workdir:ro,Z" "-v" "/var/lib/crater-agent-workspace/cargo-home:/opt/rustwide/cargo-home:ro,Z" "-v" "/var/lib/crater-agent-workspace/rustup-home:/opt/rustwide/rustup-home:ro,Z" "-e" "SOURCE_DIR=/opt/rustwide/workdir" "-e" "CARGO_TARGET_DIR=/opt/rustwide/target" "-e" "CARGO_HOME=/opt/rustwide/cargo-home" "-e" "RUSTUP_HOME=/opt/rustwide/rustup-home" "-w" "/opt/rustwide/workdir" "-m" "1610612736" "--user" "0:0" "--network" "none" "ghcr.io/rust-lang/crates-build-env/linux@sha256:4a844ea9eb2546a2d2c7022eacef16ef2e8229c7fbb2c7d4d55a9ceca922f72d" "/opt/rustwide/cargo-home/bin/cargo" "+nightly-2024-10-28" "metadata" "--no-deps" "--format-version=1", kill_on_drop: false }`
[INFO] [stdout] f9d8257c59e4f60e6f68fa9f3ba1995af0e879ffd1ec6aa45bbd28e9d78b759b
[INFO] running `Command { std: "docker" "start" "-a" "f9d8257c59e4f60e6f68fa9f3ba1995af0e879ffd1ec6aa45bbd28e9d78b759b", kill_on_drop: false }`
[INFO] running `Command { std: "docker" "inspect" "f9d8257c59e4f60e6f68fa9f3ba1995af0e879ffd1ec6aa45bbd28e9d78b759b", kill_on_drop: false }`
[INFO] running `Command { std: "docker" "rm" "-f" "f9d8257c59e4f60e6f68fa9f3ba1995af0e879ffd1ec6aa45bbd28e9d78b759b", kill_on_drop: false }`
[INFO] [stdout] f9d8257c59e4f60e6f68fa9f3ba1995af0e879ffd1ec6aa45bbd28e9d78b759b
[INFO] running `Command { std: "docker" "create" "-v" "/var/lib/crater-agent-workspace/builds/worker-1-tc2/target:/opt/rustwide/target:rw,Z" "-v" "/var/lib/crater-agent-workspace/builds/worker-1-tc2/source:/opt/rustwide/workdir:ro,Z" "-v" "/var/lib/crater-agent-workspace/cargo-home:/opt/rustwide/cargo-home:ro,Z" "-v" "/var/lib/crater-agent-workspace/rustup-home:/opt/rustwide/rustup-home:ro,Z" "-e" "SOURCE_DIR=/opt/rustwide/workdir" "-e" "CARGO_TARGET_DIR=/opt/rustwide/target" "-e" "CARGO_INCREMENTAL=0" "-e" "RUST_BACKTRACE=full" "-e" "RUSTFLAGS=--cap-lints=forbid -Zrandomize-layout" "-e" "RUSTDOCFLAGS=--cap-lints=forbid" "-e" "CARGO_HOME=/opt/rustwide/cargo-home" "-e" "RUSTUP_HOME=/opt/rustwide/rustup-home" "-w" "/opt/rustwide/workdir" "-m" "1610612736" "--user" "0:0" "--network" "none" "ghcr.io/rust-lang/crates-build-env/linux@sha256:4a844ea9eb2546a2d2c7022eacef16ef2e8229c7fbb2c7d4d55a9ceca922f72d" "/opt/rustwide/cargo-home/bin/cargo" "+nightly-2024-10-28" "build" "--frozen" "--message-format=json", kill_on_drop: false }`
[INFO] [stdout] 57641e3ffc0ae2f29a9465f8e3249213d39252a79e34c3f40af57f34c3e7c812
[INFO] running `Command { std: "docker" "start" "-a" "57641e3ffc0ae2f29a9465f8e3249213d39252a79e34c3f40af57f34c3e7c812", kill_on_drop: false }`
[INFO] [stderr]    Compiling proc-macro2 v1.0.89
[INFO] [stderr]    Compiling unicode-ident v1.0.13
[INFO] [stderr]    Compiling libm v0.2.11
[INFO] [stderr]    Compiling syn v1.0.109
[INFO] [stderr]    Compiling byteorder v1.5.0
[INFO] [stderr]    Compiling smallvec v1.13.2
[INFO] [stderr]    Compiling siphasher v0.3.11
[INFO] [stderr]    Compiling interpolator v0.5.0
[INFO] [stderr]    Compiling num-traits v0.2.19
[INFO] [stderr]    Compiling proc-macro-error-attr v1.0.4
[INFO] [stderr]    Compiling proc-macro-error v1.0.4
[INFO] [stderr]    Compiling typenum v1.17.0
[INFO] [stderr]    Compiling generic-array v0.14.7
[INFO] [stderr]    Compiling collection_literals v1.0.1
[INFO] [stderr]    Compiling getrandom v0.2.15
[INFO] [stderr]    Compiling rand_core v0.6.4
[INFO] [stderr]    Compiling ahash v0.8.11
[INFO] [stderr]    Compiling either v1.13.0
[INFO] [stderr]    Compiling thiserror v1.0.66
[INFO] [stderr]    Compiling phf_shared v0.11.2
[INFO] [stderr]    Compiling rand v0.8.5
[INFO] [stderr]    Compiling once_cell v1.20.2
[INFO] [stderr]    Compiling rustversion v1.0.18
[INFO] [stderr]    Compiling matrixmultiply v0.3.9
[INFO] [stderr]    Compiling keccak v0.1.5
[INFO] [stderr]    Compiling rayon v1.10.0
[INFO] [stderr]    Compiling allocator-api2 v0.2.18
[INFO] [stderr]    Compiling itertools v0.13.0
[INFO] [stderr]    Compiling lazy_static v1.5.0
[INFO] [stderr]    Compiling heck v0.5.0
[INFO] [stderr]    Compiling hex v0.4.3
[INFO] [stderr]    Compiling rawpointer v0.2.1
[INFO] [stderr]    Compiling minimal-lexical v0.2.1
[INFO] [stderr]    Compiling quote v1.0.37
[INFO] [stderr]    Compiling nom v7.1.3
[INFO] [stderr]    Compiling syn v2.0.86
[INFO] [stderr]    Compiling proc-macro-utils v0.8.0
[INFO] [stderr]    Compiling phf_generator v0.11.2
[INFO] [stderr]    Compiling block-buffer v0.10.4
[INFO] [stderr]    Compiling crypto-common v0.1.6
[INFO] [stderr]    Compiling digest v0.10.7
[INFO] [stderr]    Compiling sha3 v0.10.8
[INFO] [stderr]    Compiling num-integer v0.1.46
[INFO] [stderr]    Compiling num-complex v0.4.6
[INFO] [stderr]    Compiling ndarray v0.16.1
[INFO] [stderr]    Compiling zerocopy-derive v0.7.35
[INFO] [stderr]    Compiling derive-where v1.2.7
[INFO] [stderr]    Compiling serde_derive v1.0.214
[INFO] [stderr]    Compiling derive_arbitrary v1.3.2
[INFO] [stderr]    Compiling thiserror-impl v1.0.66
[INFO] [stderr]    Compiling phf_macros v0.11.2
[INFO] [stderr]    Compiling bfieldcodec_derive v0.7.0
[INFO] [stderr]    Compiling strum_macros v0.26.4
[INFO] [stderr]    Compiling phf v0.11.2
[INFO] [stderr]    Compiling arbitrary v1.3.2
[INFO] [stderr]    Compiling zerocopy v0.7.35
[INFO] [stderr]    Compiling quote-use-macros v0.7.2
[INFO] [stderr]    Compiling quote-use v0.7.2
[INFO] [stderr]    Compiling ppv-lite86 v0.2.20
[INFO] [stderr]    Compiling attribute-derive-macro v0.6.1
[INFO] [stderr]    Compiling strum v0.26.3
[INFO] [stderr]    Compiling hashbrown v0.14.5
[INFO] [stderr]    Compiling rand_chacha v0.3.1
[INFO] [stderr]    Compiling attribute-derive v0.6.1
[INFO] [stderr]    Compiling get-size-derive v0.1.3
[INFO] [stderr]    Compiling rand_distr v0.4.3
[INFO] [stderr]    Compiling get-size v0.1.4
[INFO] [stderr]    Compiling serde v1.0.214
[INFO] [stderr]    Compiling serde-big-array v0.5.1
[INFO] [stderr]    Compiling num-bigint v0.4.6
[INFO] [stderr]    Compiling serde_json v1.0.132
[INFO] [stderr]    Compiling twenty-first v0.42.0-alpha.11
[INFO] [stderr]    Compiling triton-isa v0.42.1
[INFO] [stderr]    Compiling triton-constraint-circuit v0.42.1
[INFO] [stderr]    Compiling triton-air v0.42.1 (/opt/rustwide/workdir)
[INFO] [stderr]     Finished `dev` profile [unoptimized + debuginfo] target(s) in 22.44s
[INFO] running `Command { std: "docker" "inspect" "57641e3ffc0ae2f29a9465f8e3249213d39252a79e34c3f40af57f34c3e7c812", kill_on_drop: false }`
[INFO] running `Command { std: "docker" "rm" "-f" "57641e3ffc0ae2f29a9465f8e3249213d39252a79e34c3f40af57f34c3e7c812", kill_on_drop: false }`
[INFO] [stdout] 57641e3ffc0ae2f29a9465f8e3249213d39252a79e34c3f40af57f34c3e7c812
[INFO] running `Command { std: "docker" "create" "-v" "/var/lib/crater-agent-workspace/builds/worker-1-tc2/target:/opt/rustwide/target:rw,Z" "-v" "/var/lib/crater-agent-workspace/builds/worker-1-tc2/source:/opt/rustwide/workdir:ro,Z" "-v" "/var/lib/crater-agent-workspace/cargo-home:/opt/rustwide/cargo-home:ro,Z" "-v" "/var/lib/crater-agent-workspace/rustup-home:/opt/rustwide/rustup-home:ro,Z" "-e" "SOURCE_DIR=/opt/rustwide/workdir" "-e" "CARGO_TARGET_DIR=/opt/rustwide/target" "-e" "CARGO_INCREMENTAL=0" "-e" "RUST_BACKTRACE=full" "-e" "RUSTFLAGS=--cap-lints=forbid -Zrandomize-layout" "-e" "RUSTDOCFLAGS=--cap-lints=forbid" "-e" "CARGO_HOME=/opt/rustwide/cargo-home" "-e" "RUSTUP_HOME=/opt/rustwide/rustup-home" "-w" "/opt/rustwide/workdir" "-m" "1610612736" "--user" "0:0" "--network" "none" "ghcr.io/rust-lang/crates-build-env/linux@sha256:4a844ea9eb2546a2d2c7022eacef16ef2e8229c7fbb2c7d4d55a9ceca922f72d" "/opt/rustwide/cargo-home/bin/cargo" "+nightly-2024-10-28" "test" "--frozen" "--no-run" "--message-format=json", kill_on_drop: false }`
[INFO] [stdout] eb812ef99dc16938f6e463a43afeb593dac6a4050a02de128ed227604ebb01f0
[INFO] running `Command { std: "docker" "start" "-a" "eb812ef99dc16938f6e463a43afeb593dac6a4050a02de128ed227604ebb01f0", kill_on_drop: false }`
[INFO] [stderr]    Compiling syn v2.0.86
[INFO] [stderr]    Compiling once_cell v1.20.2
[INFO] [stderr]    Compiling getrandom v0.2.15
[INFO] [stderr]    Compiling rustix v0.38.38
[INFO] [stderr]    Compiling bitflags v2.6.0
[INFO] [stderr]    Compiling linux-raw-sys v0.4.14
[INFO] [stderr]    Compiling fastrand v2.1.1
[INFO] [stderr]    Compiling wait-timeout v0.2.0
[INFO] [stderr]    Compiling quick-error v1.2.3
[INFO] [stderr]    Compiling bit-vec v0.6.3
[INFO] [stderr]    Compiling regex-syntax v0.8.5
[INFO] [stderr]    Compiling unarray v0.1.4
[INFO] [stderr]    Compiling bit-set v0.5.3
[INFO] [stderr]    Compiling rand_core v0.6.4
[INFO] [stderr]    Compiling rand_xorshift v0.3.0
[INFO] [stderr]    Compiling tempfile v3.13.0
[INFO] [stderr]    Compiling rusty-fork v0.3.0
[INFO] [stderr]    Compiling zerocopy-derive v0.7.35
[INFO] [stderr]    Compiling derive-where v1.2.7
[INFO] [stderr]    Compiling serde_derive v1.0.214
[INFO] [stderr]    Compiling derive_arbitrary v1.3.2
[INFO] [stderr]    Compiling thiserror-impl v1.0.66
[INFO] [stderr]    Compiling phf_macros v0.11.2
[INFO] [stderr]    Compiling bfieldcodec_derive v0.7.0
[INFO] [stderr]    Compiling strum_macros v0.26.4
[INFO] [stderr]    Compiling structmeta-derive v0.3.0
[INFO] [stderr]    Compiling phf v0.11.2
[INFO] [stderr]    Compiling arbitrary v1.3.2
[INFO] [stderr]    Compiling zerocopy v0.7.35
[INFO] [stderr]    Compiling thiserror v1.0.66
[INFO] [stderr]    Compiling structmeta v0.3.0
[INFO] [stderr]    Compiling quote-use-macros v0.7.2
[INFO] [stderr]    Compiling test-strategy v0.4.0
[INFO] [stderr]    Compiling ppv-lite86 v0.2.20
[INFO] [stderr]    Compiling ahash v0.8.11
[INFO] [stderr]    Compiling strum v0.26.3
[INFO] [stderr]    Compiling quote-use v0.7.2
[INFO] [stderr]    Compiling attribute-derive-macro v0.6.1
[INFO] [stderr]    Compiling hashbrown v0.14.5
[INFO] [stderr]    Compiling rand_chacha v0.3.1
[INFO] [stderr]    Compiling rand v0.8.5
[INFO] [stderr]    Compiling rand_distr v0.4.3
[INFO] [stderr]    Compiling proptest v1.5.0
[INFO] [stderr]    Compiling attribute-derive v0.6.1
[INFO] [stderr]    Compiling serde v1.0.214
[INFO] [stderr]    Compiling get-size-derive v0.1.3
[INFO] [stderr]    Compiling get-size v0.1.4
[INFO] [stderr]    Compiling proptest-arbitrary-interop v0.1.0
[INFO] [stderr]    Compiling num-bigint v0.4.6
[INFO] [stderr]    Compiling serde_json v1.0.132
[INFO] [stderr]    Compiling serde-big-array v0.5.1
[INFO] [stderr]    Compiling twenty-first v0.42.0-alpha.11
[INFO] [stderr]    Compiling triton-constraint-circuit v0.42.1
[INFO] [stderr]    Compiling triton-isa v0.42.1
[INFO] [stderr]    Compiling triton-air v0.42.1 (/opt/rustwide/workdir)
[INFO] [stdout] error[E0284]: type annotations needed
[INFO] [stdout]    --> src/cross_table_argument.rs:229:70
[INFO] [stdout]     |
[INFO] [stdout] 229 |         let poly_evaluation = initial * Polynomial::zerofier(&roots).evaluate(challenge);
[INFO] [stdout]     |                                       -                              ^^^^^^^^ cannot infer type of the type parameter `Eval` declared on the method `evaluate`
[INFO] [stdout]     |                                       |
[INFO] [stdout]     |                                       type must be known at this point
[INFO] [stdout]     |
[INFO] [stdout]     = note: cannot satisfy `<twenty_first::prelude::XFieldElement as std::ops::Mul<_>>::Output == _`
[INFO] [stdout] help: consider specifying the generic arguments
[INFO] [stdout]     |
[INFO] [stdout] 229 |         let poly_evaluation = initial * Polynomial::zerofier(&roots).evaluate::<twenty_first::prelude::BFieldElement, Eval>(challenge);
[INFO] [stdout]     |                                                                              ++++++++++++++++++++++++++++++++++++++++++++++
[INFO] [stdout] 
[INFO] [stdout] 
[INFO] [stdout] error[E0283]: type annotations needed
[INFO] [stdout]    --> src/cross_table_argument.rs:229:70
[INFO] [stdout]     |
[INFO] [stdout] 229 |         let poly_evaluation = initial * Polynomial::zerofier(&roots).evaluate(challenge);
[INFO] [stdout]     |                                       -                              ^^^^^^^^ cannot infer type of the type parameter `Eval` declared on the method `evaluate`
[INFO] [stdout]     |                                       |
[INFO] [stdout]     |                                       type must be known at this point
[INFO] [stdout]     |
[INFO] [stdout]     = note: multiple `impl`s satisfying `twenty_first::prelude::XFieldElement: std::ops::Mul<_>` found in the `twenty_first` crate:
[INFO] [stdout]             - impl std::ops::Mul for twenty_first::prelude::XFieldElement;
[INFO] [stdout]             - impl std::ops::Mul<twenty_first::prelude::BFieldElement> for twenty_first::prelude::XFieldElement;
[INFO] [stdout]             - impl<FF, FF2> std::ops::Mul<twenty_first::prelude::Polynomial<FF>> for twenty_first::prelude::XFieldElement
[INFO] [stdout]               where <FF as std::ops::Mul<twenty_first::prelude::XFieldElement>>::Output == FF2, FF: FiniteField, FF: std::ops::Mul<twenty_first::prelude::XFieldElement>, FF2: FiniteField;
[INFO] [stdout] help: consider specifying the generic arguments
[INFO] [stdout]     |
[INFO] [stdout] 229 |         let poly_evaluation = initial * Polynomial::zerofier(&roots).evaluate::<twenty_first::prelude::BFieldElement, Eval>(challenge);
[INFO] [stdout]     |                                                                              ++++++++++++++++++++++++++++++++++++++++++++++
[INFO] [stdout] 
[INFO] [stdout] 
[INFO] [stdout] error[E0283]: type annotations needed
[INFO] [stdout]     --> src/cross_table_argument.rs:229:70
[INFO] [stdout]      |
[INFO] [stdout] 229  |         let poly_evaluation = initial * Polynomial::zerofier(&roots).evaluate(challenge);
[INFO] [stdout]      |                                                                      ^^^^^^^^ cannot infer type of the type parameter `Eval` declared on the method `evaluate`
[INFO] [stdout]      |
[INFO] [stdout]      = note: multiple `impl`s satisfying `_: std::ops::Mul<twenty_first::prelude::BFieldElement>` found in the following crates: `twenty_first`, `typenum`:
[INFO] [stdout]              - impl std::ops::Mul for twenty_first::prelude::BFieldElement;
[INFO] [stdout]              - impl std::ops::Mul<twenty_first::prelude::BFieldElement> for twenty_first::prelude::XFieldElement;
[INFO] [stdout]              - impl<Rhs> std::ops::Mul<Rhs> for typenum::array::ATerm;
[INFO] [stdout]              - impl<S, FF, FF2> std::ops::Mul<S> for twenty_first::prelude::Polynomial<FF>
[INFO] [stdout]                where <FF as std::ops::Mul<S>>::Output == FF2, S: FiniteField, FF: FiniteField, FF: std::ops::Mul<S>, FF2: FiniteField;
[INFO] [stdout]              - impl<V, A, Rhs> std::ops::Mul<Rhs> for typenum::array::TArr<V, A>
[INFO] [stdout]                where V: std::ops::Mul<Rhs>, A: std::ops::Mul<Rhs>, Rhs: std::marker::Copy;
[INFO] [stdout] note: required by a bound in `twenty_first::prelude::Polynomial::<FF>::evaluate`
[INFO] [stdout]     --> /opt/rustwide/cargo-home/registry/src/index.crates.io-6f17d22bba15001f/twenty-first-0.42.0-alpha.11/src/math/polynomial.rs:2002:15
[INFO] [stdout]      |
[INFO] [stdout] 1999 |     pub fn evaluate<Ind, Eval>(&self, x: Ind) -> Eval
[INFO] [stdout]      |            -------- required by a bound in this associated function
[INFO] [stdout] ...
[INFO] [stdout] 2002 |         Eval: Mul<Ind, Output = Eval> + Add<FF, Output = Eval> + Zero,
[INFO] [stdout]      |               ^^^^^^^^^^^^^^^^^^^^^^^ required by this bound in `Polynomial::<FF>::evaluate`
[INFO] [stdout] help: consider specifying the generic arguments
[INFO] [stdout]      |
[INFO] [stdout] 229  |         let poly_evaluation = initial * Polynomial::zerofier(&roots).evaluate::<twenty_first::prelude::BFieldElement, Eval>(challenge);
[INFO] [stdout]      |                                                                              ++++++++++++++++++++++++++++++++++++++++++++++
[INFO] [stdout] 
[INFO] [stdout] 
[INFO] [stdout] error[E0283]: type annotations needed
[INFO] [stdout]    --> src/cross_table_argument.rs:229:13
[INFO] [stdout]     |
[INFO] [stdout] 229 |         let poly_evaluation = initial * Polynomial::zerofier(&roots).evaluate(challenge);
[INFO] [stdout]     |             ^^^^^^^^^^^^^^^
[INFO] [stdout] 230 |         let perm_arg_terminal = PermArg::compute_terminal(&roots, initial, challenge.lift());
[INFO] [stdout] 231 |         prop_assert_eq!(poly_evaluation, perm_arg_terminal);
[INFO] [stdout]     |         --------------------------------------------------- type must be known at this point
[INFO] [stdout]     |
[INFO] [stdout]     = note: multiple `impl`s satisfying `_: PartialEq<twenty_first::prelude::XFieldElement>` found in the following crates: `ndarray`, `twenty_first`:
[INFO] [stdout]             - impl PartialEq for twenty_first::prelude::XFieldElement;
[INFO] [stdout]             - impl<I> PartialEq<I> for Dim<I>
[INFO] [stdout]               where I: PartialEq, I: ?Sized;
[INFO] [stdout] help: consider giving `poly_evaluation` an explicit type
[INFO] [stdout]     |
[INFO] [stdout] 229 |         let poly_evaluation: /* Type */ = initial * Polynomial::zerofier(&roots).evaluate(challenge);
[INFO] [stdout]     |                            ++++++++++++
[INFO] [stdout] 
[INFO] [stdout] 
[INFO] [stdout] error[E0282]: type annotations needed
[INFO] [stdout]    --> src/cross_table_argument.rs:239:42
[INFO] [stdout]     |
[INFO] [stdout] 239 |         let poly_evaluation = polynomial.evaluate(challenge).lift();
[INFO] [stdout]     |                                          ^^^^^^^^ cannot infer type of the type parameter `Eval` declared on the method `evaluate`
[INFO] [stdout]     |
[INFO] [stdout] help: consider specifying the generic arguments
[INFO] [stdout]     |
[INFO] [stdout] 239 |         let poly_evaluation = polynomial.evaluate::<twenty_first::prelude::BFieldElement, Eval>(challenge).lift();
[INFO] [stdout]     |                                                  ++++++++++++++++++++++++++++++++++++++++++++++
[INFO] [stdout] 
[INFO] [stdout] 
[INFO] [stdout] error[E0283]: type annotations needed
[INFO] [stdout]     --> src/cross_table_argument.rs:262:42
[INFO] [stdout]      |
[INFO] [stdout] 262  |         let poly_evaluation = derivative.evaluate(challenge) / polynomial.evaluate(challenge);
[INFO] [stdout]      |                                          ^^^^^^^^ cannot infer type of the type parameter `Eval` declared on the method `evaluate`
[INFO] [stdout]      |
[INFO] [stdout]      = note: multiple `impl`s satisfying `_: std::ops::Mul<twenty_first::prelude::BFieldElement>` found in the following crates: `twenty_first`, `typenum`:
[INFO] [stdout]              - impl std::ops::Mul for twenty_first::prelude::BFieldElement;
[INFO] [stdout]              - impl std::ops::Mul<twenty_first::prelude::BFieldElement> for twenty_first::prelude::XFieldElement;
[INFO] [stdout]              - impl<Rhs> std::ops::Mul<Rhs> for typenum::array::ATerm;
[INFO] [stdout]              - impl<S, FF, FF2> std::ops::Mul<S> for twenty_first::prelude::Polynomial<FF>
[INFO] [stdout]                where <FF as std::ops::Mul<S>>::Output == FF2, S: FiniteField, FF: FiniteField, FF: std::ops::Mul<S>, FF2: FiniteField;
[INFO] [stdout]              - impl<V, A, Rhs> std::ops::Mul<Rhs> for typenum::array::TArr<V, A>
[INFO] [stdout]                where V: std::ops::Mul<Rhs>, A: std::ops::Mul<Rhs>, Rhs: std::marker::Copy;
[INFO] [stdout] note: required by a bound in `twenty_first::prelude::Polynomial::<FF>::evaluate`
[INFO] [stdout]     --> /opt/rustwide/cargo-home/registry/src/index.crates.io-6f17d22bba15001f/twenty-first-0.42.0-alpha.11/src/math/polynomial.rs:2002:15
[INFO] [stdout]      |
[INFO] [stdout] 1999 |     pub fn evaluate<Ind, Eval>(&self, x: Ind) -> Eval
[INFO] [stdout]      |            -------- required by a bound in this associated function
[INFO] [stdout] ...
[INFO] [stdout] 2002 |         Eval: Mul<Ind, Output = Eval> + Add<FF, Output = Eval> + Zero,
[INFO] [stdout]      |               ^^^^^^^^^^^^^^^^^^^^^^^ required by this bound in `Polynomial::<FF>::evaluate`
[INFO] [stdout] help: consider specifying the generic arguments
[INFO] [stdout]      |
[INFO] [stdout] 262  |         let poly_evaluation = derivative.evaluate::<twenty_first::prelude::BFieldElement, Eval>(challenge) / polynomial.evaluate(challenge);
[INFO] [stdout]      |                                                  ++++++++++++++++++++++++++++++++++++++++++++++
[INFO] [stdout] 
[INFO] [stdout] 
[INFO] [stdout] error[E0283]: type annotations needed
[INFO] [stdout]     --> src/cross_table_argument.rs:262:75
[INFO] [stdout]      |
[INFO] [stdout] 262  |         let poly_evaluation = derivative.evaluate(challenge) / polynomial.evaluate(challenge);
[INFO] [stdout]      |                                                                           ^^^^^^^^ cannot infer type of the type parameter `Eval` declared on the method `evaluate`
[INFO] [stdout]      |
[INFO] [stdout]      = note: multiple `impl`s satisfying `_: std::ops::Mul<twenty_first::prelude::BFieldElement>` found in the following crates: `twenty_first`, `typenum`:
[INFO] [stdout]              - impl std::ops::Mul for twenty_first::prelude::BFieldElement;
[INFO] [stdout]              - impl std::ops::Mul<twenty_first::prelude::BFieldElement> for twenty_first::prelude::XFieldElement;
[INFO] [stdout]              - impl<Rhs> std::ops::Mul<Rhs> for typenum::array::ATerm;
[INFO] [stdout]              - impl<S, FF, FF2> std::ops::Mul<S> for twenty_first::prelude::Polynomial<FF>
[INFO] [stdout]                where <FF as std::ops::Mul<S>>::Output == FF2, S: FiniteField, FF: FiniteField, FF: std::ops::Mul<S>, FF2: FiniteField;
[INFO] [stdout]              - impl<V, A, Rhs> std::ops::Mul<Rhs> for typenum::array::TArr<V, A>
[INFO] [stdout]                where V: std::ops::Mul<Rhs>, A: std::ops::Mul<Rhs>, Rhs: std::marker::Copy;
[INFO] [stdout] note: required by a bound in `twenty_first::prelude::Polynomial::<FF>::evaluate`
[INFO] [stdout]     --> /opt/rustwide/cargo-home/registry/src/index.crates.io-6f17d22bba15001f/twenty-first-0.42.0-alpha.11/src/math/polynomial.rs:2002:15
[INFO] [stdout]      |
[INFO] [stdout] 1999 |     pub fn evaluate<Ind, Eval>(&self, x: Ind) -> Eval
[INFO] [stdout]      |            -------- required by a bound in this associated function
[INFO] [stdout] ...
[INFO] [stdout] 2002 |         Eval: Mul<Ind, Output = Eval> + Add<FF, Output = Eval> + Zero,
[INFO] [stdout]      |               ^^^^^^^^^^^^^^^^^^^^^^^ required by this bound in `Polynomial::<FF>::evaluate`
[INFO] [stdout] help: consider specifying the generic arguments
[INFO] [stdout]      |
[INFO] [stdout] 262  |         let poly_evaluation = derivative.evaluate(challenge) / polynomial.evaluate::<twenty_first::prelude::BFieldElement, Eval>(challenge);
[INFO] [stdout]      |                                                                                   ++++++++++++++++++++++++++++++++++++++++++++++
[INFO] [stdout] 
[INFO] [stdout] 
[INFO] [stdout] error[E0283]: type annotations needed
[INFO] [stdout]    --> src/cross_table_argument.rs:262:13
[INFO] [stdout]     |
[INFO] [stdout] 262 |         let poly_evaluation = derivative.evaluate(challenge) / polynomial.evaluate(challenge);
[INFO] [stdout]     |             ^^^^^^^^^^^^^^^
[INFO] [stdout] 263 |         let lookup_arg_terminal = LookupArg::compute_terminal(&roots, initial, challenge.lift());
[INFO] [stdout] 264 |         prop_assert_eq!(initial + poly_evaluation, lookup_arg_terminal);
[INFO] [stdout]     |                                 - type must be known at this point
[INFO] [stdout]     |
[INFO] [stdout]     = note: multiple `impl`s satisfying `twenty_first::prelude::XFieldElement: std::ops::Add<_>` found in the `twenty_first` crate:
[INFO] [stdout]             - impl std::ops::Add for twenty_first::prelude::XFieldElement;
[INFO] [stdout]             - impl std::ops::Add<twenty_first::prelude::BFieldElement> for twenty_first::prelude::XFieldElement;
[INFO] [stdout] help: consider giving `poly_evaluation` an explicit type
[INFO] [stdout]     |
[INFO] [stdout] 262 |         let poly_evaluation: /* Type */ = derivative.evaluate(challenge) / polynomial.evaluate(challenge);
[INFO] [stdout]     |                            ++++++++++++
[INFO] [stdout] 
[INFO] [stdout] 
[INFO] [stdout] error[E0283]: type annotations needed
[INFO] [stdout]    --> src/cross_table_argument.rs:264:9
[INFO] [stdout]     |
[INFO] [stdout] 264 |         prop_assert_eq!(initial + poly_evaluation, lookup_arg_terminal);
[INFO] [stdout]     |         ^^^^^^^^^^^^^^^^^^^^^^^^^^^^^^^^^^^^^^^^^^^^^^^^^^^^^^^^^^^^^^^ cannot infer type
[INFO] [stdout]     |
[INFO] [stdout]     = note: multiple `impl`s satisfying `_: PartialEq<twenty_first::prelude::XFieldElement>` found in the following crates: `ndarray`, `twenty_first`:
[INFO] [stdout]             - impl PartialEq for twenty_first::prelude::XFieldElement;
[INFO] [stdout]             - impl<I> PartialEq<I> for Dim<I>
[INFO] [stdout]               where I: PartialEq, I: ?Sized;
[INFO] [stdout]     = note: this error originates in the macro `prop_assert_eq` (in Nightly builds, run with -Z macro-backtrace for more info)
[INFO] [stdout] 
[INFO] [stdout] 
[INFO] [stdout] Some errors have detailed explanations: E0282, E0283, E0284.
[INFO] [stdout] 
[INFO] [stdout] For more information about an error, try `rustc --explain E0282`.
[INFO] [stdout] 
[INFO] [stderr] error: could not compile `triton-air` (lib test) due to 9 previous errors
[INFO] running `Command { std: "docker" "inspect" "eb812ef99dc16938f6e463a43afeb593dac6a4050a02de128ed227604ebb01f0", kill_on_drop: false }`
[INFO] running `Command { std: "docker" "rm" "-f" "eb812ef99dc16938f6e463a43afeb593dac6a4050a02de128ed227604ebb01f0", kill_on_drop: false }`
[INFO] [stdout] eb812ef99dc16938f6e463a43afeb593dac6a4050a02de128ed227604ebb01f0
