[INFO] fetching crate trireme 0.1.6...
[INFO] testing trireme-0.1.6 against nightly-2024-10-28 for randomize-layout
[INFO] extracting crate trireme 0.1.6 into /workspace/builds/worker-6-tc1/source
[INFO] validating manifest of crates.io crate trireme 0.1.6 on toolchain nightly-2024-10-28
[INFO] running `Command { std: CARGO_HOME="/workspace/cargo-home" RUSTUP_HOME="/workspace/rustup-home" "/workspace/cargo-home/bin/cargo" "+nightly-2024-10-28" "metadata" "--manifest-path" "Cargo.toml" "--no-deps", kill_on_drop: false }`
[INFO] started tweaking crates.io crate trireme 0.1.6
[INFO] finished tweaking crates.io crate trireme 0.1.6
[INFO] tweaked toml for crates.io crate trireme 0.1.6 written to /workspace/builds/worker-6-tc1/source/Cargo.toml
[INFO] crate crates.io crate trireme 0.1.6 already has a lockfile, it will not be regenerated
[INFO] running `Command { std: CARGO_HOME="/workspace/cargo-home" RUSTUP_HOME="/workspace/rustup-home" "/workspace/cargo-home/bin/cargo" "+nightly-2024-10-28" "fetch" "--manifest-path" "Cargo.toml", kill_on_drop: false }`
[INFO] [stderr]     Blocking waiting for file lock on package cache
[INFO] [stderr]     Updating crates.io index
[INFO] [stderr]     Blocking waiting for file lock on package cache
[INFO] [stderr]  Downloading crates ...
[INFO] [stderr]   Downloaded peg-macros v0.8.1
[INFO] [stderr]   Downloaded peg-runtime v0.8.1
[INFO] [stderr]   Downloaded pretty v0.11.3
[INFO] [stderr]   Downloaded flat-rs v0.0.21
[INFO] [stderr]   Downloaded peg v0.8.1
[INFO] [stderr]   Downloaded uuid-macro-internal v1.2.1
[INFO] [stderr]   Downloaded pallas-codec v0.14.0
[INFO] [stderr]   Downloaded uplc v0.0.22
[INFO] [stderr]   Downloaded uuid v1.2.1
[INFO] [stderr]   Downloaded schemars_derive v0.8.11
[INFO] [stderr]   Downloaded serde_with_macros v2.0.1
[INFO] [stderr]   Downloaded ed25519-bip32 v0.4.1
[INFO] [stderr]   Downloaded cbor_event v2.2.0
[INFO] [stderr]   Downloaded naumachia v0.1.6
[INFO] [stderr]   Downloaded schemars v0.8.11
[INFO] [stderr]   Downloaded fraction v0.10.0
[INFO] [stderr]   Downloaded serde_with v2.0.1
[INFO] [stderr]   Downloaded tiny-bip39 v1.0.0
[INFO] [stderr]   Downloaded cryptoxide v0.4.2
[INFO] [stderr]   Downloaded minicbor v0.18.0
[INFO] [stderr]   Downloaded pallas-primitives v0.14.0
[INFO] [stderr]   Downloaded pallas-addresses v0.14.0
[INFO] [stderr]   Downloaded minicbor-derive v0.12.0
[INFO] [stderr]   Downloaded pallas-crypto v0.14.0
[INFO] [stderr]   Downloaded pallas-traverse v0.14.0
[INFO] [stderr]   Downloaded blockfrost-http-client v0.0.6
[INFO] [stderr]   Downloaded cardano-multiplatform-lib v3.1.0
[INFO] running `Command { std: "docker" "create" "-v" "/var/lib/crater-agent-workspace/builds/worker-6-tc1/target:/opt/rustwide/target:rw,Z" "-v" "/var/lib/crater-agent-workspace/builds/worker-6-tc1/source:/opt/rustwide/workdir:ro,Z" "-v" "/var/lib/crater-agent-workspace/cargo-home:/opt/rustwide/cargo-home:ro,Z" "-v" "/var/lib/crater-agent-workspace/rustup-home:/opt/rustwide/rustup-home:ro,Z" "-e" "SOURCE_DIR=/opt/rustwide/workdir" "-e" "CARGO_TARGET_DIR=/opt/rustwide/target" "-e" "CARGO_HOME=/opt/rustwide/cargo-home" "-e" "RUSTUP_HOME=/opt/rustwide/rustup-home" "-w" "/opt/rustwide/workdir" "-m" "1610612736" "--user" "0:0" "--network" "none" "ghcr.io/rust-lang/crates-build-env/linux@sha256:4a844ea9eb2546a2d2c7022eacef16ef2e8229c7fbb2c7d4d55a9ceca922f72d" "/opt/rustwide/cargo-home/bin/cargo" "+nightly-2024-10-28" "metadata" "--no-deps" "--format-version=1", kill_on_drop: false }`
[INFO] [stdout] a98a7648e8034e79c40f97ea94a2b97b42416e8d6c808f45e97de106845fe0ca
[INFO] running `Command { std: "docker" "start" "-a" "a98a7648e8034e79c40f97ea94a2b97b42416e8d6c808f45e97de106845fe0ca", kill_on_drop: false }`
[INFO] running `Command { std: "docker" "inspect" "a98a7648e8034e79c40f97ea94a2b97b42416e8d6c808f45e97de106845fe0ca", kill_on_drop: false }`
[INFO] running `Command { std: "docker" "rm" "-f" "a98a7648e8034e79c40f97ea94a2b97b42416e8d6c808f45e97de106845fe0ca", kill_on_drop: false }`
[INFO] [stdout] a98a7648e8034e79c40f97ea94a2b97b42416e8d6c808f45e97de106845fe0ca
[INFO] running `Command { std: "docker" "create" "-v" "/var/lib/crater-agent-workspace/builds/worker-6-tc1/target:/opt/rustwide/target:rw,Z" "-v" "/var/lib/crater-agent-workspace/builds/worker-6-tc1/source:/opt/rustwide/workdir:ro,Z" "-v" "/var/lib/crater-agent-workspace/cargo-home:/opt/rustwide/cargo-home:ro,Z" "-v" "/var/lib/crater-agent-workspace/rustup-home:/opt/rustwide/rustup-home:ro,Z" "-e" "SOURCE_DIR=/opt/rustwide/workdir" "-e" "CARGO_TARGET_DIR=/opt/rustwide/target" "-e" "CARGO_INCREMENTAL=0" "-e" "RUST_BACKTRACE=full" "-e" "RUSTFLAGS=--cap-lints=forbid" "-e" "RUSTDOCFLAGS=--cap-lints=forbid" "-e" "CARGO_HOME=/opt/rustwide/cargo-home" "-e" "RUSTUP_HOME=/opt/rustwide/rustup-home" "-w" "/opt/rustwide/workdir" "-m" "1610612736" "--user" "0:0" "--network" "none" "ghcr.io/rust-lang/crates-build-env/linux@sha256:4a844ea9eb2546a2d2c7022eacef16ef2e8229c7fbb2c7d4d55a9ceca922f72d" "/opt/rustwide/cargo-home/bin/cargo" "+nightly-2024-10-28" "build" "--frozen" "--message-format=json", kill_on_drop: false }`
[INFO] [stdout] a0f767da94e5f884f0771723fb6294409bd611626b7b0e3ba6a8048c348b51f3
[INFO] running `Command { std: "docker" "start" "-a" "a0f767da94e5f884f0771723fb6294409bd611626b7b0e3ba6a8048c348b51f3", kill_on_drop: false }`
[INFO] [stderr]    Compiling proc-macro2 v1.0.47
[INFO] [stderr]    Compiling unicode-ident v1.0.5
[INFO] [stderr]    Compiling quote v1.0.21
[INFO] [stderr]    Compiling autocfg v1.1.0
[INFO] [stderr]    Compiling syn v1.0.103
[INFO] [stderr]    Compiling libc v0.2.137
[INFO] [stderr]    Compiling cfg-if v1.0.0
[INFO] [stderr]    Compiling version_check v0.9.4
[INFO] [stderr]    Compiling serde_derive v1.0.147
[INFO] [stderr]    Compiling log v0.4.17
[INFO] [stderr]    Compiling serde v1.0.147
[INFO] [stderr]    Compiling cc v1.0.76
[INFO] [stderr]    Compiling itoa v1.0.4
[INFO] [stderr]    Compiling typenum v1.15.0
[INFO] [stderr]    Compiling generic-array v0.14.6
[INFO] [stdout] error[E0422]: cannot find struct, variant or union type `LineColumn` in crate `proc_macro`
[INFO] [stdout]    --> /opt/rustwide/cargo-home/registry/src/index.crates.io-6f17d22bba15001f/proc-macro2-1.0.47/src/wrapper.rs:479:33
[INFO] [stdout]     |
[INFO] [stdout] 479 |                 let proc_macro::LineColumn { line, column } = s.start();
[INFO] [stdout]     |                                 ^^^^^^^^^^ not found in `proc_macro`
[INFO] [stdout]     |
[INFO] [stdout] help: consider importing one of these structs
[INFO] [stdout]     |
[INFO] [stdout] 1   + use crate::LineColumn;
[INFO] [stdout]     |
[INFO] [stdout] 1   + use crate::fallback::LineColumn;
[INFO] [stdout]     |
[INFO] [stdout] help: if you import `LineColumn`, refer to it directly
[INFO] [stdout]     |
[INFO] [stdout] 479 -                 let proc_macro::LineColumn { line, column } = s.start();
[INFO] [stdout] 479 +                 let LineColumn { line, column } = s.start();
[INFO] [stdout]     |
[INFO] [stdout] 
[INFO] [stdout] 
[INFO] [stderr]    Compiling once_cell v1.16.0
[INFO] [stdout] error[E0422]: cannot find struct, variant or union type `LineColumn` in crate `proc_macro`
[INFO] [stdout]    --> /opt/rustwide/cargo-home/registry/src/index.crates.io-6f17d22bba15001f/proc-macro2-1.0.47/src/wrapper.rs:496:33
[INFO] [stdout]     |
[INFO] [stdout] 496 |                 let proc_macro::LineColumn { line, column } = s.end();
[INFO] [stdout]     |                                 ^^^^^^^^^^ not found in `proc_macro`
[INFO] [stdout]     |
[INFO] [stdout] help: consider importing one of these structs
[INFO] [stdout]     |
[INFO] [stdout] 1   + use crate::LineColumn;
[INFO] [stdout]     |
[INFO] [stdout] 1   + use crate::fallback::LineColumn;
[INFO] [stdout]     |
[INFO] [stdout] help: if you import `LineColumn`, refer to it directly
[INFO] [stdout]     |
[INFO] [stdout] 496 -                 let proc_macro::LineColumn { line, column } = s.end();
[INFO] [stdout] 496 +                 let LineColumn { line, column } = s.end();
[INFO] [stdout]     |
[INFO] [stdout] 
[INFO] [stdout] 
[INFO] [stdout] error[E0635]: unknown feature `proc_macro_span_shrink`
[INFO] [stdout]   --> /opt/rustwide/cargo-home/registry/src/index.crates.io-6f17d22bba15001f/proc-macro2-1.0.47/src/lib.rs:92:30
[INFO] [stdout]    |
[INFO] [stdout] 92 |     feature(proc_macro_span, proc_macro_span_shrink)
[INFO] [stdout]    |                              ^^^^^^^^^^^^^^^^^^^^^^
[INFO] [stdout] 
[INFO] [stdout] 
[INFO] [stderr]    Compiling memchr v2.5.0
[INFO] [stderr]    Compiling pin-project-lite v0.2.9
[INFO] [stderr]    Compiling num-traits v0.2.15
[INFO] [stderr]    Compiling fnv v1.0.7
[INFO] [stdout] Some errors have detailed explanations: E0422, E0635.
[INFO] [stdout] 
[INFO] [stdout] For more information about an error, try `rustc --explain E0422`.
[INFO] [stdout] 
[INFO] [stderr] error: could not compile `proc-macro2` (lib) due to 3 previous errors
[INFO] [stderr] warning: build failed, waiting for other jobs to finish...
[INFO] running `Command { std: "docker" "inspect" "a0f767da94e5f884f0771723fb6294409bd611626b7b0e3ba6a8048c348b51f3", kill_on_drop: false }`
[INFO] running `Command { std: "docker" "rm" "-f" "a0f767da94e5f884f0771723fb6294409bd611626b7b0e3ba6a8048c348b51f3", kill_on_drop: false }`
[INFO] [stdout] a0f767da94e5f884f0771723fb6294409bd611626b7b0e3ba6a8048c348b51f3
