[INFO] fetching crate trillium-head 0.2.3...
[INFO] testing trillium-head-0.2.3 against nightly-2024-10-28+rustflags=-Zrandomize-layout for randomize-layout
[INFO] extracting crate trillium-head 0.2.3 into /workspace/builds/worker-2-tc2/source
[INFO] validating manifest of crates.io crate trillium-head 0.2.3 on toolchain nightly-2024-10-28
[INFO] running `Command { std: CARGO_HOME="/workspace/cargo-home" RUSTUP_HOME="/workspace/rustup-home" "/workspace/cargo-home/bin/cargo" "+nightly-2024-10-28" "metadata" "--manifest-path" "Cargo.toml" "--no-deps", kill_on_drop: false }`
[INFO] started tweaking crates.io crate trillium-head 0.2.3
[INFO] finished tweaking crates.io crate trillium-head 0.2.3
[INFO] tweaked toml for crates.io crate trillium-head 0.2.3 written to /workspace/builds/worker-2-tc2/source/Cargo.toml
[INFO] crate crates.io crate trillium-head 0.2.3 already has a lockfile, it will not be regenerated
[INFO] running `Command { std: CARGO_HOME="/workspace/cargo-home" RUSTUP_HOME="/workspace/rustup-home" "/workspace/cargo-home/bin/cargo" "+nightly-2024-10-28" "fetch" "--manifest-path" "Cargo.toml", kill_on_drop: false }`
[INFO] running `Command { std: "docker" "create" "-v" "/var/lib/crater-agent-workspace/builds/worker-2-tc2/target:/opt/rustwide/target:rw,Z" "-v" "/var/lib/crater-agent-workspace/builds/worker-2-tc2/source:/opt/rustwide/workdir:ro,Z" "-v" "/var/lib/crater-agent-workspace/cargo-home:/opt/rustwide/cargo-home:ro,Z" "-v" "/var/lib/crater-agent-workspace/rustup-home:/opt/rustwide/rustup-home:ro,Z" "-e" "SOURCE_DIR=/opt/rustwide/workdir" "-e" "CARGO_TARGET_DIR=/opt/rustwide/target" "-e" "CARGO_HOME=/opt/rustwide/cargo-home" "-e" "RUSTUP_HOME=/opt/rustwide/rustup-home" "-w" "/opt/rustwide/workdir" "-m" "1610612736" "--user" "0:0" "--network" "none" "ghcr.io/rust-lang/crates-build-env/linux@sha256:4a844ea9eb2546a2d2c7022eacef16ef2e8229c7fbb2c7d4d55a9ceca922f72d" "/opt/rustwide/cargo-home/bin/cargo" "+nightly-2024-10-28" "metadata" "--no-deps" "--format-version=1", kill_on_drop: false }`
[INFO] [stdout] 25fda7336de2c253a62cc8a8b80ea09c37ba84ad7a4e05faf42c8c5c0d10bf91
[INFO] running `Command { std: "docker" "start" "-a" "25fda7336de2c253a62cc8a8b80ea09c37ba84ad7a4e05faf42c8c5c0d10bf91", kill_on_drop: false }`
[INFO] running `Command { std: "docker" "inspect" "25fda7336de2c253a62cc8a8b80ea09c37ba84ad7a4e05faf42c8c5c0d10bf91", kill_on_drop: false }`
[INFO] running `Command { std: "docker" "rm" "-f" "25fda7336de2c253a62cc8a8b80ea09c37ba84ad7a4e05faf42c8c5c0d10bf91", kill_on_drop: false }`
[INFO] [stdout] 25fda7336de2c253a62cc8a8b80ea09c37ba84ad7a4e05faf42c8c5c0d10bf91
[INFO] running `Command { std: "docker" "create" "-v" "/var/lib/crater-agent-workspace/builds/worker-2-tc2/target:/opt/rustwide/target:rw,Z" "-v" "/var/lib/crater-agent-workspace/builds/worker-2-tc2/source:/opt/rustwide/workdir:ro,Z" "-v" "/var/lib/crater-agent-workspace/cargo-home:/opt/rustwide/cargo-home:ro,Z" "-v" "/var/lib/crater-agent-workspace/rustup-home:/opt/rustwide/rustup-home:ro,Z" "-e" "SOURCE_DIR=/opt/rustwide/workdir" "-e" "CARGO_TARGET_DIR=/opt/rustwide/target" "-e" "CARGO_INCREMENTAL=0" "-e" "RUST_BACKTRACE=full" "-e" "RUSTFLAGS=--cap-lints=forbid -Zrandomize-layout" "-e" "RUSTDOCFLAGS=--cap-lints=forbid" "-e" "CARGO_HOME=/opt/rustwide/cargo-home" "-e" "RUSTUP_HOME=/opt/rustwide/rustup-home" "-w" "/opt/rustwide/workdir" "-m" "1610612736" "--user" "0:0" "--network" "none" "ghcr.io/rust-lang/crates-build-env/linux@sha256:4a844ea9eb2546a2d2c7022eacef16ef2e8229c7fbb2c7d4d55a9ceca922f72d" "/opt/rustwide/cargo-home/bin/cargo" "+nightly-2024-10-28" "build" "--frozen" "--message-format=json", kill_on_drop: false }`
[INFO] [stdout] 723c9aab1ab513d93412bd405832c7d885cf04bab676ca84d1e3d648ac27b128
[INFO] running `Command { std: "docker" "start" "-a" "723c9aab1ab513d93412bd405832c7d885cf04bab676ca84d1e3d648ac27b128", kill_on_drop: false }`
[INFO] [stderr]    Compiling proc-macro2 v1.0.84
[INFO] [stderr]    Compiling version_check v0.9.4
[INFO] [stderr]    Compiling unicode-ident v1.0.12
[INFO] [stderr]    Compiling crossbeam-utils v0.8.20
[INFO] [stderr]    Compiling parking v2.2.0
[INFO] [stderr]    Compiling pin-project-lite v0.2.14
[INFO] [stderr]    Compiling futures-core v0.3.30
[INFO] [stderr]    Compiling thiserror v1.0.61
[INFO] [stderr]    Compiling zerocopy v0.7.34
[INFO] [stderr]    Compiling fastrand v2.1.0
[INFO] [stderr]    Compiling futures-io v0.3.30
[INFO] [stderr]    Compiling once_cell v1.19.0
[INFO] [stderr]    Compiling static_assertions v1.1.0
[INFO] [stderr]    Compiling httparse v1.8.0
[INFO] [stderr]    Compiling encoding_rs v0.8.34
[INFO] [stderr]    Compiling log v0.4.21
[INFO] [stderr]    Compiling memchr v2.7.2
[INFO] [stderr]    Compiling mime v0.3.17
[INFO] [stderr]    Compiling futures-lite v2.3.0
[INFO] [stderr]    Compiling smartstring v1.0.1
[INFO] [stderr]    Compiling ahash v0.8.11
[INFO] [stderr]    Compiling concurrent-queue v2.5.0
[INFO] [stderr]    Compiling hashbrown v0.14.5
[INFO] [stderr]    Compiling event-listener v5.3.1
[INFO] [stderr]    Compiling quote v1.0.36
[INFO] [stderr]    Compiling smartcow v0.2.1
[INFO] [stderr]    Compiling syn v2.0.66
[INFO] [stderr]    Compiling stopper v0.2.7
[INFO] [stderr]    Compiling thiserror-impl v1.0.61
[INFO] [stderr]    Compiling trillium-macros v0.0.6
[INFO] [stderr]    Compiling async-trait v0.1.80
[INFO] [stderr]    Compiling trillium-http v0.3.17
[INFO] [stderr]    Compiling trillium v0.2.20
[INFO] [stderr]    Compiling trillium-head v0.2.3 (/opt/rustwide/workdir)
[INFO] [stderr]     Finished `dev` profile [unoptimized + debuginfo] target(s) in 6.88s
[INFO] running `Command { std: "docker" "inspect" "723c9aab1ab513d93412bd405832c7d885cf04bab676ca84d1e3d648ac27b128", kill_on_drop: false }`
[INFO] running `Command { std: "docker" "rm" "-f" "723c9aab1ab513d93412bd405832c7d885cf04bab676ca84d1e3d648ac27b128", kill_on_drop: false }`
[INFO] [stdout] 723c9aab1ab513d93412bd405832c7d885cf04bab676ca84d1e3d648ac27b128
[INFO] running `Command { std: "docker" "create" "-v" "/var/lib/crater-agent-workspace/builds/worker-2-tc2/target:/opt/rustwide/target:rw,Z" "-v" "/var/lib/crater-agent-workspace/builds/worker-2-tc2/source:/opt/rustwide/workdir:ro,Z" "-v" "/var/lib/crater-agent-workspace/cargo-home:/opt/rustwide/cargo-home:ro,Z" "-v" "/var/lib/crater-agent-workspace/rustup-home:/opt/rustwide/rustup-home:ro,Z" "-e" "SOURCE_DIR=/opt/rustwide/workdir" "-e" "CARGO_TARGET_DIR=/opt/rustwide/target" "-e" "CARGO_INCREMENTAL=0" "-e" "RUST_BACKTRACE=full" "-e" "RUSTFLAGS=--cap-lints=forbid -Zrandomize-layout" "-e" "RUSTDOCFLAGS=--cap-lints=forbid" "-e" "CARGO_HOME=/opt/rustwide/cargo-home" "-e" "RUSTUP_HOME=/opt/rustwide/rustup-home" "-w" "/opt/rustwide/workdir" "-m" "1610612736" "--user" "0:0" "--network" "none" "ghcr.io/rust-lang/crates-build-env/linux@sha256:4a844ea9eb2546a2d2c7022eacef16ef2e8229c7fbb2c7d4d55a9ceca922f72d" "/opt/rustwide/cargo-home/bin/cargo" "+nightly-2024-10-28" "test" "--frozen" "--no-run" "--message-format=json", kill_on_drop: false }`
[INFO] [stdout] 23be7e2a1bd9037c5f6685a7eed1b58f056f7bc750bf817a446f2931afd8db5f
[INFO] running `Command { std: "docker" "start" "-a" "23be7e2a1bd9037c5f6685a7eed1b58f056f7bc750bf817a446f2931afd8db5f", kill_on_drop: false }`
[INFO] [stderr]    Compiling trillium-head v0.2.3 (/opt/rustwide/workdir)
[INFO] [stdout] error[E0433]: failed to resolve: use of undeclared crate or module `trillium_testing`
[INFO] [stdout]  --> tests/tests.rs:2:5
[INFO] [stdout]   |
[INFO] [stdout] 2 | use trillium_testing::{prelude::*, TestConn};
[INFO] [stdout]   |     ^^^^^^^^^^^^^^^^ use of undeclared crate or module `trillium_testing`
[INFO] [stdout] 
[INFO] [stdout] 
[INFO] [stdout] error[E0432]: unresolved import `trillium_testing`
[INFO] [stdout]  --> tests/tests.rs:2:5
[INFO] [stdout]   |
[INFO] [stdout] 2 | use trillium_testing::{prelude::*, TestConn};
[INFO] [stdout]   |     ^^^^^^^^^^^^^^^^ use of undeclared crate or module `trillium_testing`
[INFO] [stdout] 
[INFO] [stdout] 
[INFO] [stdout] error: cannot find macro `assert_ok` in this scope
[INFO] [stdout]   --> tests/tests.rs:14:5
[INFO] [stdout]    |
[INFO] [stdout] 14 |     assert_ok!(TestConn::build(Method::Head, "/", ()).on(&app), "", "content-length" => "19");
[INFO] [stdout]    |     ^^^^^^^^^ help: a macro with a similar name exists: `assert_eq`
[INFO] [stdout]   --> /rustc/df4ca44d3fbc9301ee17f30f4d474e6ae4b05252/library/core/src/macros/mod.rs:42:1
[INFO] [stdout]    |
[INFO] [stdout]    = note: similarly named macro `assert_eq` defined here
[INFO] [stdout] 
[INFO] [stdout] 
[INFO] [stdout] error: cannot find macro `assert_ok` in this scope
[INFO] [stdout]   --> tests/tests.rs:15:5
[INFO] [stdout]    |
[INFO] [stdout] 15 |     assert_ok!(get("/").on(&app), "ok, this is my body", "content-length" => "19");
[INFO] [stdout]    |     ^^^^^^^^^ help: a macro with a similar name exists: `assert_eq`
[INFO] [stdout]   --> /rustc/df4ca44d3fbc9301ee17f30f4d474e6ae4b05252/library/core/src/macros/mod.rs:42:1
[INFO] [stdout]    |
[INFO] [stdout]    = note: similarly named macro `assert_eq` defined here
[INFO] [stdout] 
[INFO] [stdout] 
[INFO] [stdout] error: cannot find macro `assert_response` in this scope
[INFO] [stdout]   --> tests/tests.rs:17:5
[INFO] [stdout]    |
[INFO] [stdout] 17 |     assert_response!(TestConn::build(Method::Head, "/not_found", ()).on(&app), 404, "", "content-length" => "23");
[INFO] [stdout]    |     ^^^^^^^^^^^^^^^
[INFO] [stdout] 
[INFO] [stdout] 
[INFO] [stdout] error: cannot find macro `assert_response` in this scope
[INFO] [stdout]   --> tests/tests.rs:18:5
[INFO] [stdout]    |
[INFO] [stdout] 18 |     assert_response!(get("/not_found").on(&app), 404, "egads i don't have that", "content-length" => "23");
[INFO] [stdout]    |     ^^^^^^^^^^^^^^^
[INFO] [stdout] 
[INFO] [stdout] 
[INFO] [stdout] error: cannot find macro `assert_not_handled` in this scope
[INFO] [stdout]   --> tests/tests.rs:20:5
[INFO] [stdout]    |
[INFO] [stdout] 20 |     assert_not_handled!(post("/").on(&app));
[INFO] [stdout]    |     ^^^^^^^^^^^^^^^^^^
[INFO] [stdout] 
[INFO] [stdout] 
[INFO] [stdout] error[E0433]: failed to resolve: use of undeclared crate or module `trillium_smol`
[INFO] [stdout]  --> examples/head.rs:2:5
[INFO] [stdout]   |
[INFO] [stdout] 2 |     trillium_smol::run((
[INFO] [stdout]   |     ^^^^^^^^^^^^^ use of undeclared crate or module `trillium_smol`
[INFO] [stdout]   |
[INFO] [stdout] help: there is a crate or module with a similar name
[INFO] [stdout]   |
[INFO] [stdout] 2 |     trillium_head::run((
[INFO] [stdout]   |     ~~~~~~~~~~~~~
[INFO] [stdout] 
[INFO] [stdout] 
[INFO] [stdout] error[E0412]: cannot find type `Conn` in this scope
[INFO] [stdout]  --> tests/tests.rs:6:36
[INFO] [stdout]   |
[INFO] [stdout] 6 |     let app = (Head::new(), |conn: Conn| async move {
[INFO] [stdout]   |                                    ^^^^ not found in this scope
[INFO] [stdout]   |
[INFO] [stdout] help: consider importing this struct
[INFO] [stdout]   |
[INFO] [stdout] 1 + use trillium::Conn;
[INFO] [stdout]   |
[INFO] [stdout] 
[INFO] [stdout] 
[INFO] [stdout] error[E0433]: failed to resolve: use of undeclared type `Method`
[INFO] [stdout]  --> tests/tests.rs:8:14
[INFO] [stdout]   |
[INFO] [stdout] 8 |             (Method::Get, "/") => conn.ok("ok, this is my body"),
[INFO] [stdout]   |              ^^^^^^ use of undeclared type `Method`
[INFO] [stdout]   |
[INFO] [stdout] help: consider importing this enum
[INFO] [stdout]   |
[INFO] [stdout] 1 + use trillium::Method;
[INFO] [stdout]   |
[INFO] [stdout] 
[INFO] [stdout] 
[INFO] [stdout] error[E0433]: failed to resolve: use of undeclared type `Method`
[INFO] [stdout]  --> tests/tests.rs:9:14
[INFO] [stdout]   |
[INFO] [stdout] 9 |             (Method::Get, _) => conn.with_status(404).with_body("egads i don't have that"),
[INFO] [stdout]   |              ^^^^^^ use of undeclared type `Method`
[INFO] [stdout]   |
[INFO] [stdout] help: consider importing this enum
[INFO] [stdout]   |
[INFO] [stdout] 1 + use trillium::Method;
[INFO] [stdout]   |
[INFO] [stdout] 
[INFO] [stdout] 
[INFO] [stdout] For more information about this error, try `rustc --explain E0433`.
[INFO] [stdout] 
[INFO] [stdout] Some errors have detailed explanations: E0412, E0432, E0433.
[INFO] [stdout] 
[INFO] [stderr] error: could not compile `trillium-head` (example "head") due to 1 previous error
[INFO] [stdout] For more information about an error, try `rustc --explain E0412`.
[INFO] [stdout] 
[INFO] [stderr] warning: build failed, waiting for other jobs to finish...
[INFO] [stderr] error: could not compile `trillium-head` (test "tests") due to 10 previous errors
[INFO] running `Command { std: "docker" "inspect" "23be7e2a1bd9037c5f6685a7eed1b58f056f7bc750bf817a446f2931afd8db5f", kill_on_drop: false }`
[INFO] running `Command { std: "docker" "rm" "-f" "23be7e2a1bd9037c5f6685a7eed1b58f056f7bc750bf817a446f2931afd8db5f", kill_on_drop: false }`
[INFO] [stdout] 23be7e2a1bd9037c5f6685a7eed1b58f056f7bc750bf817a446f2931afd8db5f
