[INFO] fetching crate trellis-runner 0.1.0...
[INFO] testing trellis-runner-0.1.0 against nightly-2024-10-28+rustflags=-Zrandomize-layout for randomize-layout
[INFO] extracting crate trellis-runner 0.1.0 into /workspace/builds/worker-6-tc2/source
[INFO] validating manifest of crates.io crate trellis-runner 0.1.0 on toolchain nightly-2024-10-28
[INFO] running `Command { std: CARGO_HOME="/workspace/cargo-home" RUSTUP_HOME="/workspace/rustup-home" "/workspace/cargo-home/bin/cargo" "+nightly-2024-10-28" "metadata" "--manifest-path" "Cargo.toml" "--no-deps", kill_on_drop: false }`
[INFO] started tweaking crates.io crate trellis-runner 0.1.0
[INFO] removed 0 missing tests
[INFO] finished tweaking crates.io crate trellis-runner 0.1.0
[INFO] tweaked toml for crates.io crate trellis-runner 0.1.0 written to /workspace/builds/worker-6-tc2/source/Cargo.toml
[INFO] running `Command { std: CARGO_HOME="/workspace/cargo-home" RUSTUP_HOME="/workspace/rustup-home" "/workspace/cargo-home/bin/cargo" "+nightly-2024-10-28" "generate-lockfile" "--manifest-path" "Cargo.toml", kill_on_drop: false }`
[INFO] [stderr]     Updating crates.io index
[INFO] [stderr]      Locking 145 packages to latest compatible versions
[INFO] [stderr]       Adding fs-err v2.11.0 (available: v3.0.0)
[INFO] [stderr]       Adding ndarray v0.15.6 (available: v0.16.1)
[INFO] [stderr]       Adding plotly v0.8.4 (available: v0.10.0)
[INFO] running `Command { std: CARGO_HOME="/workspace/cargo-home" RUSTUP_HOME="/workspace/rustup-home" "/workspace/cargo-home/bin/cargo" "+nightly-2024-10-28" "fetch" "--manifest-path" "Cargo.toml", kill_on_drop: false }`
[INFO] running `Command { std: "docker" "create" "-v" "/var/lib/crater-agent-workspace/builds/worker-6-tc2/target:/opt/rustwide/target:rw,Z" "-v" "/var/lib/crater-agent-workspace/builds/worker-6-tc2/source:/opt/rustwide/workdir:ro,Z" "-v" "/var/lib/crater-agent-workspace/cargo-home:/opt/rustwide/cargo-home:ro,Z" "-v" "/var/lib/crater-agent-workspace/rustup-home:/opt/rustwide/rustup-home:ro,Z" "-e" "SOURCE_DIR=/opt/rustwide/workdir" "-e" "CARGO_TARGET_DIR=/opt/rustwide/target" "-e" "CARGO_HOME=/opt/rustwide/cargo-home" "-e" "RUSTUP_HOME=/opt/rustwide/rustup-home" "-w" "/opt/rustwide/workdir" "-m" "1610612736" "--user" "0:0" "--network" "none" "ghcr.io/rust-lang/crates-build-env/linux@sha256:4a844ea9eb2546a2d2c7022eacef16ef2e8229c7fbb2c7d4d55a9ceca922f72d" "/opt/rustwide/cargo-home/bin/cargo" "+nightly-2024-10-28" "metadata" "--no-deps" "--format-version=1", kill_on_drop: false }`
[INFO] [stdout] fadedf18fc53ca6334af20b5944bb0b02f9def2e78e3c39bcb9108d3d35e8391
[INFO] running `Command { std: "docker" "start" "-a" "fadedf18fc53ca6334af20b5944bb0b02f9def2e78e3c39bcb9108d3d35e8391", kill_on_drop: false }`
[INFO] running `Command { std: "docker" "inspect" "fadedf18fc53ca6334af20b5944bb0b02f9def2e78e3c39bcb9108d3d35e8391", kill_on_drop: false }`
[INFO] running `Command { std: "docker" "rm" "-f" "fadedf18fc53ca6334af20b5944bb0b02f9def2e78e3c39bcb9108d3d35e8391", kill_on_drop: false }`
[INFO] [stdout] fadedf18fc53ca6334af20b5944bb0b02f9def2e78e3c39bcb9108d3d35e8391
[INFO] running `Command { std: "docker" "create" "-v" "/var/lib/crater-agent-workspace/builds/worker-6-tc2/target:/opt/rustwide/target:rw,Z" "-v" "/var/lib/crater-agent-workspace/builds/worker-6-tc2/source:/opt/rustwide/workdir:ro,Z" "-v" "/var/lib/crater-agent-workspace/cargo-home:/opt/rustwide/cargo-home:ro,Z" "-v" "/var/lib/crater-agent-workspace/rustup-home:/opt/rustwide/rustup-home:ro,Z" "-e" "SOURCE_DIR=/opt/rustwide/workdir" "-e" "CARGO_TARGET_DIR=/opt/rustwide/target" "-e" "CARGO_INCREMENTAL=0" "-e" "RUST_BACKTRACE=full" "-e" "RUSTFLAGS=--cap-lints=forbid -Zrandomize-layout" "-e" "RUSTDOCFLAGS=--cap-lints=forbid" "-e" "CARGO_HOME=/opt/rustwide/cargo-home" "-e" "RUSTUP_HOME=/opt/rustwide/rustup-home" "-w" "/opt/rustwide/workdir" "-m" "1610612736" "--user" "0:0" "--network" "none" "ghcr.io/rust-lang/crates-build-env/linux@sha256:4a844ea9eb2546a2d2c7022eacef16ef2e8229c7fbb2c7d4d55a9ceca922f72d" "/opt/rustwide/cargo-home/bin/cargo" "+nightly-2024-10-28" "build" "--frozen" "--message-format=json", kill_on_drop: false }`
[INFO] [stdout] 4eae42551c3f817cf59be5d064b0921c5b2852722b085fac1181247f1d9e7d8d
[INFO] running `Command { std: "docker" "start" "-a" "4eae42551c3f817cf59be5d064b0921c5b2852722b085fac1181247f1d9e7d8d", kill_on_drop: false }`
[INFO] [stderr]    Compiling proc-macro2 v1.0.89
[INFO] [stderr]    Compiling unicode-ident v1.0.13
[INFO] [stderr]    Compiling autocfg v1.4.0
[INFO] [stderr]    Compiling thiserror v1.0.66
[INFO] [stderr]    Compiling once_cell v1.20.2
[INFO] [stderr]    Compiling serde v1.0.214
[INFO] [stderr]    Compiling pin-project-lite v0.2.15
[INFO] [stderr]    Compiling web-time v1.1.0
[INFO] [stderr]    Compiling tracing-core v0.1.32
[INFO] [stderr]    Compiling num-traits v0.2.19
[INFO] [stderr]    Compiling quote v1.0.37
[INFO] [stderr]    Compiling syn v2.0.86
[INFO] [stderr]    Compiling serde_derive v1.0.214
[INFO] [stderr]    Compiling thiserror-impl v1.0.66
[INFO] [stderr]    Compiling tracing-attributes v0.1.27
[INFO] [stderr]    Compiling tracing v0.1.40
[INFO] [stderr]    Compiling trellis-runner v0.1.0 (/opt/rustwide/workdir)
[INFO] [stdout] warning: unused import: `tracing::Tracer`
[INFO] [stdout]   --> src/watchers/mod.rs:15:9
[INFO] [stdout]    |
[INFO] [stdout] 15 | pub use tracing::Tracer;
[INFO] [stdout]    |         ^^^^^^^^^^^^^^^
[INFO] [stdout]    |
[INFO] [stdout]    = note: `#[warn(unused_imports)]` on by default
[INFO] [stdout] 
[INFO] [stdout] 
[INFO] [stderr]     Finished `dev` profile [unoptimized + debuginfo] target(s) in 6.64s
[INFO] running `Command { std: "docker" "inspect" "4eae42551c3f817cf59be5d064b0921c5b2852722b085fac1181247f1d9e7d8d", kill_on_drop: false }`
[INFO] running `Command { std: "docker" "rm" "-f" "4eae42551c3f817cf59be5d064b0921c5b2852722b085fac1181247f1d9e7d8d", kill_on_drop: false }`
[INFO] [stdout] 4eae42551c3f817cf59be5d064b0921c5b2852722b085fac1181247f1d9e7d8d
[INFO] running `Command { std: "docker" "create" "-v" "/var/lib/crater-agent-workspace/builds/worker-6-tc2/target:/opt/rustwide/target:rw,Z" "-v" "/var/lib/crater-agent-workspace/builds/worker-6-tc2/source:/opt/rustwide/workdir:ro,Z" "-v" "/var/lib/crater-agent-workspace/cargo-home:/opt/rustwide/cargo-home:ro,Z" "-v" "/var/lib/crater-agent-workspace/rustup-home:/opt/rustwide/rustup-home:ro,Z" "-e" "SOURCE_DIR=/opt/rustwide/workdir" "-e" "CARGO_TARGET_DIR=/opt/rustwide/target" "-e" "CARGO_INCREMENTAL=0" "-e" "RUST_BACKTRACE=full" "-e" "RUSTFLAGS=--cap-lints=forbid -Zrandomize-layout" "-e" "RUSTDOCFLAGS=--cap-lints=forbid" "-e" "CARGO_HOME=/opt/rustwide/cargo-home" "-e" "RUSTUP_HOME=/opt/rustwide/rustup-home" "-w" "/opt/rustwide/workdir" "-m" "1610612736" "--user" "0:0" "--network" "none" "ghcr.io/rust-lang/crates-build-env/linux@sha256:4a844ea9eb2546a2d2c7022eacef16ef2e8229c7fbb2c7d4d55a9ceca922f72d" "/opt/rustwide/cargo-home/bin/cargo" "+nightly-2024-10-28" "test" "--frozen" "--no-run" "--message-format=json", kill_on_drop: false }`
[INFO] [stdout] ba706d8670c6cbcfd902394e4a8276aa347c3b811ceb2cedbe677ceaf341cf74
[INFO] running `Command { std: "docker" "start" "-a" "ba706d8670c6cbcfd902394e4a8276aa347c3b811ceb2cedbe677ceaf341cf74", kill_on_drop: false }`
[INFO] [stderr]    Compiling libc v0.2.161
[INFO] [stderr]    Compiling parking_lot_core v0.9.10
[INFO] [stderr]    Compiling cfg-if v1.0.0
[INFO] [stderr]    Compiling lock_api v0.4.12
[INFO] [stderr]    Compiling scopeguard v1.2.0
[INFO] [stderr]    Compiling smallvec v1.13.2
[INFO] [stderr]    Compiling futures-core v0.3.31
[INFO] [stderr]    Compiling bytes v1.8.0
[INFO] [stderr]    Compiling futures-sink v0.3.31
[INFO] [stderr]    Compiling tokio-macros v2.4.0
[INFO] [stderr]    Compiling async-stream-impl v0.3.6
[INFO] [stdout] warning: unused import: `tracing::Tracer`
[INFO] [stdout]   --> src/watchers/mod.rs:15:9
[INFO] [stdout]    |
[INFO] [stdout] 15 | pub use tracing::Tracer;
[INFO] [stdout]    |         ^^^^^^^^^^^^^^^
[INFO] [stdout]    |
[INFO] [stdout]    = note: `#[warn(unused_imports)]` on by default
[INFO] [stdout] 
[INFO] [stdout] 
[INFO] [stderr]    Compiling async-stream v0.3.6
[INFO] [stderr]    Compiling mio v1.0.2
[INFO] [stderr]    Compiling socket2 v0.5.7
[INFO] [stderr]    Compiling signal-hook-registry v1.4.2
[INFO] [stderr]    Compiling parking_lot v0.12.3
[INFO] [stderr]    Compiling tokio v1.41.0
[INFO] [stderr]    Compiling tokio-stream v0.1.16
[INFO] [stderr]    Compiling tokio-util v0.7.12
[INFO] [stderr]    Compiling tokio-test v0.4.4
[INFO] [stderr]    Compiling trellis-runner v0.1.0 (/opt/rustwide/workdir)
[INFO] [stdout] error[E0433]: failed to resolve: use of undeclared crate or module `trellis`
[INFO] [stdout]  --> tests/mod.rs:5:5
[INFO] [stdout]   |
[INFO] [stdout] 5 | use trellis::{prelude::*, ErrorEstimate};
[INFO] [stdout]   |     ^^^^^^^ use of undeclared crate or module `trellis`
[INFO] [stdout] 
[INFO] [stdout] 
[INFO] [stdout] error[E0432]: unresolved import `hifitime`
[INFO] [stdout]  --> tests/mod.rs:4:5
[INFO] [stdout]   |
[INFO] [stdout] 4 | use hifitime::Duration;
[INFO] [stdout]   |     ^^^^^^^^ use of undeclared crate or module `hifitime`
[INFO] [stdout] 
[INFO] [stdout] 
[INFO] [stdout] error[E0432]: unresolved import `trellis`
[INFO] [stdout]  --> tests/mod.rs:5:5
[INFO] [stdout]   |
[INFO] [stdout] 5 | use trellis::{prelude::*, ErrorEstimate};
[INFO] [stdout]   |     ^^^^^^^ use of undeclared crate or module `trellis`
[INFO] [stdout] 
[INFO] [stdout] 
[INFO] [stdout] error[E0405]: cannot find trait `UserState` in this scope
[INFO] [stdout]   --> tests/mod.rs:18:6
[INFO] [stdout]    |
[INFO] [stdout] 18 | impl UserState for DummyState {
[INFO] [stdout]    |      ^^^^^^^^^ not found in this scope
[INFO] [stdout]    |
[INFO] [stdout] help: consider importing this trait
[INFO] [stdout]    |
[INFO] [stdout] 1  + use trellis_runner::UserState;
[INFO] [stdout]    |
[INFO] [stdout] 
[INFO] [stdout] 
[INFO] [stdout] error[E0405]: cannot find trait `Calculation` in this scope
[INFO] [stdout]   --> tests/mod.rs:59:6
[INFO] [stdout]    |
[INFO] [stdout] 59 | impl Calculation<DummyProblem, DummyState> for DummyCalculation {
[INFO] [stdout]    |      ^^^^^^^^^^^ not found in this scope
[INFO] [stdout]    |
[INFO] [stdout] help: consider importing this trait
[INFO] [stdout]    |
[INFO] [stdout] 1  + use trellis_runner::Calculation;
[INFO] [stdout]    |
[INFO] [stdout] 
[INFO] [stdout] 
[INFO] [stdout] error[E0412]: cannot find type `Problem` in this scope
[INFO] [stdout]   --> tests/mod.rs:65:24
[INFO] [stdout]    |
[INFO] [stdout] 65 |         _problem: &mut Problem<DummyProblem>,
[INFO] [stdout]    |                        ^^^^^^^ not found in this scope
[INFO] [stdout]    |
[INFO] [stdout] help: consider importing this struct
[INFO] [stdout]    |
[INFO] [stdout] 1  + use trellis_runner::Problem;
[INFO] [stdout]    |
[INFO] [stdout] 
[INFO] [stdout] 
[INFO] [stdout] error[E0412]: cannot find type `Problem` in this scope
[INFO] [stdout]   --> tests/mod.rs:74:24
[INFO] [stdout]    |
[INFO] [stdout] 74 |         _problem: &mut Problem<DummyProblem>,
[INFO] [stdout]    |                        ^^^^^^^ not found in this scope
[INFO] [stdout]    |
[INFO] [stdout] help: consider importing this struct
[INFO] [stdout]    |
[INFO] [stdout] 1  + use trellis_runner::Problem;
[INFO] [stdout]    |
[INFO] [stdout] 
[INFO] [stdout] 
[INFO] [stdout] error[E0412]: cannot find type `Problem` in this scope
[INFO] [stdout]   --> tests/mod.rs:86:24
[INFO] [stdout]    |
[INFO] [stdout] 86 |         _problem: &mut Problem<DummyProblem>,
[INFO] [stdout]    |                        ^^^^^^^ not found in this scope
[INFO] [stdout]    |
[INFO] [stdout] help: consider importing this struct
[INFO] [stdout]    |
[INFO] [stdout] 1  + use trellis_runner::Problem;
[INFO] [stdout]    |
[INFO] [stdout] 
[INFO] [stdout] 
[INFO] [stdout] warning: unused import: `std::path::PathBuf`
[INFO] [stdout]  --> tests/mod.rs:2:5
[INFO] [stdout]   |
[INFO] [stdout] 2 | use std::path::PathBuf;
[INFO] [stdout]   |     ^^^^^^^^^^^^^^^^^^
[INFO] [stdout]   |
[INFO] [stdout]   = note: `#[warn(unused_imports)]` on by default
[INFO] [stdout] 
[INFO] [stdout] 
[INFO] [stdout] warning: unused import: `tracing::Tracer`
[INFO] [stdout]   --> src/watchers/mod.rs:15:9
[INFO] [stdout]    |
[INFO] [stdout] 15 | pub use tracing::Tracer;
[INFO] [stdout]    |         ^^^^^^^^^^^^^^^
[INFO] [stdout]    |
[INFO] [stdout]    = note: `#[warn(unused_imports)]` on by default
[INFO] [stdout] 
[INFO] [stdout] 
[INFO] [stdout] Some errors have detailed explanations: E0405, E0412, E0432, E0433.
[INFO] [stdout] 
[INFO] [stdout] For more information about an error, try `rustc --explain E0405`.
[INFO] [stdout] 
[INFO] [stderr] error: could not compile `trellis-runner` (test "mod") due to 8 previous errors; 1 warning emitted
[INFO] [stderr] warning: build failed, waiting for other jobs to finish...
[INFO] running `Command { std: "docker" "inspect" "ba706d8670c6cbcfd902394e4a8276aa347c3b811ceb2cedbe677ceaf341cf74", kill_on_drop: false }`
[INFO] running `Command { std: "docker" "rm" "-f" "ba706d8670c6cbcfd902394e4a8276aa347c3b811ceb2cedbe677ceaf341cf74", kill_on_drop: false }`
[INFO] [stdout] ba706d8670c6cbcfd902394e4a8276aa347c3b811ceb2cedbe677ceaf341cf74
