[INFO] fetching crate trdelnik-sandbox-cli 0.2.0...
[INFO] testing trdelnik-sandbox-cli-0.2.0 against nightly-2024-10-28 for randomize-layout
[INFO] extracting crate trdelnik-sandbox-cli 0.2.0 into /workspace/builds/worker-4-tc1/source
[INFO] validating manifest of crates.io crate trdelnik-sandbox-cli 0.2.0 on toolchain nightly-2024-10-28
[INFO] running `Command { std: CARGO_HOME="/workspace/cargo-home" RUSTUP_HOME="/workspace/rustup-home" "/workspace/cargo-home/bin/cargo" "+nightly-2024-10-28" "metadata" "--manifest-path" "Cargo.toml" "--no-deps", kill_on_drop: false }`
[INFO] started tweaking crates.io crate trdelnik-sandbox-cli 0.2.0
[INFO] finished tweaking crates.io crate trdelnik-sandbox-cli 0.2.0
[INFO] tweaked toml for crates.io crate trdelnik-sandbox-cli 0.2.0 written to /workspace/builds/worker-4-tc1/source/Cargo.toml
[INFO] crate crates.io crate trdelnik-sandbox-cli 0.2.0 already has a lockfile, it will not be regenerated
[INFO] running `Command { std: CARGO_HOME="/workspace/cargo-home" RUSTUP_HOME="/workspace/rustup-home" "/workspace/cargo-home/bin/cargo" "+nightly-2024-10-28" "fetch" "--manifest-path" "Cargo.toml", kill_on_drop: false }`
[INFO] [stderr]     Updating crates.io index
[INFO] [stderr]  Downloading crates ...
[INFO] [stderr]   Downloaded trdelnik-sandbox-client v0.3.1
[INFO] [stderr]   Downloaded solana-frozen-abi-macro v1.10.29
[INFO] [stderr]   Downloaded solana-sdk-macro v1.10.29
[INFO] [stderr]   Downloaded trdelnik-test v0.1.2
[INFO] [stderr]   Downloaded anchor-attribute-access-control v0.25.0
[INFO] [stderr]   Downloaded anchor-client v0.25.0
[INFO] [stderr]   Downloaded solana-compute-budget-program v1.10.29
[INFO] [stderr]   Downloaded solana-logger v1.10.29
[INFO] [stderr]   Downloaded solana-zk-token-proof-program v1.10.29
[INFO] [stderr]   Downloaded solana-frozen-abi v1.10.29
[INFO] [stderr]   Downloaded ouroboros v0.14.2
[INFO] [stderr]   Downloaded solana-version v1.10.29
[INFO] [stderr]   Downloaded solana-net-utils v1.10.29
[INFO] [stderr]   Downloaded solana-clap-utils v1.10.29
[INFO] [stderr]   Downloaded spl-token v3.3.0
[INFO] [stderr]   Downloaded vergen v6.0.2
[INFO] [stderr]   Downloaded anchor-attribute-account v0.25.0
[INFO] [stderr]   Downloaded pretty-hex v0.2.1
[INFO] [stderr]   Downloaded spl-associated-token-account v1.0.5
[INFO] [stderr]   Downloaded solana-remote-wallet v1.10.29
[INFO] [stderr]   Downloaded anchor-attribute-constant v0.25.0
[INFO] [stderr]   Downloaded solana-streamer v1.10.29
[INFO] [stderr]   Downloaded solana-account-decoder v1.10.29
[INFO] [stderr]   Downloaded solana-stake-program v1.10.29
[INFO] [stderr]   Downloaded solana-vote-program v1.10.29
[INFO] [stderr]   Downloaded spl-token-2022 v0.2.0
[INFO] [stderr]   Downloaded trdelnik-explorer v0.2.1
[INFO] [stderr]   Downloaded anchor-attribute-error v0.25.0
[INFO] [stderr]   Downloaded solana-sdk v1.10.29
[INFO] [stderr]   Downloaded solana-client v1.10.29
[INFO] [stderr]   Downloaded anchor-lang v0.25.0
[INFO] [stderr]   Downloaded solana-perf v1.10.29
[INFO] [stderr]   Downloaded solana-transaction-status v1.10.29
[INFO] [stderr]   Downloaded solana-program v1.10.29
[INFO] [stderr]   Downloaded anchor-attribute-program v0.25.0
[INFO] [stderr]   Downloaded solana-cli-config v1.10.29
[INFO] [stderr]   Downloaded solana-faucet v1.10.29
[INFO] [stderr]   Downloaded tokio-stream v0.1.10
[INFO] [stderr]   Downloaded ouroboros_macro v0.14.2
[INFO] [stderr]   Downloaded solana-address-lookup-table-program v1.10.29
[INFO] [stderr]   Downloaded solana-bucket-map v1.10.29
[INFO] [stderr]   Downloaded solana-metrics v1.10.29
[INFO] [stderr]   Downloaded signature v1.6.3
[INFO] [stderr]   Downloaded anchor-attribute-event v0.25.0
[INFO] [stderr]   Downloaded anchor-attribute-interface v0.25.0
[INFO] [stderr]   Downloaded anchor-attribute-state v0.25.0
[INFO] [stderr]   Downloaded anchor-syn v0.25.0
[INFO] [stderr]   Downloaded anchor-derive-accounts v0.25.0
[INFO] [stderr]   Downloaded solana-runtime v1.10.29
[INFO] [stderr]   Downloaded solana-cli-output v1.10.29
[INFO] [stderr]   Downloaded solana-rayon-threadlimit v1.10.29
[INFO] [stderr]   Downloaded solana-config-program v1.10.29
[INFO] [stderr]   Downloaded solana-measure v1.10.29
[INFO] [stderr]   Downloaded solana-program-runtime v1.10.29
[INFO] [stderr]   Downloaded sha3 v0.10.5
[INFO] [stderr]   Downloaded solana-zk-token-sdk v1.10.29
[INFO] [stderr]   Downloaded solana-zk-token-sdk v0.8.1
[INFO] running `Command { std: "docker" "create" "-v" "/var/lib/crater-agent-workspace/builds/worker-4-tc1/target:/opt/rustwide/target:rw,Z" "-v" "/var/lib/crater-agent-workspace/builds/worker-4-tc1/source:/opt/rustwide/workdir:ro,Z" "-v" "/var/lib/crater-agent-workspace/cargo-home:/opt/rustwide/cargo-home:ro,Z" "-v" "/var/lib/crater-agent-workspace/rustup-home:/opt/rustwide/rustup-home:ro,Z" "-e" "SOURCE_DIR=/opt/rustwide/workdir" "-e" "CARGO_TARGET_DIR=/opt/rustwide/target" "-e" "CARGO_HOME=/opt/rustwide/cargo-home" "-e" "RUSTUP_HOME=/opt/rustwide/rustup-home" "-w" "/opt/rustwide/workdir" "-m" "1610612736" "--user" "0:0" "--network" "none" "ghcr.io/rust-lang/crates-build-env/linux@sha256:4a844ea9eb2546a2d2c7022eacef16ef2e8229c7fbb2c7d4d55a9ceca922f72d" "/opt/rustwide/cargo-home/bin/cargo" "+nightly-2024-10-28" "metadata" "--no-deps" "--format-version=1", kill_on_drop: false }`
[INFO] [stdout] 81c5b172241c186e817999969e633438b5cff70b398076fcfce603c8758fcbf2
[INFO] running `Command { std: "docker" "start" "-a" "81c5b172241c186e817999969e633438b5cff70b398076fcfce603c8758fcbf2", kill_on_drop: false }`
[INFO] running `Command { std: "docker" "inspect" "81c5b172241c186e817999969e633438b5cff70b398076fcfce603c8758fcbf2", kill_on_drop: false }`
[INFO] running `Command { std: "docker" "rm" "-f" "81c5b172241c186e817999969e633438b5cff70b398076fcfce603c8758fcbf2", kill_on_drop: false }`
[INFO] [stdout] 81c5b172241c186e817999969e633438b5cff70b398076fcfce603c8758fcbf2
[INFO] running `Command { std: "docker" "create" "-v" "/var/lib/crater-agent-workspace/builds/worker-4-tc1/target:/opt/rustwide/target:rw,Z" "-v" "/var/lib/crater-agent-workspace/builds/worker-4-tc1/source:/opt/rustwide/workdir:ro,Z" "-v" "/var/lib/crater-agent-workspace/cargo-home:/opt/rustwide/cargo-home:ro,Z" "-v" "/var/lib/crater-agent-workspace/rustup-home:/opt/rustwide/rustup-home:ro,Z" "-e" "SOURCE_DIR=/opt/rustwide/workdir" "-e" "CARGO_TARGET_DIR=/opt/rustwide/target" "-e" "CARGO_INCREMENTAL=0" "-e" "RUST_BACKTRACE=full" "-e" "RUSTFLAGS=--cap-lints=forbid" "-e" "RUSTDOCFLAGS=--cap-lints=forbid" "-e" "CARGO_HOME=/opt/rustwide/cargo-home" "-e" "RUSTUP_HOME=/opt/rustwide/rustup-home" "-w" "/opt/rustwide/workdir" "-m" "1610612736" "--user" "0:0" "--network" "none" "ghcr.io/rust-lang/crates-build-env/linux@sha256:4a844ea9eb2546a2d2c7022eacef16ef2e8229c7fbb2c7d4d55a9ceca922f72d" "/opt/rustwide/cargo-home/bin/cargo" "+nightly-2024-10-28" "build" "--frozen" "--message-format=json", kill_on_drop: false }`
[INFO] [stdout] d2832af63de64e201d49e5c47c5afabe8e5a37bae710f4d401ddfe0495e20f5c
[INFO] running `Command { std: "docker" "start" "-a" "d2832af63de64e201d49e5c47c5afabe8e5a37bae710f4d401ddfe0495e20f5c", kill_on_drop: false }`
[INFO] [stderr]    Compiling proc-macro2 v1.0.46
[INFO] [stderr]    Compiling quote v1.0.21
[INFO] [stderr]    Compiling unicode-ident v1.0.4
[INFO] [stderr]    Compiling syn v1.0.101
[INFO] [stderr]    Compiling libc v0.2.134
[INFO] [stderr]    Compiling serde_derive v1.0.145
[INFO] [stderr]    Compiling serde v1.0.145
[INFO] [stderr]    Compiling version_check v0.9.4
[INFO] [stderr]    Compiling autocfg v1.1.0
[INFO] [stderr]    Compiling typenum v1.15.0
[INFO] [stderr]    Compiling once_cell v1.15.0
[INFO] [stderr]    Compiling semver v1.0.14
[INFO] [stderr]    Compiling log v0.4.17
[INFO] [stderr]    Compiling subtle v2.4.1
[INFO] [stderr]    Compiling thiserror v1.0.37
[INFO] [stderr]    Compiling scopeguard v1.1.0
[INFO] [stderr]    Compiling memchr v2.5.0
[INFO] [stderr]    Compiling cpufeatures v0.2.5
[INFO] [stderr]    Compiling itoa v1.0.3
[INFO] [stderr]    Compiling opaque-debug v0.3.0
[INFO] [stderr]    Compiling block-padding v0.2.1
[INFO] [stderr]    Compiling ppv-lite86 v0.2.16
[INFO] [stderr]    Compiling ryu v1.0.11
[INFO] [stderr]    Compiling serde_json v1.0.85
[INFO] [stderr]    Compiling rustversion v1.0.9
[INFO] [stderr]    Compiling base64 v0.13.0
[INFO] [stderr]    Compiling unicode-xid v0.2.4
[INFO] [stderr]    Compiling getrandom v0.1.16
[INFO] [stderr]    Compiling generic-array v0.14.6
[INFO] [stderr]    Compiling ahash v0.7.6
[INFO] [stderr]    Compiling crossbeam-utils v0.8.12
[INFO] [stderr]    Compiling indexmap v1.9.1
[INFO] [stderr]    Compiling num-traits v0.2.15
[INFO] [stdout] error[E0422]: cannot find struct, variant or union type `LineColumn` in crate `proc_macro`
[INFO] [stdout]    --> /opt/rustwide/cargo-home/registry/src/index.crates.io-6f17d22bba15001f/proc-macro2-1.0.46/src/wrapper.rs:479:33
[INFO] [stdout]     |
[INFO] [stdout] 479 |                 let proc_macro::LineColumn { line, column } = s.start();
[INFO] [stdout]     |                                 ^^^^^^^^^^ not found in `proc_macro`
[INFO] [stdout]     |
[INFO] [stdout] help: consider importing one of these structs
[INFO] [stdout]     |
[INFO] [stdout] 1   + use crate::LineColumn;
[INFO] [stdout]     |
[INFO] [stdout] 1   + use crate::fallback::LineColumn;
[INFO] [stdout]     |
[INFO] [stdout] help: if you import `LineColumn`, refer to it directly
[INFO] [stdout]     |
[INFO] [stdout] 479 -                 let proc_macro::LineColumn { line, column } = s.start();
[INFO] [stdout] 479 +                 let LineColumn { line, column } = s.start();
[INFO] [stdout]     |
[INFO] [stdout] 
[INFO] [stdout] 
[INFO] [stdout] error[E0422]: cannot find struct, variant or union type `LineColumn` in crate `proc_macro`
[INFO] [stdout]    --> /opt/rustwide/cargo-home/registry/src/index.crates.io-6f17d22bba15001f/proc-macro2-1.0.46/src/wrapper.rs:496:33
[INFO] [stdout]     |
[INFO] [stdout] 496 |                 let proc_macro::LineColumn { line, column } = s.end();
[INFO] [stdout]     |                                 ^^^^^^^^^^ not found in `proc_macro`
[INFO] [stdout]     |
[INFO] [stdout] help: consider importing one of these structs
[INFO] [stdout]     |
[INFO] [stdout] 1   + use crate::LineColumn;
[INFO] [stdout]     |
[INFO] [stdout] 1   + use crate::fallback::LineColumn;
[INFO] [stdout]     |
[INFO] [stdout] help: if you import `LineColumn`, refer to it directly
[INFO] [stdout]     |
[INFO] [stdout] 496 -                 let proc_macro::LineColumn { line, column } = s.end();
[INFO] [stdout] 496 +                 let LineColumn { line, column } = s.end();
[INFO] [stdout]     |
[INFO] [stdout] 
[INFO] [stdout] 
[INFO] [stdout] error[E0635]: unknown feature `proc_macro_span_shrink`
[INFO] [stdout]   --> /opt/rustwide/cargo-home/registry/src/index.crates.io-6f17d22bba15001f/proc-macro2-1.0.46/src/lib.rs:92:30
[INFO] [stdout]    |
[INFO] [stdout] 92 |     feature(proc_macro_span, proc_macro_span_shrink)
[INFO] [stdout]    |                              ^^^^^^^^^^^^^^^^^^^^^^
[INFO] [stdout] 
[INFO] [stdout] 
[INFO] [stderr]    Compiling memoffset v0.6.5
[INFO] [stderr]    Compiling byteorder v1.4.3
[INFO] [stderr]    Compiling num-integer v0.1.45
[INFO] [stderr]    Compiling crossbeam-epoch v0.9.11
[INFO] [stderr]    Compiling fnv v1.0.7
[INFO] [stderr]    Compiling crunchy v0.2.2
[INFO] [stderr]    Compiling rayon-core v1.9.3
[INFO] [stderr]    Compiling wasm-bindgen-shared v0.2.83
[INFO] [stderr]    Compiling rayon v1.5.3
[INFO] [stderr]    Compiling either v1.8.0
[INFO] [stderr]    Compiling bumpalo v3.11.0
[INFO] [stderr]    Compiling regex-syntax v0.6.27
[INFO] [stderr]    Compiling feature-probe v0.1.1
[INFO] [stderr]    Compiling im v15.1.0
[INFO] [stdout] Some errors have detailed explanations: E0422, E0635.
[INFO] [stdout] 
[INFO] [stderr]    Compiling keccak v0.1.2
[INFO] [stdout] For more information about an error, try `rustc --explain E0422`.
[INFO] [stdout] 
[INFO] [stderr] error: could not compile `proc-macro2` (lib) due to 3 previous errors
[INFO] [stderr] warning: build failed, waiting for other jobs to finish...
[INFO] running `Command { std: "docker" "inspect" "d2832af63de64e201d49e5c47c5afabe8e5a37bae710f4d401ddfe0495e20f5c", kill_on_drop: false }`
[INFO] running `Command { std: "docker" "rm" "-f" "d2832af63de64e201d49e5c47c5afabe8e5a37bae710f4d401ddfe0495e20f5c", kill_on_drop: false }`
[INFO] [stdout] d2832af63de64e201d49e5c47c5afabe8e5a37bae710f4d401ddfe0495e20f5c
