[INFO] fetching crate trdelnik-client 0.5.0...
[INFO] testing trdelnik-client-0.5.0 against nightly-2024-10-28+rustflags=-Zrandomize-layout for randomize-layout
[INFO] extracting crate trdelnik-client 0.5.0 into /workspace/builds/worker-0-tc2/source
[INFO] validating manifest of crates.io crate trdelnik-client 0.5.0 on toolchain nightly-2024-10-28
[INFO] running `Command { std: CARGO_HOME="/workspace/cargo-home" RUSTUP_HOME="/workspace/rustup-home" "/workspace/cargo-home/bin/cargo" "+nightly-2024-10-28" "metadata" "--manifest-path" "Cargo.toml" "--no-deps", kill_on_drop: false }`
[INFO] started tweaking crates.io crate trdelnik-client 0.5.0
[INFO] finished tweaking crates.io crate trdelnik-client 0.5.0
[INFO] tweaked toml for crates.io crate trdelnik-client 0.5.0 written to /workspace/builds/worker-0-tc2/source/Cargo.toml
[INFO] running `Command { std: CARGO_HOME="/workspace/cargo-home" RUSTUP_HOME="/workspace/rustup-home" "/workspace/cargo-home/bin/cargo" "+nightly-2024-10-28" "generate-lockfile" "--manifest-path" "Cargo.toml", kill_on_drop: false }`
[INFO] [stderr]     Updating crates.io index
[INFO] [stderr]      Locking 591 packages to latest compatible versions
[INFO] [stderr]       Adding anchor-client v0.28.0 (available: v0.30.1)
[INFO] [stderr]       Adding array-bytes v1.4.1 (available: v1.6.0)
[INFO] [stderr]       Adding blake3 v1.5.1 (available: v1.5.4)
[INFO] [stderr]       Adding borsh v0.10.4 (available: v1.5.1)
[INFO] [stderr]       Adding cargo_metadata v0.17.0 (available: v0.18.1)
[INFO] [stderr]       Adding chrono v0.4.24 (available: v0.4.38)
[INFO] [stderr]       Adding ed25519-dalek v1.0.1 (available: v2.1.1)
[INFO] [stderr]       Adding heck v0.4.1 (available: v0.5.0)
[INFO] [stderr]       Adding quinn-proto v0.9.6 (available: v0.11.8)
[INFO] [stderr]       Adding rstest v0.18.2 (available: v0.23.0)
[INFO] [stderr]       Adding serial_test v2.0.0 (available: v3.1.1)
[INFO] [stderr]       Adding solana-account-decoder v1.16.15 (available: v1.18.26)
[INFO] [stderr]       Adding solana-address-lookup-table-program v1.16.15 (available: v1.18.26)
[INFO] [stderr]       Adding solana-banks-client v1.16.15 (available: v1.18.26)
[INFO] [stderr]       Adding solana-banks-interface v1.16.15 (available: v1.18.26)
[INFO] [stderr]       Adding solana-banks-server v1.16.15 (available: v1.18.26)
[INFO] [stderr]       Adding solana-bpf-loader-program v1.16.15 (available: v1.18.26)
[INFO] [stderr]       Adding solana-bucket-map v1.16.15 (available: v1.18.26)
[INFO] [stderr]       Adding solana-clap-utils v1.16.15 (available: v1.18.26)
[INFO] [stderr]       Adding solana-cli-config v1.16.15 (available: v1.18.26)
[INFO] [stderr]       Adding solana-cli-output v1.16.15 (available: v1.18.26)
[INFO] [stderr]       Adding solana-client v1.16.15 (available: v1.18.26)
[INFO] [stderr]       Adding solana-compute-budget-program v1.16.15 (available: v1.18.26)
[INFO] [stderr]       Adding solana-config-program v1.16.15 (available: v1.18.26)
[INFO] [stderr]       Adding solana-connection-cache v1.16.15 (available: v1.18.26)
[INFO] [stderr]       Adding solana-frozen-abi v1.16.15 (available: v1.18.26)
[INFO] [stderr]       Adding solana-frozen-abi-macro v1.16.15 (available: v1.18.26)
[INFO] [stderr]       Adding solana-loader-v4-program v1.16.15 (available: v1.18.26)
[INFO] [stderr]       Adding solana-logger v1.16.15 (available: v1.18.26)
[INFO] [stderr]       Adding solana-measure v1.16.15 (available: v1.18.26)
[INFO] [stderr]       Adding solana-metrics v1.16.15 (available: v1.18.26)
[INFO] [stderr]       Adding solana-net-utils v1.16.15 (available: v1.18.26)
[INFO] [stderr]       Adding solana-perf v1.16.15 (available: v1.18.26)
[INFO] [stderr]       Adding solana-program v1.16.15 (available: v1.18.26)
[INFO] [stderr]       Adding solana-program v2.0.14 (available: v2.1.0)
[INFO] [stderr]       Adding solana-program-runtime v1.16.15 (available: v1.18.26)
[INFO] [stderr]       Adding solana-program-test v1.16.15 (available: v1.18.26)
[INFO] [stderr]       Adding solana-pubsub-client v1.16.15 (available: v1.18.26)
[INFO] [stderr]       Adding solana-quic-client v1.16.15 (available: v1.18.26)
[INFO] [stderr]       Adding solana-rayon-threadlimit v1.16.15 (available: v1.18.26)
[INFO] [stderr]       Adding solana-remote-wallet v1.16.15 (available: v1.18.26)
[INFO] [stderr]       Adding solana-rpc-client v1.16.15 (available: v1.18.26)
[INFO] [stderr]       Adding solana-rpc-client-api v1.16.15 (available: v1.18.26)
[INFO] [stderr]       Adding solana-rpc-client-nonce-utils v1.16.15 (available: v1.18.26)
[INFO] [stderr]       Adding solana-runtime v1.16.15 (available: v1.18.26)
[INFO] [stderr]       Adding solana-sdk v1.16.15 (available: v1.18.26)
[INFO] [stderr]       Adding solana-sdk-macro v1.16.15 (available: v1.18.26)
[INFO] [stderr]       Adding solana-sdk-macro v2.0.14 (available: v2.1.0)
[INFO] [stderr]       Adding solana-send-transaction-service v1.16.15 (available: v1.18.26)
[INFO] [stderr]       Adding solana-stake-program v1.16.15 (available: v1.18.26)
[INFO] [stderr]       Adding solana-streamer v1.16.15 (available: v1.18.26)
[INFO] [stderr]       Adding solana-system-program v1.16.15 (available: v1.18.26)
[INFO] [stderr]       Adding solana-thin-client v1.16.15 (available: v1.18.26)
[INFO] [stderr]       Adding solana-tpu-client v1.16.15 (available: v1.18.26)
[INFO] [stderr]       Adding solana-transaction-status v1.16.15 (available: v1.18.26)
[INFO] [stderr]       Adding solana-udp-client v1.16.15 (available: v1.18.26)
[INFO] [stderr]       Adding solana-version v1.16.15 (available: v1.18.26)
[INFO] [stderr]       Adding solana-vote-program v1.16.15 (available: v1.18.26)
[INFO] [stderr]       Adding solana-zk-token-proof-program v1.16.15 (available: v1.18.26)
[INFO] [stderr]       Adding solana-zk-token-sdk v1.16.15 (available: v1.18.26)
[INFO] [stderr]       Adding spl-associated-token-account v2.2.0 (available: v2.3.0)
[INFO] [stderr]       Adding spl-memo v4.0.3 (available: v4.0.4)
[INFO] [stderr]       Adding spl-token v4.0.2 (available: v4.0.3)
[INFO] [stderr]       Adding subtle v2.4.1 (available: v2.6.1)
[INFO] [stderr]       Adding syn v1.0.109 (available: v2.0.86)
[INFO] [stderr]       Adding toml v0.5.11 (available: v0.8.19)
[INFO] [stderr]       Adding wasi v0.10.0+wasi-snapshot-preview1 (available: v0.10.2+wasi-snapshot-preview1)
[INFO] [stderr]       Adding zeroize v1.3.0 (available: v1.8.1)
[INFO] running `Command { std: CARGO_HOME="/workspace/cargo-home" RUSTUP_HOME="/workspace/rustup-home" "/workspace/cargo-home/bin/cargo" "+nightly-2024-10-28" "fetch" "--manifest-path" "Cargo.toml", kill_on_drop: false }`
[INFO] running `Command { std: "docker" "create" "-v" "/var/lib/crater-agent-workspace/builds/worker-0-tc2/target:/opt/rustwide/target:rw,Z" "-v" "/var/lib/crater-agent-workspace/builds/worker-0-tc2/source:/opt/rustwide/workdir:ro,Z" "-v" "/var/lib/crater-agent-workspace/cargo-home:/opt/rustwide/cargo-home:ro,Z" "-v" "/var/lib/crater-agent-workspace/rustup-home:/opt/rustwide/rustup-home:ro,Z" "-e" "SOURCE_DIR=/opt/rustwide/workdir" "-e" "CARGO_TARGET_DIR=/opt/rustwide/target" "-e" "CARGO_HOME=/opt/rustwide/cargo-home" "-e" "RUSTUP_HOME=/opt/rustwide/rustup-home" "-w" "/opt/rustwide/workdir" "-m" "1610612736" "--user" "0:0" "--network" "none" "ghcr.io/rust-lang/crates-build-env/linux@sha256:4a844ea9eb2546a2d2c7022eacef16ef2e8229c7fbb2c7d4d55a9ceca922f72d" "/opt/rustwide/cargo-home/bin/cargo" "+nightly-2024-10-28" "metadata" "--no-deps" "--format-version=1", kill_on_drop: false }`
[INFO] [stdout] e097b28b0c0bd5b2337cad34dd85ed1ee8325f023e57abcd064a69c3adbb3391
[INFO] running `Command { std: "docker" "start" "-a" "e097b28b0c0bd5b2337cad34dd85ed1ee8325f023e57abcd064a69c3adbb3391", kill_on_drop: false }`
[INFO] running `Command { std: "docker" "inspect" "e097b28b0c0bd5b2337cad34dd85ed1ee8325f023e57abcd064a69c3adbb3391", kill_on_drop: false }`
[INFO] running `Command { std: "docker" "rm" "-f" "e097b28b0c0bd5b2337cad34dd85ed1ee8325f023e57abcd064a69c3adbb3391", kill_on_drop: false }`
[INFO] [stdout] e097b28b0c0bd5b2337cad34dd85ed1ee8325f023e57abcd064a69c3adbb3391
[INFO] running `Command { std: "docker" "create" "-v" "/var/lib/crater-agent-workspace/builds/worker-0-tc2/target:/opt/rustwide/target:rw,Z" "-v" "/var/lib/crater-agent-workspace/builds/worker-0-tc2/source:/opt/rustwide/workdir:ro,Z" "-v" "/var/lib/crater-agent-workspace/cargo-home:/opt/rustwide/cargo-home:ro,Z" "-v" "/var/lib/crater-agent-workspace/rustup-home:/opt/rustwide/rustup-home:ro,Z" "-e" "SOURCE_DIR=/opt/rustwide/workdir" "-e" "CARGO_TARGET_DIR=/opt/rustwide/target" "-e" "CARGO_INCREMENTAL=0" "-e" "RUST_BACKTRACE=full" "-e" "RUSTFLAGS=--cap-lints=forbid -Zrandomize-layout" "-e" "RUSTDOCFLAGS=--cap-lints=forbid" "-e" "CARGO_HOME=/opt/rustwide/cargo-home" "-e" "RUSTUP_HOME=/opt/rustwide/rustup-home" "-w" "/opt/rustwide/workdir" "-m" "1610612736" "--user" "0:0" "--network" "none" "ghcr.io/rust-lang/crates-build-env/linux@sha256:4a844ea9eb2546a2d2c7022eacef16ef2e8229c7fbb2c7d4d55a9ceca922f72d" "/opt/rustwide/cargo-home/bin/cargo" "+nightly-2024-10-28" "build" "--frozen" "--message-format=json", kill_on_drop: false }`
[INFO] [stdout] 23df0fe698cdbc7a2ff7b08b35f5456f09e5a99ad5c6aaa20264fb0844a4f9d3
[INFO] running `Command { std: "docker" "start" "-a" "23df0fe698cdbc7a2ff7b08b35f5456f09e5a99ad5c6aaa20264fb0844a4f9d3", kill_on_drop: false }`
[INFO] [stderr]    Compiling proc-macro2 v1.0.89
[INFO] [stderr]    Compiling unicode-ident v1.0.13
[INFO] [stderr]    Compiling libc v0.2.161
[INFO] [stderr]    Compiling serde v1.0.214
[INFO] [stderr]    Compiling generic-array v0.14.7
[INFO] [stderr]    Compiling subtle v2.4.1
[INFO] [stderr]    Compiling syn v1.0.109
[INFO] [stderr]    Compiling shlex v1.3.0
[INFO] [stderr]    Compiling memchr v2.7.4
[INFO] [stderr]    Compiling byteorder v1.5.0
[INFO] [stderr]    Compiling semver v1.0.23
[INFO] [stderr]    Compiling num-traits v0.2.19
[INFO] [stderr]    Compiling serde_json v1.0.132
[INFO] [stderr]    Compiling getrandom v0.1.16
[INFO] [stderr]    Compiling either v1.13.0
[INFO] [stderr]    Compiling ahash v0.8.11
[INFO] [stderr]    Compiling crunchy v0.2.2
[INFO] [stderr]    Compiling block-padding v0.2.1
[INFO] [stderr]    Compiling toml_datetime v0.6.8
[INFO] [stderr]    Compiling feature-probe v0.1.1
[INFO] [stderr]    Compiling itertools v0.10.5
[INFO] [stderr]    Compiling wasm-bindgen-shared v0.2.95
[INFO] [stderr]    Compiling base64 v0.21.7
[INFO] [stderr]    Compiling bv v0.11.1
[INFO] [stderr]    Compiling quote v1.0.37
[INFO] [stderr]    Compiling syn v2.0.86
[INFO] [stderr]    Compiling memoffset v0.9.1
[INFO] [stderr]    Compiling num-integer v0.1.46
[INFO] [stderr]    Compiling constant_time_eq v0.3.1
[INFO] [stderr]    Compiling arrayvec v0.7.6
[INFO] [stderr]    Compiling ahash v0.7.8
[INFO] [stderr]    Compiling bumpalo v3.16.0
[INFO] [stderr]    Compiling num-bigint v0.4.6
[INFO] [stderr]    Compiling base64 v0.12.3
[INFO] [stderr]    Compiling aho-corasick v1.1.3
[INFO] [stderr]    Compiling bitmaps v2.1.0
[INFO] [stderr]    Compiling im v15.1.0
[INFO] [stderr]    Compiling ident_case v1.0.1
[INFO] [stderr]    Compiling jobserver v0.1.32
[INFO] [stderr]    Compiling getrandom v0.2.15
[INFO] [stderr]    Compiling cc v1.1.31
[INFO] [stderr]    Compiling rand_core v0.6.4
[INFO] [stderr]    Compiling sized-chunks v0.6.5
[INFO] [stderr]    Compiling rand_core v0.5.1
[INFO] [stderr]    Compiling rand_xoshiro v0.6.0
[INFO] [stderr]    Compiling regex-automata v0.4.8
[INFO] [stderr]    Compiling rayon v1.10.0
[INFO] [stderr]    Compiling wasm-bindgen v0.2.95
[INFO] [stderr]    Compiling bs58 v0.4.0
[INFO] [stderr]    Compiling hashbrown v0.11.2
[INFO] [stderr]    Compiling memmap2 v0.5.10
[INFO] [stderr]    Compiling winnow v0.5.40
[INFO] [stderr]    Compiling percent-encoding v2.3.1
[INFO] [stderr]    Compiling array-bytes v1.4.1
[INFO] [stderr]    Compiling strsim v0.11.1
[INFO] [stderr]    Compiling atty v0.2.14
[INFO] [stderr]    Compiling bytes v1.8.0
[INFO] [stderr]    Compiling termcolor v1.4.1
[INFO] [stderr]    Compiling blake3 v1.5.1
[INFO] [stderr]    Compiling borsh-schema-derive-internal v0.10.4
[INFO] [stderr]    Compiling borsh-derive-internal v0.10.4
[INFO] [stderr]    Compiling wasm-bindgen-backend v0.2.95
[INFO] [stderr]    Compiling borsh-derive-internal v0.9.3
[INFO] [stderr]    Compiling borsh-schema-derive-internal v0.9.3
[INFO] [stderr]    Compiling regex v1.11.1
[INFO] [stderr]    Compiling toml_edit v0.19.15
[INFO] [stderr]    Compiling darling_core v0.20.10
[INFO] [stderr]    Compiling ring v0.17.8
[INFO] [stderr]    Compiling parking_lot_core v0.9.10
[INFO] [stderr]    Compiling wasm-bindgen-macro-support v0.2.95
[INFO] [stderr]    Compiling humantime v2.1.0
[INFO] [stderr]    Compiling serde_derive v1.0.214
[INFO] [stderr]    Compiling zerocopy-derive v0.7.35
[INFO] [stderr]    Compiling thiserror-impl v1.0.66
[INFO] [stderr]    Compiling zeroize_derive v1.4.2
[INFO] [stderr]    Compiling ark-serialize-derive v0.4.2
[INFO] [stderr]    Compiling zerocopy v0.7.35
[INFO] [stderr]    Compiling zeroize v1.3.0
[INFO] [stderr]    Compiling ark-ff-asm v0.4.2
[INFO] [stderr]    Compiling derivative v2.2.0
[INFO] [stderr]    Compiling thiserror v1.0.66
[INFO] [stderr]    Compiling ark-ff-macros v0.4.2
[INFO] [stderr]    Compiling bytemuck_derive v1.8.0
[INFO] [stderr]    Compiling wasm-bindgen-macro v0.2.95
[INFO] [stderr]    Compiling ppv-lite86 v0.2.20
[INFO] [stderr]    Compiling hashbrown v0.13.2
[INFO] [stderr]    Compiling rand_chacha v0.3.1
[INFO] [stderr]    Compiling rand_chacha v0.2.2
[INFO] [stderr]    Compiling rand v0.8.5
[INFO] [stderr]    Compiling rand v0.7.3
[INFO] [stderr]    Compiling bytemuck v1.19.0
[INFO] [stderr]    Compiling num-derive v0.3.3
[INFO] [stderr]    Compiling solana-sdk-macro v1.16.15
[INFO] [stderr]    Compiling proc-macro-crate v1.3.1
[INFO] [stderr]    Compiling darling_macro v0.20.10
[INFO] [stderr]    Compiling ark-std v0.4.0
[INFO] [stderr]    Compiling num_enum_derive v0.6.1
[INFO] [stderr]    Compiling env_logger v0.9.3
[INFO] [stderr]    Compiling darling v0.20.10
[INFO] [stderr]    Compiling time v0.1.45
[INFO] [stderr]    Compiling untrusted v0.9.0
[INFO] [stderr]    Compiling serde_with_macros v2.3.3
[INFO] [stderr]    Compiling spin v0.9.8
[INFO] [stderr]    Compiling derivation-path v0.2.0
[INFO] [stderr]    Compiling futures-core v0.3.31
[INFO] [stderr]    Compiling solana-logger v1.16.15
[INFO] [stderr]    Compiling parking_lot v0.12.3
[INFO] [stderr]    Compiling qstring v0.7.2
[INFO] [stderr]    Compiling uriparse v0.6.4
[INFO] [stderr]    Compiling assert_matches v1.5.0
[INFO] [stderr]    Compiling tokio-macros v2.4.0
[INFO] [stderr]    Compiling mio v1.0.2
[INFO] [stderr]    Compiling num_enum v0.6.1
[INFO] [stderr]    Compiling socket2 v0.5.7
[INFO] [stderr]    Compiling signal-hook-registry v1.4.2
[INFO] [stderr]    Compiling futures-sink v0.3.31
[INFO] [stderr]    Compiling futures-channel v0.3.31
[INFO] [stderr]    Compiling futures-macro v0.3.31
[INFO] [stderr]    Compiling tokio v1.41.0
[INFO] [stderr]    Compiling tracing-attributes v0.1.27
[INFO] [stderr]    Compiling tracing-core v0.1.32
[INFO] [stderr]    Compiling http v0.2.12
[INFO] [stderr]    Compiling futures-util v0.3.31
[INFO] [stderr]    Compiling httparse v1.9.5
[INFO] [stderr]    Compiling form_urlencoded v1.2.1
[INFO] [stderr]    Compiling unicode-bidi v0.3.17
[INFO] [stderr]    Compiling sct v0.7.1
[INFO] [stderr]    Compiling toml v0.5.11
[INFO] [stderr]    Compiling rustc_version v0.4.1
[INFO] [stderr]    Compiling serde_bytes v0.11.15
[INFO] [stderr]    Compiling crypto-common v0.1.6
[INFO] [stderr]    Compiling block-buffer v0.10.4
[INFO] [stderr]    Compiling digest v0.9.0
[INFO] [stderr]    Compiling digest v0.10.7
[INFO] [stderr]    Compiling block-buffer v0.9.0
[INFO] [stderr]    Compiling libsecp256k1-core v0.2.2
[INFO] [stderr]    Compiling crypto-mac v0.8.0
[INFO] [stderr]    Compiling sha2 v0.9.9
[INFO] [stderr]    Compiling sha2 v0.10.8
[INFO] [stderr]    Compiling ark-serialize v0.4.2
[INFO] [stderr]    Compiling proc-macro-crate v0.1.5
[INFO] [stderr]    Compiling ark-ff v0.4.2
[INFO] [stderr]    Compiling hmac v0.8.1
[INFO] [stderr]    Compiling libsecp256k1-gen-ecmult v0.2.1
[INFO] [stderr]    Compiling libsecp256k1-gen-genmult v0.2.1
[INFO] [stderr]    Compiling curve25519-dalek v3.2.1
[INFO] [stderr]    Compiling hmac-drbg v0.3.0
[INFO] [stderr]    Compiling libsecp256k1 v0.6.0
[INFO] [stderr]    Compiling borsh-derive v0.10.4
[INFO] [stderr]    Compiling sha3 v0.10.8
[INFO] [stderr]    Compiling solana-frozen-abi-macro v1.16.15
[INFO] [stderr]    Compiling borsh v0.10.4
[INFO] [stderr]    Compiling bincode v1.3.3
[INFO] [stderr]    Compiling solana-frozen-abi v1.16.15
[INFO] [stderr]    Compiling borsh-derive v0.9.3
[INFO] [stderr]    Compiling pbkdf2 v0.4.0
[INFO] [stderr]    Compiling solana-program v1.16.15
[INFO] [stderr]    Compiling borsh v0.9.3
[INFO] [stderr]    Compiling tiny-bip39 v0.8.2
[INFO] [stderr]    Compiling ed25519-dalek v1.0.1
[INFO] [stderr]    Compiling hmac v0.12.1
[INFO] [stderr]    Compiling solana-sdk v1.16.15
[INFO] [stderr]    Compiling ed25519-dalek-bip32 v0.2.0
[INFO] [stderr]    Compiling pbkdf2 v0.11.0
[INFO] [stderr]    Compiling serde_with v2.3.3
[INFO] [stderr]    Compiling chrono v0.4.24
[INFO] [stderr]    Compiling tracing v0.1.40
[INFO] [stderr]    Compiling idna v0.5.0
[INFO] [stderr]    Compiling rustls-pemfile v1.0.4
[INFO] [stderr]    Compiling rustls v0.21.12
[INFO] [stderr]    Compiling alloc-no-stdlib v2.0.4
[INFO] [stderr]    Compiling alloc-stdlib v0.2.2
[INFO] [stderr]    Compiling url v2.5.2
[INFO] [stderr]    Compiling tokio-util v0.7.12
[INFO] [stderr]    Compiling rustls-webpki v0.101.7
[INFO] [stderr]    Compiling try-lock v0.2.5
[INFO] [stderr]    Compiling want v0.3.1
[INFO] [stderr]    Compiling h2 v0.3.26
[INFO] [stderr]    Compiling brotli-decompressor v4.0.1
[INFO] [stderr]    Compiling http-body v0.4.6
[INFO] [stderr]    Compiling httpdate v1.0.3
[INFO] [stderr]    Compiling tower-service v0.3.3
[INFO] [stderr]    Compiling flate2 v1.0.34
[INFO] [stderr]    Compiling cipher v0.3.0
[INFO] [stderr]    Compiling num-rational v0.2.4
[INFO] [stderr]    Compiling num-complex v0.2.4
[INFO] [stderr]    Compiling brotli v7.0.0
[INFO] [stderr]    Compiling num-bigint v0.2.6
[INFO] [stderr]    Compiling universal-hash v0.4.1
[INFO] [stderr]    Compiling serde_urlencoded v0.7.1
[INFO] [stderr]    Compiling scroll_derive v0.11.1
[INFO] [stderr]    Compiling crossbeam-channel v0.5.13
[INFO] [stderr]    Compiling encoding_rs v0.8.35
[INFO] [stderr]    Compiling tokio-rustls v0.24.1
[INFO] [stderr]    Compiling sync_wrapper v0.1.2
[INFO] [stderr]    Compiling winapi v0.3.9
[INFO] [stderr]    Compiling mime v0.3.17
[INFO] [stderr]    Compiling void v1.0.2
[INFO] [stderr]    Compiling webpki-roots v0.25.4
[INFO] [stderr]    Compiling ipnet v2.10.1
[INFO] [stderr]    Compiling unreachable v1.0.0
[INFO] [stderr]    Compiling scroll v0.11.0
[INFO] [stderr]    Compiling hyper v0.14.31
[INFO] [stderr]    Compiling polyval v0.5.3
[INFO] [stderr]    Compiling aes v0.7.5
[INFO] [stderr]    Compiling ctr v0.8.0
[INFO] [stderr]    Compiling aead v0.4.3
[INFO] [stderr]    Compiling gethostname v0.2.3
[INFO] [stderr]    Compiling num-iter v0.1.45
[INFO] [stderr]    Compiling ascii v0.9.3
[INFO] [stderr]    Compiling plain v0.2.3
[INFO] [stderr]    Compiling goblin v0.5.4
[INFO] [stderr]    Compiling num v0.2.1
[INFO] [stderr]    Compiling aes-gcm-siv v0.10.3
[INFO] [stderr]    Compiling ark-poly v0.4.2
[INFO] [stderr]    Compiling combine v3.8.1
[INFO] [stderr]    Compiling sha3 v0.9.1
[INFO] [stderr]    Compiling solana-program-runtime v1.16.15
[INFO] [stderr]    Compiling async-compression v0.4.17
[INFO] [stderr]    Compiling merlin v3.0.0
[INFO] [stderr]    Compiling enum-iterator-derive v1.4.0
[INFO] [stderr]    Compiling hash32 v0.2.1
[INFO] [stderr]    Compiling percentage v0.1.0
[INFO] [stderr]    Compiling hyper-rustls v0.24.2
[INFO] [stderr]    Compiling ark-ec v0.4.2
[INFO] [stderr]    Compiling eager v0.1.0
[INFO] [stderr]    Compiling ring v0.16.20
[INFO] [stderr]    Compiling reqwest v0.11.27
[INFO] [stderr]    Compiling spin v0.5.2
[INFO] [stderr]    Compiling untrusted v0.7.1
[INFO] [stderr]    Compiling pkg-config v0.3.31
[INFO] [stderr]    Compiling enum-iterator v1.5.0
[INFO] [stderr]    Compiling zstd-sys v2.0.13+zstd.1.5.6
[INFO] [stderr]    Compiling num_enum_derive v0.5.11
[INFO] [stderr]    Compiling ark-bn254 v0.4.0
[INFO] [stderr]    Compiling proc-macro2 v0.4.30
[INFO] [stderr]    Compiling bs58 v0.5.1
[INFO] [stderr]    Compiling num-conv v0.1.0
[INFO] [stderr]    Compiling solana_rbpf v0.6.1
[INFO] [stderr]    Compiling time-core v0.1.2
[INFO] [stderr]    Compiling powerfmt v0.2.0
[INFO] [stderr]    Compiling deranged v0.3.11
[INFO] [stderr]    Compiling num_enum v0.5.11
[INFO] [stderr]    Compiling time-macros v0.2.18
[INFO] [stderr]    Compiling solana-vote-program v1.16.15
[INFO] [stderr]    Compiling webpki v0.22.4
[INFO] [stderr]    Compiling unicode-width v0.1.14
[INFO] [stderr]    Compiling zstd-safe v5.0.2+zstd.1.5.2
[INFO] [stderr]    Compiling rustls v0.20.9
[INFO] [stderr]    Compiling bitflags v2.6.0
[INFO] [stderr]    Compiling base64 v0.13.1
[INFO] [stderr]    Compiling unicode-xid v0.1.0
[INFO] [stderr]    Compiling time v0.3.36
[INFO] [stderr]    Compiling futures-executor v0.3.31
[INFO] [stderr]    Compiling solana-address-lookup-table-program v1.16.15
[INFO] [stderr]    Compiling solana-version v1.16.15
[INFO] [stderr]    Compiling memoffset v0.7.1
[INFO] [stderr]    Compiling syn v0.15.44
[INFO] [stderr]    Compiling quote v0.6.13
[INFO] [stderr]    Compiling futures v0.3.31
[INFO] [stderr]    Compiling console v0.15.8
[INFO] [stderr]    Compiling Inflector v0.11.4
[INFO] [stderr]    Compiling nix v0.26.4
[INFO] [stderr]    Compiling num-derive v0.4.2
[INFO] [stderr]    Compiling num_cpus v1.16.0
[INFO] [stderr]    Compiling dlopen_derive v0.1.4
[INFO] [stderr]    Compiling proc-macro-error-attr v1.0.4
[INFO] [stderr]    Compiling winnow v0.6.20
[INFO] [stderr]    Compiling solana-perf v1.16.15
[INFO] [stderr]    Compiling rustix v0.38.38
[INFO] [stderr]    Compiling dlopen v0.1.8
[INFO] [stderr]    Compiling heck v0.3.3
[INFO] [stderr]    Compiling nom v7.1.3
[INFO] [stderr]    Compiling synstructure v0.12.6
[INFO] [stderr]    Compiling solana-rayon-threadlimit v1.16.15
[INFO] [stderr]    Compiling jsonrpc-core v18.0.0
[INFO] [stderr]    Compiling caps v0.5.5
[INFO] [stderr]    Compiling proc-macro-error v1.0.4
[INFO] [stderr]    Compiling linux-raw-sys v0.4.14
[INFO] [stderr]    Compiling portable-atomic v1.9.0
[INFO] [stderr]    Compiling toml_edit v0.22.22
[INFO] [stderr]    Compiling rusticata-macros v4.1.0
[INFO] [stderr]    Compiling asn1-rs-derive v0.4.0
[INFO] [stderr]    Compiling anchor-syn v0.28.0
[INFO] [stderr]    Compiling yasna v0.5.2
[INFO] [stderr]    Compiling pem v1.1.1
[INFO] [stderr]    Compiling asn1-rs-impl v0.1.0
[INFO] [stderr]    Compiling async-trait v0.1.83
[INFO] [stderr]    Compiling proc-macro-crate v3.2.0
[INFO] [stderr]    Compiling displaydoc v0.2.5
[INFO] [stderr]    Compiling fastrand v2.1.1
[INFO] [stderr]    Compiling openssl-probe v0.1.5
[INFO] [stderr]    Compiling tempfile v3.13.0
[INFO] [stderr]    Compiling asn1-rs v0.5.2
[INFO] [stderr]    Compiling rustls-native-certs v0.6.3
[INFO] [stderr]    Compiling rcgen v0.10.0
[INFO] [stderr]    Compiling spl-token v3.5.0
[INFO] [stderr]    Compiling spl-memo v3.0.1
[INFO] [stderr]    Compiling spl-program-error-derive v0.3.2
[INFO] [stderr]    Compiling spl-discriminator-syn v0.1.2
[INFO] [stderr]    Compiling socket2 v0.4.10
[INFO] [stderr]    Compiling number_prefix v0.4.0
[INFO] [stderr]    Compiling shell-words v1.1.0
[INFO] [stderr]    Compiling const-oid v0.7.1
[INFO] [stderr]    Compiling cfg_aliases v0.2.1
[INFO] [stderr]    Compiling oid-registry v0.6.1
[INFO] [stderr]    Compiling borsh v1.5.1
[INFO] [stderr]    Compiling der v0.5.1
[INFO] [stderr]    Compiling dialoguer v0.10.4
[INFO] [stderr]    Compiling indicatif v0.17.8
[INFO] [stderr]    Compiling spl-discriminator-derive v0.1.2
[INFO] [stderr]    Compiling spl-program-error v0.3.0
[INFO] [stderr]    Compiling syn_derive v0.1.8
[INFO] [stderr]    Compiling quinn-proto v0.9.6
[INFO] [stderr]    Compiling textwrap v0.11.0
[INFO] [stderr]    Compiling rtoolbox v0.0.2
[INFO] [stderr]    Compiling vec_map v0.8.2
[INFO] [stderr]    Compiling strsim v0.8.0
[INFO] [stderr]    Compiling event-listener v2.5.3
[INFO] [stderr]    Compiling base64ct v1.6.0
[INFO] [stderr]    Compiling clap v2.34.0
[INFO] [stderr]    Compiling rpassword v7.3.1
[INFO] [stderr]    Compiling borsh-derive v1.5.1
[INFO] [stderr]    Compiling spl-discriminator v0.1.0
[INFO] [stderr]    Compiling spki v0.5.4
[INFO] [stderr]    Compiling der-parser v8.2.0
[INFO] [stderr]    Compiling webpki-roots v0.22.6
[INFO] [stderr]    Compiling sha-1 v0.10.1
[INFO] [stderr]    Compiling solana-program v2.0.14
[INFO] [stderr]    Compiling concurrent-queue v2.5.0
[INFO] [stderr]    Compiling utf-8 v0.7.6
[INFO] [stderr]    Compiling data-encoding v2.6.0
[INFO] [stderr]    Compiling tungstenite v0.17.3
[INFO] [stderr]    Compiling async-channel v1.9.0
[INFO] [stderr]    Compiling quinn-udp v0.3.2
[INFO] [stderr]    Compiling quinn v0.9.4
[INFO] [stderr]    Compiling x509-parser v0.14.0
[INFO] [stderr]    Compiling clap v3.2.25
[INFO] [stderr]    Compiling solana-metrics v1.16.15
[INFO] [stderr]    Compiling solana-measure v1.16.15
[INFO] [stderr]    Compiling solana-zk-token-sdk v1.16.15
[INFO] [stderr]    Compiling zstd v0.11.2+zstd.1.5.2
[INFO] [stderr]    Compiling solana-connection-cache v1.16.15
[INFO] [stderr]    Compiling solana-remote-wallet v1.16.15
[INFO] [stderr]    Compiling solana-config-program v1.16.15
[INFO] [stderr]    Compiling pkcs8 v0.8.0
[INFO] [stderr]    Compiling tokio-rustls v0.23.4
[INFO] [stderr]    Compiling solana-sdk-macro v2.0.14
[INFO] [stderr]    Compiling histogram v0.6.9
[INFO] [stderr]    Compiling base64 v0.22.1
[INFO] [stderr]    Compiling tokio-tungstenite v0.17.2
[INFO] [stderr]    Compiling solana-net-utils v1.16.15
[INFO] [stderr]    Compiling num_enum_derive v0.7.3
[INFO] [stderr]    Compiling solana-clap-utils v1.16.15
[INFO] [stderr]    Compiling solana-streamer v1.16.15
[INFO] [stderr]    Compiling tokio-stream v0.1.16
[INFO] [stderr]    Compiling num_enum v0.7.3
[INFO] [stderr]    Compiling async-mutex v1.4.0
[INFO] [stderr]    Compiling darling_core v0.13.4
[INFO] [stderr]    Compiling rstest_macros v0.18.2
[INFO] [stderr]    Compiling dirs-sys-next v0.1.2
[INFO] [stderr]    Compiling camino v1.1.9
[INFO] [stderr]    Compiling unsafe-libyaml v0.2.11
[INFO] [stderr]    Compiling dirs-next v2.0.0
[INFO] [stderr]    Compiling solana-udp-client v1.16.15
[INFO] [stderr]    Compiling anchor-attribute-account v0.28.0
[INFO] [stderr]    Compiling spl-token-2022 v0.6.1
[INFO] [stderr]    Compiling spl-pod v0.1.0
[INFO] [stderr]    Compiling serde_yaml v0.9.34+deprecated
[INFO] [stderr]    Compiling anchor-attribute-constant v0.28.0
[INFO] [stderr]    Compiling anchor-attribute-access-control v0.28.0
[INFO] [stderr]    Compiling anchor-derive-accounts v0.28.0
[INFO] [stderr]    Compiling anchor-attribute-event v0.28.0
[INFO] [stderr]    Compiling anchor-attribute-program v0.28.0
[INFO] [stderr]    Compiling spl-type-length-value v0.3.0
[INFO] [stderr]    Compiling darling_macro v0.13.4
[INFO] [stderr]    Compiling anchor-attribute-error v0.28.0
[INFO] [stderr]    Compiling anchor-derive-space v0.28.0
[INFO] [stderr]    Compiling hashbrown v0.14.5
[INFO] [stderr]    Compiling glob v0.3.1
[INFO] [stderr]    Compiling relative-path v1.9.3
[INFO] [stderr]    Compiling spl-tlv-account-resolution v0.4.0
[INFO] [stderr]    Compiling spl-token-metadata-interface v0.2.0
[INFO] [stderr]    Compiling solana-cli-config v1.16.15
[INFO] [stderr]    Compiling dashmap v5.5.3
[INFO] [stderr]    Compiling spl-transfer-hook-interface v0.3.0
[INFO] [stderr]    Compiling anchor-lang v0.28.0
[INFO] [stderr]    Compiling darling v0.13.4
[INFO] [stderr]    Compiling spl-associated-token-account v1.1.3
[INFO] [stderr]    Compiling solana-account-decoder v1.16.15
[INFO] [stderr]    Compiling cargo-platform v0.1.8
[INFO] [stderr]    Compiling fehler-macros v1.0.0
[INFO] [stderr]    Compiling serial_test_derive v2.0.0
[INFO] [stderr]    Compiling trdelnik-client v0.5.0 (/opt/rustwide/workdir)
[INFO] [stderr]    Compiling pretty-hex v0.3.0
[INFO] [stderr]    Compiling futures-timer v3.0.3
[INFO] [stderr]    Compiling cargo_metadata v0.17.0
[INFO] [stderr]    Compiling serial_test v2.0.0
[INFO] [stderr]    Compiling trdelnik-test v0.3.1
[INFO] [stderr]    Compiling heck v0.4.1
[INFO] [stderr]    Compiling fehler v1.0.0
[INFO] [stderr]    Compiling rstest v0.18.2
[INFO] [stderr]    Compiling solana-transaction-status v1.16.15
[INFO] [stderr]    Compiling spl-token v4.0.2
[INFO] [stderr]    Compiling spl-memo v4.0.3
[INFO] [stderr]    Compiling spl-token-2022 v0.9.0
[INFO] [stderr]    Compiling solana-rpc-client-api v1.16.15
[INFO] [stdout] error[E0277]: can't compare `solana_program::pubkey::Pubkey` with `spl_memo::solana_program::pubkey::Pubkey`
[INFO] [stdout]   --> /opt/rustwide/cargo-home/registry/src/index.crates.io-6f17d22bba15001f/spl-token-2022-0.9.0/src/extension/memo_transfer/mod.rs:42:20
[INFO] [stdout]    |
[INFO] [stdout] 42 |         program_id == &spl_memo::id() || program_id == &spl_memo::v1::id()
[INFO] [stdout]    |                    ^^ no implementation for `solana_program::pubkey::Pubkey == spl_memo::solana_program::pubkey::Pubkey`
[INFO] [stdout]    |
[INFO] [stdout]    = help: the trait `PartialEq<spl_memo::solana_program::pubkey::Pubkey>` is not implemented for `solana_program::pubkey::Pubkey`, which is required by `&solana_program::pubkey::Pubkey: PartialEq<&spl_memo::solana_program::pubkey::Pubkey>`
[INFO] [stdout]    = help: the trait `PartialEq` is implemented for `solana_program::pubkey::Pubkey`
[INFO] [stdout]    = help: for that trait implementation, expected `solana_program::pubkey::Pubkey`, found `spl_memo::solana_program::pubkey::Pubkey`
[INFO] [stdout]    = note: required for `&solana_program::pubkey::Pubkey` to implement `PartialEq<&spl_memo::solana_program::pubkey::Pubkey>`
[INFO] [stdout] 
[INFO] [stdout] 
[INFO] [stdout] error[E0277]: can't compare `solana_program::pubkey::Pubkey` with `spl_memo::solana_program::pubkey::Pubkey`
[INFO] [stdout]   --> /opt/rustwide/cargo-home/registry/src/index.crates.io-6f17d22bba15001f/spl-token-2022-0.9.0/src/extension/memo_transfer/mod.rs:42:53
[INFO] [stdout]    |
[INFO] [stdout] 42 |         program_id == &spl_memo::id() || program_id == &spl_memo::v1::id()
[INFO] [stdout]    |                                                     ^^ no implementation for `solana_program::pubkey::Pubkey == spl_memo::solana_program::pubkey::Pubkey`
[INFO] [stdout]    |
[INFO] [stdout]    = help: the trait `PartialEq<spl_memo::solana_program::pubkey::Pubkey>` is not implemented for `solana_program::pubkey::Pubkey`, which is required by `&solana_program::pubkey::Pubkey: PartialEq<&spl_memo::solana_program::pubkey::Pubkey>`
[INFO] [stdout]    = help: the trait `PartialEq` is implemented for `solana_program::pubkey::Pubkey`
[INFO] [stdout]    = help: for that trait implementation, expected `solana_program::pubkey::Pubkey`, found `spl_memo::solana_program::pubkey::Pubkey`
[INFO] [stdout]    = note: required for `&solana_program::pubkey::Pubkey` to implement `PartialEq<&spl_memo::solana_program::pubkey::Pubkey>`
[INFO] [stdout] 
[INFO] [stdout] 
[INFO] [stdout] error[E0599]: no function or associated item named `get_packed_len` found for struct `spl_token::state::Account` in the current scope
[INFO] [stdout]    --> /opt/rustwide/cargo-home/registry/src/index.crates.io-6f17d22bba15001f/spl-token-2022-0.9.0/src/state.rs:306:57
[INFO] [stdout]     |
[INFO] [stdout] 306 |                         .get(spl_token::state::Account::get_packed_len())
[INFO] [stdout]     |                                                         ^^^^^^^^^^^^^^ function or associated item not found in `Account`
[INFO] [stdout]     |
[INFO] [stdout] note: there are multiple different versions of crate `solana_program` in the dependency graph
[INFO] [stdout]    --> /opt/rustwide/cargo-home/registry/src/index.crates.io-6f17d22bba15001f/solana-program-2.0.14/src/program_pack.rs:15:1
[INFO] [stdout]     |
[INFO] [stdout] 15  | pub trait Pack: Sealed {
[INFO] [stdout]     | ^^^^^^^^^^^^^^^^^^^^^^ this is the trait that is needed
[INFO] [stdout] ...
[INFO] [stdout] 24  |     fn get_packed_len() -> usize {
[INFO] [stdout]     |     ---------------------------- the associated function is available for `spl_token::state::Account` here
[INFO] [stdout]     |
[INFO] [stdout]    ::: /opt/rustwide/cargo-home/registry/src/index.crates.io-6f17d22bba15001f/spl-token-2022-0.9.0/src/state.rs:14:39
[INFO] [stdout]     |
[INFO] [stdout] 14  |         program_pack::{IsInitialized, Pack, Sealed},
[INFO] [stdout]     |                                       ---- `Pack` imported here doesn't correspond to the right version of crate `solana_program`
[INFO] [stdout]     |
[INFO] [stdout]    ::: /opt/rustwide/cargo-home/registry/src/index.crates.io-6f17d22bba15001f/solana-program-1.16.15/src/program_pack.rs:15:1
[INFO] [stdout]     |
[INFO] [stdout] 15  | pub trait Pack: Sealed {
[INFO] [stdout]     | ---------------------- this is the trait that was imported
[INFO] [stdout] 
[INFO] [stdout] 
[INFO] [stdout] error[E0277]: can't compare `solana_program::pubkey::Pubkey` with `spl_memo::solana_program::pubkey::Pubkey`
[INFO] [stdout]    --> /opt/rustwide/cargo-home/registry/src/index.crates.io-6f17d22bba15001f/spl-token-2022-0.9.0/src/lib.rs:106:62
[INFO] [stdout]     |
[INFO] [stdout] 106 |     if spl_token_program_id != &id() && spl_token_program_id != &spl_token::id() {
[INFO] [stdout]     |                                                              ^^ no implementation for `solana_program::pubkey::Pubkey == spl_memo::solana_program::pubkey::Pubkey`
[INFO] [stdout]     |
[INFO] [stdout]     = help: the trait `PartialEq<spl_memo::solana_program::pubkey::Pubkey>` is not implemented for `solana_program::pubkey::Pubkey`, which is required by `&solana_program::pubkey::Pubkey: PartialEq<&spl_memo::solana_program::pubkey::Pubkey>`
[INFO] [stdout]     = help: the trait `PartialEq` is implemented for `solana_program::pubkey::Pubkey`
[INFO] [stdout]     = help: for that trait implementation, expected `solana_program::pubkey::Pubkey`, found `spl_memo::solana_program::pubkey::Pubkey`
[INFO] [stdout]     = note: required for `&solana_program::pubkey::Pubkey` to implement `PartialEq<&spl_memo::solana_program::pubkey::Pubkey>`
[INFO] [stdout] 
[INFO] [stdout] 
[INFO] [stdout] Some errors have detailed explanations: E0277, E0599.
[INFO] [stdout] 
[INFO] [stdout] For more information about an error, try `rustc --explain E0277`.
[INFO] [stdout] 
[INFO] [stderr] error: could not compile `spl-token-2022` (lib) due to 4 previous errors
[INFO] [stderr] warning: build failed, waiting for other jobs to finish...
[INFO] running `Command { std: "docker" "inspect" "23df0fe698cdbc7a2ff7b08b35f5456f09e5a99ad5c6aaa20264fb0844a4f9d3", kill_on_drop: false }`
[INFO] running `Command { std: "docker" "rm" "-f" "23df0fe698cdbc7a2ff7b08b35f5456f09e5a99ad5c6aaa20264fb0844a4f9d3", kill_on_drop: false }`
[INFO] [stdout] 23df0fe698cdbc7a2ff7b08b35f5456f09e5a99ad5c6aaa20264fb0844a4f9d3
