[INFO] fetching crate trayicon 0.2.0...
[INFO] testing trayicon-0.2.0 against nightly-2024-10-28 for randomize-layout
[INFO] extracting crate trayicon 0.2.0 into /workspace/builds/worker-7-tc1/source
[INFO] validating manifest of crates.io crate trayicon 0.2.0 on toolchain nightly-2024-10-28
[INFO] running `Command { std: CARGO_HOME="/workspace/cargo-home" RUSTUP_HOME="/workspace/rustup-home" "/workspace/cargo-home/bin/cargo" "+nightly-2024-10-28" "metadata" "--manifest-path" "Cargo.toml" "--no-deps", kill_on_drop: false }`
[INFO] started tweaking crates.io crate trayicon 0.2.0
[INFO] finished tweaking crates.io crate trayicon 0.2.0
[INFO] tweaked toml for crates.io crate trayicon 0.2.0 written to /workspace/builds/worker-7-tc1/source/Cargo.toml
[INFO] running `Command { std: CARGO_HOME="/workspace/cargo-home" RUSTUP_HOME="/workspace/rustup-home" "/workspace/cargo-home/bin/cargo" "+nightly-2024-10-28" "generate-lockfile" "--manifest-path" "Cargo.toml", kill_on_drop: false }`
[INFO] [stderr]     Updating crates.io index
[INFO] [stderr]      Locking 3 packages to latest compatible versions
[INFO] running `Command { std: CARGO_HOME="/workspace/cargo-home" RUSTUP_HOME="/workspace/rustup-home" "/workspace/cargo-home/bin/cargo" "+nightly-2024-10-28" "fetch" "--manifest-path" "Cargo.toml", kill_on_drop: false }`
[INFO] running `Command { std: "docker" "create" "-v" "/var/lib/crater-agent-workspace/builds/worker-7-tc1/target:/opt/rustwide/target:rw,Z" "-v" "/var/lib/crater-agent-workspace/builds/worker-7-tc1/source:/opt/rustwide/workdir:ro,Z" "-v" "/var/lib/crater-agent-workspace/cargo-home:/opt/rustwide/cargo-home:ro,Z" "-v" "/var/lib/crater-agent-workspace/rustup-home:/opt/rustwide/rustup-home:ro,Z" "-e" "SOURCE_DIR=/opt/rustwide/workdir" "-e" "CARGO_TARGET_DIR=/opt/rustwide/target" "-e" "CARGO_HOME=/opt/rustwide/cargo-home" "-e" "RUSTUP_HOME=/opt/rustwide/rustup-home" "-w" "/opt/rustwide/workdir" "-m" "1610612736" "--user" "0:0" "--network" "none" "ghcr.io/rust-lang/crates-build-env/linux@sha256:4a844ea9eb2546a2d2c7022eacef16ef2e8229c7fbb2c7d4d55a9ceca922f72d" "/opt/rustwide/cargo-home/bin/cargo" "+nightly-2024-10-28" "metadata" "--no-deps" "--format-version=1", kill_on_drop: false }`
[INFO] [stdout] d9e3d7095b172748ef33a41756b81e7a8035e12e3bc379991c8ae96ee734833e
[INFO] running `Command { std: "docker" "start" "-a" "d9e3d7095b172748ef33a41756b81e7a8035e12e3bc379991c8ae96ee734833e", kill_on_drop: false }`
[INFO] running `Command { std: "docker" "inspect" "d9e3d7095b172748ef33a41756b81e7a8035e12e3bc379991c8ae96ee734833e", kill_on_drop: false }`
[INFO] running `Command { std: "docker" "rm" "-f" "d9e3d7095b172748ef33a41756b81e7a8035e12e3bc379991c8ae96ee734833e", kill_on_drop: false }`
[INFO] [stdout] d9e3d7095b172748ef33a41756b81e7a8035e12e3bc379991c8ae96ee734833e
[INFO] running `Command { std: "docker" "create" "-v" "/var/lib/crater-agent-workspace/builds/worker-7-tc1/target:/opt/rustwide/target:rw,Z" "-v" "/var/lib/crater-agent-workspace/builds/worker-7-tc1/source:/opt/rustwide/workdir:ro,Z" "-v" "/var/lib/crater-agent-workspace/cargo-home:/opt/rustwide/cargo-home:ro,Z" "-v" "/var/lib/crater-agent-workspace/rustup-home:/opt/rustwide/rustup-home:ro,Z" "-e" "SOURCE_DIR=/opt/rustwide/workdir" "-e" "CARGO_TARGET_DIR=/opt/rustwide/target" "-e" "CARGO_INCREMENTAL=0" "-e" "RUST_BACKTRACE=full" "-e" "RUSTFLAGS=--cap-lints=forbid" "-e" "RUSTDOCFLAGS=--cap-lints=forbid" "-e" "CARGO_HOME=/opt/rustwide/cargo-home" "-e" "RUSTUP_HOME=/opt/rustwide/rustup-home" "-w" "/opt/rustwide/workdir" "-m" "1610612736" "--user" "0:0" "--network" "none" "ghcr.io/rust-lang/crates-build-env/linux@sha256:4a844ea9eb2546a2d2c7022eacef16ef2e8229c7fbb2c7d4d55a9ceca922f72d" "/opt/rustwide/cargo-home/bin/cargo" "+nightly-2024-10-28" "build" "--frozen" "--message-format=json", kill_on_drop: false }`
[INFO] [stdout] 684065fc431f399fad7f78106a44ce68568d167f5cb8f0b39bc8b7107898b296
[INFO] running `Command { std: "docker" "start" "-a" "684065fc431f399fad7f78106a44ce68568d167f5cb8f0b39bc8b7107898b296", kill_on_drop: false }`
[INFO] [stderr]    Compiling trayicon v0.2.0 (/opt/rustwide/workdir)
[INFO] [stdout] error[E0432]: unresolved import `crate::sys`
[INFO] [stdout]   --> src/lib.rs:22:23
[INFO] [stdout]    |
[INFO] [stdout] 22 | pub(crate) use crate::sys::{
[INFO] [stdout]    |                       ^^^ could not find `sys` in the crate root
[INFO] [stdout]    |
[INFO] [stdout] note: found an item that was configured out
[INFO] [stdout]   --> src/lib.rs:6:5
[INFO] [stdout]    |
[INFO] [stdout] 6  | mod sys;
[INFO] [stdout]    |     ^^^
[INFO] [stdout] note: the item is gated behind the `windows` feature
[INFO] [stdout]   --> src/lib.rs:4:7
[INFO] [stdout]    |
[INFO] [stdout] 4  | #[cfg(target_os = "windows")]
[INFO] [stdout]    |       ^^^^^^^^^^^^^^^^^^^^^
[INFO] [stdout] 
[INFO] [stdout] 
[INFO] [stdout] warning: unused import: `IconBase`
[INFO] [stdout]  --> src/icon.rs:1:20
[INFO] [stdout]   |
[INFO] [stdout] 1 | use crate::{Error, IconBase};
[INFO] [stdout]   |                    ^^^^^^^^
[INFO] [stdout]   |
[INFO] [stdout]   = note: `#[warn(unused_imports)]` on by default
[INFO] [stdout] 
[INFO] [stdout] 
[INFO] [stdout] error[E0369]: binary operation `==` cannot be applied to type `&Option<Icon>`
[INFO] [stdout]   --> src/menubuilder.rs:13:9
[INFO] [stdout]    |
[INFO] [stdout] 3  | #[derive(Debug, Clone, PartialEq)]
[INFO] [stdout]    |                        --------- in this derive macro expansion
[INFO] [stdout] ...
[INFO] [stdout] 13 |         icon: Option<Icon>,
[INFO] [stdout]    |         ^^^^^^^^^^^^^^^^^^
[INFO] [stdout]    |
[INFO] [stdout]    = note: this error originates in the derive macro `PartialEq` (in Nightly builds, run with -Z macro-backtrace for more info)
[INFO] [stdout] 
[INFO] [stdout] 
[INFO] [stdout] error[E0369]: binary operation `==` cannot be applied to type `&Option<Icon>`
[INFO] [stdout]   --> src/menubuilder.rs:20:9
[INFO] [stdout]    |
[INFO] [stdout] 3  | #[derive(Debug, Clone, PartialEq)]
[INFO] [stdout]    |                        --------- in this derive macro expansion
[INFO] [stdout] ...
[INFO] [stdout] 20 |         icon: Option<Icon>,
[INFO] [stdout]    |         ^^^^^^^^^^^^^^^^^^
[INFO] [stdout]    |
[INFO] [stdout]    = note: this error originates in the derive macro `PartialEq` (in Nightly builds, run with -Z macro-backtrace for more info)
[INFO] [stdout] 
[INFO] [stdout] 
[INFO] [stdout] error[E0369]: binary operation `==` cannot be applied to type `&Option<Icon>`
[INFO] [stdout]   --> src/menubuilder.rs:27:9
[INFO] [stdout]    |
[INFO] [stdout] 3  | #[derive(Debug, Clone, PartialEq)]
[INFO] [stdout]    |                        --------- in this derive macro expansion
[INFO] [stdout] ...
[INFO] [stdout] 27 |         icon: Option<Icon>,
[INFO] [stdout]    |         ^^^^^^^^^^^^^^^^^^
[INFO] [stdout]    |
[INFO] [stdout]    = note: this error originates in the derive macro `PartialEq` (in Nightly builds, run with -Z macro-backtrace for more info)
[INFO] [stdout] 
[INFO] [stdout] 
[INFO] [stdout] error[E0599]: the method `as_ref` exists for enum `Result<Icon, Error>`, but its trait bounds were not satisfied
[INFO] [stdout]   --> src/trayicon.rs:21:30
[INFO] [stdout]    |
[INFO] [stdout] 21 |         if self.builder.icon.as_ref() == Ok(icon) {
[INFO] [stdout]    |                              ^^^^^^ method cannot be called on `Result<Icon, Error>` due to unsatisfied trait bounds
[INFO] [stdout]    |
[INFO] [stdout]   ::: src/icon.rs:5:1
[INFO] [stdout]    |
[INFO] [stdout] 5  | pub struct Icon {
[INFO] [stdout]    | --------------- doesn't satisfy `Icon: Sized`
[INFO] [stdout]    |
[INFO] [stdout]    = note: the following trait bounds were not satisfied:
[INFO] [stdout]            `{type error}: Sized`
[INFO] [stdout]            which is required by `Icon: Sized`
[INFO] [stdout] 
[INFO] [stdout] 
[INFO] [stdout] Some errors have detailed explanations: E0369, E0432, E0599.
[INFO] [stdout] 
[INFO] [stdout] For more information about an error, try `rustc --explain E0369`.
[INFO] [stdout] 
[INFO] [stderr] error: could not compile `trayicon` (lib) due to 5 previous errors; 1 warning emitted
[INFO] running `Command { std: "docker" "inspect" "684065fc431f399fad7f78106a44ce68568d167f5cb8f0b39bc8b7107898b296", kill_on_drop: false }`
[INFO] running `Command { std: "docker" "rm" "-f" "684065fc431f399fad7f78106a44ce68568d167f5cb8f0b39bc8b7107898b296", kill_on_drop: false }`
[INFO] [stdout] 684065fc431f399fad7f78106a44ce68568d167f5cb8f0b39bc8b7107898b296
