[INFO] fetching crate transprompt 0.12.0-beta...
[INFO] testing transprompt-0.12.0-beta against nightly-2024-10-28+rustflags=-Zrandomize-layout for randomize-layout
[INFO] extracting crate transprompt 0.12.0-beta into /workspace/builds/worker-0-tc2/source
[INFO] validating manifest of crates.io crate transprompt 0.12.0-beta on toolchain nightly-2024-10-28
[INFO] running `Command { std: CARGO_HOME="/workspace/cargo-home" RUSTUP_HOME="/workspace/rustup-home" "/workspace/cargo-home/bin/cargo" "+nightly-2024-10-28" "metadata" "--manifest-path" "Cargo.toml" "--no-deps", kill_on_drop: false }`
[INFO] started tweaking crates.io crate transprompt 0.12.0-beta
[INFO] finished tweaking crates.io crate transprompt 0.12.0-beta
[INFO] tweaked toml for crates.io crate transprompt 0.12.0-beta written to /workspace/builds/worker-0-tc2/source/Cargo.toml
[INFO] crate crates.io crate transprompt 0.12.0-beta already has a lockfile, it will not be regenerated
[INFO] running `Command { std: CARGO_HOME="/workspace/cargo-home" RUSTUP_HOME="/workspace/rustup-home" "/workspace/cargo-home/bin/cargo" "+nightly-2024-10-28" "fetch" "--manifest-path" "Cargo.toml", kill_on_drop: false }`
[INFO] running `Command { std: "docker" "create" "-v" "/var/lib/crater-agent-workspace/builds/worker-0-tc2/target:/opt/rustwide/target:rw,Z" "-v" "/var/lib/crater-agent-workspace/builds/worker-0-tc2/source:/opt/rustwide/workdir:ro,Z" "-v" "/var/lib/crater-agent-workspace/cargo-home:/opt/rustwide/cargo-home:ro,Z" "-v" "/var/lib/crater-agent-workspace/rustup-home:/opt/rustwide/rustup-home:ro,Z" "-e" "SOURCE_DIR=/opt/rustwide/workdir" "-e" "CARGO_TARGET_DIR=/opt/rustwide/target" "-e" "CARGO_HOME=/opt/rustwide/cargo-home" "-e" "RUSTUP_HOME=/opt/rustwide/rustup-home" "-w" "/opt/rustwide/workdir" "-m" "1610612736" "--user" "0:0" "--network" "none" "ghcr.io/rust-lang/crates-build-env/linux@sha256:4a844ea9eb2546a2d2c7022eacef16ef2e8229c7fbb2c7d4d55a9ceca922f72d" "/opt/rustwide/cargo-home/bin/cargo" "+nightly-2024-10-28" "metadata" "--no-deps" "--format-version=1", kill_on_drop: false }`
[INFO] [stdout] 6735ccdf9605c560a6202ed33d5bb52b0a0f6c5d3e306fad571c6b28f121aa75
[INFO] running `Command { std: "docker" "start" "-a" "6735ccdf9605c560a6202ed33d5bb52b0a0f6c5d3e306fad571c6b28f121aa75", kill_on_drop: false }`
[INFO] running `Command { std: "docker" "inspect" "6735ccdf9605c560a6202ed33d5bb52b0a0f6c5d3e306fad571c6b28f121aa75", kill_on_drop: false }`
[INFO] running `Command { std: "docker" "rm" "-f" "6735ccdf9605c560a6202ed33d5bb52b0a0f6c5d3e306fad571c6b28f121aa75", kill_on_drop: false }`
[INFO] [stdout] 6735ccdf9605c560a6202ed33d5bb52b0a0f6c5d3e306fad571c6b28f121aa75
[INFO] running `Command { std: "docker" "create" "-v" "/var/lib/crater-agent-workspace/builds/worker-0-tc2/target:/opt/rustwide/target:rw,Z" "-v" "/var/lib/crater-agent-workspace/builds/worker-0-tc2/source:/opt/rustwide/workdir:ro,Z" "-v" "/var/lib/crater-agent-workspace/cargo-home:/opt/rustwide/cargo-home:ro,Z" "-v" "/var/lib/crater-agent-workspace/rustup-home:/opt/rustwide/rustup-home:ro,Z" "-e" "SOURCE_DIR=/opt/rustwide/workdir" "-e" "CARGO_TARGET_DIR=/opt/rustwide/target" "-e" "CARGO_INCREMENTAL=0" "-e" "RUST_BACKTRACE=full" "-e" "RUSTFLAGS=--cap-lints=forbid -Zrandomize-layout" "-e" "RUSTDOCFLAGS=--cap-lints=forbid" "-e" "CARGO_HOME=/opt/rustwide/cargo-home" "-e" "RUSTUP_HOME=/opt/rustwide/rustup-home" "-w" "/opt/rustwide/workdir" "-m" "1610612736" "--user" "0:0" "--network" "none" "ghcr.io/rust-lang/crates-build-env/linux@sha256:4a844ea9eb2546a2d2c7022eacef16ef2e8229c7fbb2c7d4d55a9ceca922f72d" "/opt/rustwide/cargo-home/bin/cargo" "+nightly-2024-10-28" "build" "--frozen" "--message-format=json", kill_on_drop: false }`
[INFO] [stdout] cca6c12b50e597da959976514be0a37548b2a1f5835ad29206b2a7582470565a
[INFO] running `Command { std: "docker" "start" "-a" "cca6c12b50e597da959976514be0a37548b2a1f5835ad29206b2a7582470565a", kill_on_drop: false }`
[INFO] [stderr]    Compiling proc-macro2 v1.0.81
[INFO] [stderr]    Compiling unicode-ident v1.0.12
[INFO] [stderr]    Compiling libc v0.2.153
[INFO] [stderr]    Compiling autocfg v1.2.0
[INFO] [stderr]    Compiling cfg-if v1.0.0
[INFO] [stderr]    Compiling pin-project-lite v0.2.14
[INFO] [stderr]    Compiling memchr v2.7.2
[INFO] [stderr]    Compiling bytes v1.6.0
[INFO] [stderr]    Compiling log v0.4.21
[INFO] [stderr]    Compiling fnv v1.0.7
[INFO] [stderr]    Compiling futures-core v0.3.30
[INFO] [stderr]    Compiling itoa v1.0.11
[INFO] [stderr]    Compiling futures-sink v0.3.30
[INFO] [stderr]    Compiling once_cell v1.19.0
[INFO] [stderr]    Compiling cc v1.0.95
[INFO] [stderr]    Compiling futures-io v0.3.30
[INFO] [stderr]    Compiling pin-utils v0.1.0
[INFO] [stderr]    Compiling futures-task v0.3.30
[INFO] [stderr]    Compiling spin v0.9.8
[INFO] [stderr]    Compiling untrusted v0.9.0
[INFO] [stderr]    Compiling httparse v1.8.0
[INFO] [stderr]    Compiling tower-service v0.3.2
[INFO] [stderr]    Compiling futures-channel v0.3.30
[INFO] [stderr]    Compiling try-lock v0.2.5
[INFO] [stderr]    Compiling serde v1.0.198
[INFO] [stderr]    Compiling tracing-core v0.1.32
[INFO] [stderr]    Compiling smallvec v1.13.2
[INFO] [stderr]    Compiling ppv-lite86 v0.2.17
[INFO] [stderr]    Compiling want v0.3.1
[INFO] [stderr]    Compiling percent-encoding v2.3.1
[INFO] [stderr]    Compiling regex-syntax v0.8.3
[INFO] [stderr]    Compiling tower-layer v0.3.2
[INFO] [stderr]    Compiling hashbrown v0.12.3
[INFO] [stderr]    Compiling rustversion v1.0.15
[INFO] [stderr]    Compiling equivalent v1.0.1
[INFO] [stderr]    Compiling hashbrown v0.14.3
[INFO] [stderr]    Compiling slab v0.4.9
[INFO] [stderr]    Compiling indexmap v1.9.3
[INFO] [stderr]    Compiling rustls-pki-types v1.5.0
[INFO] [stderr]    Compiling version_check v0.9.4
[INFO] [stderr]    Compiling http v0.2.12
[INFO] [stderr]    Compiling tinyvec_macros v0.1.1
[INFO] [stderr]    Compiling mime v0.3.17
[INFO] [stderr]    Compiling tinyvec v1.6.0
[INFO] [stderr]    Compiling unicase v2.7.0
[INFO] [stderr]    Compiling http v1.1.0
[INFO] [stderr]    Compiling anyhow v1.0.82
[INFO] [stderr]    Compiling quote v1.0.36
[INFO] [stderr]    Compiling crossbeam-utils v0.8.19
[INFO] [stderr]    Compiling mio v0.8.11
[INFO] [stderr]    Compiling getrandom v0.2.14
[INFO] [stderr]    Compiling socket2 v0.5.6
[INFO] [stderr]    Compiling indexmap v2.2.6
[INFO] [stderr]    Compiling syn v2.0.60
[INFO] [stderr]    Compiling rand_core v0.6.4
[INFO] [stderr]    Compiling aho-corasick v1.1.3
[INFO] [stderr]    Compiling lock_api v0.4.11
[INFO] [stderr]    Compiling form_urlencoded v1.2.1
[INFO] [stderr]    Compiling sync_wrapper v0.1.2
[INFO] [stderr]    Compiling rand_chacha v0.3.1
[INFO] [stderr]    Compiling ryu v1.0.17
[INFO] [stderr]    Compiling httpdate v1.0.3
[INFO] [stderr]    Compiling strsim v0.10.0
[INFO] [stderr]    Compiling http-body v0.4.6
[INFO] [stderr]    Compiling zeroize v1.7.0
[INFO] [stderr]    Compiling unicode-normalization v0.1.23
[INFO] [stderr]    Compiling rand v0.8.5
[INFO] [stderr]    Compiling rustls v0.21.11
[INFO] [stderr]    Compiling rustls v0.22.4
[INFO] [stderr]    Compiling unicode-bidi v0.3.15
[INFO] [stderr]    Compiling openssl-probe v0.1.5
[INFO] [stderr]    Compiling syn v1.0.109
[INFO] [stderr]    Compiling ring v0.17.8
[INFO] [stderr]    Compiling ident_case v1.0.1
[INFO] [stderr]    Compiling parking_lot_core v0.9.9
[INFO] [stderr]    Compiling http-body v1.0.0
[INFO] [stderr]    Compiling subtle v2.5.0
[INFO] [stderr]    Compiling bitflags v1.3.2
[INFO] [stderr]    Compiling serde_json v1.0.116
[INFO] [stderr]    Compiling scopeguard v1.2.0
[INFO] [stderr]    Compiling signal-hook v0.3.17
[INFO] [stderr]    Compiling base64 v0.21.7
[INFO] [stderr]    Compiling either v1.11.0
[INFO] [stderr]    Compiling mime_guess v2.0.4
[INFO] [stderr]    Compiling idna v0.5.0
[INFO] [stderr]    Compiling itertools v0.10.5
[INFO] [stderr]    Compiling axum-core v0.3.4
[INFO] [stderr]    Compiling url v2.5.0
[INFO] [stderr]    Compiling signal-hook-registry v1.4.2
[INFO] [stderr]    Compiling ipnet v2.9.0
[INFO] [stderr]    Compiling base64 v0.22.0
[INFO] [stderr]    Compiling regex-automata v0.4.6
[INFO] [stderr]    Compiling thiserror v1.0.59
[INFO] [stderr]    Compiling parking_lot v0.12.1
[INFO] [stderr]    Compiling rustls-pemfile v2.1.2
[INFO] [stderr]    Compiling rustls-pemfile v1.0.4
[INFO] [stderr]    Compiling axum v0.6.20
[INFO] [stderr]    Compiling minimal-lexical v0.2.1
[INFO] [stderr]    Compiling rustls-native-certs v0.7.0
[INFO] [stderr]    Compiling signal-hook-mio v0.2.3
[INFO] [stderr]    Compiling crossbeam-epoch v0.9.18
[INFO] [stderr]    Compiling http-body-util v0.1.1
[INFO] [stderr]    Compiling matchit v0.7.3
[INFO] [stderr]    Compiling bit-vec v0.6.3
[INFO] [stderr]    Compiling nom v7.1.3
[INFO] [stderr]    Compiling crossterm v0.23.2
[INFO] [stderr]    Compiling bit-set v0.5.3
[INFO] [stderr]    Compiling crossbeam-deque v0.8.5
[INFO] [stderr]    Compiling rustls-native-certs v0.6.3
[INFO] [stderr]    Compiling crossbeam-channel v0.5.12
[INFO] [stderr]    Compiling crossbeam-queue v0.3.11
[INFO] [stderr]    Compiling encoding_rs v0.8.34
[INFO] [stderr]    Compiling webpki-roots v0.25.4
[INFO] [stderr]    Compiling futures-timer v3.0.3
[INFO] [stderr]    Compiling minimad v0.13.0
[INFO] [stderr]    Compiling unicode-width v0.1.11
[INFO] [stderr]    Compiling lazy_static v1.4.0
[INFO] [stderr]    Compiling rustc-hash v1.1.0
[INFO] [stderr]    Compiling coolor v0.8.0
[INFO] [stderr]    Compiling crossbeam v0.8.4
[INFO] [stderr]    Compiling darling_core v0.20.8
[INFO] [stderr]    Compiling prost-derive v0.11.9
[INFO] [stderr]    Compiling eventsource-stream v0.2.3
[INFO] [stderr]    Compiling tokio-macros v2.2.0
[INFO] [stderr]    Compiling futures-macro v0.3.30
[INFO] [stderr]    Compiling tracing-attributes v0.1.27
[INFO] [stderr]    Compiling serde_derive v1.0.198
[INFO] [stderr]    Compiling pin-project-internal v1.1.5
[INFO] [stderr]    Compiling async-trait v0.1.80
[INFO] [stderr]    Compiling thiserror-impl v1.0.59
[INFO] [stderr]    Compiling async-stream-impl v0.3.5
[INFO] [stderr]    Compiling readonly v0.2.12
[INFO] [stderr]    Compiling regex v1.10.4
[INFO] [stderr]    Compiling bstr v1.9.1
[INFO] [stderr]    Compiling async-stream v0.3.5
[INFO] [stderr]    Compiling fancy-regex v0.12.0
[INFO] [stderr]    Compiling tokio v1.37.0
[INFO] [stderr]    Compiling futures-util v0.3.30
[INFO] [stderr]    Compiling prost v0.11.9
[INFO] [stderr]    Compiling async-convert v1.0.0
[INFO] [stderr]    Compiling rustls-webpki v0.102.3
[INFO] [stderr]    Compiling pin-project v1.1.5
[INFO] [stderr]    Compiling rustls-webpki v0.101.7
[INFO] [stderr]    Compiling sct v0.7.1
[INFO] [stderr]    Compiling prost-types v0.11.9
[INFO] [stderr]    Compiling tiktoken-rs v0.5.8
[INFO] [stderr]    Compiling tracing v0.1.40
[INFO] [stderr]    Compiling darling_macro v0.20.8
[INFO] [stderr]    Compiling lazy-regex-proc_macros v3.1.0
[INFO] [stderr]    Compiling darling v0.20.8
[INFO] [stderr]    Compiling derive_builder_core v0.20.0
[INFO] [stderr]    Compiling lazy-regex v3.1.0
[INFO] [stderr]    Compiling derive_builder_macro v0.20.0
[INFO] [stderr]    Compiling derive_builder v0.20.0
[INFO] [stderr]    Compiling futures-executor v0.3.30
[INFO] [stderr]    Compiling futures v0.3.30
[INFO] [stderr]    Compiling tokio-util v0.7.10
[INFO] [stderr]    Compiling hyper v1.3.1
[INFO] [stderr]    Compiling tokio-rustls v0.25.0
[INFO] [stderr]    Compiling tokio-rustls v0.24.1
[INFO] [stderr]    Compiling tokio-io-timeout v1.2.0
[INFO] [stderr]    Compiling tokio-stream v0.1.15
[INFO] [stderr]    Compiling tower v0.4.13
[INFO] [stderr]    Compiling h2 v0.3.26
[INFO] [stderr]    Compiling serde_urlencoded v0.7.1
[INFO] [stderr]    Compiling secrecy v0.8.0
[INFO] [stderr]    Compiling termimad v0.27.0
[INFO] [stderr]    Compiling hyper-util v0.1.3
[INFO] [stderr]    Compiling hyper-rustls v0.26.0
[INFO] [stderr]    Compiling reqwest v0.12.4
[INFO] [stderr]    Compiling reqwest-eventsource v0.6.0
[INFO] [stderr]    Compiling async-openai-wasm v0.20.0-experimental
[INFO] [stderr]    Compiling hyper v0.14.28
[INFO] [stderr]    Compiling hyper-timeout v0.4.1
[INFO] [stderr]    Compiling hyper-rustls v0.24.2
[INFO] [stderr]    Compiling reqwest v0.11.27
[INFO] [stderr]    Compiling tonic v0.9.2
[INFO] [stderr]    Compiling qdrant-client v1.7.0
[INFO] [stderr]    Compiling transprompt v0.12.0-beta (/opt/rustwide/workdir)
[INFO] [stdout] warning: use of deprecated struct `async_openai_wasm::types::ChatCompletionFunctions`
[INFO] [stdout]  --> src/utils/llm/openai.rs:6:60
[INFO] [stdout]   |
[INFO] [stdout] 6 | use async_openai_wasm::types::{ChatCompletionFunctionCall, ChatCompletionFunctions, ChatCompletionMessageToolCall, ChatCompletionRequestM...
[INFO] [stdout]   |                                                            ^^^^^^^^^^^^^^^^^^^^^^^
[INFO] [stdout]   |
[INFO] [stdout]   = note: `#[warn(deprecated)]` on by default
[INFO] [stdout] 
[INFO] [stdout] 
[INFO] [stdout] warning: use of deprecated struct `async_openai_wasm::types::ChatCompletionFunctions`
[INFO] [stdout]    --> src/utils/llm/openai.rs:267:50
[INFO] [stdout]     |
[INFO] [stdout] 267 | ...                   functions: Option<Vec<ChatCompletionFunctions>>,
[INFO] [stdout]     |                                             ^^^^^^^^^^^^^^^^^^^^^^^
[INFO] [stdout] 
[INFO] [stdout] 
[INFO] [stdout] warning: use of deprecated struct `async_openai_wasm::types::ChatCompletionFunctions`
[INFO] [stdout]    --> src/utils/llm/openai.rs:298:59
[INFO] [stdout]     |
[INFO] [stdout] 298 | ...                   functions: Option<Vec<ChatCompletionFunctions>>,
[INFO] [stdout]     |                                             ^^^^^^^^^^^^^^^^^^^^^^^
[INFO] [stdout] 
[INFO] [stdout] 
[INFO] [stdout] warning: use of deprecated struct `async_openai_wasm::types::ChatCompletionFunctions`
[INFO] [stdout]    --> src/utils/llm/openai.rs:307:70
[INFO] [stdout]     |
[INFO] [stdout] 307 | ...                   functions: Option<Vec<ChatCompletionFunctions>>,
[INFO] [stdout]     |                                             ^^^^^^^^^^^^^^^^^^^^^^^
[INFO] [stdout] 
[INFO] [stdout] 
[INFO] [stdout] warning: use of deprecated field `async_openai_wasm::types::ChatCompletionStreamResponseDelta::function_call`
[INFO] [stdout]    --> src/utils/llm/openai.rs:102:17
[INFO] [stdout]     |
[INFO] [stdout] 102 |                 delta.function_call
[INFO] [stdout]     |                 ^^^^^^^^^^^^^^^^^^^
[INFO] [stdout] 
[INFO] [stdout] 
[INFO] [stdout] warning: use of deprecated field `async_openai_wasm::types::ChatCompletionRequestAssistantMessage::function_call`
[INFO] [stdout]    --> src/utils/llm/openai.rs:104:25
[INFO] [stdout]     |
[INFO] [stdout] 104 | /                         msg
[INFO] [stdout] 105 | |                             .function_call
[INFO] [stdout]     | |__________________________________________^
[INFO] [stdout] 
[INFO] [stdout] 
[INFO] [stdout] warning: use of deprecated field `async_openai_wasm::types::CreateChatCompletionRequest::functions`
[INFO] [stdout]    --> src/utils/llm/openai.rs:274:13
[INFO] [stdout]     |
[INFO] [stdout] 274 |             functions,
[INFO] [stdout]     |             ^^^^^^^^^
[INFO] [stdout] 
[INFO] [stdout] 
[INFO] [stdout] warning: use of deprecated field `async_openai_wasm::types::CreateChatCompletionRequest::function_call`
[INFO] [stdout]    --> src/utils/llm/openai.rs:275:13
[INFO] [stdout]     |
[INFO] [stdout] 275 |             function_call,
[INFO] [stdout]     |             ^^^^^^^^^^^^^
[INFO] [stdout] 
[INFO] [stdout] 
[INFO] [stdout] warning: method `request_embed` is never used
[INFO] [stdout]   --> src/utils/embedding.rs:90:14
[INFO] [stdout]    |
[INFO] [stdout] 88 | impl OpenAIEmbedding {
[INFO] [stdout]    | -------------------- method in this implementation
[INFO] [stdout] 89 |     /// send a request to the OpenAI API to embed a string. Returns the embedding vector and embedding usage, or an error.
[INFO] [stdout] 90 |     async fn request_embed(&self, string: impl Into<String>) -> Result<(Vec<f32>, EmbeddingUsage)> {
[INFO] [stdout]    |              ^^^^^^^^^^^^^
[INFO] [stdout]    |
[INFO] [stdout]    = note: `#[warn(dead_code)]` on by default
[INFO] [stdout] 
[INFO] [stdout] 
[INFO] [stdout] warning: method `ok_then_do_otherwise` is never used
[INFO] [stdout]   --> src/utils/helper_traits.rs:21:8
[INFO] [stdout]    |
[INFO] [stdout] 13 | pub trait ThenDo: Ok {
[INFO] [stdout]    |           ------ method in this trait
[INFO] [stdout] ...
[INFO] [stdout] 21 |     fn ok_then_do_otherwise(&self, then_do: impl FnOnce(&Self::OkType), otherwise_do: impl FnOnce(&Self)) {
[INFO] [stdout]    |        ^^^^^^^^^^^^^^^^^^^^
[INFO] [stdout] 
[INFO] [stdout] 
[INFO] [stdout] warning: method `ok_then_do_mut` is never used
[INFO] [stdout]   --> src/utils/helper_traits.rs:32:8
[INFO] [stdout]    |
[INFO] [stdout] 30 | pub trait ThenDoMut: Ok {
[INFO] [stdout]    |           --------- method in this trait
[INFO] [stdout] 31 |     unsafe fn ok_val_unchecked(&mut self) -> &mut Self::OkType;
[INFO] [stdout] 32 |     fn ok_then_do_mut(&mut self, then_do: impl FnOnce(&mut Self::OkType)) -> &mut Self {
[INFO] [stdout]    |        ^^^^^^^^^^^^^^
[INFO] [stdout] 
[INFO] [stdout] 
[INFO] [stderr]     Finished `dev` profile [unoptimized + debuginfo] target(s) in 26.29s
[INFO] running `Command { std: "docker" "inspect" "cca6c12b50e597da959976514be0a37548b2a1f5835ad29206b2a7582470565a", kill_on_drop: false }`
[INFO] running `Command { std: "docker" "rm" "-f" "cca6c12b50e597da959976514be0a37548b2a1f5835ad29206b2a7582470565a", kill_on_drop: false }`
[INFO] [stdout] cca6c12b50e597da959976514be0a37548b2a1f5835ad29206b2a7582470565a
[INFO] running `Command { std: "docker" "create" "-v" "/var/lib/crater-agent-workspace/builds/worker-0-tc2/target:/opt/rustwide/target:rw,Z" "-v" "/var/lib/crater-agent-workspace/builds/worker-0-tc2/source:/opt/rustwide/workdir:ro,Z" "-v" "/var/lib/crater-agent-workspace/cargo-home:/opt/rustwide/cargo-home:ro,Z" "-v" "/var/lib/crater-agent-workspace/rustup-home:/opt/rustwide/rustup-home:ro,Z" "-e" "SOURCE_DIR=/opt/rustwide/workdir" "-e" "CARGO_TARGET_DIR=/opt/rustwide/target" "-e" "CARGO_INCREMENTAL=0" "-e" "RUST_BACKTRACE=full" "-e" "RUSTFLAGS=--cap-lints=forbid -Zrandomize-layout" "-e" "RUSTDOCFLAGS=--cap-lints=forbid" "-e" "CARGO_HOME=/opt/rustwide/cargo-home" "-e" "RUSTUP_HOME=/opt/rustwide/rustup-home" "-w" "/opt/rustwide/workdir" "-m" "1610612736" "--user" "0:0" "--network" "none" "ghcr.io/rust-lang/crates-build-env/linux@sha256:4a844ea9eb2546a2d2c7022eacef16ef2e8229c7fbb2c7d4d55a9ceca922f72d" "/opt/rustwide/cargo-home/bin/cargo" "+nightly-2024-10-28" "test" "--frozen" "--no-run" "--message-format=json", kill_on_drop: false }`
[INFO] [stdout] 110b5458d19bbef2ab84834ab526b19cc87756b86fc0366e0a731ccf888b063b
[INFO] running `Command { std: "docker" "start" "-a" "110b5458d19bbef2ab84834ab526b19cc87756b86fc0366e0a731ccf888b063b", kill_on_drop: false }`
[INFO] [stderr]    Compiling libc v0.2.153
[INFO] [stderr]    Compiling cfg_aliases v0.1.1
[INFO] [stderr]    Compiling bitflags v2.5.0
[INFO] [stderr]    Compiling nix v0.28.0
[INFO] [stderr]    Compiling signal-hook-registry v1.4.2
[INFO] [stderr]    Compiling parking_lot_core v0.9.9
[INFO] [stderr]    Compiling mio v0.8.11
[INFO] [stderr]    Compiling getrandom v0.2.14
[INFO] [stderr]    Compiling num_cpus v1.16.0
[INFO] [stderr]    Compiling socket2 v0.5.6
[INFO] [stderr]    Compiling ring v0.17.8
[INFO] [stderr]    Compiling rand_core v0.6.4
[INFO] [stderr]    Compiling signal-hook v0.3.17
[INFO] [stderr]    Compiling parking_lot v0.12.1
[INFO] [stderr]    Compiling rand_chacha v0.3.1
[INFO] [stderr]    Compiling signal-hook-mio v0.2.3
[INFO] [stderr]    Compiling tokio v1.37.0
[INFO] [stderr]    Compiling crossterm v0.23.2
[INFO] [stderr]    Compiling tiktoken-rs v0.5.8
[INFO] [stderr]    Compiling rand v0.8.5
[INFO] [stderr]    Compiling coolor v0.8.0
[INFO] [stderr]    Compiling termimad v0.27.0
[INFO] [stderr]    Compiling ctrlc v3.4.4
[INFO] [stderr]    Compiling rustls-webpki v0.101.7
[INFO] [stderr]    Compiling sct v0.7.1
[INFO] [stderr]    Compiling rustls-webpki v0.102.3
[INFO] [stderr]    Compiling rustls v0.21.11
[INFO] [stderr]    Compiling rustls v0.22.4
[INFO] [stderr]    Compiling tokio-util v0.7.10
[INFO] [stderr]    Compiling hyper v1.3.1
[INFO] [stderr]    Compiling tokio-rustls v0.25.0
[INFO] [stderr]    Compiling tokio-rustls v0.24.1
[INFO] [stderr]    Compiling tokio-io-timeout v1.2.0
[INFO] [stderr]    Compiling tokio-stream v0.1.15
[INFO] [stderr]    Compiling tower v0.4.13
[INFO] [stderr]    Compiling h2 v0.3.26
[INFO] [stderr]    Compiling hyper-util v0.1.3
[INFO] [stderr]    Compiling hyper-rustls v0.26.0
[INFO] [stderr]    Compiling reqwest v0.12.4
[INFO] [stderr]    Compiling reqwest-eventsource v0.6.0
[INFO] [stderr]    Compiling async-openai-wasm v0.20.0-experimental
[INFO] [stderr]    Compiling hyper v0.14.28
[INFO] [stderr]    Compiling axum v0.6.20
[INFO] [stderr]    Compiling hyper-rustls v0.24.2
[INFO] [stderr]    Compiling hyper-timeout v0.4.1
[INFO] [stderr]    Compiling reqwest v0.11.27
[INFO] [stderr]    Compiling tonic v0.9.2
[INFO] [stderr]    Compiling qdrant-client v1.7.0
[INFO] [stderr]    Compiling transprompt v0.12.0-beta (/opt/rustwide/workdir)
[INFO] [stdout] warning: use of deprecated struct `async_openai_wasm::types::ChatCompletionFunctions`
[INFO] [stdout]  --> src/utils/llm/openai.rs:6:60
[INFO] [stdout]   |
[INFO] [stdout] 6 | use async_openai_wasm::types::{ChatCompletionFunctionCall, ChatCompletionFunctions, ChatCompletionMessageToolCall, ChatCompletionRequestM...
[INFO] [stdout]   |                                                            ^^^^^^^^^^^^^^^^^^^^^^^
[INFO] [stdout]   |
[INFO] [stdout]   = note: `#[warn(deprecated)]` on by default
[INFO] [stdout] 
[INFO] [stdout] 
[INFO] [stdout] warning: use of deprecated struct `async_openai_wasm::types::ChatCompletionFunctions`
[INFO] [stdout]    --> src/utils/llm/openai.rs:267:50
[INFO] [stdout]     |
[INFO] [stdout] 267 | ...                   functions: Option<Vec<ChatCompletionFunctions>>,
[INFO] [stdout]     |                                             ^^^^^^^^^^^^^^^^^^^^^^^
[INFO] [stdout] 
[INFO] [stdout] 
[INFO] [stdout] warning: use of deprecated struct `async_openai_wasm::types::ChatCompletionFunctions`
[INFO] [stdout]    --> src/utils/llm/openai.rs:298:59
[INFO] [stdout]     |
[INFO] [stdout] 298 | ...                   functions: Option<Vec<ChatCompletionFunctions>>,
[INFO] [stdout]     |                                             ^^^^^^^^^^^^^^^^^^^^^^^
[INFO] [stdout] 
[INFO] [stdout] 
[INFO] [stdout] warning: use of deprecated struct `async_openai_wasm::types::ChatCompletionFunctions`
[INFO] [stdout]    --> src/utils/llm/openai.rs:307:70
[INFO] [stdout]     |
[INFO] [stdout] 307 | ...                   functions: Option<Vec<ChatCompletionFunctions>>,
[INFO] [stdout]     |                                             ^^^^^^^^^^^^^^^^^^^^^^^
[INFO] [stdout] 
[INFO] [stdout] 
[INFO] [stdout] warning: use of deprecated field `async_openai_wasm::types::ChatCompletionStreamResponseDelta::function_call`
[INFO] [stdout]    --> src/utils/llm/openai.rs:102:17
[INFO] [stdout]     |
[INFO] [stdout] 102 |                 delta.function_call
[INFO] [stdout]     |                 ^^^^^^^^^^^^^^^^^^^
[INFO] [stdout] 
[INFO] [stdout] 
[INFO] [stdout] warning: use of deprecated field `async_openai_wasm::types::ChatCompletionRequestAssistantMessage::function_call`
[INFO] [stdout]    --> src/utils/llm/openai.rs:104:25
[INFO] [stdout]     |
[INFO] [stdout] 104 | /                         msg
[INFO] [stdout] 105 | |                             .function_call
[INFO] [stdout]     | |__________________________________________^
[INFO] [stdout] 
[INFO] [stdout] 
[INFO] [stdout] warning: use of deprecated field `async_openai_wasm::types::CreateChatCompletionRequest::functions`
[INFO] [stdout]    --> src/utils/llm/openai.rs:274:13
[INFO] [stdout]     |
[INFO] [stdout] 274 |             functions,
[INFO] [stdout]     |             ^^^^^^^^^
[INFO] [stdout] 
[INFO] [stdout] 
[INFO] [stdout] warning: use of deprecated field `async_openai_wasm::types::CreateChatCompletionRequest::function_call`
[INFO] [stdout]    --> src/utils/llm/openai.rs:275:13
[INFO] [stdout]     |
[INFO] [stdout] 275 |             function_call,
[INFO] [stdout]     |             ^^^^^^^^^^^^^
[INFO] [stdout] 
[INFO] [stdout] 
[INFO] [stdout] warning: method `request_embed` is never used
[INFO] [stdout]   --> src/utils/embedding.rs:90:14
[INFO] [stdout]    |
[INFO] [stdout] 88 | impl OpenAIEmbedding {
[INFO] [stdout]    | -------------------- method in this implementation
[INFO] [stdout] 89 |     /// send a request to the OpenAI API to embed a string. Returns the embedding vector and embedding usage, or an error.
[INFO] [stdout] 90 |     async fn request_embed(&self, string: impl Into<String>) -> Result<(Vec<f32>, EmbeddingUsage)> {
[INFO] [stdout]    |              ^^^^^^^^^^^^^
[INFO] [stdout]    |
[INFO] [stdout]    = note: `#[warn(dead_code)]` on by default
[INFO] [stdout] 
[INFO] [stdout] 
[INFO] [stdout] warning: method `ok_then_do_otherwise` is never used
[INFO] [stdout]   --> src/utils/helper_traits.rs:21:8
[INFO] [stdout]    |
[INFO] [stdout] 13 | pub trait ThenDo: Ok {
[INFO] [stdout]    |           ------ method in this trait
[INFO] [stdout] ...
[INFO] [stdout] 21 |     fn ok_then_do_otherwise(&self, then_do: impl FnOnce(&Self::OkType), otherwise_do: impl FnOnce(&Self)) {
[INFO] [stdout]    |        ^^^^^^^^^^^^^^^^^^^^
[INFO] [stdout] 
[INFO] [stdout] 
[INFO] [stdout] warning: method `ok_then_do_mut` is never used
[INFO] [stdout]   --> src/utils/helper_traits.rs:32:8
[INFO] [stdout]    |
[INFO] [stdout] 30 | pub trait ThenDoMut: Ok {
[INFO] [stdout]    |           --------- method in this trait
[INFO] [stdout] 31 |     unsafe fn ok_val_unchecked(&mut self) -> &mut Self::OkType;
[INFO] [stdout] 32 |     fn ok_then_do_mut(&mut self, then_do: impl FnOnce(&mut Self::OkType)) -> &mut Self {
[INFO] [stdout]    |        ^^^^^^^^^^^^^^
[INFO] [stdout] 
[INFO] [stdout] 
[INFO] [stdout] error[E0433]: failed to resolve: use of undeclared crate or module `async_openai`
[INFO] [stdout]    --> src/utils/llm/openai.rs:344:9
[INFO] [stdout]     |
[INFO] [stdout] 344 |     use async_openai::config::AzureConfig;
[INFO] [stdout]     |         ^^^^^^^^^^^^ use of undeclared crate or module `async_openai`
[INFO] [stdout] 
[INFO] [stdout] 
[INFO] [stdout] error[E0433]: failed to resolve: use of undeclared crate or module `async_openai`
[INFO] [stdout]    --> src/utils/llm/openai.rs:345:9
[INFO] [stdout]     |
[INFO] [stdout] 345 |     use async_openai::types::{ChatCompletionFunctionsArgs, ChatCompletionRequestAssistantMessageArgs, ChatCompletionRequestMessage, ChatC...
[INFO] [stdout]     |         ^^^^^^^^^^^^ use of undeclared crate or module `async_openai`
[INFO] [stdout] 
[INFO] [stdout] 
[INFO] [stdout] error[E0432]: unresolved import `async_openai`
[INFO] [stdout]    --> src/utils/llm/openai.rs:343:9
[INFO] [stdout]     |
[INFO] [stdout] 343 |     use async_openai::Client;
[INFO] [stdout]     |         ^^^^^^^^^^^^ use of undeclared crate or module `async_openai`
[INFO] [stdout] 
[INFO] [stdout] 
[INFO] [stdout] warning: use of deprecated struct `async_openai_wasm::types::ChatCompletionFunctions`
[INFO] [stdout]  --> src/utils/llm/openai.rs:6:60
[INFO] [stdout]   |
[INFO] [stdout] 6 | use async_openai_wasm::types::{ChatCompletionFunctionCall, ChatCompletionFunctions, ChatCompletionMessageToolCall, ChatCompletionRequestM...
[INFO] [stdout]   |                                                            ^^^^^^^^^^^^^^^^^^^^^^^
[INFO] [stdout]   |
[INFO] [stdout]   = note: `#[warn(deprecated)]` on by default
[INFO] [stdout] 
[INFO] [stdout] 
[INFO] [stdout] warning: use of deprecated struct `async_openai_wasm::types::ChatCompletionFunctions`
[INFO] [stdout]    --> src/utils/llm/openai.rs:267:50
[INFO] [stdout]     |
[INFO] [stdout] 267 | ...                   functions: Option<Vec<ChatCompletionFunctions>>,
[INFO] [stdout]     |                                             ^^^^^^^^^^^^^^^^^^^^^^^
[INFO] [stdout] 
[INFO] [stdout] 
[INFO] [stdout] warning: use of deprecated struct `async_openai_wasm::types::ChatCompletionFunctions`
[INFO] [stdout]    --> src/utils/llm/openai.rs:298:59
[INFO] [stdout]     |
[INFO] [stdout] 298 | ...                   functions: Option<Vec<ChatCompletionFunctions>>,
[INFO] [stdout]     |                                             ^^^^^^^^^^^^^^^^^^^^^^^
[INFO] [stdout] 
[INFO] [stdout] 
[INFO] [stdout] warning: use of deprecated struct `async_openai_wasm::types::ChatCompletionFunctions`
[INFO] [stdout]    --> src/utils/llm/openai.rs:307:70
[INFO] [stdout]     |
[INFO] [stdout] 307 | ...                   functions: Option<Vec<ChatCompletionFunctions>>,
[INFO] [stdout]     |                                             ^^^^^^^^^^^^^^^^^^^^^^^
[INFO] [stdout] 
[INFO] [stdout] 
[INFO] [stdout] warning: use of deprecated field `async_openai_wasm::types::ChatCompletionStreamResponseDelta::function_call`
[INFO] [stdout]    --> src/utils/llm/openai.rs:102:17
[INFO] [stdout]     |
[INFO] [stdout] 102 |                 delta.function_call
[INFO] [stdout]     |                 ^^^^^^^^^^^^^^^^^^^
[INFO] [stdout] 
[INFO] [stdout] 
[INFO] [stdout] warning: use of deprecated field `async_openai_wasm::types::ChatCompletionRequestAssistantMessage::function_call`
[INFO] [stdout]    --> src/utils/llm/openai.rs:104:25
[INFO] [stdout]     |
[INFO] [stdout] 104 | /                         msg
[INFO] [stdout] 105 | |                             .function_call
[INFO] [stdout]     | |__________________________________________^
[INFO] [stdout] 
[INFO] [stdout] 
[INFO] [stdout] warning: use of deprecated field `async_openai_wasm::types::CreateChatCompletionRequest::functions`
[INFO] [stdout]    --> src/utils/llm/openai.rs:274:13
[INFO] [stdout]     |
[INFO] [stdout] 274 |             functions,
[INFO] [stdout]     |             ^^^^^^^^^
[INFO] [stdout] 
[INFO] [stdout] 
[INFO] [stdout] warning: use of deprecated field `async_openai_wasm::types::CreateChatCompletionRequest::function_call`
[INFO] [stdout]    --> src/utils/llm/openai.rs:275:13
[INFO] [stdout]     |
[INFO] [stdout] 275 |             function_call,
[INFO] [stdout]     |             ^^^^^^^^^^^^^
[INFO] [stdout] 
[INFO] [stdout] 
[INFO] [stdout] Some errors have detailed explanations: E0432, E0433.
[INFO] [stdout] 
[INFO] [stdout] For more information about an error, try `rustc --explain E0432`.
[INFO] [stdout] 
[INFO] [stderr] error: could not compile `transprompt` (lib test) due to 3 previous errors; 8 warnings emitted
[INFO] [stderr] warning: build failed, waiting for other jobs to finish...
[INFO] running `Command { std: "docker" "inspect" "110b5458d19bbef2ab84834ab526b19cc87756b86fc0366e0a731ccf888b063b", kill_on_drop: false }`
[INFO] running `Command { std: "docker" "rm" "-f" "110b5458d19bbef2ab84834ab526b19cc87756b86fc0366e0a731ccf888b063b", kill_on_drop: false }`
[INFO] [stdout] 110b5458d19bbef2ab84834ab526b19cc87756b86fc0366e0a731ccf888b063b
