[INFO] fetching crate transcendent 0.3.2...
[INFO] testing transcendent-0.3.2 against nightly-2024-10-28 for randomize-layout
[INFO] extracting crate transcendent 0.3.2 into /workspace/builds/worker-1-tc1/source
[INFO] validating manifest of crates.io crate transcendent 0.3.2 on toolchain nightly-2024-10-28
[INFO] running `Command { std: CARGO_HOME="/workspace/cargo-home" RUSTUP_HOME="/workspace/rustup-home" "/workspace/cargo-home/bin/cargo" "+nightly-2024-10-28" "metadata" "--manifest-path" "Cargo.toml" "--no-deps", kill_on_drop: false }`
[INFO] started tweaking crates.io crate transcendent 0.3.2
[INFO] finished tweaking crates.io crate transcendent 0.3.2
[INFO] tweaked toml for crates.io crate transcendent 0.3.2 written to /workspace/builds/worker-1-tc1/source/Cargo.toml
[INFO] running `Command { std: CARGO_HOME="/workspace/cargo-home" RUSTUP_HOME="/workspace/rustup-home" "/workspace/cargo-home/bin/cargo" "+nightly-2024-10-28" "generate-lockfile" "--manifest-path" "Cargo.toml", kill_on_drop: false }`
[INFO] [stderr]     Updating crates.io index
[INFO] [stderr]      Locking 67 packages to latest compatible versions
[INFO] running `Command { std: CARGO_HOME="/workspace/cargo-home" RUSTUP_HOME="/workspace/rustup-home" "/workspace/cargo-home/bin/cargo" "+nightly-2024-10-28" "fetch" "--manifest-path" "Cargo.toml", kill_on_drop: false }`
[INFO] [stderr]  Downloading crates ...
[INFO] [stderr]   Downloaded darth-rust v4.4.1
[INFO] running `Command { std: "docker" "create" "-v" "/var/lib/crater-agent-workspace/builds/worker-1-tc1/target:/opt/rustwide/target:rw,Z" "-v" "/var/lib/crater-agent-workspace/builds/worker-1-tc1/source:/opt/rustwide/workdir:ro,Z" "-v" "/var/lib/crater-agent-workspace/cargo-home:/opt/rustwide/cargo-home:ro,Z" "-v" "/var/lib/crater-agent-workspace/rustup-home:/opt/rustwide/rustup-home:ro,Z" "-e" "SOURCE_DIR=/opt/rustwide/workdir" "-e" "CARGO_TARGET_DIR=/opt/rustwide/target" "-e" "CARGO_HOME=/opt/rustwide/cargo-home" "-e" "RUSTUP_HOME=/opt/rustwide/rustup-home" "-w" "/opt/rustwide/workdir" "-m" "1610612736" "--user" "0:0" "--network" "none" "ghcr.io/rust-lang/crates-build-env/linux@sha256:4a844ea9eb2546a2d2c7022eacef16ef2e8229c7fbb2c7d4d55a9ceca922f72d" "/opt/rustwide/cargo-home/bin/cargo" "+nightly-2024-10-28" "metadata" "--no-deps" "--format-version=1", kill_on_drop: false }`
[INFO] [stdout] 97ec170d3caa1bfd90f0bbde0388ed96c85155e2eb05a668434d2aae3f1f8680
[INFO] running `Command { std: "docker" "start" "-a" "97ec170d3caa1bfd90f0bbde0388ed96c85155e2eb05a668434d2aae3f1f8680", kill_on_drop: false }`
[INFO] running `Command { std: "docker" "inspect" "97ec170d3caa1bfd90f0bbde0388ed96c85155e2eb05a668434d2aae3f1f8680", kill_on_drop: false }`
[INFO] running `Command { std: "docker" "rm" "-f" "97ec170d3caa1bfd90f0bbde0388ed96c85155e2eb05a668434d2aae3f1f8680", kill_on_drop: false }`
[INFO] [stdout] 97ec170d3caa1bfd90f0bbde0388ed96c85155e2eb05a668434d2aae3f1f8680
[INFO] running `Command { std: "docker" "create" "-v" "/var/lib/crater-agent-workspace/builds/worker-1-tc1/target:/opt/rustwide/target:rw,Z" "-v" "/var/lib/crater-agent-workspace/builds/worker-1-tc1/source:/opt/rustwide/workdir:ro,Z" "-v" "/var/lib/crater-agent-workspace/cargo-home:/opt/rustwide/cargo-home:ro,Z" "-v" "/var/lib/crater-agent-workspace/rustup-home:/opt/rustwide/rustup-home:ro,Z" "-e" "SOURCE_DIR=/opt/rustwide/workdir" "-e" "CARGO_TARGET_DIR=/opt/rustwide/target" "-e" "CARGO_INCREMENTAL=0" "-e" "RUST_BACKTRACE=full" "-e" "RUSTFLAGS=--cap-lints=forbid" "-e" "RUSTDOCFLAGS=--cap-lints=forbid" "-e" "CARGO_HOME=/opt/rustwide/cargo-home" "-e" "RUSTUP_HOME=/opt/rustwide/rustup-home" "-w" "/opt/rustwide/workdir" "-m" "1610612736" "--user" "0:0" "--network" "none" "ghcr.io/rust-lang/crates-build-env/linux@sha256:4a844ea9eb2546a2d2c7022eacef16ef2e8229c7fbb2c7d4d55a9ceca922f72d" "/opt/rustwide/cargo-home/bin/cargo" "+nightly-2024-10-28" "build" "--frozen" "--message-format=json", kill_on_drop: false }`
[INFO] [stdout] 6d15475f15d72876f3b11f5712e170bfdf22640f94dc2b9f1cba4f0454171d0a
[INFO] running `Command { std: "docker" "start" "-a" "6d15475f15d72876f3b11f5712e170bfdf22640f94dc2b9f1cba4f0454171d0a", kill_on_drop: false }`
[INFO] [stderr]    Compiling vcpkg v0.2.15
[INFO] [stderr]    Compiling serde v1.0.214
[INFO] [stderr]    Compiling memchr v2.7.4
[INFO] [stderr]    Compiling libc v0.2.161
[INFO] [stderr]    Compiling num-traits v0.2.19
[INFO] [stderr]    Compiling regex-syntax v0.8.5
[INFO] [stderr]    Compiling serde_derive v1.0.214
[INFO] [stderr]    Compiling zerocopy-derive v0.7.35
[INFO] [stderr]    Compiling openssl v0.10.68
[INFO] [stderr]    Compiling foreign-types-shared v0.1.1
[INFO] [stderr]    Compiling serde_json v1.0.132
[INFO] [stderr]    Compiling foreign-types v0.3.2
[INFO] [stderr]    Compiling openssl-macros v0.1.1
[INFO] [stderr]    Compiling aho-corasick v1.1.3
[INFO] [stderr]    Compiling iana-time-zone v0.1.61
[INFO] [stderr]    Compiling itoa v1.0.11
[INFO] [stderr]    Compiling openssl-sys v0.9.104
[INFO] [stderr]    Compiling ryu v1.0.18
[INFO] [stderr]    Compiling zerocopy v0.7.35
[INFO] [stderr]    Compiling bitflags v2.6.0
[INFO] [stderr]    Compiling once_cell v1.20.2
[INFO] [stderr]    Compiling colorful v0.2.2
[INFO] [stderr]    Compiling hex v0.4.3
[INFO] [stderr]    Compiling ppv-lite86 v0.2.20
[INFO] [stderr]    Compiling regex-automata v0.4.8
[INFO] [stderr]    Compiling rand_chacha v0.3.1
[INFO] [stderr]    Compiling rand v0.8.5
[INFO] [stderr]    Compiling regex v1.11.1
[INFO] [stderr]    Compiling chrono v0.4.38
[INFO] [stderr]    Compiling bincode v1.3.3
[INFO] [stderr]    Compiling darth-rust v4.4.1
[INFO] [stderr]    Compiling transcendent v0.3.2 (/opt/rustwide/workdir)
[INFO] [stdout] error[E0432]: unresolved import `colorful`
[INFO] [stdout]  --> src/random/hermes/gen.rs:9:17
[INFO] [stdout]   |
[INFO] [stdout] 9 | #[derive(Debug, DarthRust, Default, Clone)]
[INFO] [stdout]   |                 ^^^^^^^^^ use of undeclared crate or module `colorful`
[INFO] [stdout]   |
[INFO] [stdout]   = note: this error originates in the derive macro `DarthRust` (in Nightly builds, run with -Z macro-backtrace for more info)
[INFO] [stdout] 
[INFO] [stdout] 
[INFO] [stdout] error[E0432]: unresolved import `colorful`
[INFO] [stdout]  --> src/repositories/athena/tokio.rs:5:17
[INFO] [stdout]   |
[INFO] [stdout] 5 | #[derive(Debug, DarthRust, Default, Clone)]
[INFO] [stdout]   |                 ^^^^^^^^^ use of undeclared crate or module `colorful`
[INFO] [stdout]   |
[INFO] [stdout]   = note: this error originates in the derive macro `DarthRust` (in Nightly builds, run with -Z macro-backtrace for more info)
[INFO] [stdout] 
[INFO] [stdout] 
[INFO] [stdout] error[E0433]: failed to resolve: use of undeclared crate or module `serde_json`
[INFO] [stdout]  --> src/repositories/athena/tokio.rs:5:17
[INFO] [stdout]   |
[INFO] [stdout] 5 | #[derive(Debug, DarthRust, Default, Clone)]
[INFO] [stdout]   |                 ^^^^^^^^^ use of undeclared crate or module `serde_json`
[INFO] [stdout]   |
[INFO] [stdout]   = note: this error originates in the derive macro `DarthRust` (in Nightly builds, run with -Z macro-backtrace for more info)
[INFO] [stdout] 
[INFO] [stdout] 
[INFO] [stdout] error[E0433]: failed to resolve: use of undeclared crate or module `serde_json`
[INFO] [stdout]  --> src/random/hermes/gen.rs:9:17
[INFO] [stdout]   |
[INFO] [stdout] 9 | #[derive(Debug, DarthRust, Default, Clone)]
[INFO] [stdout]   |                 ^^^^^^^^^ use of undeclared crate or module `serde_json`
[INFO] [stdout]   |
[INFO] [stdout]   = note: this error originates in the derive macro `DarthRust` (in Nightly builds, run with -Z macro-backtrace for more info)
[INFO] [stdout] 
[INFO] [stdout] 
[INFO] [stdout] error[E0433]: failed to resolve: use of undeclared crate or module `chrono`
[INFO] [stdout]  --> src/random/hermes/gen.rs:9:17
[INFO] [stdout]   |
[INFO] [stdout] 9 | #[derive(Debug, DarthRust, Default, Clone)]
[INFO] [stdout]   |                 ^^^^^^^^^ use of undeclared crate or module `chrono`
[INFO] [stdout]   |
[INFO] [stdout]   = note: this error originates in the derive macro `DarthRust` (in Nightly builds, run with -Z macro-backtrace for more info)
[INFO] [stdout] 
[INFO] [stdout] 
[INFO] [stdout] error[E0433]: failed to resolve: use of undeclared crate or module `openssl`
[INFO] [stdout]  --> src/random/hermes/gen.rs:9:17
[INFO] [stdout]   |
[INFO] [stdout] 9 | #[derive(Debug, DarthRust, Default, Clone)]
[INFO] [stdout]   |                 ^^^^^^^^^ use of undeclared crate or module `openssl`
[INFO] [stdout]   |
[INFO] [stdout]   = note: this error originates in the derive macro `DarthRust` (in Nightly builds, run with -Z macro-backtrace for more info)
[INFO] [stdout] 
[INFO] [stdout] 
[INFO] [stdout] error[E0433]: failed to resolve: use of undeclared crate or module `serde`
[INFO] [stdout]  --> src/random/hermes/gen.rs:9:17
[INFO] [stdout]   |
[INFO] [stdout] 9 | #[derive(Debug, DarthRust, Default, Clone)]
[INFO] [stdout]   |                 ^^^^^^^^^ use of undeclared crate or module `serde`
[INFO] [stdout]   |
[INFO] [stdout]   = note: this error originates in the derive macro `DarthRust` (in Nightly builds, run with -Z macro-backtrace for more info)
[INFO] [stdout] 
[INFO] [stdout] 
[INFO] [stdout] error[E0433]: failed to resolve: could not find `serde` in the list of imported crates
[INFO] [stdout]  --> src/repositories/athena/tokio.rs:5:17
[INFO] [stdout]   |
[INFO] [stdout] 5 | #[derive(Debug, DarthRust, Default, Clone)]
[INFO] [stdout]   |                 ^^^^^^^^^ could not find `serde` in the list of imported crates
[INFO] [stdout]   |
[INFO] [stdout]   = note: this error originates in the derive macro `DarthRust` (in Nightly builds, run with -Z macro-backtrace for more info)
[INFO] [stdout] 
[INFO] [stdout] 
[INFO] [stdout] error[E0433]: failed to resolve: use of undeclared crate or module `chrono`
[INFO] [stdout]  --> src/repositories/athena/tokio.rs:5:17
[INFO] [stdout]   |
[INFO] [stdout] 5 | #[derive(Debug, DarthRust, Default, Clone)]
[INFO] [stdout]   |                 ^^^^^^^^^ use of undeclared crate or module `chrono`
[INFO] [stdout]   |
[INFO] [stdout]   = note: this error originates in the derive macro `DarthRust` (in Nightly builds, run with -Z macro-backtrace for more info)
[INFO] [stdout] 
[INFO] [stdout] 
[INFO] [stdout] error[E0433]: failed to resolve: use of undeclared crate or module `openssl`
[INFO] [stdout]  --> src/repositories/athena/tokio.rs:5:17
[INFO] [stdout]   |
[INFO] [stdout] 5 | #[derive(Debug, DarthRust, Default, Clone)]
[INFO] [stdout]   |                 ^^^^^^^^^ use of undeclared crate or module `openssl`
[INFO] [stdout]   |
[INFO] [stdout]   = note: this error originates in the derive macro `DarthRust` (in Nightly builds, run with -Z macro-backtrace for more info)
[INFO] [stdout] 
[INFO] [stdout] 
[INFO] [stdout] error[E0433]: failed to resolve: use of undeclared crate or module `serde`
[INFO] [stdout]  --> src/repositories/athena/tokio.rs:5:17
[INFO] [stdout]   |
[INFO] [stdout] 5 | #[derive(Debug, DarthRust, Default, Clone)]
[INFO] [stdout]   |                 ^^^^^^^^^ use of undeclared crate or module `serde`
[INFO] [stdout]   |
[INFO] [stdout]   = note: this error originates in the derive macro `DarthRust` (in Nightly builds, run with -Z macro-backtrace for more info)
[INFO] [stdout] 
[INFO] [stdout] 
[INFO] [stdout] error[E0433]: failed to resolve: use of undeclared crate or module `bincode`
[INFO] [stdout]  --> src/random/hermes/gen.rs:9:17
[INFO] [stdout]   |
[INFO] [stdout] 9 | #[derive(Debug, DarthRust, Default, Clone)]
[INFO] [stdout]   |                 ^^^^^^^^^ use of undeclared crate or module `bincode`
[INFO] [stdout]   |
[INFO] [stdout]   = note: this error originates in the derive macro `DarthRust` (in Nightly builds, run with -Z macro-backtrace for more info)
[INFO] [stdout] 
[INFO] [stdout] 
[INFO] [stdout] error[E0433]: failed to resolve: use of undeclared crate or module `bincode`
[INFO] [stdout]  --> src/repositories/athena/tokio.rs:5:17
[INFO] [stdout]   |
[INFO] [stdout] 5 | #[derive(Debug, DarthRust, Default, Clone)]
[INFO] [stdout]   |                 ^^^^^^^^^ use of undeclared crate or module `bincode`
[INFO] [stdout]   |
[INFO] [stdout]   = note: this error originates in the derive macro `DarthRust` (in Nightly builds, run with -Z macro-backtrace for more info)
[INFO] [stdout] 
[INFO] [stdout] 
[INFO] [stdout] Some errors have detailed explanations: E0432, E0433.
[INFO] [stdout] 
[INFO] [stdout] For more information about an error, try `rustc --explain E0432`.
[INFO] [stdout] 
[INFO] [stderr] error: could not compile `transcendent` (lib) due to 13 previous errors
[INFO] running `Command { std: "docker" "inspect" "6d15475f15d72876f3b11f5712e170bfdf22640f94dc2b9f1cba4f0454171d0a", kill_on_drop: false }`
[INFO] running `Command { std: "docker" "rm" "-f" "6d15475f15d72876f3b11f5712e170bfdf22640f94dc2b9f1cba4f0454171d0a", kill_on_drop: false }`
[INFO] [stdout] 6d15475f15d72876f3b11f5712e170bfdf22640f94dc2b9f1cba4f0454171d0a
