[INFO] fetching crate tracing-shared 0.1.5...
[INFO] testing tracing-shared-0.1.5 against nightly-2024-10-28 for randomize-layout
[INFO] extracting crate tracing-shared 0.1.5 into /workspace/builds/worker-3-tc1/source
[INFO] validating manifest of crates.io crate tracing-shared 0.1.5 on toolchain nightly-2024-10-28
[INFO] running `Command { std: CARGO_HOME="/workspace/cargo-home" RUSTUP_HOME="/workspace/rustup-home" "/workspace/cargo-home/bin/cargo" "+nightly-2024-10-28" "metadata" "--manifest-path" "Cargo.toml" "--no-deps", kill_on_drop: false }`
[INFO] started tweaking crates.io crate tracing-shared 0.1.5
[INFO] finished tweaking crates.io crate tracing-shared 0.1.5
[INFO] tweaked toml for crates.io crate tracing-shared 0.1.5 written to /workspace/builds/worker-3-tc1/source/Cargo.toml
[INFO] crate crates.io crate tracing-shared 0.1.5 already has a lockfile, it will not be regenerated
[INFO] running `Command { std: CARGO_HOME="/workspace/cargo-home" RUSTUP_HOME="/workspace/rustup-home" "/workspace/cargo-home/bin/cargo" "+nightly-2024-10-28" "fetch" "--manifest-path" "Cargo.toml", kill_on_drop: false }`
[INFO] running `Command { std: "docker" "create" "-v" "/var/lib/crater-agent-workspace/builds/worker-3-tc1/target:/opt/rustwide/target:rw,Z" "-v" "/var/lib/crater-agent-workspace/builds/worker-3-tc1/source:/opt/rustwide/workdir:ro,Z" "-v" "/var/lib/crater-agent-workspace/cargo-home:/opt/rustwide/cargo-home:ro,Z" "-v" "/var/lib/crater-agent-workspace/rustup-home:/opt/rustwide/rustup-home:ro,Z" "-e" "SOURCE_DIR=/opt/rustwide/workdir" "-e" "CARGO_TARGET_DIR=/opt/rustwide/target" "-e" "CARGO_HOME=/opt/rustwide/cargo-home" "-e" "RUSTUP_HOME=/opt/rustwide/rustup-home" "-w" "/opt/rustwide/workdir" "-m" "1610612736" "--user" "0:0" "--network" "none" "ghcr.io/rust-lang/crates-build-env/linux@sha256:4a844ea9eb2546a2d2c7022eacef16ef2e8229c7fbb2c7d4d55a9ceca922f72d" "/opt/rustwide/cargo-home/bin/cargo" "+nightly-2024-10-28" "metadata" "--no-deps" "--format-version=1", kill_on_drop: false }`
[INFO] [stdout] 61981e19df69781b8718371689cbc23439097e6cc421c4b2047c74197d9c4ad8
[INFO] running `Command { std: "docker" "start" "-a" "61981e19df69781b8718371689cbc23439097e6cc421c4b2047c74197d9c4ad8", kill_on_drop: false }`
[INFO] running `Command { std: "docker" "inspect" "61981e19df69781b8718371689cbc23439097e6cc421c4b2047c74197d9c4ad8", kill_on_drop: false }`
[INFO] running `Command { std: "docker" "rm" "-f" "61981e19df69781b8718371689cbc23439097e6cc421c4b2047c74197d9c4ad8", kill_on_drop: false }`
[INFO] [stdout] 61981e19df69781b8718371689cbc23439097e6cc421c4b2047c74197d9c4ad8
[INFO] running `Command { std: "docker" "create" "-v" "/var/lib/crater-agent-workspace/builds/worker-3-tc1/target:/opt/rustwide/target:rw,Z" "-v" "/var/lib/crater-agent-workspace/builds/worker-3-tc1/source:/opt/rustwide/workdir:ro,Z" "-v" "/var/lib/crater-agent-workspace/cargo-home:/opt/rustwide/cargo-home:ro,Z" "-v" "/var/lib/crater-agent-workspace/rustup-home:/opt/rustwide/rustup-home:ro,Z" "-e" "SOURCE_DIR=/opt/rustwide/workdir" "-e" "CARGO_TARGET_DIR=/opt/rustwide/target" "-e" "CARGO_INCREMENTAL=0" "-e" "RUST_BACKTRACE=full" "-e" "RUSTFLAGS=--cap-lints=forbid" "-e" "RUSTDOCFLAGS=--cap-lints=forbid" "-e" "CARGO_HOME=/opt/rustwide/cargo-home" "-e" "RUSTUP_HOME=/opt/rustwide/rustup-home" "-w" "/opt/rustwide/workdir" "-m" "1610612736" "--user" "0:0" "--network" "none" "ghcr.io/rust-lang/crates-build-env/linux@sha256:4a844ea9eb2546a2d2c7022eacef16ef2e8229c7fbb2c7d4d55a9ceca922f72d" "/opt/rustwide/cargo-home/bin/cargo" "+nightly-2024-10-28" "build" "--frozen" "--message-format=json", kill_on_drop: false }`
[INFO] [stdout] 3bce86701cf545766826812d25223456ebaef846c8e8a5bcd1cab23aacbd5d9a
[INFO] running `Command { std: "docker" "start" "-a" "3bce86701cf545766826812d25223456ebaef846c8e8a5bcd1cab23aacbd5d9a", kill_on_drop: false }`
[INFO] [stderr]    Compiling proc-macro2 v1.0.78
[INFO] [stderr]    Compiling unicode-ident v1.0.12
[INFO] [stderr]    Compiling once_cell v1.19.0
[INFO] [stderr]    Compiling pin-project-lite v0.2.13
[INFO] [stderr]    Compiling log v0.4.20
[INFO] [stderr]    Compiling tracing-core v0.1.32
[INFO] [stderr]    Compiling quote v1.0.35
[INFO] [stderr]    Compiling syn v2.0.50
[INFO] [stderr]    Compiling tracing-attributes v0.1.27
[INFO] [stderr]    Compiling tracing v0.1.40
[INFO] [stderr]    Compiling tracing-shared v0.1.5 (/opt/rustwide/workdir)
[INFO] [stderr]     Finished `dev` profile [unoptimized + debuginfo] target(s) in 7.48s
[INFO] running `Command { std: "docker" "inspect" "3bce86701cf545766826812d25223456ebaef846c8e8a5bcd1cab23aacbd5d9a", kill_on_drop: false }`
[INFO] running `Command { std: "docker" "rm" "-f" "3bce86701cf545766826812d25223456ebaef846c8e8a5bcd1cab23aacbd5d9a", kill_on_drop: false }`
[INFO] [stdout] 3bce86701cf545766826812d25223456ebaef846c8e8a5bcd1cab23aacbd5d9a
[INFO] running `Command { std: "docker" "create" "-v" "/var/lib/crater-agent-workspace/builds/worker-3-tc1/target:/opt/rustwide/target:rw,Z" "-v" "/var/lib/crater-agent-workspace/builds/worker-3-tc1/source:/opt/rustwide/workdir:ro,Z" "-v" "/var/lib/crater-agent-workspace/cargo-home:/opt/rustwide/cargo-home:ro,Z" "-v" "/var/lib/crater-agent-workspace/rustup-home:/opt/rustwide/rustup-home:ro,Z" "-e" "SOURCE_DIR=/opt/rustwide/workdir" "-e" "CARGO_TARGET_DIR=/opt/rustwide/target" "-e" "CARGO_INCREMENTAL=0" "-e" "RUST_BACKTRACE=full" "-e" "RUSTFLAGS=--cap-lints=forbid" "-e" "RUSTDOCFLAGS=--cap-lints=forbid" "-e" "CARGO_HOME=/opt/rustwide/cargo-home" "-e" "RUSTUP_HOME=/opt/rustwide/rustup-home" "-w" "/opt/rustwide/workdir" "-m" "1610612736" "--user" "0:0" "--network" "none" "ghcr.io/rust-lang/crates-build-env/linux@sha256:4a844ea9eb2546a2d2c7022eacef16ef2e8229c7fbb2c7d4d55a9ceca922f72d" "/opt/rustwide/cargo-home/bin/cargo" "+nightly-2024-10-28" "test" "--frozen" "--no-run" "--message-format=json", kill_on_drop: false }`
[INFO] [stdout] 16e5c19aed403843d8490e571d8fed54f6e2586593bf4c9f67e77b2384f5a99e
[INFO] running `Command { std: "docker" "start" "-a" "16e5c19aed403843d8490e571d8fed54f6e2586593bf4c9f67e77b2384f5a99e", kill_on_drop: false }`
[INFO] [stderr]    Compiling log v0.4.20
[INFO] [stderr]    Compiling lazy_static v1.4.0
[INFO] [stderr]    Compiling tracing-core v0.1.32
[INFO] [stderr]    Compiling thread_local v1.1.8
[INFO] [stderr]    Compiling libloading v0.8.3
[INFO] [stderr]    Compiling sharded-slab v0.1.7
[INFO] [stderr]    Compiling tracing-log v0.2.0
[INFO] [stderr]    Compiling tracing v0.1.40
[INFO] [stderr]    Compiling tracing-shared v0.1.5 (/opt/rustwide/workdir)
[INFO] [stderr]    Compiling tracing-subscriber v0.3.18
[INFO] [stdout] error[E0433]: failed to resolve: use of undeclared crate or module `example_lib`
[INFO] [stdout]  --> examples/example.rs:1:5
[INFO] [stdout]   |
[INFO] [stdout] 1 | use example_lib::exports::{FnRun, FnSetupLogger, FnSetupTokio};
[INFO] [stdout]   |     ^^^^^^^^^^^ use of undeclared crate or module `example_lib`
[INFO] [stdout] 
[INFO] [stdout] 
[INFO] [stdout] error[E0433]: failed to resolve: use of undeclared crate or module `tokio`
[INFO] [stdout]   --> examples/example.rs:33:13
[INFO] [stdout]    |
[INFO] [stdout] 33 |             tokio::time::sleep(Duration::from_secs(1)).await
[INFO] [stdout]    |             ^^^^^ use of undeclared crate or module `tokio`
[INFO] [stdout] 
[INFO] [stdout] 
[INFO] [stdout] error[E0433]: failed to resolve: use of undeclared crate or module `tokio`
[INFO] [stdout]   --> examples/example.rs:22:5
[INFO] [stdout]    |
[INFO] [stdout] 22 |     tokio::runtime::Builder::new_current_thread()
[INFO] [stdout]    |     ^^^^^ use of undeclared crate or module `tokio`
[INFO] [stdout]    |
[INFO] [stdout] help: consider importing this struct
[INFO] [stdout]    |
[INFO] [stdout] 1  + use std::thread::Builder;
[INFO] [stdout]    |
[INFO] [stdout] help: if you import `Builder`, refer to it directly
[INFO] [stdout]    |
[INFO] [stdout] 22 -     tokio::runtime::Builder::new_current_thread()
[INFO] [stdout] 22 +     Builder::new_current_thread()
[INFO] [stdout]    |
[INFO] [stdout] 
[INFO] [stdout] 
[INFO] [stdout] error[E0433]: failed to resolve: use of undeclared crate or module `example_lib`
[INFO] [stdout]   --> examples/example.rs:38:5
[INFO] [stdout]    |
[INFO] [stdout] 38 |     example_lib::setup_shared_logger_ref(&logger);
[INFO] [stdout]    |     ^^^^^^^^^^^ use of undeclared crate or module `example_lib`
[INFO] [stdout] 
[INFO] [stdout] 
[INFO] [stdout] error[E0433]: failed to resolve: use of undeclared crate or module `example_lib`
[INFO] [stdout]   --> examples/example.rs:39:18
[INFO] [stdout]    |
[INFO] [stdout] 39 |     let _guard = example_lib::setup_shared_tokio_ref(&logger);
[INFO] [stdout]    |                  ^^^^^^^^^^^ use of undeclared crate or module `example_lib`
[INFO] [stdout] 
[INFO] [stdout] 
[INFO] [stdout] error[E0433]: failed to resolve: use of undeclared crate or module `example_lib`
[INFO] [stdout]   --> examples/example.rs:40:5
[INFO] [stdout]    |
[INFO] [stdout] 40 |     example_lib::run("dylib");
[INFO] [stdout]    |     ^^^^^^^^^^^ use of undeclared crate or module `example_lib`
[INFO] [stdout] 
[INFO] [stdout] 
[INFO] [stdout] For more information about this error, try `rustc --explain E0433`.
[INFO] [stdout] 
[INFO] [stderr] error: could not compile `tracing-shared` (example "example") due to 6 previous errors
[INFO] [stderr] warning: build failed, waiting for other jobs to finish...
[INFO] running `Command { std: "docker" "inspect" "16e5c19aed403843d8490e571d8fed54f6e2586593bf4c9f67e77b2384f5a99e", kill_on_drop: false }`
[INFO] running `Command { std: "docker" "rm" "-f" "16e5c19aed403843d8490e571d8fed54f6e2586593bf4c9f67e77b2384f5a99e", kill_on_drop: false }`
[INFO] [stdout] 16e5c19aed403843d8490e571d8fed54f6e2586593bf4c9f67e77b2384f5a99e
