[INFO] fetching crate tracing-etw 0.2.0...
[INFO] testing tracing-etw-0.2.0 against nightly-2024-10-28+rustflags=-Zrandomize-layout for randomize-layout
[INFO] extracting crate tracing-etw 0.2.0 into /workspace/builds/worker-7-tc2/source
[INFO] validating manifest of crates.io crate tracing-etw 0.2.0 on toolchain nightly-2024-10-28
[INFO] running `Command { std: CARGO_HOME="/workspace/cargo-home" RUSTUP_HOME="/workspace/rustup-home" "/workspace/cargo-home/bin/cargo" "+nightly-2024-10-28" "metadata" "--manifest-path" "Cargo.toml" "--no-deps", kill_on_drop: false }`
[INFO] started tweaking crates.io crate tracing-etw 0.2.0
[INFO] finished tweaking crates.io crate tracing-etw 0.2.0
[INFO] tweaked toml for crates.io crate tracing-etw 0.2.0 written to /workspace/builds/worker-7-tc2/source/Cargo.toml
[INFO] crate crates.io crate tracing-etw 0.2.0 already has a lockfile, it will not be regenerated
[INFO] running `Command { std: CARGO_HOME="/workspace/cargo-home" RUSTUP_HOME="/workspace/rustup-home" "/workspace/cargo-home/bin/cargo" "+nightly-2024-10-28" "fetch" "--manifest-path" "Cargo.toml", kill_on_drop: false }`
[INFO] running `Command { std: "docker" "create" "-v" "/var/lib/crater-agent-workspace/builds/worker-7-tc2/target:/opt/rustwide/target:rw,Z" "-v" "/var/lib/crater-agent-workspace/builds/worker-7-tc2/source:/opt/rustwide/workdir:ro,Z" "-v" "/var/lib/crater-agent-workspace/cargo-home:/opt/rustwide/cargo-home:ro,Z" "-v" "/var/lib/crater-agent-workspace/rustup-home:/opt/rustwide/rustup-home:ro,Z" "-e" "SOURCE_DIR=/opt/rustwide/workdir" "-e" "CARGO_TARGET_DIR=/opt/rustwide/target" "-e" "CARGO_HOME=/opt/rustwide/cargo-home" "-e" "RUSTUP_HOME=/opt/rustwide/rustup-home" "-w" "/opt/rustwide/workdir" "-m" "1610612736" "--user" "0:0" "--network" "none" "ghcr.io/rust-lang/crates-build-env/linux@sha256:4a844ea9eb2546a2d2c7022eacef16ef2e8229c7fbb2c7d4d55a9ceca922f72d" "/opt/rustwide/cargo-home/bin/cargo" "+nightly-2024-10-28" "metadata" "--no-deps" "--format-version=1", kill_on_drop: false }`
[INFO] [stdout] feca64fd24eb4670b4dec0069a0bde71dd17049e8e6a2632a9e11cf93cf9d576
[INFO] running `Command { std: "docker" "start" "-a" "feca64fd24eb4670b4dec0069a0bde71dd17049e8e6a2632a9e11cf93cf9d576", kill_on_drop: false }`
[INFO] running `Command { std: "docker" "inspect" "feca64fd24eb4670b4dec0069a0bde71dd17049e8e6a2632a9e11cf93cf9d576", kill_on_drop: false }`
[INFO] running `Command { std: "docker" "rm" "-f" "feca64fd24eb4670b4dec0069a0bde71dd17049e8e6a2632a9e11cf93cf9d576", kill_on_drop: false }`
[INFO] [stdout] feca64fd24eb4670b4dec0069a0bde71dd17049e8e6a2632a9e11cf93cf9d576
[INFO] running `Command { std: "docker" "create" "-v" "/var/lib/crater-agent-workspace/builds/worker-7-tc2/target:/opt/rustwide/target:rw,Z" "-v" "/var/lib/crater-agent-workspace/builds/worker-7-tc2/source:/opt/rustwide/workdir:ro,Z" "-v" "/var/lib/crater-agent-workspace/cargo-home:/opt/rustwide/cargo-home:ro,Z" "-v" "/var/lib/crater-agent-workspace/rustup-home:/opt/rustwide/rustup-home:ro,Z" "-e" "SOURCE_DIR=/opt/rustwide/workdir" "-e" "CARGO_TARGET_DIR=/opt/rustwide/target" "-e" "CARGO_INCREMENTAL=0" "-e" "RUST_BACKTRACE=full" "-e" "RUSTFLAGS=--cap-lints=forbid -Zrandomize-layout" "-e" "RUSTDOCFLAGS=--cap-lints=forbid" "-e" "CARGO_HOME=/opt/rustwide/cargo-home" "-e" "RUSTUP_HOME=/opt/rustwide/rustup-home" "-w" "/opt/rustwide/workdir" "-m" "1610612736" "--user" "0:0" "--network" "none" "ghcr.io/rust-lang/crates-build-env/linux@sha256:4a844ea9eb2546a2d2c7022eacef16ef2e8229c7fbb2c7d4d55a9ceca922f72d" "/opt/rustwide/cargo-home/bin/cargo" "+nightly-2024-10-28" "build" "--frozen" "--message-format=json", kill_on_drop: false }`
[INFO] [stdout] a314fe2c0ffcbcbd57e61b3ce68530fb8670bdf5ccddb95790d6b7469acef276
[INFO] running `Command { std: "docker" "start" "-a" "a314fe2c0ffcbcbd57e61b3ce68530fb8670bdf5ccddb95790d6b7469acef276", kill_on_drop: false }`
[INFO] [stderr]    Compiling libc v0.2.155
[INFO] [stderr]    Compiling lock_api v0.4.12
[INFO] [stderr]    Compiling num-traits v0.2.19
[INFO] [stderr]    Compiling parking_lot_core v0.9.10
[INFO] [stderr]    Compiling crossbeam-utils v0.8.20
[INFO] [stderr]    Compiling lazy_static v1.5.0
[INFO] [stderr]    Compiling paste v1.0.15
[INFO] [stderr]    Compiling scopeguard v1.2.0
[INFO] [stderr]    Compiling smallvec v1.13.2
[INFO] [stderr]    Compiling eventheader_macros v0.3.0
[INFO] [stderr]    Compiling thiserror v1.0.63
[INFO] [stderr]    Compiling hashbrown v0.14.5
[INFO] [stderr]    Compiling tracing v0.1.40
[INFO] [stderr]    Compiling quote v1.0.36
[INFO] [stderr]    Compiling sharded-slab v0.1.7
[INFO] [stderr]    Compiling syn v2.0.72
[INFO] [stderr]    Compiling tracing-subscriber v0.3.18
[INFO] [stderr]    Compiling tracepoint v0.4.0
[INFO] [stderr]    Compiling eventheader v0.4.0
[INFO] [stderr]    Compiling chrono v0.4.38
[INFO] [stderr]    Compiling dashmap v6.0.1
[INFO] [stderr]    Compiling eventheader_dynamic v0.4.0
[INFO] [stderr]    Compiling thiserror-impl v1.0.63
[INFO] [stderr]    Compiling tracing-etw v0.2.0 (/opt/rustwide/workdir)
[INFO] [stdout] error: linking with `cc` failed: exit status: 1
[INFO] [stdout]   |
[INFO] [stdout]   = note: LC_ALL="C" PATH="/opt/rustwide/rustup-home/toolchains/nightly-2024-10-28-x86_64-unknown-linux-gnu/lib/rustlib/x86_64-unknown-linux-gnu/bin:/opt/rustwide/rustup-home/toolchains/nightly-2024-10-28-x86_64-unknown-linux-gnu/lib/rustlib/x86_64-unknown-linux-gnu/bin/self-contained:/opt/rustwide/cargo-home/bin:/usr/local/sbin:/usr/local/bin:/usr/sbin:/usr/bin:/sbin:/bin" VSLANG="1033" "cc" "-m64" "/tmp/rustcJ29nge/symbols.o" "/opt/rustwide/target/debug/deps/main-775852c282e34d47.main.c68878affdb51c36-cgu.0.rcgu.o" "/opt/rustwide/target/debug/deps/main-775852c282e34d47.main.c68878affdb51c36-cgu.1.rcgu.o" "/opt/rustwide/target/debug/deps/main-775852c282e34d47.main.c68878affdb51c36-cgu.2.rcgu.o" "/opt/rustwide/target/debug/deps/main-775852c282e34d47.main.c68878affdb51c36-cgu.3.rcgu.o" "/opt/rustwide/target/debug/deps/main-775852c282e34d47.main.c68878affdb51c36-cgu.4.rcgu.o" "/opt/rustwide/target/debug/deps/main-775852c282e34d47.main.c68878affdb51c36-cgu.5.rcgu.o" "/opt/rustwide/target/debug/deps/main-775852c282e34d47.main.c68878affdb51c36-cgu.6.rcgu.o" "/opt/rustwide/target/debug/deps/main-775852c282e34d47.main.c68878affdb51c36-cgu.7.rcgu.o" "/opt/rustwide/target/debug/deps/main-775852c282e34d47.2dbejer9dnmnubxvl0efpn989.rcgu.o" "-Wl,--as-needed" "-Wl,-Bstatic" "/opt/rustwide/target/debug/deps/libtracing_etw-d3460fbedb83f4c6.rlib" "/opt/rustwide/target/debug/deps/libdashmap-c48ac074ff30c49c.rlib" "/opt/rustwide/target/debug/deps/liblock_api-4bfa6e5802bfd45b.rlib" "/opt/rustwide/target/debug/deps/libscopeguard-003ee3b9b09cebdb.rlib" "/opt/rustwide/target/debug/deps/libhashbrown-7d5e5d9d6d4f90ef.rlib" "/opt/rustwide/target/debug/deps/libcrossbeam_utils-fd980c92aed8cdbe.rlib" "/opt/rustwide/target/debug/deps/libparking_lot_core-da01b3ca1eff9516.rlib" "/opt/rustwide/target/debug/deps/libsmallvec-756ee87804f0eec5.rlib" "/opt/rustwide/target/debug/deps/libchrono-a85787762fca8074.rlib" "/opt/rustwide/target/debug/deps/libnum_traits-00c96530587c0f7e.rlib" "/opt/rustwide/target/debug/deps/libthiserror-7bde19a48bc6104b.rlib" "/opt/rustwide/target/debug/deps/libeventheader_dynamic-72b68238af23fa84.rlib" "/opt/rustwide/target/debug/deps/libeventheader-c426c70eccbe6e4a.rlib" "/opt/rustwide/target/debug/deps/libtracepoint-ec15dc9f1544e3e2.rlib" "/opt/rustwide/target/debug/deps/liblibc-b8a48bb4434428bd.rlib" "/opt/rustwide/target/debug/deps/libtracing_subscriber-e11abe5617bbe1c1.rlib" "/opt/rustwide/target/debug/deps/libthread_local-bea2067a721757e6.rlib" "/opt/rustwide/target/debug/deps/libcfg_if-57bf25c23e31efdb.rlib" "/opt/rustwide/target/debug/deps/libsharded_slab-95991d1034e4c6b5.rlib" "/opt/rustwide/target/debug/deps/liblazy_static-7af2f34f8b124b26.rlib" "/opt/rustwide/target/debug/deps/libtracing-d0d92fb783b3fbac.rlib" "/opt/rustwide/target/debug/deps/libpin_project_lite-0917a66d1286620d.rlib" "/opt/rustwide/target/debug/deps/libtracing_core-546a02a5507c5c18.rlib" "/opt/rustwide/target/debug/deps/libonce_cell-795d6939e3fe8636.rlib" "/opt/rustwide/rustup-home/toolchains/nightly-2024-10-28-x86_64-unknown-linux-gnu/lib/rustlib/x86_64-unknown-linux-gnu/lib/libstd-fb8c387236db3c10.rlib" "/opt/rustwide/rustup-home/toolchains/nightly-2024-10-28-x86_64-unknown-linux-gnu/lib/rustlib/x86_64-unknown-linux-gnu/lib/libpanic_unwind-b251837809b2f64b.rlib" "/opt/rustwide/rustup-home/toolchains/nightly-2024-10-28-x86_64-unknown-linux-gnu/lib/rustlib/x86_64-unknown-linux-gnu/lib/libobject-cbef83eaa4e01f04.rlib" "/opt/rustwide/rustup-home/toolchains/nightly-2024-10-28-x86_64-unknown-linux-gnu/lib/rustlib/x86_64-unknown-linux-gnu/lib/libmemchr-12a772286de2fca7.rlib" "/opt/rustwide/rustup-home/toolchains/nightly-2024-10-28-x86_64-unknown-linux-gnu/lib/rustlib/x86_64-unknown-linux-gnu/lib/libaddr2line-023bbe5ada7abfc3.rlib" "/opt/rustwide/rustup-home/toolchains/nightly-2024-10-28-x86_64-unknown-linux-gnu/lib/rustlib/x86_64-unknown-linux-gnu/lib/libgimli-de2bcdf10ec69c2b.rlib" "/opt/rustwide/rustup-home/toolchains/nightly-2024-10-28-x86_64-unknown-linux-gnu/lib/rustlib/x86_64-unknown-linux-gnu/lib/librustc_demangle-8e1754df350800fd.rlib" "/opt/rustwide/rustup-home/toolchains/nightly-2024-10-28-x86_64-unknown-linux-gnu/lib/rustlib/x86_64-unknown-linux-gnu/lib/libstd_detect-06c2ab7b9c32e037.rlib" "/opt/rustwide/rustup-home/toolchains/nightly-2024-10-28-x86_64-unknown-linux-gnu/lib/rustlib/x86_64-unknown-linux-gnu/lib/libhashbrown-51d2621fc57a281b.rlib" "/opt/rustwide/rustup-home/toolchains/nightly-2024-10-28-x86_64-unknown-linux-gnu/lib/rustlib/x86_64-unknown-linux-gnu/lib/librustc_std_workspace_alloc-54a930408793772f.rlib" "/opt/rustwide/rustup-home/toolchains/nightly-2024-10-28-x86_64-unknown-linux-gnu/lib/rustlib/x86_64-unknown-linux-gnu/lib/libminiz_oxide-0c7d01cba400dcb2.rlib" "/opt/rustwide/rustup-home/toolchains/nightly-2024-10-28-x86_64-unknown-linux-gnu/lib/rustlib/x86_64-unknown-linux-gnu/lib/libadler-b9f84d69e331b75b.rlib" "/opt/rustwide/rustup-home/toolchains/nightly-2024-10-28-x86_64-unknown-linux-gnu/lib/rustlib/x86_64-unknown-linux-gnu/lib/libunwind-eec95493246aae39.rlib" "/opt/rustwide/rustup-home/toolchains/nightly-2024-10-28-x86_64-unknown-linux-gnu/lib/rustlib/x86_64-unknown-linux-gnu/lib/libcfg_if-6f6676c475e08ab0.rlib" "/opt/rustwide/rustup-home/toolchains/nightly-2024-10-28-x86_64-unknown-linux-gnu/lib/rustlib/x86_64-unknown-linux-gnu/lib/liblibc-799d520624f8b2e0.rlib" "/opt/rustwide/rustup-home/toolchains/nightly-2024-10-28-x86_64-unknown-linux-gnu/lib/rustlib/x86_64-unknown-linux-gnu/lib/liballoc-fcf93d4842acd9a9.rlib" "/opt/rustwide/rustup-home/toolchains/nightly-2024-10-28-x86_64-unknown-linux-gnu/lib/rustlib/x86_64-unknown-linux-gnu/lib/librustc_std_workspace_core-395a38b8e0851c9b.rlib" "/opt/rustwide/rustup-home/toolchains/nightly-2024-10-28-x86_64-unknown-linux-gnu/lib/rustlib/x86_64-unknown-linux-gnu/lib/libcore-d453bab70303062c.rlib" "/opt/rustwide/rustup-home/toolchains/nightly-2024-10-28-x86_64-unknown-linux-gnu/lib/rustlib/x86_64-unknown-linux-gnu/lib/libcompiler_builtins-0e6386368b0a24e8.rlib" "-Wl,-Bdynamic" "-lgcc_s" "-lutil" "-lrt" "-lpthread" "-lm" "-ldl" "-lc" "-B/opt/rustwide/rustup-home/toolchains/nightly-2024-10-28-x86_64-unknown-linux-gnu/lib/rustlib/x86_64-unknown-linux-gnu/bin/gcc-ld" "-fuse-ld=lld" "-Wl,--eh-frame-hdr" "-Wl,-z,noexecstack" "-L" "/opt/rustwide/rustup-home/toolchains/nightly-2024-10-28-x86_64-unknown-linux-gnu/lib/rustlib/x86_64-unknown-linux-gnu/lib" "-o" "/opt/rustwide/target/debug/deps/main-775852c282e34d47" "-Wl,--gc-sections" "-pie" "-Wl,-z,relro,-z,now" "-nodefaultlibs"
[INFO] [stdout]   = note: rust-lld: error: undefined symbol: __start__etw_kw
[INFO] [stdout]           >>> referenced by statics.rs:22 (src/statics.rs:22)
[INFO] [stdout]           >>>               tracing_etw-d3460fbedb83f4c6.tracing_etw.e90f59a4ef1aa0be-cgu.1.rcgu.o:(tracing_etw::statics::EVENT_METADATA::_$u7b$$u7b$closure$u7d$$u7d$::hcd95afaac7c4a726) in archive /opt/rustwide/target/debug/deps/libtracing_etw-d3460fbedb83f4c6.rlib
[INFO] [stdout]           >>> referenced by statics.rs:24 (src/statics.rs:24)
[INFO] [stdout]           >>>               tracing_etw-d3460fbedb83f4c6.tracing_etw.e90f59a4ef1aa0be-cgu.1.rcgu.o:(tracing_etw::statics::EVENT_METADATA::_$u7b$$u7b$closure$u7d$$u7d$::hcd95afaac7c4a726) in archive /opt/rustwide/target/debug/deps/libtracing_etw-d3460fbedb83f4c6.rlib
[INFO] [stdout]           >>> referenced by mut_ptr.rs:839 (/rustc/df4ca44d3fbc9301ee17f30f4d474e6ae4b05252/library/core/src/ptr/mut_ptr.rs:839)
[INFO] [stdout]           >>>               tracing_etw-d3460fbedb83f4c6.tracing_etw.e90f59a4ef1aa0be-cgu.1.rcgu.o:(tracing_etw::statics::EVENT_METADATA::_$u7b$$u7b$closure$u7d$$u7d$::hcd95afaac7c4a726) in archive /opt/rustwide/target/debug/deps/libtracing_etw-d3460fbedb83f4c6.rlib
[INFO] [stdout]           >>> referenced 1 more times
[INFO] [stdout]           >>> the encapsulation symbol needs to be retained under --gc-sections properly; consider -z nostart-stop-gc (see https://lld.llvm.org/ELF/start-stop-gc)
[INFO] [stdout]           
[INFO] [stdout]           rust-lld: error: undefined symbol: __stop__etw_kw
[INFO] [stdout]           >>> referenced by statics.rs:24 (src/statics.rs:24)
[INFO] [stdout]           >>>               tracing_etw-d3460fbedb83f4c6.tracing_etw.e90f59a4ef1aa0be-cgu.1.rcgu.o:(tracing_etw::statics::EVENT_METADATA::_$u7b$$u7b$closure$u7d$$u7d$::hcd95afaac7c4a726) in archive /opt/rustwide/target/debug/deps/libtracing_etw-d3460fbedb83f4c6.rlib
[INFO] [stdout]           >>> referenced by statics.rs:24 (src/statics.rs:24)
[INFO] [stdout]           >>>               tracing_etw-d3460fbedb83f4c6.tracing_etw.e90f59a4ef1aa0be-cgu.1.rcgu.o:(tracing_etw::statics::EVENT_METADATA::_$u7b$$u7b$closure$u7d$$u7d$::hcd95afaac7c4a726) in archive /opt/rustwide/target/debug/deps/libtracing_etw-d3460fbedb83f4c6.rlib
[INFO] [stdout]           >>> referenced by mut_ptr.rs:839 (/rustc/df4ca44d3fbc9301ee17f30f4d474e6ae4b05252/library/core/src/ptr/mut_ptr.rs:839)
[INFO] [stdout]           >>>               tracing_etw-d3460fbedb83f4c6.tracing_etw.e90f59a4ef1aa0be-cgu.1.rcgu.o:(tracing_etw::statics::EVENT_METADATA::_$u7b$$u7b$closure$u7d$$u7d$::hcd95afaac7c4a726) in archive /opt/rustwide/target/debug/deps/libtracing_etw-d3460fbedb83f4c6.rlib
[INFO] [stdout]           collect2: error: ld returned 1 exit status
[INFO] [stdout]           
[INFO] [stdout] 
[INFO] [stdout] 
[INFO] [stderr] error: could not compile `tracing-etw` (bin "main") due to 1 previous error
[INFO] running `Command { std: "docker" "inspect" "a314fe2c0ffcbcbd57e61b3ce68530fb8670bdf5ccddb95790d6b7469acef276", kill_on_drop: false }`
[INFO] running `Command { std: "docker" "rm" "-f" "a314fe2c0ffcbcbd57e61b3ce68530fb8670bdf5ccddb95790d6b7469acef276", kill_on_drop: false }`
[INFO] [stdout] a314fe2c0ffcbcbd57e61b3ce68530fb8670bdf5ccddb95790d6b7469acef276
