[INFO] fetching crate toy-json-formatter 0.3.7...
[INFO] testing toy-json-formatter-0.3.7 against nightly-2024-10-28+rustflags=-Zrandomize-layout for randomize-layout
[INFO] extracting crate toy-json-formatter 0.3.7 into /workspace/builds/worker-1-tc2/source
[INFO] validating manifest of crates.io crate toy-json-formatter 0.3.7 on toolchain nightly-2024-10-28
[INFO] running `Command { std: CARGO_HOME="/workspace/cargo-home" RUSTUP_HOME="/workspace/rustup-home" "/workspace/cargo-home/bin/cargo" "+nightly-2024-10-28" "metadata" "--manifest-path" "Cargo.toml" "--no-deps", kill_on_drop: false }`
[INFO] started tweaking crates.io crate toy-json-formatter 0.3.7
[INFO] finished tweaking crates.io crate toy-json-formatter 0.3.7
[INFO] tweaked toml for crates.io crate toy-json-formatter 0.3.7 written to /workspace/builds/worker-1-tc2/source/Cargo.toml
[INFO] running `Command { std: CARGO_HOME="/workspace/cargo-home" RUSTUP_HOME="/workspace/rustup-home" "/workspace/cargo-home/bin/cargo" "+nightly-2024-10-28" "generate-lockfile" "--manifest-path" "Cargo.toml", kill_on_drop: false }`
[INFO] [stderr]     Updating crates.io index
[INFO] [stderr]      Locking 1 package to latest compatible version
[INFO] running `Command { std: CARGO_HOME="/workspace/cargo-home" RUSTUP_HOME="/workspace/rustup-home" "/workspace/cargo-home/bin/cargo" "+nightly-2024-10-28" "fetch" "--manifest-path" "Cargo.toml", kill_on_drop: false }`
[INFO] running `Command { std: "docker" "create" "-v" "/var/lib/crater-agent-workspace/builds/worker-1-tc2/target:/opt/rustwide/target:rw,Z" "-v" "/var/lib/crater-agent-workspace/builds/worker-1-tc2/source:/opt/rustwide/workdir:ro,Z" "-v" "/var/lib/crater-agent-workspace/cargo-home:/opt/rustwide/cargo-home:ro,Z" "-v" "/var/lib/crater-agent-workspace/rustup-home:/opt/rustwide/rustup-home:ro,Z" "-e" "SOURCE_DIR=/opt/rustwide/workdir" "-e" "CARGO_TARGET_DIR=/opt/rustwide/target" "-e" "CARGO_HOME=/opt/rustwide/cargo-home" "-e" "RUSTUP_HOME=/opt/rustwide/rustup-home" "-w" "/opt/rustwide/workdir" "-m" "1610612736" "--user" "0:0" "--network" "none" "ghcr.io/rust-lang/crates-build-env/linux@sha256:4a844ea9eb2546a2d2c7022eacef16ef2e8229c7fbb2c7d4d55a9ceca922f72d" "/opt/rustwide/cargo-home/bin/cargo" "+nightly-2024-10-28" "metadata" "--no-deps" "--format-version=1", kill_on_drop: false }`
[INFO] [stdout] 518c6d91e70b34a047ebb8ba04d12a625f2aba039b927e9957d44f63f8a4d36c
[INFO] running `Command { std: "docker" "start" "-a" "518c6d91e70b34a047ebb8ba04d12a625f2aba039b927e9957d44f63f8a4d36c", kill_on_drop: false }`
[INFO] running `Command { std: "docker" "inspect" "518c6d91e70b34a047ebb8ba04d12a625f2aba039b927e9957d44f63f8a4d36c", kill_on_drop: false }`
[INFO] running `Command { std: "docker" "rm" "-f" "518c6d91e70b34a047ebb8ba04d12a625f2aba039b927e9957d44f63f8a4d36c", kill_on_drop: false }`
[INFO] [stdout] 518c6d91e70b34a047ebb8ba04d12a625f2aba039b927e9957d44f63f8a4d36c
[INFO] running `Command { std: "docker" "create" "-v" "/var/lib/crater-agent-workspace/builds/worker-1-tc2/target:/opt/rustwide/target:rw,Z" "-v" "/var/lib/crater-agent-workspace/builds/worker-1-tc2/source:/opt/rustwide/workdir:ro,Z" "-v" "/var/lib/crater-agent-workspace/cargo-home:/opt/rustwide/cargo-home:ro,Z" "-v" "/var/lib/crater-agent-workspace/rustup-home:/opt/rustwide/rustup-home:ro,Z" "-e" "SOURCE_DIR=/opt/rustwide/workdir" "-e" "CARGO_TARGET_DIR=/opt/rustwide/target" "-e" "CARGO_INCREMENTAL=0" "-e" "RUST_BACKTRACE=full" "-e" "RUSTFLAGS=--cap-lints=forbid -Zrandomize-layout" "-e" "RUSTDOCFLAGS=--cap-lints=forbid" "-e" "CARGO_HOME=/opt/rustwide/cargo-home" "-e" "RUSTUP_HOME=/opt/rustwide/rustup-home" "-w" "/opt/rustwide/workdir" "-m" "1610612736" "--user" "0:0" "--network" "none" "ghcr.io/rust-lang/crates-build-env/linux@sha256:4a844ea9eb2546a2d2c7022eacef16ef2e8229c7fbb2c7d4d55a9ceca922f72d" "/opt/rustwide/cargo-home/bin/cargo" "+nightly-2024-10-28" "build" "--frozen" "--message-format=json", kill_on_drop: false }`
[INFO] [stdout] 4330302957c83ee928d00e380e3a32f3f952001917e8bba806a8203002a1d129
[INFO] running `Command { std: "docker" "start" "-a" "4330302957c83ee928d00e380e3a32f3f952001917e8bba806a8203002a1d129", kill_on_drop: false }`
[INFO] [stderr]    Compiling generic_tokenizer v0.1.0
[INFO] [stderr]    Compiling toy-json-formatter v0.3.7 (/opt/rustwide/workdir)
[INFO] [stderr]     Finished `dev` profile [unoptimized + debuginfo] target(s) in 0.42s
[INFO] running `Command { std: "docker" "inspect" "4330302957c83ee928d00e380e3a32f3f952001917e8bba806a8203002a1d129", kill_on_drop: false }`
[INFO] running `Command { std: "docker" "rm" "-f" "4330302957c83ee928d00e380e3a32f3f952001917e8bba806a8203002a1d129", kill_on_drop: false }`
[INFO] [stdout] 4330302957c83ee928d00e380e3a32f3f952001917e8bba806a8203002a1d129
[INFO] running `Command { std: "docker" "create" "-v" "/var/lib/crater-agent-workspace/builds/worker-1-tc2/target:/opt/rustwide/target:rw,Z" "-v" "/var/lib/crater-agent-workspace/builds/worker-1-tc2/source:/opt/rustwide/workdir:ro,Z" "-v" "/var/lib/crater-agent-workspace/cargo-home:/opt/rustwide/cargo-home:ro,Z" "-v" "/var/lib/crater-agent-workspace/rustup-home:/opt/rustwide/rustup-home:ro,Z" "-e" "SOURCE_DIR=/opt/rustwide/workdir" "-e" "CARGO_TARGET_DIR=/opt/rustwide/target" "-e" "CARGO_INCREMENTAL=0" "-e" "RUST_BACKTRACE=full" "-e" "RUSTFLAGS=--cap-lints=forbid -Zrandomize-layout" "-e" "RUSTDOCFLAGS=--cap-lints=forbid" "-e" "CARGO_HOME=/opt/rustwide/cargo-home" "-e" "RUSTUP_HOME=/opt/rustwide/rustup-home" "-w" "/opt/rustwide/workdir" "-m" "1610612736" "--user" "0:0" "--network" "none" "ghcr.io/rust-lang/crates-build-env/linux@sha256:4a844ea9eb2546a2d2c7022eacef16ef2e8229c7fbb2c7d4d55a9ceca922f72d" "/opt/rustwide/cargo-home/bin/cargo" "+nightly-2024-10-28" "test" "--frozen" "--no-run" "--message-format=json", kill_on_drop: false }`
[INFO] [stdout] 0dce85eace9ed51776bb1cf312cb59556e3359c66c08ebf10028ff77207cf75e
[INFO] running `Command { std: "docker" "start" "-a" "0dce85eace9ed51776bb1cf312cb59556e3359c66c08ebf10028ff77207cf75e", kill_on_drop: false }`
[INFO] [stderr]    Compiling toy-json-formatter v0.3.7 (/opt/rustwide/workdir)
[INFO] [stdout] error: couldn't read `src/../../bad_test2.json`: No such file or directory (os error 2)
[INFO] [stdout]    --> src/lib.rs:288:19
[INFO] [stdout]     |
[INFO] [stdout] 288 |         let str = include_str!("../../bad_test2.json");
[INFO] [stdout]     |                   ^^^^^^^^^^^^^^^^^^^^^^^^^^^^^^^^^^^^
[INFO] [stdout]     |
[INFO] [stdout]     = note: this error originates in the macro `include_str` (in Nightly builds, run with -Z macro-backtrace for more info)
[INFO] [stdout] 
[INFO] [stdout] 
[INFO] [stdout] error[E0433]: failed to resolve: use of undeclared crate or module `json_fuzzer`
[INFO] [stdout]    --> src/lib.rs:538:22
[INFO] [stdout]     |
[INFO] [stdout] 538 |         let fuzzer = json_fuzzer::fuzz();
[INFO] [stdout]     |                      ^^^^^^^^^^^ use of undeclared crate or module `json_fuzzer`
[INFO] [stdout] 
[INFO] [stdout] 
[INFO] [stdout] error[E0277]: the size for values of type `str` cannot be known at compilation time
[INFO] [stdout]    --> src/lib.rs:540:13
[INFO] [stdout]     |
[INFO] [stdout] 540 |         for str in fuzzer {
[INFO] [stdout]     |             ^^^ doesn't have a size known at compile-time
[INFO] [stdout]     |
[INFO] [stdout]     = help: the trait `Sized` is not implemented for `str`
[INFO] [stdout]     = note: all local variables must have a statically known size
[INFO] [stdout]     = help: unsized locals are gated as an unstable feature
[INFO] [stdout] 
[INFO] [stdout] 
[INFO] [stdout] error[E0277]: the size for values of type `str` cannot be known at compilation time
[INFO] [stdout]    --> src/lib.rs:540:9
[INFO] [stdout]     |
[INFO] [stdout] 540 | /         for str in fuzzer {
[INFO] [stdout] 541 | |             if std::panic::catch_unwind(|| {
[INFO] [stdout] 542 | |                 super::format(&str, None);
[INFO] [stdout] 543 | |             })
[INFO] [stdout] ...   |
[INFO] [stdout] 555 | |             }
[INFO] [stdout] 556 | |         }
[INFO] [stdout]     | |_________^ doesn't have a size known at compile-time
[INFO] [stdout]     |
[INFO] [stdout]     = help: the trait `Sized` is not implemented for `str`
[INFO] [stdout] note: required by a bound in `None`
[INFO] [stdout]    --> /rustc/df4ca44d3fbc9301ee17f30f4d474e6ae4b05252/library/core/src/option.rs:575:5
[INFO] [stdout] 
[INFO] [stdout] 
[INFO] [stdout] Some errors have detailed explanations: E0277, E0433.
[INFO] [stdout] 
[INFO] [stdout] For more information about an error, try `rustc --explain E0277`.
[INFO] [stdout] 
[INFO] [stderr] error: could not compile `toy-json-formatter` (lib test) due to 4 previous errors
[INFO] running `Command { std: "docker" "inspect" "0dce85eace9ed51776bb1cf312cb59556e3359c66c08ebf10028ff77207cf75e", kill_on_drop: false }`
[INFO] running `Command { std: "docker" "rm" "-f" "0dce85eace9ed51776bb1cf312cb59556e3359c66c08ebf10028ff77207cf75e", kill_on_drop: false }`
[INFO] [stdout] 0dce85eace9ed51776bb1cf312cb59556e3359c66c08ebf10028ff77207cf75e
