[INFO] fetching crate tower-sessions-memory-store 0.13.0...
[INFO] testing tower-sessions-memory-store-0.13.0 against nightly-2024-10-28+rustflags=-Zrandomize-layout for randomize-layout
[INFO] extracting crate tower-sessions-memory-store 0.13.0 into /workspace/builds/worker-1-tc2/source
[INFO] validating manifest of crates.io crate tower-sessions-memory-store 0.13.0 on toolchain nightly-2024-10-28
[INFO] running `Command { std: CARGO_HOME="/workspace/cargo-home" RUSTUP_HOME="/workspace/rustup-home" "/workspace/cargo-home/bin/cargo" "+nightly-2024-10-28" "metadata" "--manifest-path" "Cargo.toml" "--no-deps", kill_on_drop: false }`
[INFO] started tweaking crates.io crate tower-sessions-memory-store 0.13.0
[INFO] finished tweaking crates.io crate tower-sessions-memory-store 0.13.0
[INFO] tweaked toml for crates.io crate tower-sessions-memory-store 0.13.0 written to /workspace/builds/worker-1-tc2/source/Cargo.toml
[INFO] running `Command { std: CARGO_HOME="/workspace/cargo-home" RUSTUP_HOME="/workspace/rustup-home" "/workspace/cargo-home/bin/cargo" "+nightly-2024-10-28" "generate-lockfile" "--manifest-path" "Cargo.toml", kill_on_drop: false }`
[INFO] [stderr]     Updating crates.io index
[INFO] [stderr]      Locking 89 packages to latest compatible versions
[INFO] running `Command { std: CARGO_HOME="/workspace/cargo-home" RUSTUP_HOME="/workspace/rustup-home" "/workspace/cargo-home/bin/cargo" "+nightly-2024-10-28" "fetch" "--manifest-path" "Cargo.toml", kill_on_drop: false }`
[INFO] running `Command { std: "docker" "create" "-v" "/var/lib/crater-agent-workspace/builds/worker-1-tc2/target:/opt/rustwide/target:rw,Z" "-v" "/var/lib/crater-agent-workspace/builds/worker-1-tc2/source:/opt/rustwide/workdir:ro,Z" "-v" "/var/lib/crater-agent-workspace/cargo-home:/opt/rustwide/cargo-home:ro,Z" "-v" "/var/lib/crater-agent-workspace/rustup-home:/opt/rustwide/rustup-home:ro,Z" "-e" "SOURCE_DIR=/opt/rustwide/workdir" "-e" "CARGO_TARGET_DIR=/opt/rustwide/target" "-e" "CARGO_HOME=/opt/rustwide/cargo-home" "-e" "RUSTUP_HOME=/opt/rustwide/rustup-home" "-w" "/opt/rustwide/workdir" "-m" "1610612736" "--user" "0:0" "--network" "none" "ghcr.io/rust-lang/crates-build-env/linux@sha256:4a844ea9eb2546a2d2c7022eacef16ef2e8229c7fbb2c7d4d55a9ceca922f72d" "/opt/rustwide/cargo-home/bin/cargo" "+nightly-2024-10-28" "metadata" "--no-deps" "--format-version=1", kill_on_drop: false }`
[INFO] [stdout] 231ffa0c86b12a3ca6811d2d23180f0bfe5bf39695b64dd154cceebc412447bd
[INFO] running `Command { std: "docker" "start" "-a" "231ffa0c86b12a3ca6811d2d23180f0bfe5bf39695b64dd154cceebc412447bd", kill_on_drop: false }`
[INFO] running `Command { std: "docker" "inspect" "231ffa0c86b12a3ca6811d2d23180f0bfe5bf39695b64dd154cceebc412447bd", kill_on_drop: false }`
[INFO] running `Command { std: "docker" "rm" "-f" "231ffa0c86b12a3ca6811d2d23180f0bfe5bf39695b64dd154cceebc412447bd", kill_on_drop: false }`
[INFO] [stdout] 231ffa0c86b12a3ca6811d2d23180f0bfe5bf39695b64dd154cceebc412447bd
[INFO] running `Command { std: "docker" "create" "-v" "/var/lib/crater-agent-workspace/builds/worker-1-tc2/target:/opt/rustwide/target:rw,Z" "-v" "/var/lib/crater-agent-workspace/builds/worker-1-tc2/source:/opt/rustwide/workdir:ro,Z" "-v" "/var/lib/crater-agent-workspace/cargo-home:/opt/rustwide/cargo-home:ro,Z" "-v" "/var/lib/crater-agent-workspace/rustup-home:/opt/rustwide/rustup-home:ro,Z" "-e" "SOURCE_DIR=/opt/rustwide/workdir" "-e" "CARGO_TARGET_DIR=/opt/rustwide/target" "-e" "CARGO_INCREMENTAL=0" "-e" "RUST_BACKTRACE=full" "-e" "RUSTFLAGS=--cap-lints=forbid -Zrandomize-layout" "-e" "RUSTDOCFLAGS=--cap-lints=forbid" "-e" "CARGO_HOME=/opt/rustwide/cargo-home" "-e" "RUSTUP_HOME=/opt/rustwide/rustup-home" "-w" "/opt/rustwide/workdir" "-m" "1610612736" "--user" "0:0" "--network" "none" "ghcr.io/rust-lang/crates-build-env/linux@sha256:4a844ea9eb2546a2d2c7022eacef16ef2e8229c7fbb2c7d4d55a9ceca922f72d" "/opt/rustwide/cargo-home/bin/cargo" "+nightly-2024-10-28" "build" "--frozen" "--message-format=json", kill_on_drop: false }`
[INFO] [stdout] c65cd6eb2e77740bf9e1057ad57455c490de2ee0ac769aaa6f279bc49bf27e14
[INFO] running `Command { std: "docker" "start" "-a" "c65cd6eb2e77740bf9e1057ad57455c490de2ee0ac769aaa6f279bc49bf27e14", kill_on_drop: false }`
[INFO] [stderr]    Compiling serde v1.0.214
[INFO] [stderr]    Compiling futures-core v0.3.31
[INFO] [stderr]    Compiling libc v0.2.161
[INFO] [stderr]    Compiling lock_api v0.4.12
[INFO] [stderr]    Compiling futures-sink v0.3.31
[INFO] [stderr]    Compiling powerfmt v0.2.0
[INFO] [stderr]    Compiling tracing-core v0.1.32
[INFO] [stderr]    Compiling futures-io v0.3.31
[INFO] [stderr]    Compiling num-conv v0.1.0
[INFO] [stderr]    Compiling syn v2.0.86
[INFO] [stderr]    Compiling http v1.1.0
[INFO] [stderr]    Compiling tokio v1.41.0
[INFO] [stderr]    Compiling base64 v0.22.1
[INFO] [stderr]    Compiling futures-channel v0.3.31
[INFO] [stderr]    Compiling getrandom v0.2.15
[INFO] [stderr]    Compiling parking_lot_core v0.9.10
[INFO] [stderr]    Compiling rand_core v0.6.4
[INFO] [stderr]    Compiling serde_derive v1.0.214
[INFO] [stderr]    Compiling zerocopy-derive v0.7.35
[INFO] [stderr]    Compiling futures-macro v0.3.31
[INFO] [stderr]    Compiling thiserror-impl v1.0.66
[INFO] [stderr]    Compiling tracing-attributes v0.1.27
[INFO] [stderr]    Compiling async-trait v0.1.83
[INFO] [stderr]    Compiling zerocopy v0.7.35
[INFO] [stderr]    Compiling futures-util v0.3.31
[INFO] [stderr]    Compiling thiserror v1.0.66
[INFO] [stderr]    Compiling tracing v0.1.40
[INFO] [stderr]    Compiling ppv-lite86 v0.2.20
[INFO] [stderr]    Compiling rand_chacha v0.3.1
[INFO] [stderr]    Compiling rand v0.8.5
[INFO] [stderr]    Compiling futures v0.3.31
[INFO] [stderr]    Compiling deranged v0.3.11
[INFO] [stderr]    Compiling serde_json v1.0.132
[INFO] [stderr]    Compiling parking_lot v0.12.3
[INFO] [stderr]    Compiling time v0.3.36
[INFO] [stderr]    Compiling tower-sessions-core v0.13.0
[INFO] [stderr]    Compiling tower-sessions-memory-store v0.13.0 (/opt/rustwide/workdir)
[INFO] [stderr]     Finished `dev` profile [unoptimized + debuginfo] target(s) in 8.23s
[INFO] running `Command { std: "docker" "inspect" "c65cd6eb2e77740bf9e1057ad57455c490de2ee0ac769aaa6f279bc49bf27e14", kill_on_drop: false }`
[INFO] running `Command { std: "docker" "rm" "-f" "c65cd6eb2e77740bf9e1057ad57455c490de2ee0ac769aaa6f279bc49bf27e14", kill_on_drop: false }`
[INFO] [stdout] c65cd6eb2e77740bf9e1057ad57455c490de2ee0ac769aaa6f279bc49bf27e14
[INFO] running `Command { std: "docker" "create" "-v" "/var/lib/crater-agent-workspace/builds/worker-1-tc2/target:/opt/rustwide/target:rw,Z" "-v" "/var/lib/crater-agent-workspace/builds/worker-1-tc2/source:/opt/rustwide/workdir:ro,Z" "-v" "/var/lib/crater-agent-workspace/cargo-home:/opt/rustwide/cargo-home:ro,Z" "-v" "/var/lib/crater-agent-workspace/rustup-home:/opt/rustwide/rustup-home:ro,Z" "-e" "SOURCE_DIR=/opt/rustwide/workdir" "-e" "CARGO_TARGET_DIR=/opt/rustwide/target" "-e" "CARGO_INCREMENTAL=0" "-e" "RUST_BACKTRACE=full" "-e" "RUSTFLAGS=--cap-lints=forbid -Zrandomize-layout" "-e" "RUSTDOCFLAGS=--cap-lints=forbid" "-e" "CARGO_HOME=/opt/rustwide/cargo-home" "-e" "RUSTUP_HOME=/opt/rustwide/rustup-home" "-w" "/opt/rustwide/workdir" "-m" "1610612736" "--user" "0:0" "--network" "none" "ghcr.io/rust-lang/crates-build-env/linux@sha256:4a844ea9eb2546a2d2c7022eacef16ef2e8229c7fbb2c7d4d55a9ceca922f72d" "/opt/rustwide/cargo-home/bin/cargo" "+nightly-2024-10-28" "test" "--frozen" "--no-run" "--message-format=json", kill_on_drop: false }`
[INFO] [stdout] c0706b62d57743b23208776ba69d8e646ba43f3ad28b6daaf775e4fad7d7e18f
[INFO] running `Command { std: "docker" "start" "-a" "c0706b62d57743b23208776ba69d8e646ba43f3ad28b6daaf775e4fad7d7e18f", kill_on_drop: false }`
[INFO] [stderr]    Compiling futures-core v0.3.31
[INFO] [stderr]    Compiling time-macros v0.2.18
[INFO] [stderr]    Compiling rustversion v1.0.18
[INFO] [stderr]    Compiling http-body v1.0.1
[INFO] [stderr]    Compiling cookie v0.18.1
[INFO] [stderr]    Compiling tokio v1.41.0
[INFO] [stderr]    Compiling sync_wrapper v1.0.1
[INFO] [stderr]    Compiling mime v0.3.17
[INFO] [stderr]    Compiling futures-util v0.3.31
[INFO] [stderr]    Compiling futures-channel v0.3.31
[INFO] [stderr]    Compiling time v0.3.36
[INFO] [stderr]    Compiling http-body-util v0.1.2
[INFO] [stderr]    Compiling futures v0.3.31
[INFO] [stderr]    Compiling axum-core v0.4.5
[INFO] [stderr]    Compiling tower-sessions-core v0.13.0
[INFO] [stderr]    Compiling tower-sessions-memory-store v0.13.0 (/opt/rustwide/workdir)
[INFO] [stderr]    Compiling tower-cookies v0.10.0
[INFO] [stderr]    Compiling tower-sessions v0.13.0
[INFO] [stdout] error[E0433]: failed to resolve: could not find `test` in `tokio`
[INFO] [stdout]   --> src/lib.rs:67:14
[INFO] [stdout]    |
[INFO] [stdout] 67 |     #[tokio::test]
[INFO] [stdout]    |              ^^^^ could not find `test` in `tokio`
[INFO] [stdout] 
[INFO] [stdout] 
[INFO] [stdout] error[E0433]: failed to resolve: could not find `test` in `tokio`
[INFO] [stdout]   --> src/lib.rs:78:14
[INFO] [stdout]    |
[INFO] [stdout] 78 |     #[tokio::test]
[INFO] [stdout]    |              ^^^^ could not find `test` in `tokio`
[INFO] [stdout] 
[INFO] [stdout] 
[INFO] [stdout] error[E0433]: failed to resolve: could not find `test` in `tokio`
[INFO] [stdout]   --> src/lib.rs:89:14
[INFO] [stdout]    |
[INFO] [stdout] 89 |     #[tokio::test]
[INFO] [stdout]    |              ^^^^ could not find `test` in `tokio`
[INFO] [stdout] 
[INFO] [stdout] 
[INFO] [stdout] error[E0433]: failed to resolve: could not find `test` in `tokio`
[INFO] [stdout]    --> src/lib.rs:102:14
[INFO] [stdout]     |
[INFO] [stdout] 102 |     #[tokio::test]
[INFO] [stdout]     |              ^^^^ could not find `test` in `tokio`
[INFO] [stdout] 
[INFO] [stdout] 
[INFO] [stdout] error[E0433]: failed to resolve: could not find `test` in `tokio`
[INFO] [stdout]    --> src/lib.rs:115:14
[INFO] [stdout]     |
[INFO] [stdout] 115 |     #[tokio::test]
[INFO] [stdout]     |              ^^^^ could not find `test` in `tokio`
[INFO] [stdout] 
[INFO] [stdout] 
[INFO] [stdout] For more information about this error, try `rustc --explain E0433`.
[INFO] [stdout] 
[INFO] [stderr] error: could not compile `tower-sessions-memory-store` (lib test) due to 5 previous errors
[INFO] running `Command { std: "docker" "inspect" "c0706b62d57743b23208776ba69d8e646ba43f3ad28b6daaf775e4fad7d7e18f", kill_on_drop: false }`
[INFO] running `Command { std: "docker" "rm" "-f" "c0706b62d57743b23208776ba69d8e646ba43f3ad28b6daaf775e4fad7d7e18f", kill_on_drop: false }`
[INFO] [stdout] c0706b62d57743b23208776ba69d8e646ba43f3ad28b6daaf775e4fad7d7e18f
