[INFO] fetching crate tora_derive 0.1.6...
[INFO] testing tora_derive-0.1.6 against nightly-2024-10-28+rustflags=-Zrandomize-layout for randomize-layout
[INFO] extracting crate tora_derive 0.1.6 into /workspace/builds/worker-0-tc2/source
[INFO] validating manifest of crates.io crate tora_derive 0.1.6 on toolchain nightly-2024-10-28
[INFO] running `Command { std: CARGO_HOME="/workspace/cargo-home" RUSTUP_HOME="/workspace/rustup-home" "/workspace/cargo-home/bin/cargo" "+nightly-2024-10-28" "metadata" "--manifest-path" "Cargo.toml" "--no-deps", kill_on_drop: false }`
[INFO] started tweaking crates.io crate tora_derive 0.1.6
[INFO] removed 0 missing tests
[INFO] finished tweaking crates.io crate tora_derive 0.1.6
[INFO] tweaked toml for crates.io crate tora_derive 0.1.6 written to /workspace/builds/worker-0-tc2/source/Cargo.toml
[INFO] running `Command { std: CARGO_HOME="/workspace/cargo-home" RUSTUP_HOME="/workspace/rustup-home" "/workspace/cargo-home/bin/cargo" "+nightly-2024-10-28" "generate-lockfile" "--manifest-path" "Cargo.toml", kill_on_drop: false }`
[INFO] [stderr]     Updating crates.io index
[INFO] [stderr]     Blocking waiting for file lock on package cache
[INFO] [stderr]      Locking 4 packages to latest compatible versions
[INFO] running `Command { std: CARGO_HOME="/workspace/cargo-home" RUSTUP_HOME="/workspace/rustup-home" "/workspace/cargo-home/bin/cargo" "+nightly-2024-10-28" "fetch" "--manifest-path" "Cargo.toml", kill_on_drop: false }`
[INFO] running `Command { std: "docker" "create" "-v" "/var/lib/crater-agent-workspace/builds/worker-0-tc2/target:/opt/rustwide/target:rw,Z" "-v" "/var/lib/crater-agent-workspace/builds/worker-0-tc2/source:/opt/rustwide/workdir:ro,Z" "-v" "/var/lib/crater-agent-workspace/cargo-home:/opt/rustwide/cargo-home:ro,Z" "-v" "/var/lib/crater-agent-workspace/rustup-home:/opt/rustwide/rustup-home:ro,Z" "-e" "SOURCE_DIR=/opt/rustwide/workdir" "-e" "CARGO_TARGET_DIR=/opt/rustwide/target" "-e" "CARGO_HOME=/opt/rustwide/cargo-home" "-e" "RUSTUP_HOME=/opt/rustwide/rustup-home" "-w" "/opt/rustwide/workdir" "-m" "1610612736" "--user" "0:0" "--network" "none" "ghcr.io/rust-lang/crates-build-env/linux@sha256:4a844ea9eb2546a2d2c7022eacef16ef2e8229c7fbb2c7d4d55a9ceca922f72d" "/opt/rustwide/cargo-home/bin/cargo" "+nightly-2024-10-28" "metadata" "--no-deps" "--format-version=1", kill_on_drop: false }`
[INFO] [stdout] 0b546978317cba3ac96767424cba839983f0d677f1502401e6014f38554fdb5c
[INFO] running `Command { std: "docker" "start" "-a" "0b546978317cba3ac96767424cba839983f0d677f1502401e6014f38554fdb5c", kill_on_drop: false }`
[INFO] running `Command { std: "docker" "inspect" "0b546978317cba3ac96767424cba839983f0d677f1502401e6014f38554fdb5c", kill_on_drop: false }`
[INFO] running `Command { std: "docker" "rm" "-f" "0b546978317cba3ac96767424cba839983f0d677f1502401e6014f38554fdb5c", kill_on_drop: false }`
[INFO] [stdout] 0b546978317cba3ac96767424cba839983f0d677f1502401e6014f38554fdb5c
[INFO] running `Command { std: "docker" "create" "-v" "/var/lib/crater-agent-workspace/builds/worker-0-tc2/target:/opt/rustwide/target:rw,Z" "-v" "/var/lib/crater-agent-workspace/builds/worker-0-tc2/source:/opt/rustwide/workdir:ro,Z" "-v" "/var/lib/crater-agent-workspace/cargo-home:/opt/rustwide/cargo-home:ro,Z" "-v" "/var/lib/crater-agent-workspace/rustup-home:/opt/rustwide/rustup-home:ro,Z" "-e" "SOURCE_DIR=/opt/rustwide/workdir" "-e" "CARGO_TARGET_DIR=/opt/rustwide/target" "-e" "CARGO_INCREMENTAL=0" "-e" "RUST_BACKTRACE=full" "-e" "RUSTFLAGS=--cap-lints=forbid -Zrandomize-layout" "-e" "RUSTDOCFLAGS=--cap-lints=forbid" "-e" "CARGO_HOME=/opt/rustwide/cargo-home" "-e" "RUSTUP_HOME=/opt/rustwide/rustup-home" "-w" "/opt/rustwide/workdir" "-m" "1610612736" "--user" "0:0" "--network" "none" "ghcr.io/rust-lang/crates-build-env/linux@sha256:4a844ea9eb2546a2d2c7022eacef16ef2e8229c7fbb2c7d4d55a9ceca922f72d" "/opt/rustwide/cargo-home/bin/cargo" "+nightly-2024-10-28" "build" "--frozen" "--message-format=json", kill_on_drop: false }`
[INFO] [stdout] 1c72a204aceae05e2aa9a3027d39ff71cd8aeab8046e020de400dc8a260198ef
[INFO] running `Command { std: "docker" "start" "-a" "1c72a204aceae05e2aa9a3027d39ff71cd8aeab8046e020de400dc8a260198ef", kill_on_drop: false }`
[INFO] [stderr]    Compiling syn v2.0.86
[INFO] [stderr]    Compiling tora_derive v0.1.6 (/opt/rustwide/workdir)
[INFO] [stderr]     Finished `dev` profile [unoptimized + debuginfo] target(s) in 3.60s
[INFO] running `Command { std: "docker" "inspect" "1c72a204aceae05e2aa9a3027d39ff71cd8aeab8046e020de400dc8a260198ef", kill_on_drop: false }`
[INFO] running `Command { std: "docker" "rm" "-f" "1c72a204aceae05e2aa9a3027d39ff71cd8aeab8046e020de400dc8a260198ef", kill_on_drop: false }`
[INFO] [stdout] 1c72a204aceae05e2aa9a3027d39ff71cd8aeab8046e020de400dc8a260198ef
[INFO] running `Command { std: "docker" "create" "-v" "/var/lib/crater-agent-workspace/builds/worker-0-tc2/target:/opt/rustwide/target:rw,Z" "-v" "/var/lib/crater-agent-workspace/builds/worker-0-tc2/source:/opt/rustwide/workdir:ro,Z" "-v" "/var/lib/crater-agent-workspace/cargo-home:/opt/rustwide/cargo-home:ro,Z" "-v" "/var/lib/crater-agent-workspace/rustup-home:/opt/rustwide/rustup-home:ro,Z" "-e" "SOURCE_DIR=/opt/rustwide/workdir" "-e" "CARGO_TARGET_DIR=/opt/rustwide/target" "-e" "CARGO_INCREMENTAL=0" "-e" "RUST_BACKTRACE=full" "-e" "RUSTFLAGS=--cap-lints=forbid -Zrandomize-layout" "-e" "RUSTDOCFLAGS=--cap-lints=forbid" "-e" "CARGO_HOME=/opt/rustwide/cargo-home" "-e" "RUSTUP_HOME=/opt/rustwide/rustup-home" "-w" "/opt/rustwide/workdir" "-m" "1610612736" "--user" "0:0" "--network" "none" "ghcr.io/rust-lang/crates-build-env/linux@sha256:4a844ea9eb2546a2d2c7022eacef16ef2e8229c7fbb2c7d4d55a9ceca922f72d" "/opt/rustwide/cargo-home/bin/cargo" "+nightly-2024-10-28" "test" "--frozen" "--no-run" "--message-format=json", kill_on_drop: false }`
[INFO] [stdout] 5f79db50c7bf002d639c8136f28456220a2ba75ea1866dc53a9b6ba71343a09f
[INFO] running `Command { std: "docker" "start" "-a" "5f79db50c7bf002d639c8136f28456220a2ba75ea1866dc53a9b6ba71343a09f", kill_on_drop: false }`
[INFO] [stderr]    Compiling proc-macro2 v1.0.89
[INFO] [stderr]    Compiling quote v1.0.37
[INFO] [stderr]    Compiling syn v2.0.86
[INFO] [stderr]    Compiling tora_derive v0.1.6 (/opt/rustwide/workdir)
[INFO] [stdout] error[E0433]: failed to resolve: use of undeclared crate or module `tora`
[INFO] [stdout]  --> tests/tests.rs:5:5
[INFO] [stdout]   |
[INFO] [stdout] 5 | use tora::read::{FromReader, ToraRead};
[INFO] [stdout]   |     ^^^^ use of undeclared crate or module `tora`
[INFO] [stdout] 
[INFO] [stdout] 
[INFO] [stdout] error[E0433]: failed to resolve: use of undeclared crate or module `tora`
[INFO] [stdout]  --> tests/tests.rs:6:5
[INFO] [stdout]   |
[INFO] [stdout] 6 | use tora::write::{SerializeIo, ToraWrite};
[INFO] [stdout]   |     ^^^^ use of undeclared crate or module `tora`
[INFO] [stdout] 
[INFO] [stdout] 
[INFO] [stdout] error[E0433]: failed to resolve: use of undeclared crate or module `tora`
[INFO] [stdout]  --> tests/tests.rs:9:28
[INFO] [stdout]   |
[INFO] [stdout] 9 | #[derive(Debug, PartialEq, ReadStruct, WriteStruct)]
[INFO] [stdout]   |                            ^^^^^^^^^^ use of undeclared crate or module `tora`
[INFO] [stdout]   |
[INFO] [stdout]   = note: this error originates in the derive macro `ReadStruct` (in Nightly builds, run with -Z macro-backtrace for more info)
[INFO] [stdout] 
[INFO] [stdout] 
[INFO] [stdout] error[E0433]: failed to resolve: use of undeclared crate or module `tora`
[INFO] [stdout]  --> tests/tests.rs:9:40
[INFO] [stdout]   |
[INFO] [stdout] 9 | #[derive(Debug, PartialEq, ReadStruct, WriteStruct)]
[INFO] [stdout]   |                                        ^^^^^^^^^^^ use of undeclared crate or module `tora`
[INFO] [stdout]   |
[INFO] [stdout]   = note: this error originates in the derive macro `WriteStruct` (in Nightly builds, run with -Z macro-backtrace for more info)
[INFO] [stdout] 
[INFO] [stdout] 
[INFO] [stdout] error[E0433]: failed to resolve: use of undeclared crate or module `tora`
[INFO] [stdout]   --> tests/tests.rs:16:28
[INFO] [stdout]    |
[INFO] [stdout] 16 | #[derive(Debug, PartialEq, ReadStruct, WriteStruct)]
[INFO] [stdout]    |                            ^^^^^^^^^^ use of undeclared crate or module `tora`
[INFO] [stdout]    |
[INFO] [stdout]    = note: this error originates in the derive macro `ReadStruct` (in Nightly builds, run with -Z macro-backtrace for more info)
[INFO] [stdout] 
[INFO] [stdout] 
[INFO] [stdout] error[E0433]: failed to resolve: use of undeclared crate or module `tora`
[INFO] [stdout]   --> tests/tests.rs:16:40
[INFO] [stdout]    |
[INFO] [stdout] 16 | #[derive(Debug, PartialEq, ReadStruct, WriteStruct)]
[INFO] [stdout]    |                                        ^^^^^^^^^^^ use of undeclared crate or module `tora`
[INFO] [stdout]    |
[INFO] [stdout]    = note: this error originates in the derive macro `WriteStruct` (in Nightly builds, run with -Z macro-backtrace for more info)
[INFO] [stdout] 
[INFO] [stdout] 
[INFO] [stdout] error[E0433]: failed to resolve: use of undeclared crate or module `tora`
[INFO] [stdout]   --> tests/tests.rs:19:28
[INFO] [stdout]    |
[INFO] [stdout] 19 | #[derive(Debug, PartialEq, ReadEnum, WriteEnum)]
[INFO] [stdout]    |                            ^^^^^^^^ use of undeclared crate or module `tora`
[INFO] [stdout]    |
[INFO] [stdout]    = note: this error originates in the derive macro `ReadEnum` (in Nightly builds, run with -Z macro-backtrace for more info)
[INFO] [stdout] 
[INFO] [stdout] 
[INFO] [stdout] error[E0433]: failed to resolve: use of undeclared crate or module `tora`
[INFO] [stdout]   --> tests/tests.rs:19:38
[INFO] [stdout]    |
[INFO] [stdout] 19 | #[derive(Debug, PartialEq, ReadEnum, WriteEnum)]
[INFO] [stdout]    |                                      ^^^^^^^^^ use of undeclared crate or module `tora`
[INFO] [stdout]    |
[INFO] [stdout]    = note: this error originates in the derive macro `WriteEnum` (in Nightly builds, run with -Z macro-backtrace for more info)
[INFO] [stdout] 
[INFO] [stdout] 
[INFO] [stdout] error[E0433]: failed to resolve: use of undeclared crate or module `tora`
[INFO] [stdout]   --> tests/tests.rs:31:28
[INFO] [stdout]    |
[INFO] [stdout] 31 | #[derive(Debug, PartialEq, ReadStruct, WriteStruct)]
[INFO] [stdout]    |                            ^^^^^^^^^^ use of undeclared crate or module `tora`
[INFO] [stdout]    |
[INFO] [stdout]    = note: this error originates in the derive macro `ReadStruct` (in Nightly builds, run with -Z macro-backtrace for more info)
[INFO] [stdout] 
[INFO] [stdout] 
[INFO] [stdout] error[E0433]: failed to resolve: use of undeclared crate or module `tora`
[INFO] [stdout]   --> tests/tests.rs:31:40
[INFO] [stdout]    |
[INFO] [stdout] 31 | #[derive(Debug, PartialEq, ReadStruct, WriteStruct)]
[INFO] [stdout]    |                                        ^^^^^^^^^^^ use of undeclared crate or module `tora`
[INFO] [stdout]    |
[INFO] [stdout]    = note: this error originates in the derive macro `WriteStruct` (in Nightly builds, run with -Z macro-backtrace for more info)
[INFO] [stdout] 
[INFO] [stdout] 
[INFO] [stdout] For more information about this error, try `rustc --explain E0433`.
[INFO] [stdout] 
[INFO] [stderr] error: could not compile `tora_derive` (test "tests") due to 10 previous errors
[INFO] running `Command { std: "docker" "inspect" "5f79db50c7bf002d639c8136f28456220a2ba75ea1866dc53a9b6ba71343a09f", kill_on_drop: false }`
[INFO] running `Command { std: "docker" "rm" "-f" "5f79db50c7bf002d639c8136f28456220a2ba75ea1866dc53a9b6ba71343a09f", kill_on_drop: false }`
[INFO] [stdout] 5f79db50c7bf002d639c8136f28456220a2ba75ea1866dc53a9b6ba71343a09f
