[INFO] fetching crate toml-rsl 0.1.0...
[INFO] testing toml-rsl-0.1.0 against nightly-2024-10-28 for randomize-layout
[INFO] extracting crate toml-rsl 0.1.0 into /workspace/builds/worker-0-tc1/source
[INFO] validating manifest of crates.io crate toml-rsl 0.1.0 on toolchain nightly-2024-10-28
[INFO] running `Command { std: CARGO_HOME="/workspace/cargo-home" RUSTUP_HOME="/workspace/rustup-home" "/workspace/cargo-home/bin/cargo" "+nightly-2024-10-28" "metadata" "--manifest-path" "Cargo.toml" "--no-deps", kill_on_drop: false }`
[INFO] started tweaking crates.io crate toml-rsl 0.1.0
[INFO] finished tweaking crates.io crate toml-rsl 0.1.0
[INFO] tweaked toml for crates.io crate toml-rsl 0.1.0 written to /workspace/builds/worker-0-tc1/source/Cargo.toml
[INFO] crate crates.io crate toml-rsl 0.1.0 already has a lockfile, it will not be regenerated
[INFO] running `Command { std: CARGO_HOME="/workspace/cargo-home" RUSTUP_HOME="/workspace/rustup-home" "/workspace/cargo-home/bin/cargo" "+nightly-2024-10-28" "fetch" "--manifest-path" "Cargo.toml", kill_on_drop: false }`
[INFO] [stderr]     Blocking waiting for file lock on package cache
[INFO] running `Command { std: "docker" "create" "-v" "/var/lib/crater-agent-workspace/builds/worker-0-tc1/target:/opt/rustwide/target:rw,Z" "-v" "/var/lib/crater-agent-workspace/builds/worker-0-tc1/source:/opt/rustwide/workdir:ro,Z" "-v" "/var/lib/crater-agent-workspace/cargo-home:/opt/rustwide/cargo-home:ro,Z" "-v" "/var/lib/crater-agent-workspace/rustup-home:/opt/rustwide/rustup-home:ro,Z" "-e" "SOURCE_DIR=/opt/rustwide/workdir" "-e" "CARGO_TARGET_DIR=/opt/rustwide/target" "-e" "CARGO_HOME=/opt/rustwide/cargo-home" "-e" "RUSTUP_HOME=/opt/rustwide/rustup-home" "-w" "/opt/rustwide/workdir" "-m" "1610612736" "--user" "0:0" "--network" "none" "ghcr.io/rust-lang/crates-build-env/linux@sha256:4a844ea9eb2546a2d2c7022eacef16ef2e8229c7fbb2c7d4d55a9ceca922f72d" "/opt/rustwide/cargo-home/bin/cargo" "+nightly-2024-10-28" "metadata" "--no-deps" "--format-version=1", kill_on_drop: false }`
[INFO] [stdout] 49813321c75933829f8945488ddfa0f8c5d9a20d5f70cff4260506f8d4b5f804
[INFO] running `Command { std: "docker" "start" "-a" "49813321c75933829f8945488ddfa0f8c5d9a20d5f70cff4260506f8d4b5f804", kill_on_drop: false }`
[INFO] running `Command { std: "docker" "inspect" "49813321c75933829f8945488ddfa0f8c5d9a20d5f70cff4260506f8d4b5f804", kill_on_drop: false }`
[INFO] running `Command { std: "docker" "rm" "-f" "49813321c75933829f8945488ddfa0f8c5d9a20d5f70cff4260506f8d4b5f804", kill_on_drop: false }`
[INFO] [stdout] 49813321c75933829f8945488ddfa0f8c5d9a20d5f70cff4260506f8d4b5f804
[INFO] running `Command { std: "docker" "create" "-v" "/var/lib/crater-agent-workspace/builds/worker-0-tc1/target:/opt/rustwide/target:rw,Z" "-v" "/var/lib/crater-agent-workspace/builds/worker-0-tc1/source:/opt/rustwide/workdir:ro,Z" "-v" "/var/lib/crater-agent-workspace/cargo-home:/opt/rustwide/cargo-home:ro,Z" "-v" "/var/lib/crater-agent-workspace/rustup-home:/opt/rustwide/rustup-home:ro,Z" "-e" "SOURCE_DIR=/opt/rustwide/workdir" "-e" "CARGO_TARGET_DIR=/opt/rustwide/target" "-e" "CARGO_INCREMENTAL=0" "-e" "RUST_BACKTRACE=full" "-e" "RUSTFLAGS=--cap-lints=forbid" "-e" "RUSTDOCFLAGS=--cap-lints=forbid" "-e" "CARGO_HOME=/opt/rustwide/cargo-home" "-e" "RUSTUP_HOME=/opt/rustwide/rustup-home" "-w" "/opt/rustwide/workdir" "-m" "1610612736" "--user" "0:0" "--network" "none" "ghcr.io/rust-lang/crates-build-env/linux@sha256:4a844ea9eb2546a2d2c7022eacef16ef2e8229c7fbb2c7d4d55a9ceca922f72d" "/opt/rustwide/cargo-home/bin/cargo" "+nightly-2024-10-28" "build" "--frozen" "--message-format=json", kill_on_drop: false }`
[INFO] [stdout] 831f5cdc0a3f573af5fa36d973491a40f3f80b4058956afbc77a77a07b7c8284
[INFO] running `Command { std: "docker" "start" "-a" "831f5cdc0a3f573af5fa36d973491a40f3f80b4058956afbc77a77a07b7c8284", kill_on_drop: false }`
[INFO] [stderr]    Compiling serde v1.0.197
[INFO] [stderr]    Compiling toml-rsl v0.1.0 (/opt/rustwide/workdir)
[INFO] [stderr]     Finished `dev` profile [unoptimized + debuginfo] target(s) in 4.79s
[INFO] running `Command { std: "docker" "inspect" "831f5cdc0a3f573af5fa36d973491a40f3f80b4058956afbc77a77a07b7c8284", kill_on_drop: false }`
[INFO] running `Command { std: "docker" "rm" "-f" "831f5cdc0a3f573af5fa36d973491a40f3f80b4058956afbc77a77a07b7c8284", kill_on_drop: false }`
[INFO] [stdout] 831f5cdc0a3f573af5fa36d973491a40f3f80b4058956afbc77a77a07b7c8284
[INFO] running `Command { std: "docker" "create" "-v" "/var/lib/crater-agent-workspace/builds/worker-0-tc1/target:/opt/rustwide/target:rw,Z" "-v" "/var/lib/crater-agent-workspace/builds/worker-0-tc1/source:/opt/rustwide/workdir:ro,Z" "-v" "/var/lib/crater-agent-workspace/cargo-home:/opt/rustwide/cargo-home:ro,Z" "-v" "/var/lib/crater-agent-workspace/rustup-home:/opt/rustwide/rustup-home:ro,Z" "-e" "SOURCE_DIR=/opt/rustwide/workdir" "-e" "CARGO_TARGET_DIR=/opt/rustwide/target" "-e" "CARGO_INCREMENTAL=0" "-e" "RUST_BACKTRACE=full" "-e" "RUSTFLAGS=--cap-lints=forbid" "-e" "RUSTDOCFLAGS=--cap-lints=forbid" "-e" "CARGO_HOME=/opt/rustwide/cargo-home" "-e" "RUSTUP_HOME=/opt/rustwide/rustup-home" "-w" "/opt/rustwide/workdir" "-m" "1610612736" "--user" "0:0" "--network" "none" "ghcr.io/rust-lang/crates-build-env/linux@sha256:4a844ea9eb2546a2d2c7022eacef16ef2e8229c7fbb2c7d4d55a9ceca922f72d" "/opt/rustwide/cargo-home/bin/cargo" "+nightly-2024-10-28" "test" "--frozen" "--no-run" "--message-format=json", kill_on_drop: false }`
[INFO] [stdout] 9271daa8fd2bc6df88ac3b4ea96c10ecf13c229242706ec7f378bf09e8168902
[INFO] running `Command { std: "docker" "start" "-a" "9271daa8fd2bc6df88ac3b4ea96c10ecf13c229242706ec7f378bf09e8168902", kill_on_drop: false }`
[INFO] [stderr]    Compiling proc-macro2 v1.0.78
[INFO] [stderr]    Compiling unicode-ident v1.0.12
[INFO] [stderr]    Compiling serde_json v1.0.114
[INFO] [stderr]    Compiling ryu v1.0.17
[INFO] [stderr]    Compiling itoa v1.0.10
[INFO] [stderr]    Compiling quote v1.0.35
[INFO] [stderr]    Compiling syn v2.0.52
[INFO] [stderr]    Compiling serde_derive v1.0.197
[INFO] [stderr]    Compiling toml-rsl v0.1.0 (/opt/rustwide/workdir)
[INFO] [stdout] error[E0432]: unresolved import `toml`
[INFO] [stdout]  --> examples/toml2json.rs:9:5
[INFO] [stdout]   |
[INFO] [stdout] 9 | use toml::Value as Toml;
[INFO] [stdout]   |     ^^^^ use of undeclared crate or module `toml`
[INFO] [stdout] 
[INFO] [stdout] 
[INFO] [stdout] error[E0463]: can't find crate for `toml`
[INFO] [stdout]  --> tests/enum_external_deserialize.rs:3:1
[INFO] [stdout]   |
[INFO] [stdout] 3 | extern crate toml;
[INFO] [stdout]   | ^^^^^^^^^^^^^^^^^^ can't find crate
[INFO] [stdout] 
[INFO] [stdout] 
[INFO] [stdout] For more information about this error, try `rustc --explain E0432`.
[INFO] [stdout] 
[INFO] [stderr] error: could not compile `toml-rsl` (example "toml2json") due to 1 previous error
[INFO] [stderr] warning: build failed, waiting for other jobs to finish...
[INFO] [stdout] error[E0433]: failed to resolve: use of undeclared crate or module `toml`
[INFO] [stdout]   --> examples/decode.rs:52:27
[INFO] [stdout]    |
[INFO] [stdout] 52 |     let decoded: Config = toml::from_str(toml_str).unwrap();
[INFO] [stdout]    |                           ^^^^ use of undeclared crate or module `toml`
[INFO] [stdout] 
[INFO] [stdout] 
[INFO] [stdout] error[E0433]: failed to resolve: use of undeclared crate or module `toml`
[INFO] [stdout]   --> examples/enum_external.rs:43:27
[INFO] [stdout]    |
[INFO] [stdout] 43 |     let decoded: Config = toml::from_str(toml_str).unwrap();
[INFO] [stdout]    |                           ^^^^ use of undeclared crate or module `toml`
[INFO] [stdout] 
[INFO] [stdout] 
[INFO] [stdout] For more information about this error, try `rustc --explain E0433`.
[INFO] [stdout] 
[INFO] [stdout] For more information about this error, try `rustc --explain E0433`.
[INFO] [stdout] 
[INFO] [stderr] error: could not compile `toml-rsl` (example "enum_external") due to 1 previous error
[INFO] [stderr] error: could not compile `toml-rsl` (example "decode") due to 1 previous error
[INFO] [stdout] For more information about this error, try `rustc --explain E0463`.
[INFO] [stdout] 
[INFO] [stderr] error: could not compile `toml-rsl` (test "enum_external_deserialize") due to 1 previous error
[INFO] running `Command { std: "docker" "inspect" "9271daa8fd2bc6df88ac3b4ea96c10ecf13c229242706ec7f378bf09e8168902", kill_on_drop: false }`
[INFO] running `Command { std: "docker" "rm" "-f" "9271daa8fd2bc6df88ac3b4ea96c10ecf13c229242706ec7f378bf09e8168902", kill_on_drop: false }`
[INFO] [stdout] 9271daa8fd2bc6df88ac3b4ea96c10ecf13c229242706ec7f378bf09e8168902
