[INFO] fetching crate tinyinst 0.1.0...
[INFO] testing tinyinst-0.1.0 against nightly-2024-10-28 for randomize-layout
[INFO] extracting crate tinyinst 0.1.0 into /workspace/builds/worker-7-tc1/source
[INFO] validating manifest of crates.io crate tinyinst 0.1.0 on toolchain nightly-2024-10-28
[INFO] running `Command { std: CARGO_HOME="/workspace/cargo-home" RUSTUP_HOME="/workspace/rustup-home" "/workspace/cargo-home/bin/cargo" "+nightly-2024-10-28" "metadata" "--manifest-path" "Cargo.toml" "--no-deps", kill_on_drop: false }`
[INFO] started tweaking crates.io crate tinyinst 0.1.0
[INFO] finished tweaking crates.io crate tinyinst 0.1.0
[INFO] tweaked toml for crates.io crate tinyinst 0.1.0 written to /workspace/builds/worker-7-tc1/source/Cargo.toml
[INFO] running `Command { std: CARGO_HOME="/workspace/cargo-home" RUSTUP_HOME="/workspace/rustup-home" "/workspace/cargo-home/bin/cargo" "+nightly-2024-10-28" "generate-lockfile" "--manifest-path" "Cargo.toml", kill_on_drop: false }`
[INFO] [stderr]     Blocking waiting for file lock on package cache
[INFO] [stderr]     Updating crates.io index
[INFO] [stderr]     Blocking waiting for file lock on package cache
[INFO] [stderr]      Locking 11 packages to latest compatible versions
[INFO] running `Command { std: CARGO_HOME="/workspace/cargo-home" RUSTUP_HOME="/workspace/rustup-home" "/workspace/cargo-home/bin/cargo" "+nightly-2024-10-28" "fetch" "--manifest-path" "Cargo.toml", kill_on_drop: false }`
[INFO] running `Command { std: "docker" "create" "-v" "/var/lib/crater-agent-workspace/builds/worker-7-tc1/target:/opt/rustwide/target:rw,Z" "-v" "/var/lib/crater-agent-workspace/builds/worker-7-tc1/source:/opt/rustwide/workdir:ro,Z" "-v" "/var/lib/crater-agent-workspace/cargo-home:/opt/rustwide/cargo-home:ro,Z" "-v" "/var/lib/crater-agent-workspace/rustup-home:/opt/rustwide/rustup-home:ro,Z" "-e" "SOURCE_DIR=/opt/rustwide/workdir" "-e" "CARGO_TARGET_DIR=/opt/rustwide/target" "-e" "CARGO_HOME=/opt/rustwide/cargo-home" "-e" "RUSTUP_HOME=/opt/rustwide/rustup-home" "-w" "/opt/rustwide/workdir" "-m" "1610612736" "--user" "0:0" "--network" "none" "ghcr.io/rust-lang/crates-build-env/linux@sha256:4a844ea9eb2546a2d2c7022eacef16ef2e8229c7fbb2c7d4d55a9ceca922f72d" "/opt/rustwide/cargo-home/bin/cargo" "+nightly-2024-10-28" "metadata" "--no-deps" "--format-version=1", kill_on_drop: false }`
[INFO] [stdout] c2a6b86c7d76df406a909a38df1c5f75c7a421b5949e43b430dfc38d190d0f6b
[INFO] running `Command { std: "docker" "start" "-a" "c2a6b86c7d76df406a909a38df1c5f75c7a421b5949e43b430dfc38d190d0f6b", kill_on_drop: false }`
[INFO] running `Command { std: "docker" "inspect" "c2a6b86c7d76df406a909a38df1c5f75c7a421b5949e43b430dfc38d190d0f6b", kill_on_drop: false }`
[INFO] running `Command { std: "docker" "rm" "-f" "c2a6b86c7d76df406a909a38df1c5f75c7a421b5949e43b430dfc38d190d0f6b", kill_on_drop: false }`
[INFO] [stdout] c2a6b86c7d76df406a909a38df1c5f75c7a421b5949e43b430dfc38d190d0f6b
[INFO] running `Command { std: "docker" "create" "-v" "/var/lib/crater-agent-workspace/builds/worker-7-tc1/target:/opt/rustwide/target:rw,Z" "-v" "/var/lib/crater-agent-workspace/builds/worker-7-tc1/source:/opt/rustwide/workdir:ro,Z" "-v" "/var/lib/crater-agent-workspace/cargo-home:/opt/rustwide/cargo-home:ro,Z" "-v" "/var/lib/crater-agent-workspace/rustup-home:/opt/rustwide/rustup-home:ro,Z" "-e" "SOURCE_DIR=/opt/rustwide/workdir" "-e" "CARGO_TARGET_DIR=/opt/rustwide/target" "-e" "CARGO_INCREMENTAL=0" "-e" "RUST_BACKTRACE=full" "-e" "RUSTFLAGS=--cap-lints=forbid" "-e" "RUSTDOCFLAGS=--cap-lints=forbid" "-e" "CARGO_HOME=/opt/rustwide/cargo-home" "-e" "RUSTUP_HOME=/opt/rustwide/rustup-home" "-w" "/opt/rustwide/workdir" "-m" "1610612736" "--user" "0:0" "--network" "none" "ghcr.io/rust-lang/crates-build-env/linux@sha256:4a844ea9eb2546a2d2c7022eacef16ef2e8229c7fbb2c7d4d55a9ceca922f72d" "/opt/rustwide/cargo-home/bin/cargo" "+nightly-2024-10-28" "build" "--frozen" "--message-format=json", kill_on_drop: false }`
[INFO] [stdout] bca3b3505fdd3e15a1aada640fc28ea7e4bb37f11554be256d5a5daec164e57a
[INFO] running `Command { std: "docker" "start" "-a" "bca3b3505fdd3e15a1aada640fc28ea7e4bb37f11554be256d5a5daec164e57a", kill_on_drop: false }`
[INFO] [stderr]    Compiling shlex v1.3.0
[INFO] [stderr]    Compiling proc-macro2 v1.0.89
[INFO] [stderr]    Compiling cxxbridge-flags v1.0.129
[INFO] [stderr]    Compiling cc v1.1.31
[INFO] [stderr]    Compiling quote v1.0.37
[INFO] [stderr]    Compiling cmake v0.1.51
[INFO] [stderr]    Compiling syn v2.0.86
[INFO] [stderr]    Compiling link-cplusplus v1.0.9
[INFO] [stderr]    Compiling cxx v1.0.129
[INFO] [stderr]    Compiling tinyinst v0.1.0 (/opt/rustwide/workdir)
[INFO] [stderr]    Compiling cxxbridge-macro v1.0.129
[INFO] [stderr] warning: tinyinst@0.1.0: No MacOS support yet.
[INFO] [stderr]     Finished `dev` profile [unoptimized + debuginfo] target(s) in 8.51s
[INFO] running `Command { std: "docker" "inspect" "bca3b3505fdd3e15a1aada640fc28ea7e4bb37f11554be256d5a5daec164e57a", kill_on_drop: false }`
[INFO] running `Command { std: "docker" "rm" "-f" "bca3b3505fdd3e15a1aada640fc28ea7e4bb37f11554be256d5a5daec164e57a", kill_on_drop: false }`
[INFO] [stdout] bca3b3505fdd3e15a1aada640fc28ea7e4bb37f11554be256d5a5daec164e57a
[INFO] running `Command { std: "docker" "create" "-v" "/var/lib/crater-agent-workspace/builds/worker-7-tc1/target:/opt/rustwide/target:rw,Z" "-v" "/var/lib/crater-agent-workspace/builds/worker-7-tc1/source:/opt/rustwide/workdir:ro,Z" "-v" "/var/lib/crater-agent-workspace/cargo-home:/opt/rustwide/cargo-home:ro,Z" "-v" "/var/lib/crater-agent-workspace/rustup-home:/opt/rustwide/rustup-home:ro,Z" "-e" "SOURCE_DIR=/opt/rustwide/workdir" "-e" "CARGO_TARGET_DIR=/opt/rustwide/target" "-e" "CARGO_INCREMENTAL=0" "-e" "RUST_BACKTRACE=full" "-e" "RUSTFLAGS=--cap-lints=forbid" "-e" "RUSTDOCFLAGS=--cap-lints=forbid" "-e" "CARGO_HOME=/opt/rustwide/cargo-home" "-e" "RUSTUP_HOME=/opt/rustwide/rustup-home" "-w" "/opt/rustwide/workdir" "-m" "1610612736" "--user" "0:0" "--network" "none" "ghcr.io/rust-lang/crates-build-env/linux@sha256:4a844ea9eb2546a2d2c7022eacef16ef2e8229c7fbb2c7d4d55a9ceca922f72d" "/opt/rustwide/cargo-home/bin/cargo" "+nightly-2024-10-28" "test" "--frozen" "--no-run" "--message-format=json", kill_on_drop: false }`
[INFO] [stdout] 3187779096f173b42b1068983292b1f6ca5c6796264da85b2bdeba3f3e79decc
[INFO] running `Command { std: "docker" "start" "-a" "3187779096f173b42b1068983292b1f6ca5c6796264da85b2bdeba3f3e79decc", kill_on_drop: false }`
[INFO] [stderr] warning: tinyinst@0.1.0: No MacOS support yet.
[INFO] [stderr]    Compiling tinyinst v0.1.0 (/opt/rustwide/workdir)
[INFO] [stdout] warning: lint `private_in_public` has been removed: replaced with another group of lints, see RFC <https://rust-lang.github.io/rfcs/2145-type-privacy.html> for more information
[INFO] [stdout]   --> src/lib.rs:48:9
[INFO] [stdout]    |
[INFO] [stdout] 48 |         private_in_public,
[INFO] [stdout]    |         ^^^^^^^^^^^^^^^^^
[INFO] [stdout]    |
[INFO] [stdout]    = note: `#[warn(renamed_and_removed_lints)]` on by default
[INFO] [stdout] 
[INFO] [stdout] 
[INFO] [stdout] error: linking with `cc` failed: exit status: 1
[INFO] [stdout]   |
[INFO] [stdout]   = note: LC_ALL="C" PATH="/opt/rustwide/rustup-home/toolchains/nightly-2024-10-28-x86_64-unknown-linux-gnu/lib/rustlib/x86_64-unknown-linux-gnu/bin:/opt/rustwide/rustup-home/toolchains/nightly-2024-10-28-x86_64-unknown-linux-gnu/lib/rustlib/x86_64-unknown-linux-gnu/bin/self-contained:/opt/rustwide/cargo-home/bin:/usr/local/sbin:/usr/local/bin:/usr/sbin:/usr/bin:/sbin:/bin" VSLANG="1033" "cc" "-m64" "/tmp/rustcoST6sL/symbols.o" "/opt/rustwide/target/debug/deps/tinyinst-7c246f186446e420.tinyinst.f01c2acd8017432-cgu.0.rcgu.o" "/opt/rustwide/target/debug/deps/tinyinst-7c246f186446e420.tinyinst.f01c2acd8017432-cgu.1.rcgu.o" "/opt/rustwide/target/debug/deps/tinyinst-7c246f186446e420.tinyinst.f01c2acd8017432-cgu.2.rcgu.o" "/opt/rustwide/target/debug/deps/tinyinst-7c246f186446e420.0e2dyq7wltu5rg20i7qbqfih1.rcgu.o" "-Wl,--as-needed" "-Wl,-Bstatic" "/opt/rustwide/rustup-home/toolchains/nightly-2024-10-28-x86_64-unknown-linux-gnu/lib/rustlib/x86_64-unknown-linux-gnu/lib/libtest-a09fad3b5321e7d6.rlib" "/opt/rustwide/rustup-home/toolchains/nightly-2024-10-28-x86_64-unknown-linux-gnu/lib/rustlib/x86_64-unknown-linux-gnu/lib/libgetopts-f9c3dff41ad42661.rlib" "/opt/rustwide/rustup-home/toolchains/nightly-2024-10-28-x86_64-unknown-linux-gnu/lib/rustlib/x86_64-unknown-linux-gnu/lib/libunicode_width-ad2aef31af6addd3.rlib" "/opt/rustwide/rustup-home/toolchains/nightly-2024-10-28-x86_64-unknown-linux-gnu/lib/rustlib/x86_64-unknown-linux-gnu/lib/librustc_std_workspace_std-e3f907dc03deb913.rlib" "/opt/rustwide/target/debug/deps/libcxx-cb40e8b55ae0a2cf.rlib" "/opt/rustwide/target/debug/deps/liblink_cplusplus-eb699bd36c64b393.rlib" "/opt/rustwide/rustup-home/toolchains/nightly-2024-10-28-x86_64-unknown-linux-gnu/lib/rustlib/x86_64-unknown-linux-gnu/lib/libstd-fb8c387236db3c10.rlib" "/opt/rustwide/rustup-home/toolchains/nightly-2024-10-28-x86_64-unknown-linux-gnu/lib/rustlib/x86_64-unknown-linux-gnu/lib/libpanic_unwind-b251837809b2f64b.rlib" "/opt/rustwide/rustup-home/toolchains/nightly-2024-10-28-x86_64-unknown-linux-gnu/lib/rustlib/x86_64-unknown-linux-gnu/lib/libobject-cbef83eaa4e01f04.rlib" "/opt/rustwide/rustup-home/toolchains/nightly-2024-10-28-x86_64-unknown-linux-gnu/lib/rustlib/x86_64-unknown-linux-gnu/lib/libmemchr-12a772286de2fca7.rlib" "/opt/rustwide/rustup-home/toolchains/nightly-2024-10-28-x86_64-unknown-linux-gnu/lib/rustlib/x86_64-unknown-linux-gnu/lib/libaddr2line-023bbe5ada7abfc3.rlib" "/opt/rustwide/rustup-home/toolchains/nightly-2024-10-28-x86_64-unknown-linux-gnu/lib/rustlib/x86_64-unknown-linux-gnu/lib/libgimli-de2bcdf10ec69c2b.rlib" "/opt/rustwide/rustup-home/toolchains/nightly-2024-10-28-x86_64-unknown-linux-gnu/lib/rustlib/x86_64-unknown-linux-gnu/lib/librustc_demangle-8e1754df350800fd.rlib" "/opt/rustwide/rustup-home/toolchains/nightly-2024-10-28-x86_64-unknown-linux-gnu/lib/rustlib/x86_64-unknown-linux-gnu/lib/libstd_detect-06c2ab7b9c32e037.rlib" "/opt/rustwide/rustup-home/toolchains/nightly-2024-10-28-x86_64-unknown-linux-gnu/lib/rustlib/x86_64-unknown-linux-gnu/lib/libhashbrown-51d2621fc57a281b.rlib" "/opt/rustwide/rustup-home/toolchains/nightly-2024-10-28-x86_64-unknown-linux-gnu/lib/rustlib/x86_64-unknown-linux-gnu/lib/librustc_std_workspace_alloc-54a930408793772f.rlib" "/opt/rustwide/rustup-home/toolchains/nightly-2024-10-28-x86_64-unknown-linux-gnu/lib/rustlib/x86_64-unknown-linux-gnu/lib/libminiz_oxide-0c7d01cba400dcb2.rlib" "/opt/rustwide/rustup-home/toolchains/nightly-2024-10-28-x86_64-unknown-linux-gnu/lib/rustlib/x86_64-unknown-linux-gnu/lib/libadler-b9f84d69e331b75b.rlib" "/opt/rustwide/rustup-home/toolchains/nightly-2024-10-28-x86_64-unknown-linux-gnu/lib/rustlib/x86_64-unknown-linux-gnu/lib/libunwind-eec95493246aae39.rlib" "/opt/rustwide/rustup-home/toolchains/nightly-2024-10-28-x86_64-unknown-linux-gnu/lib/rustlib/x86_64-unknown-linux-gnu/lib/libcfg_if-6f6676c475e08ab0.rlib" "/opt/rustwide/rustup-home/toolchains/nightly-2024-10-28-x86_64-unknown-linux-gnu/lib/rustlib/x86_64-unknown-linux-gnu/lib/liblibc-799d520624f8b2e0.rlib" "/opt/rustwide/rustup-home/toolchains/nightly-2024-10-28-x86_64-unknown-linux-gnu/lib/rustlib/x86_64-unknown-linux-gnu/lib/liballoc-fcf93d4842acd9a9.rlib" "/opt/rustwide/rustup-home/toolchains/nightly-2024-10-28-x86_64-unknown-linux-gnu/lib/rustlib/x86_64-unknown-linux-gnu/lib/librustc_std_workspace_core-395a38b8e0851c9b.rlib" "/opt/rustwide/rustup-home/toolchains/nightly-2024-10-28-x86_64-unknown-linux-gnu/lib/rustlib/x86_64-unknown-linux-gnu/lib/libcore-d453bab70303062c.rlib" "/opt/rustwide/rustup-home/toolchains/nightly-2024-10-28-x86_64-unknown-linux-gnu/lib/rustlib/x86_64-unknown-linux-gnu/lib/libcompiler_builtins-0e6386368b0a24e8.rlib" "-Wl,-Bdynamic" "-lstdc++" "-lgcc_s" "-lutil" "-lrt" "-lpthread" "-lm" "-ldl" "-lc" "-B/opt/rustwide/rustup-home/toolchains/nightly-2024-10-28-x86_64-unknown-linux-gnu/lib/rustlib/x86_64-unknown-linux-gnu/bin/gcc-ld" "-fuse-ld=lld" "-Wl,--eh-frame-hdr" "-Wl,-z,noexecstack" "-L" "/opt/rustwide/target/debug/build/cxx-3527cc49c78fa3aa/out" "-L" "/opt/rustwide/target/debug/build/link-cplusplus-8732ef431b4fcd0b/out" "-L" "/opt/rustwide/rustup-home/toolchains/nightly-2024-10-28-x86_64-unknown-linux-gnu/lib/rustlib/x86_64-unknown-linux-gnu/lib" "-o" "/opt/rustwide/target/debug/deps/tinyinst-7c246f186446e420" "-Wl,--gc-sections" "-pie" "-Wl,-z,relro,-z,now" "-nodefaultlibs"
[INFO] [stdout]   = note: rust-lld: error: undefined symbol: cxxbridge1$coverage_new
[INFO] [stdout]           >>> referenced by tinyinst.rs:43 (src/tinyinst.rs:43)
[INFO] [stdout]           >>>               /opt/rustwide/target/debug/deps/tinyinst-7c246f186446e420.tinyinst.f01c2acd8017432-cgu.2.rcgu.o:(tinyinst::tinyinst::litecov::coverage_new::h6bc7cfe9914c7ec0)
[INFO] [stdout]           
[INFO] [stdout]           rust-lld: error: undefined symbol: cxxbridge1$tinyinstinstrumentation_new
[INFO] [stdout]           >>> referenced by tinyinst.rs:54 (src/tinyinst.rs:54)
[INFO] [stdout]           >>>               /opt/rustwide/target/debug/deps/tinyinst-7c246f186446e420.tinyinst.f01c2acd8017432-cgu.2.rcgu.o:(tinyinst::tinyinst::litecov::tinyinstinstrumentation_new::h7af86018ca49e2b6)
[INFO] [stdout]           
[INFO] [stdout]           rust-lld: error: undefined symbol: cxxbridge1$TinyInstInstrumentation$Init
[INFO] [stdout]           >>> referenced by tinyinst.rs:59 (src/tinyinst.rs:59)
[INFO] [stdout]           >>>               /opt/rustwide/target/debug/deps/tinyinst-7c246f186446e420.tinyinst.f01c2acd8017432-cgu.2.rcgu.o:(tinyinst::tinyinst::litecov::TinyInstInstrumentation::Init::h065284532edaaa3b)
[INFO] [stdout]           
[INFO] [stdout]           rust-lld: error: undefined symbol: cxxbridge1$TinyInstInstrumentation$Run
[INFO] [stdout]           >>> referenced by tinyinst.rs:65 (src/tinyinst.rs:65)
[INFO] [stdout]           >>>               /opt/rustwide/target/debug/deps/tinyinst-7c246f186446e420.tinyinst.f01c2acd8017432-cgu.2.rcgu.o:(tinyinst::tinyinst::litecov::TinyInstInstrumentation::Run::hf771d0c3b696db5c)
[INFO] [stdout]           
[INFO] [stdout]           rust-lld: error: undefined symbol: cxxbridge1$TinyInstInstrumentation$GetCoverage
[INFO] [stdout]           >>> referenced by tinyinst.rs:86 (src/tinyinst.rs:86)
[INFO] [stdout]           >>>               /opt/rustwide/target/debug/deps/tinyinst-7c246f186446e420.tinyinst.f01c2acd8017432-cgu.2.rcgu.o:(tinyinst::tinyinst::litecov::TinyInstInstrumentation::GetCoverage::h9d7d49c0dbfa6913)
[INFO] [stdout]           
[INFO] [stdout]           rust-lld: error: undefined symbol: cxxbridge1$TinyInstInstrumentation$IgnoreCoverage
[INFO] [stdout]           >>> referenced by tinyinst.rs:93 (src/tinyinst.rs:93)
[INFO] [stdout]           >>>               /opt/rustwide/target/debug/deps/tinyinst-7c246f186446e420.tinyinst.f01c2acd8017432-cgu.2.rcgu.o:(tinyinst::tinyinst::litecov::TinyInstInstrumentation::IgnoreCoverage::hfd79f5b6d5f0d434)
[INFO] [stdout]           
[INFO] [stdout]           rust-lld: error: undefined symbol: cxxbridge1$unique_ptr$Coverage$raw
[INFO] [stdout]           >>> referenced by tinyinst.rs:43 (src/tinyinst.rs:43)
[INFO] [stdout]           >>>               /opt/rustwide/target/debug/deps/tinyinst-7c246f186446e420.tinyinst.f01c2acd8017432-cgu.2.rcgu.o:(_$LT$tinyinst..tinyinst..litecov..Coverage$u20$as$u20$cxx..unique_ptr..UniquePtrTarget$GT$::__raw::h459db7580180f0e2)
[INFO] [stdout]           
[INFO] [stdout]           rust-lld: error: undefined symbol: cxxbridge1$unique_ptr$Coverage$get
[INFO] [stdout]           >>> referenced by tinyinst.rs:43 (src/tinyinst.rs:43)
[INFO] [stdout]           >>>               /opt/rustwide/target/debug/deps/tinyinst-7c246f186446e420.tinyinst.f01c2acd8017432-cgu.2.rcgu.o:(_$LT$tinyinst..tinyinst..litecov..Coverage$u20$as$u20$cxx..unique_ptr..UniquePtrTarget$GT$::__get::h28a1425ef871cb77)
[INFO] [stdout]           
[INFO] [stdout]           rust-lld: error: undefined symbol: cxxbridge1$unique_ptr$Coverage$drop
[INFO] [stdout]           >>> referenced by tinyinst.rs:43 (src/tinyinst.rs:43)
[INFO] [stdout]           >>>               /opt/rustwide/target/debug/deps/tinyinst-7c246f186446e420.tinyinst.f01c2acd8017432-cgu.2.rcgu.o:(_$LT$tinyinst..tinyinst..litecov..Coverage$u20$as$u20$cxx..unique_ptr..UniquePtrTarget$GT$::__drop::h8c247bb29b296ad8)
[INFO] [stdout]           
[INFO] [stdout]           rust-lld: error: undefined symbol: cxxbridge1$unique_ptr$TinyInstInstrumentation$raw
[INFO] [stdout]           >>> referenced by tinyinst.rs:54 (src/tinyinst.rs:54)
[INFO] [stdout]           >>>               /opt/rustwide/target/debug/deps/tinyinst-7c246f186446e420.tinyinst.f01c2acd8017432-cgu.2.rcgu.o:(_$LT$tinyinst..tinyinst..litecov..TinyInstInstrumentation$u20$as$u20$cxx..unique_ptr..UniquePtrTarget$GT$::__raw::h13022e76b5cec6da)
[INFO] [stdout]           
[INFO] [stdout]           rust-lld: error: undefined symbol: cxxbridge1$unique_ptr$TinyInstInstrumentation$get
[INFO] [stdout]           >>> referenced by tinyinst.rs:54 (src/tinyinst.rs:54)
[INFO] [stdout]           >>>               /opt/rustwide/target/debug/deps/tinyinst-7c246f186446e420.tinyinst.f01c2acd8017432-cgu.2.rcgu.o:(_$LT$tinyinst..tinyinst..litecov..TinyInstInstrumentation$u20$as$u20$cxx..unique_ptr..UniquePtrTarget$GT$::__get::hfb57fe9035dd25a1)
[INFO] [stdout]           
[INFO] [stdout]           rust-lld: error: undefined symbol: cxxbridge1$unique_ptr$TinyInstInstrumentation$drop
[INFO] [stdout]           >>> referenced by tinyinst.rs:54 (src/tinyinst.rs:54)
[INFO] [stdout]           >>>               /opt/rustwide/target/debug/deps/tinyinst-7c246f186446e420.tinyinst.f01c2acd8017432-cgu.2.rcgu.o:(_$LT$tinyinst..tinyinst..litecov..TinyInstInstrumentation$u20$as$u20$cxx..unique_ptr..UniquePtrTarget$GT$::__drop::h5565466aaba07e1b)
[INFO] [stdout]           collect2: error: ld returned 1 exit status
[INFO] [stdout]           
[INFO] [stdout] 
[INFO] [stdout] 
[INFO] [stderr] The following warnings were emitted during compilation:
[INFO] [stderr] 
[INFO] [stderr] warning: tinyinst@0.1.0: No MacOS support yet.
[INFO] [stderr] 
[INFO] [stderr] error: could not compile `tinyinst` (lib test) due to 1 previous error; 1 warning emitted
[INFO] running `Command { std: "docker" "inspect" "3187779096f173b42b1068983292b1f6ca5c6796264da85b2bdeba3f3e79decc", kill_on_drop: false }`
[INFO] running `Command { std: "docker" "rm" "-f" "3187779096f173b42b1068983292b1f6ca5c6796264da85b2bdeba3f3e79decc", kill_on_drop: false }`
[INFO] [stdout] 3187779096f173b42b1068983292b1f6ca5c6796264da85b2bdeba3f3e79decc
