[INFO] fetching crate tiny-serde 0.1.2...
[INFO] testing tiny-serde-0.1.2 against nightly-2024-10-28 for randomize-layout
[INFO] extracting crate tiny-serde 0.1.2 into /workspace/builds/worker-5-tc1/source
[INFO] validating manifest of crates.io crate tiny-serde 0.1.2 on toolchain nightly-2024-10-28
[INFO] running `Command { std: CARGO_HOME="/workspace/cargo-home" RUSTUP_HOME="/workspace/rustup-home" "/workspace/cargo-home/bin/cargo" "+nightly-2024-10-28" "metadata" "--manifest-path" "Cargo.toml" "--no-deps", kill_on_drop: false }`
[INFO] started tweaking crates.io crate tiny-serde 0.1.2
[INFO] finished tweaking crates.io crate tiny-serde 0.1.2
[INFO] tweaked toml for crates.io crate tiny-serde 0.1.2 written to /workspace/builds/worker-5-tc1/source/Cargo.toml
[INFO] running `Command { std: CARGO_HOME="/workspace/cargo-home" RUSTUP_HOME="/workspace/rustup-home" "/workspace/cargo-home/bin/cargo" "+nightly-2024-10-28" "generate-lockfile" "--manifest-path" "Cargo.toml", kill_on_drop: false }`
[INFO] [stderr]     Updating crates.io index
[INFO] [stderr]      Locking 5 packages to latest compatible versions
[INFO] running `Command { std: CARGO_HOME="/workspace/cargo-home" RUSTUP_HOME="/workspace/rustup-home" "/workspace/cargo-home/bin/cargo" "+nightly-2024-10-28" "fetch" "--manifest-path" "Cargo.toml", kill_on_drop: false }`
[INFO] [stderr]  Downloading crates ...
[INFO] [stderr]   Downloaded tiny-serde-derive v0.1.1
[INFO] running `Command { std: "docker" "create" "-v" "/var/lib/crater-agent-workspace/builds/worker-5-tc1/target:/opt/rustwide/target:rw,Z" "-v" "/var/lib/crater-agent-workspace/builds/worker-5-tc1/source:/opt/rustwide/workdir:ro,Z" "-v" "/var/lib/crater-agent-workspace/cargo-home:/opt/rustwide/cargo-home:ro,Z" "-v" "/var/lib/crater-agent-workspace/rustup-home:/opt/rustwide/rustup-home:ro,Z" "-e" "SOURCE_DIR=/opt/rustwide/workdir" "-e" "CARGO_TARGET_DIR=/opt/rustwide/target" "-e" "CARGO_HOME=/opt/rustwide/cargo-home" "-e" "RUSTUP_HOME=/opt/rustwide/rustup-home" "-w" "/opt/rustwide/workdir" "-m" "1610612736" "--user" "0:0" "--network" "none" "ghcr.io/rust-lang/crates-build-env/linux@sha256:4a844ea9eb2546a2d2c7022eacef16ef2e8229c7fbb2c7d4d55a9ceca922f72d" "/opt/rustwide/cargo-home/bin/cargo" "+nightly-2024-10-28" "metadata" "--no-deps" "--format-version=1", kill_on_drop: false }`
[INFO] [stdout] 93bd7fe0772aa9ee323a35c315110e980aac239ddfa69e1f199b103df18a9687
[INFO] running `Command { std: "docker" "start" "-a" "93bd7fe0772aa9ee323a35c315110e980aac239ddfa69e1f199b103df18a9687", kill_on_drop: false }`
[INFO] running `Command { std: "docker" "inspect" "93bd7fe0772aa9ee323a35c315110e980aac239ddfa69e1f199b103df18a9687", kill_on_drop: false }`
[INFO] running `Command { std: "docker" "rm" "-f" "93bd7fe0772aa9ee323a35c315110e980aac239ddfa69e1f199b103df18a9687", kill_on_drop: false }`
[INFO] [stdout] 93bd7fe0772aa9ee323a35c315110e980aac239ddfa69e1f199b103df18a9687
[INFO] running `Command { std: "docker" "create" "-v" "/var/lib/crater-agent-workspace/builds/worker-5-tc1/target:/opt/rustwide/target:rw,Z" "-v" "/var/lib/crater-agent-workspace/builds/worker-5-tc1/source:/opt/rustwide/workdir:ro,Z" "-v" "/var/lib/crater-agent-workspace/cargo-home:/opt/rustwide/cargo-home:ro,Z" "-v" "/var/lib/crater-agent-workspace/rustup-home:/opt/rustwide/rustup-home:ro,Z" "-e" "SOURCE_DIR=/opt/rustwide/workdir" "-e" "CARGO_TARGET_DIR=/opt/rustwide/target" "-e" "CARGO_INCREMENTAL=0" "-e" "RUST_BACKTRACE=full" "-e" "RUSTFLAGS=--cap-lints=forbid" "-e" "RUSTDOCFLAGS=--cap-lints=forbid" "-e" "CARGO_HOME=/opt/rustwide/cargo-home" "-e" "RUSTUP_HOME=/opt/rustwide/rustup-home" "-w" "/opt/rustwide/workdir" "-m" "1610612736" "--user" "0:0" "--network" "none" "ghcr.io/rust-lang/crates-build-env/linux@sha256:4a844ea9eb2546a2d2c7022eacef16ef2e8229c7fbb2c7d4d55a9ceca922f72d" "/opt/rustwide/cargo-home/bin/cargo" "+nightly-2024-10-28" "build" "--frozen" "--message-format=json", kill_on_drop: false }`
[INFO] [stdout] d1e1b70b747acdbf9933bd276e683cd8681a84a63afeb667dc245e52ea111e1f
[INFO] running `Command { std: "docker" "start" "-a" "d1e1b70b747acdbf9933bd276e683cd8681a84a63afeb667dc245e52ea111e1f", kill_on_drop: false }`
[INFO] [stderr]    Compiling proc-macro2 v1.0.89
[INFO] [stderr]    Compiling quote v1.0.37
[INFO] [stderr]    Compiling syn v2.0.86
[INFO] [stderr]    Compiling tiny-serde-derive v0.1.1
[INFO] [stderr]    Compiling tiny-serde v0.1.2 (/opt/rustwide/workdir)
[INFO] [stderr]     Finished `dev` profile [unoptimized + debuginfo] target(s) in 3.42s
[INFO] running `Command { std: "docker" "inspect" "d1e1b70b747acdbf9933bd276e683cd8681a84a63afeb667dc245e52ea111e1f", kill_on_drop: false }`
[INFO] running `Command { std: "docker" "rm" "-f" "d1e1b70b747acdbf9933bd276e683cd8681a84a63afeb667dc245e52ea111e1f", kill_on_drop: false }`
[INFO] [stdout] d1e1b70b747acdbf9933bd276e683cd8681a84a63afeb667dc245e52ea111e1f
[INFO] running `Command { std: "docker" "create" "-v" "/var/lib/crater-agent-workspace/builds/worker-5-tc1/target:/opt/rustwide/target:rw,Z" "-v" "/var/lib/crater-agent-workspace/builds/worker-5-tc1/source:/opt/rustwide/workdir:ro,Z" "-v" "/var/lib/crater-agent-workspace/cargo-home:/opt/rustwide/cargo-home:ro,Z" "-v" "/var/lib/crater-agent-workspace/rustup-home:/opt/rustwide/rustup-home:ro,Z" "-e" "SOURCE_DIR=/opt/rustwide/workdir" "-e" "CARGO_TARGET_DIR=/opt/rustwide/target" "-e" "CARGO_INCREMENTAL=0" "-e" "RUST_BACKTRACE=full" "-e" "RUSTFLAGS=--cap-lints=forbid" "-e" "RUSTDOCFLAGS=--cap-lints=forbid" "-e" "CARGO_HOME=/opt/rustwide/cargo-home" "-e" "RUSTUP_HOME=/opt/rustwide/rustup-home" "-w" "/opt/rustwide/workdir" "-m" "1610612736" "--user" "0:0" "--network" "none" "ghcr.io/rust-lang/crates-build-env/linux@sha256:4a844ea9eb2546a2d2c7022eacef16ef2e8229c7fbb2c7d4d55a9ceca922f72d" "/opt/rustwide/cargo-home/bin/cargo" "+nightly-2024-10-28" "test" "--frozen" "--no-run" "--message-format=json", kill_on_drop: false }`
[INFO] [stdout] d3e64e1d360b522caf092f7f7235b382e4b3736f7f9ac3e9eba5e9979a0cf8e1
[INFO] running `Command { std: "docker" "start" "-a" "d3e64e1d360b522caf092f7f7235b382e4b3736f7f9ac3e9eba5e9979a0cf8e1", kill_on_drop: false }`
[INFO] [stderr]    Compiling tiny-serde v0.1.2 (/opt/rustwide/workdir)
[INFO] [stdout] error[E0433]: failed to resolve: use of undeclared crate or module `my_serde_json_library`
[INFO] [stdout]  --> tests/integration_test.rs:5:10
[INFO] [stdout]   |
[INFO] [stdout] 5 | #[derive(Serialize)]
[INFO] [stdout]   |          ^^^^^^^^^ use of undeclared crate or module `my_serde_json_library`
[INFO] [stdout]   |
[INFO] [stdout]   = note: this error originates in the derive macro `Serialize` (in Nightly builds, run with -Z macro-backtrace for more info)
[INFO] [stdout] help: consider importing this enum
[INFO] [stdout]   |
[INFO] [stdout] 1 + use tiny_serde::Value;
[INFO] [stdout]   |
[INFO] [stdout] 
[INFO] [stdout] 
[INFO] [stdout] error[E0433]: failed to resolve: use of undeclared crate or module `my_serde_json_library`
[INFO] [stdout]  --> tests/integration_test.rs:8:10
[INFO] [stdout]   |
[INFO] [stdout] 8 | #[derive(Serialize)]
[INFO] [stdout]   |          ^^^^^^^^^ use of undeclared crate or module `my_serde_json_library`
[INFO] [stdout]   |
[INFO] [stdout]   = note: this error originates in the derive macro `Serialize` (in Nightly builds, run with -Z macro-backtrace for more info)
[INFO] [stdout] help: consider importing this enum
[INFO] [stdout]   |
[INFO] [stdout] 1 + use tiny_serde::Value;
[INFO] [stdout]   |
[INFO] [stdout] 
[INFO] [stdout] 
[INFO] [stdout] error[E0433]: failed to resolve: use of undeclared crate or module `my_serde_json_library`
[INFO] [stdout]   --> tests/integration_test.rs:11:10
[INFO] [stdout]    |
[INFO] [stdout] 11 | #[derive(Serialize)]
[INFO] [stdout]    |          ^^^^^^^^^ use of undeclared crate or module `my_serde_json_library`
[INFO] [stdout]    |
[INFO] [stdout]    = note: this error originates in the derive macro `Serialize` (in Nightly builds, run with -Z macro-backtrace for more info)
[INFO] [stdout] help: consider importing this enum
[INFO] [stdout]    |
[INFO] [stdout] 1  + use tiny_serde::Value;
[INFO] [stdout]    |
[INFO] [stdout] 
[INFO] [stdout] 
[INFO] [stdout] error[E0433]: failed to resolve: use of undeclared crate or module `my_serde_json_library`
[INFO] [stdout]   --> tests/integration_test.rs:14:10
[INFO] [stdout]    |
[INFO] [stdout] 14 | #[derive(Serialize)]
[INFO] [stdout]    |          ^^^^^^^^^ use of undeclared crate or module `my_serde_json_library`
[INFO] [stdout]    |
[INFO] [stdout]    = note: this error originates in the derive macro `Serialize` (in Nightly builds, run with -Z macro-backtrace for more info)
[INFO] [stdout] help: consider importing this enum
[INFO] [stdout]    |
[INFO] [stdout] 1  + use tiny_serde::Value;
[INFO] [stdout]    |
[INFO] [stdout] 
[INFO] [stdout] 
[INFO] [stdout] error[E0433]: failed to resolve: use of undeclared crate or module `my_serde_json_library`
[INFO] [stdout]   --> tests/integration_test.rs:17:10
[INFO] [stdout]    |
[INFO] [stdout] 17 | #[derive(Serialize)]
[INFO] [stdout]    |          ^^^^^^^^^ use of undeclared crate or module `my_serde_json_library`
[INFO] [stdout]    |
[INFO] [stdout]    = note: this error originates in the derive macro `Serialize` (in Nightly builds, run with -Z macro-backtrace for more info)
[INFO] [stdout] help: consider importing this enum
[INFO] [stdout]    |
[INFO] [stdout] 1  + use tiny_serde::Value;
[INFO] [stdout]    |
[INFO] [stdout] 
[INFO] [stdout] 
[INFO] [stdout] error[E0433]: failed to resolve: use of undeclared crate or module `my_serde_json_library`
[INFO] [stdout]   --> tests/integration_test.rs:22:10
[INFO] [stdout]    |
[INFO] [stdout] 22 | #[derive(Serialize)]
[INFO] [stdout]    |          ^^^^^^^^^ use of undeclared crate or module `my_serde_json_library`
[INFO] [stdout]    |
[INFO] [stdout]    = note: this error originates in the derive macro `Serialize` (in Nightly builds, run with -Z macro-backtrace for more info)
[INFO] [stdout] help: consider importing this enum
[INFO] [stdout]    |
[INFO] [stdout] 1  + use tiny_serde::Value;
[INFO] [stdout]    |
[INFO] [stdout] 
[INFO] [stdout] 
[INFO] [stdout] error[E0433]: failed to resolve: use of undeclared crate or module `my_serde_json_library`
[INFO] [stdout]   --> tests/integration_test.rs:27:10
[INFO] [stdout]    |
[INFO] [stdout] 27 | #[derive(Serialize)]
[INFO] [stdout]    |          ^^^^^^^^^ use of undeclared crate or module `my_serde_json_library`
[INFO] [stdout]    |
[INFO] [stdout]    = note: this error originates in the derive macro `Serialize` (in Nightly builds, run with -Z macro-backtrace for more info)
[INFO] [stdout] help: consider importing this enum
[INFO] [stdout]    |
[INFO] [stdout] 1  + use tiny_serde::Value;
[INFO] [stdout]    |
[INFO] [stdout] 
[INFO] [stdout] 
[INFO] [stdout] error[E0433]: failed to resolve: use of undeclared crate or module `my_serde_json_library`
[INFO] [stdout]  --> tests/integration_test.rs:5:10
[INFO] [stdout]   |
[INFO] [stdout] 5 | #[derive(Serialize)]
[INFO] [stdout]   |          ^^^^^^^^^ use of undeclared crate or module `my_serde_json_library`
[INFO] [stdout]   |
[INFO] [stdout]   = note: this error originates in the derive macro `Serialize` (in Nightly builds, run with -Z macro-backtrace for more info)
[INFO] [stdout] 
[INFO] [stdout] 
[INFO] [stdout] error[E0433]: failed to resolve: use of undeclared crate or module `my_serde_json_library`
[INFO] [stdout]  --> tests/integration_test.rs:8:10
[INFO] [stdout]   |
[INFO] [stdout] 8 | #[derive(Serialize)]
[INFO] [stdout]   |          ^^^^^^^^^ use of undeclared crate or module `my_serde_json_library`
[INFO] [stdout]   |
[INFO] [stdout]   = note: this error originates in the derive macro `Serialize` (in Nightly builds, run with -Z macro-backtrace for more info)
[INFO] [stdout] 
[INFO] [stdout] 
[INFO] [stdout] error[E0433]: failed to resolve: use of undeclared crate or module `my_serde_json_library`
[INFO] [stdout]   --> tests/integration_test.rs:11:10
[INFO] [stdout]    |
[INFO] [stdout] 11 | #[derive(Serialize)]
[INFO] [stdout]    |          ^^^^^^^^^ use of undeclared crate or module `my_serde_json_library`
[INFO] [stdout]    |
[INFO] [stdout]    = note: this error originates in the derive macro `Serialize` (in Nightly builds, run with -Z macro-backtrace for more info)
[INFO] [stdout] 
[INFO] [stdout] 
[INFO] [stdout] error[E0433]: failed to resolve: use of undeclared crate or module `my_serde_json_library`
[INFO] [stdout]   --> tests/integration_test.rs:14:10
[INFO] [stdout]    |
[INFO] [stdout] 14 | #[derive(Serialize)]
[INFO] [stdout]    |          ^^^^^^^^^ use of undeclared crate or module `my_serde_json_library`
[INFO] [stdout]    |
[INFO] [stdout]    = note: this error originates in the derive macro `Serialize` (in Nightly builds, run with -Z macro-backtrace for more info)
[INFO] [stdout] 
[INFO] [stdout] 
[INFO] [stdout] error[E0433]: failed to resolve: use of undeclared crate or module `my_serde_json_library`
[INFO] [stdout]   --> tests/integration_test.rs:17:10
[INFO] [stdout]    |
[INFO] [stdout] 17 | #[derive(Serialize)]
[INFO] [stdout]    |          ^^^^^^^^^ use of undeclared crate or module `my_serde_json_library`
[INFO] [stdout]    |
[INFO] [stdout]    = note: this error originates in the derive macro `Serialize` (in Nightly builds, run with -Z macro-backtrace for more info)
[INFO] [stdout] 
[INFO] [stdout] 
[INFO] [stdout] error[E0433]: failed to resolve: use of undeclared crate or module `my_serde_json_library`
[INFO] [stdout]   --> tests/integration_test.rs:22:10
[INFO] [stdout]    |
[INFO] [stdout] 22 | #[derive(Serialize)]
[INFO] [stdout]    |          ^^^^^^^^^ use of undeclared crate or module `my_serde_json_library`
[INFO] [stdout]    |
[INFO] [stdout]    = note: this error originates in the derive macro `Serialize` (in Nightly builds, run with -Z macro-backtrace for more info)
[INFO] [stdout] 
[INFO] [stdout] 
[INFO] [stdout] error[E0433]: failed to resolve: use of undeclared crate or module `my_serde_json_library`
[INFO] [stdout]   --> tests/integration_test.rs:27:10
[INFO] [stdout]    |
[INFO] [stdout] 27 | #[derive(Serialize)]
[INFO] [stdout]    |          ^^^^^^^^^ use of undeclared crate or module `my_serde_json_library`
[INFO] [stdout]    |
[INFO] [stdout]    = note: this error originates in the derive macro `Serialize` (in Nightly builds, run with -Z macro-backtrace for more info)
[INFO] [stdout] 
[INFO] [stdout] 
[INFO] [stdout] For more information about this error, try `rustc --explain E0433`.
[INFO] [stdout] 
[INFO] [stderr] error: could not compile `tiny-serde` (test "integration_test") due to 14 previous errors
[INFO] [stderr] warning: build failed, waiting for other jobs to finish...
[INFO] running `Command { std: "docker" "inspect" "d3e64e1d360b522caf092f7f7235b382e4b3736f7f9ac3e9eba5e9979a0cf8e1", kill_on_drop: false }`
[INFO] running `Command { std: "docker" "rm" "-f" "d3e64e1d360b522caf092f7f7235b382e4b3736f7f9ac3e9eba5e9979a0cf8e1", kill_on_drop: false }`
[INFO] [stdout] d3e64e1d360b522caf092f7f7235b382e4b3736f7f9ac3e9eba5e9979a0cf8e1
