[INFO] fetching crate tiny-ordered-float 0.4.0...
[INFO] testing tiny-ordered-float-0.4.0 against nightly-2024-10-28 for randomize-layout
[INFO] extracting crate tiny-ordered-float 0.4.0 into /workspace/builds/worker-2-tc1/source
[INFO] validating manifest of crates.io crate tiny-ordered-float 0.4.0 on toolchain nightly-2024-10-28
[INFO] running `Command { std: CARGO_HOME="/workspace/cargo-home" RUSTUP_HOME="/workspace/rustup-home" "/workspace/cargo-home/bin/cargo" "+nightly-2024-10-28" "metadata" "--manifest-path" "Cargo.toml" "--no-deps", kill_on_drop: false }`
[INFO] started tweaking crates.io crate tiny-ordered-float 0.4.0
[INFO] finished tweaking crates.io crate tiny-ordered-float 0.4.0
[INFO] tweaked toml for crates.io crate tiny-ordered-float 0.4.0 written to /workspace/builds/worker-2-tc1/source/Cargo.toml
[INFO] running `Command { std: CARGO_HOME="/workspace/cargo-home" RUSTUP_HOME="/workspace/rustup-home" "/workspace/cargo-home/bin/cargo" "+nightly-2024-10-28" "generate-lockfile" "--manifest-path" "Cargo.toml", kill_on_drop: false }`
[INFO] running `Command { std: CARGO_HOME="/workspace/cargo-home" RUSTUP_HOME="/workspace/rustup-home" "/workspace/cargo-home/bin/cargo" "+nightly-2024-10-28" "fetch" "--manifest-path" "Cargo.toml", kill_on_drop: false }`
[INFO] running `Command { std: "docker" "create" "-v" "/var/lib/crater-agent-workspace/builds/worker-2-tc1/target:/opt/rustwide/target:rw,Z" "-v" "/var/lib/crater-agent-workspace/builds/worker-2-tc1/source:/opt/rustwide/workdir:ro,Z" "-v" "/var/lib/crater-agent-workspace/cargo-home:/opt/rustwide/cargo-home:ro,Z" "-v" "/var/lib/crater-agent-workspace/rustup-home:/opt/rustwide/rustup-home:ro,Z" "-e" "SOURCE_DIR=/opt/rustwide/workdir" "-e" "CARGO_TARGET_DIR=/opt/rustwide/target" "-e" "CARGO_HOME=/opt/rustwide/cargo-home" "-e" "RUSTUP_HOME=/opt/rustwide/rustup-home" "-w" "/opt/rustwide/workdir" "-m" "1610612736" "--user" "0:0" "--network" "none" "ghcr.io/rust-lang/crates-build-env/linux@sha256:4a844ea9eb2546a2d2c7022eacef16ef2e8229c7fbb2c7d4d55a9ceca922f72d" "/opt/rustwide/cargo-home/bin/cargo" "+nightly-2024-10-28" "metadata" "--no-deps" "--format-version=1", kill_on_drop: false }`
[INFO] [stdout] cbbe172237010e196c0901c546aabb3e92698d56d2fc49a22bba9c456581d9da
[INFO] running `Command { std: "docker" "start" "-a" "cbbe172237010e196c0901c546aabb3e92698d56d2fc49a22bba9c456581d9da", kill_on_drop: false }`
[INFO] running `Command { std: "docker" "inspect" "cbbe172237010e196c0901c546aabb3e92698d56d2fc49a22bba9c456581d9da", kill_on_drop: false }`
[INFO] running `Command { std: "docker" "rm" "-f" "cbbe172237010e196c0901c546aabb3e92698d56d2fc49a22bba9c456581d9da", kill_on_drop: false }`
[INFO] [stdout] cbbe172237010e196c0901c546aabb3e92698d56d2fc49a22bba9c456581d9da
[INFO] running `Command { std: "docker" "create" "-v" "/var/lib/crater-agent-workspace/builds/worker-2-tc1/target:/opt/rustwide/target:rw,Z" "-v" "/var/lib/crater-agent-workspace/builds/worker-2-tc1/source:/opt/rustwide/workdir:ro,Z" "-v" "/var/lib/crater-agent-workspace/cargo-home:/opt/rustwide/cargo-home:ro,Z" "-v" "/var/lib/crater-agent-workspace/rustup-home:/opt/rustwide/rustup-home:ro,Z" "-e" "SOURCE_DIR=/opt/rustwide/workdir" "-e" "CARGO_TARGET_DIR=/opt/rustwide/target" "-e" "CARGO_INCREMENTAL=0" "-e" "RUST_BACKTRACE=full" "-e" "RUSTFLAGS=--cap-lints=forbid" "-e" "RUSTDOCFLAGS=--cap-lints=forbid" "-e" "CARGO_HOME=/opt/rustwide/cargo-home" "-e" "RUSTUP_HOME=/opt/rustwide/rustup-home" "-w" "/opt/rustwide/workdir" "-m" "1610612736" "--user" "0:0" "--network" "none" "ghcr.io/rust-lang/crates-build-env/linux@sha256:4a844ea9eb2546a2d2c7022eacef16ef2e8229c7fbb2c7d4d55a9ceca922f72d" "/opt/rustwide/cargo-home/bin/cargo" "+nightly-2024-10-28" "build" "--frozen" "--message-format=json", kill_on_drop: false }`
[INFO] [stdout] 8a5781d92cac5a1d093cd5a9898f681f99ad366f92d3d60e5a48e2dfa83d6619
[INFO] running `Command { std: "docker" "start" "-a" "8a5781d92cac5a1d093cd5a9898f681f99ad366f92d3d60e5a48e2dfa83d6619", kill_on_drop: false }`
[INFO] [stderr]    Compiling tiny-ordered-float v0.4.0 (/opt/rustwide/workdir)
[INFO] [stderr]     Finished `dev` profile [unoptimized + debuginfo] target(s) in 0.10s
[INFO] running `Command { std: "docker" "inspect" "8a5781d92cac5a1d093cd5a9898f681f99ad366f92d3d60e5a48e2dfa83d6619", kill_on_drop: false }`
[INFO] running `Command { std: "docker" "rm" "-f" "8a5781d92cac5a1d093cd5a9898f681f99ad366f92d3d60e5a48e2dfa83d6619", kill_on_drop: false }`
[INFO] [stdout] 8a5781d92cac5a1d093cd5a9898f681f99ad366f92d3d60e5a48e2dfa83d6619
[INFO] running `Command { std: "docker" "create" "-v" "/var/lib/crater-agent-workspace/builds/worker-2-tc1/target:/opt/rustwide/target:rw,Z" "-v" "/var/lib/crater-agent-workspace/builds/worker-2-tc1/source:/opt/rustwide/workdir:ro,Z" "-v" "/var/lib/crater-agent-workspace/cargo-home:/opt/rustwide/cargo-home:ro,Z" "-v" "/var/lib/crater-agent-workspace/rustup-home:/opt/rustwide/rustup-home:ro,Z" "-e" "SOURCE_DIR=/opt/rustwide/workdir" "-e" "CARGO_TARGET_DIR=/opt/rustwide/target" "-e" "CARGO_INCREMENTAL=0" "-e" "RUST_BACKTRACE=full" "-e" "RUSTFLAGS=--cap-lints=forbid" "-e" "RUSTDOCFLAGS=--cap-lints=forbid" "-e" "CARGO_HOME=/opt/rustwide/cargo-home" "-e" "RUSTUP_HOME=/opt/rustwide/rustup-home" "-w" "/opt/rustwide/workdir" "-m" "1610612736" "--user" "0:0" "--network" "none" "ghcr.io/rust-lang/crates-build-env/linux@sha256:4a844ea9eb2546a2d2c7022eacef16ef2e8229c7fbb2c7d4d55a9ceca922f72d" "/opt/rustwide/cargo-home/bin/cargo" "+nightly-2024-10-28" "test" "--frozen" "--no-run" "--message-format=json", kill_on_drop: false }`
[INFO] [stdout] a4408de7fa951fbf2304efd74c7bc6cd7eda41d2a343caecc8fdecf5c0cb4920
[INFO] running `Command { std: "docker" "start" "-a" "a4408de7fa951fbf2304efd74c7bc6cd7eda41d2a343caecc8fdecf5c0cb4920", kill_on_drop: false }`
[INFO] [stderr]    Compiling tiny-ordered-float v0.4.0 (/opt/rustwide/workdir)
[INFO] [stdout] error[E0433]: failed to resolve: could not find `collections` in `core`
[INFO] [stdout]  --> tests/tests.rs:8:15
[INFO] [stdout]   |
[INFO] [stdout] 8 | pub use core::collections::hash_map::RandomState;
[INFO] [stdout]   |               ^^^^^^^^^^^ could not find `collections` in `core`
[INFO] [stdout] 
[INFO] [stdout] 
[INFO] [stdout] error[E0432]: unresolved import `core::collections`
[INFO] [stdout]  --> tests/tests.rs:9:15
[INFO] [stdout]   |
[INFO] [stdout] 9 | pub use core::collections::HashSet;
[INFO] [stdout]   |               ^^^^^^^^^^^ could not find `collections` in `core`
[INFO] [stdout] 
[INFO] [stdout] 
[INFO] [stdout] error[E0433]: failed to resolve: could not find `collections` in `core`
[INFO] [stdout]    --> tests/tests.rs:157:27
[INFO] [stdout]     |
[INFO] [stdout] 157 |     let mut set = ::core::collections::HashSet::with_capacity(limit);
[INFO] [stdout]     |                           ^^^^^^^^^^^ could not find `collections` in `core`
[INFO] [stdout]     |
[INFO] [stdout] help: consider importing this struct
[INFO] [stdout]     |
[INFO] [stdout] 2   + use std::collections::HashSet;
[INFO] [stdout]     |
[INFO] [stdout] help: if you import `HashSet`, refer to it directly
[INFO] [stdout]     |
[INFO] [stdout] 157 -     let mut set = ::core::collections::HashSet::with_capacity(limit);
[INFO] [stdout] 157 +     let mut set = HashSet::with_capacity(limit);
[INFO] [stdout]     |
[INFO] [stdout] 
[INFO] [stdout] 
[INFO] [stdout] error[E0433]: failed to resolve: could not find `collections` in `core`
[INFO] [stdout]    --> tests/tests.rs:176:27
[INFO] [stdout]     |
[INFO] [stdout] 176 |     let mut set = ::core::collections::HashSet::with_capacity(limit);
[INFO] [stdout]     |                           ^^^^^^^^^^^ could not find `collections` in `core`
[INFO] [stdout]     |
[INFO] [stdout] help: consider importing this struct
[INFO] [stdout]     |
[INFO] [stdout] 2   + use std::collections::HashSet;
[INFO] [stdout]     |
[INFO] [stdout] help: if you import `HashSet`, refer to it directly
[INFO] [stdout]     |
[INFO] [stdout] 176 -     let mut set = ::core::collections::HashSet::with_capacity(limit);
[INFO] [stdout] 176 +     let mut set = HashSet::with_capacity(limit);
[INFO] [stdout]     |
[INFO] [stdout] 
[INFO] [stdout] 
[INFO] [stdout] Some errors have detailed explanations: E0432, E0433.
[INFO] [stdout] 
[INFO] [stdout] For more information about an error, try `rustc --explain E0432`.
[INFO] [stdout] 
[INFO] [stderr] error: could not compile `tiny-ordered-float` (test "tests") due to 4 previous errors
[INFO] [stderr] warning: build failed, waiting for other jobs to finish...
[INFO] running `Command { std: "docker" "inspect" "a4408de7fa951fbf2304efd74c7bc6cd7eda41d2a343caecc8fdecf5c0cb4920", kill_on_drop: false }`
[INFO] running `Command { std: "docker" "rm" "-f" "a4408de7fa951fbf2304efd74c7bc6cd7eda41d2a343caecc8fdecf5c0cb4920", kill_on_drop: false }`
[INFO] [stdout] a4408de7fa951fbf2304efd74c7bc6cd7eda41d2a343caecc8fdecf5c0cb4920
