[INFO] fetching crate tiny-firestore-odm 0.2.6...
[INFO] testing tiny-firestore-odm-0.2.6 against nightly-2024-10-28 for randomize-layout
[INFO] extracting crate tiny-firestore-odm 0.2.6 into /workspace/builds/worker-4-tc1/source
[INFO] validating manifest of crates.io crate tiny-firestore-odm 0.2.6 on toolchain nightly-2024-10-28
[INFO] running `Command { std: CARGO_HOME="/workspace/cargo-home" RUSTUP_HOME="/workspace/rustup-home" "/workspace/cargo-home/bin/cargo" "+nightly-2024-10-28" "metadata" "--manifest-path" "Cargo.toml" "--no-deps", kill_on_drop: false }`
[INFO] started tweaking crates.io crate tiny-firestore-odm 0.2.6
[INFO] finished tweaking crates.io crate tiny-firestore-odm 0.2.6
[INFO] tweaked toml for crates.io crate tiny-firestore-odm 0.2.6 written to /workspace/builds/worker-4-tc1/source/Cargo.toml
[INFO] running `Command { std: CARGO_HOME="/workspace/cargo-home" RUSTUP_HOME="/workspace/rustup-home" "/workspace/cargo-home/bin/cargo" "+nightly-2024-10-28" "generate-lockfile" "--manifest-path" "Cargo.toml", kill_on_drop: false }`
[INFO] [stderr]     Updating crates.io index
[INFO] [stderr]      Locking 190 packages to latest compatible versions
[INFO] [stderr]       Adding googapis v0.5.0 (available: v0.6.0)
[INFO] [stderr]       Adding http v0.2.12 (available: v1.1.0)
[INFO] [stderr]       Adding hyper v0.14.31 (available: v1.5.0)
[INFO] [stderr]       Adding tonic v0.5.2 (available: v0.12.3)
[INFO] [stderr]       Adding uuid v0.8.2 (available: v1.11.0)
[INFO] running `Command { std: CARGO_HOME="/workspace/cargo-home" RUSTUP_HOME="/workspace/rustup-home" "/workspace/cargo-home/bin/cargo" "+nightly-2024-10-28" "fetch" "--manifest-path" "Cargo.toml", kill_on_drop: false }`
[INFO] [stderr]  Downloading crates ...
[INFO] [stderr]   Downloaded gcemeta v0.2.3
[INFO] [stderr]   Downloaded tonic v0.6.2
[INFO] [stderr]   Downloaded firestore-serde v0.1.2
[INFO] [stderr]   Downloaded google-authz v0.0.2
[INFO] [stderr]   Downloaded tonic v0.5.2
[INFO] [stderr]   Downloaded googapis v0.6.0
[INFO] [stderr]   Downloaded googapis v0.5.0
[INFO] running `Command { std: "docker" "create" "-v" "/var/lib/crater-agent-workspace/builds/worker-4-tc1/target:/opt/rustwide/target:rw,Z" "-v" "/var/lib/crater-agent-workspace/builds/worker-4-tc1/source:/opt/rustwide/workdir:ro,Z" "-v" "/var/lib/crater-agent-workspace/cargo-home:/opt/rustwide/cargo-home:ro,Z" "-v" "/var/lib/crater-agent-workspace/rustup-home:/opt/rustwide/rustup-home:ro,Z" "-e" "SOURCE_DIR=/opt/rustwide/workdir" "-e" "CARGO_TARGET_DIR=/opt/rustwide/target" "-e" "CARGO_HOME=/opt/rustwide/cargo-home" "-e" "RUSTUP_HOME=/opt/rustwide/rustup-home" "-w" "/opt/rustwide/workdir" "-m" "1610612736" "--user" "0:0" "--network" "none" "ghcr.io/rust-lang/crates-build-env/linux@sha256:4a844ea9eb2546a2d2c7022eacef16ef2e8229c7fbb2c7d4d55a9ceca922f72d" "/opt/rustwide/cargo-home/bin/cargo" "+nightly-2024-10-28" "metadata" "--no-deps" "--format-version=1", kill_on_drop: false }`
[INFO] [stdout] ff87fe83c1ae67bf1596665ff09061b50208c047c86dc5617ac7edc170cb5173
[INFO] running `Command { std: "docker" "start" "-a" "ff87fe83c1ae67bf1596665ff09061b50208c047c86dc5617ac7edc170cb5173", kill_on_drop: false }`
[INFO] running `Command { std: "docker" "inspect" "ff87fe83c1ae67bf1596665ff09061b50208c047c86dc5617ac7edc170cb5173", kill_on_drop: false }`
[INFO] running `Command { std: "docker" "rm" "-f" "ff87fe83c1ae67bf1596665ff09061b50208c047c86dc5617ac7edc170cb5173", kill_on_drop: false }`
[INFO] [stdout] ff87fe83c1ae67bf1596665ff09061b50208c047c86dc5617ac7edc170cb5173
[INFO] running `Command { std: "docker" "create" "-v" "/var/lib/crater-agent-workspace/builds/worker-4-tc1/target:/opt/rustwide/target:rw,Z" "-v" "/var/lib/crater-agent-workspace/builds/worker-4-tc1/source:/opt/rustwide/workdir:ro,Z" "-v" "/var/lib/crater-agent-workspace/cargo-home:/opt/rustwide/cargo-home:ro,Z" "-v" "/var/lib/crater-agent-workspace/rustup-home:/opt/rustwide/rustup-home:ro,Z" "-e" "SOURCE_DIR=/opt/rustwide/workdir" "-e" "CARGO_TARGET_DIR=/opt/rustwide/target" "-e" "CARGO_INCREMENTAL=0" "-e" "RUST_BACKTRACE=full" "-e" "RUSTFLAGS=--cap-lints=forbid" "-e" "RUSTDOCFLAGS=--cap-lints=forbid" "-e" "CARGO_HOME=/opt/rustwide/cargo-home" "-e" "RUSTUP_HOME=/opt/rustwide/rustup-home" "-w" "/opt/rustwide/workdir" "-m" "1610612736" "--user" "0:0" "--network" "none" "ghcr.io/rust-lang/crates-build-env/linux@sha256:4a844ea9eb2546a2d2c7022eacef16ef2e8229c7fbb2c7d4d55a9ceca922f72d" "/opt/rustwide/cargo-home/bin/cargo" "+nightly-2024-10-28" "build" "--frozen" "--message-format=json", kill_on_drop: false }`
[INFO] [stdout] 4f90b6f07857b5879657b12f218be2b4867b8905ea76ac7c73f2d4e4fdf14270
[INFO] running `Command { std: "docker" "start" "-a" "4f90b6f07857b5879657b12f218be2b4867b8905ea76ac7c73f2d4e4fdf14270", kill_on_drop: false }`
[INFO] [stderr]    Compiling autocfg v1.4.0
[INFO] [stderr]    Compiling libc v0.2.161
[INFO] [stderr]    Compiling once_cell v1.20.2
[INFO] [stderr]    Compiling bytes v1.8.0
[INFO] [stderr]    Compiling smallvec v1.13.2
[INFO] [stderr]    Compiling syn v2.0.86
[INFO] [stderr]    Compiling parking_lot_core v0.9.10
[INFO] [stderr]    Compiling scopeguard v1.2.0
[INFO] [stderr]    Compiling itoa v1.0.11
[INFO] [stderr]    Compiling log v0.4.22
[INFO] [stderr]    Compiling futures-core v0.3.31
[INFO] [stderr]    Compiling serde v1.0.214
[INFO] [stderr]    Compiling shlex v1.3.0
[INFO] [stderr]    Compiling tracing-core v0.1.32
[INFO] [stderr]    Compiling futures-sink v0.3.31
[INFO] [stderr]    Compiling cc v1.1.31
[INFO] [stderr]    Compiling fnv v1.0.7
[INFO] [stderr]    Compiling lock_api v0.4.12
[INFO] [stderr]    Compiling slab v0.4.9
[INFO] [stderr]    Compiling pin-utils v0.1.0
[INFO] [stderr]    Compiling futures-task v0.3.31
[INFO] [stderr]    Compiling syn v1.0.109
[INFO] [stderr]    Compiling anyhow v1.0.92
[INFO] [stderr]    Compiling http v0.2.12
[INFO] [stderr]    Compiling either v1.13.0
[INFO] [stderr]    Compiling spin v0.5.2
[INFO] [stderr]    Compiling httparse v1.9.5
[INFO] [stderr]    Compiling untrusted v0.7.1
[INFO] [stderr]    Compiling base64 v0.13.1
[INFO] [stderr]    Compiling equivalent v1.0.1
[INFO] [stderr]    Compiling hashbrown v0.15.0
[INFO] [stderr]    Compiling itertools v0.10.5
[INFO] [stderr]    Compiling try-lock v0.2.5
[INFO] [stderr]    Compiling tower-service v0.3.3
[INFO] [stderr]    Compiling want v0.3.1
[INFO] [stderr]    Compiling indexmap v2.6.0
[INFO] [stderr]    Compiling http-body v0.4.6
[INFO] [stderr]    Compiling mio v1.0.2
[INFO] [stderr]    Compiling socket2 v0.5.7
[INFO] [stderr]    Compiling ring v0.16.20
[INFO] [stderr]    Compiling parking_lot v0.12.3
[INFO] [stderr]    Compiling futures-channel v0.3.31
[INFO] [stderr]    Compiling httpdate v1.0.3
[INFO] [stderr]    Compiling byteorder v1.5.0
[INFO] [stderr]    Compiling getrandom v0.2.15
[INFO] [stderr]    Compiling num-traits v0.2.19
[INFO] [stderr]    Compiling ryu v1.0.18
[INFO] [stderr]    Compiling memchr v2.7.4
[INFO] [stderr]    Compiling serde_json v1.0.132
[INFO] [stderr]    Compiling rand_core v0.6.4
[INFO] [stderr]    Compiling indexmap v1.9.3
[INFO] [stderr]    Compiling percent-encoding v2.3.1
[INFO] [stderr]    Compiling hashbrown v0.12.3
[INFO] [stderr]    Compiling camino v1.1.9
[INFO] [stderr]    Compiling bitflags v2.6.0
[INFO] [stderr]    Compiling semver v1.0.23
[INFO] [stderr]    Compiling rustix v0.38.38
[INFO] [stderr]    Compiling tower-layer v0.3.3
[INFO] [stderr]    Compiling error-chain v0.12.4
[INFO] [stderr]    Compiling num-bigint v0.2.6
[INFO] [stderr]    Compiling iana-time-zone v0.1.61
[INFO] [stderr]    Compiling linux-raw-sys v0.4.14
[INFO] [stderr]    Compiling regex-syntax v0.8.5
[INFO] [stderr]    Compiling pulldown-cmark v0.9.6
[INFO] [stderr]    Compiling chrono v0.4.38
[INFO] [stderr]    Compiling num-integer v0.1.46
[INFO] [stderr]    Compiling parking_lot_core v0.8.6
[INFO] [stderr]    Compiling unicase v2.8.0
[INFO] [stderr]    Compiling prost-derive v0.9.0
[INFO] [stderr]    Compiling prost-derive v0.8.0
[INFO] [stderr]    Compiling thiserror v1.0.66
[INFO] [stderr]    Compiling same-file v1.0.6
[INFO] [stderr]    Compiling fastrand v2.1.1
[INFO] [stderr]    Compiling walkdir v2.5.0
[INFO] [stderr]    Compiling regex-automata v0.4.8
[INFO] [stderr]    Compiling prost v0.9.0
[INFO] [stderr]    Compiling tempfile v3.13.0
[INFO] [stderr]    Compiling prost v0.8.0
[INFO] [stderr]    Compiling sct v0.6.1
[INFO] [stderr]    Compiling webpki v0.21.4
[INFO] [stderr]    Compiling instant v0.1.13
[INFO] [stderr]    Compiling openssl-probe v0.1.5
[INFO] [stderr]    Compiling tokio-macros v2.4.0
[INFO] [stderr]    Compiling serde_derive v1.0.214
[INFO] [stderr]    Compiling tracing-attributes v0.1.27
[INFO] [stderr]    Compiling futures-macro v0.3.31
[INFO] [stderr]    Compiling tokio v1.41.0
[INFO] [stderr]    Compiling zerocopy-derive v0.7.35
[INFO] [stderr]    Compiling pin-project-internal v1.1.7
[INFO] [stderr]    Compiling rustls v0.19.1
[INFO] [stderr]    Compiling futures-util v0.3.31
[INFO] [stderr]    Compiling zerocopy v0.7.35
[INFO] [stderr]    Compiling tracing v0.1.40
[INFO] [stderr]    Compiling ppv-lite86 v0.2.20
[INFO] [stderr]    Compiling async-stream-impl v0.3.6
[INFO] [stderr]    Compiling pin-project v1.1.7
[INFO] [stderr]    Compiling async-trait v0.1.83
[INFO] [stderr]    Compiling tracing-futures v0.2.5
[INFO] [stderr]    Compiling regex v1.11.1
[INFO] [stderr]    Compiling rand_chacha v0.3.1
[INFO] [stderr]    Compiling async-stream v0.3.6
[INFO] [stderr]    Compiling thiserror-impl v1.0.66
[INFO] [stderr]    Compiling rand v0.8.5
[INFO] [stderr]    Compiling glob v0.3.1
[INFO] [stderr]    Compiling bytecount v0.6.8
[INFO] [stderr]    Compiling pem v0.8.3
[INFO] [stderr]    Compiling rustls-native-certs v0.5.0
[INFO] [stderr]    Compiling simple_asn1 v0.4.1
[INFO] [stderr]    Compiling ct-logs v0.8.0
[INFO] [stderr]    Compiling prost-types v0.9.0
[INFO] [stderr]    Compiling form_urlencoded v1.2.1
[INFO] [stderr]    Compiling base64 v0.12.3
[INFO] [stderr]    Compiling prost-types v0.8.0
[INFO] [stderr]    Compiling parking_lot v0.11.2
[INFO] [stderr]    Compiling tokio-util v0.7.12
[INFO] [stderr]    Compiling tokio-io-timeout v1.2.0
[INFO] [stderr]    Compiling tokio-stream v0.1.16
[INFO] [stderr]    Compiling tokio-util v0.6.10
[INFO] [stderr]    Compiling tokio-rustls v0.22.0
[INFO] [stderr]    Compiling h2 v0.3.26
[INFO] [stderr]    Compiling tower v0.4.13
[INFO] [stderr]    Compiling cargo-platform v0.1.8
[INFO] [stderr]    Compiling serde_bytes v0.11.15
[INFO] [stderr]    Compiling serde_urlencoded v0.7.1
[INFO] [stderr]    Compiling cargo_metadata v0.14.2
[INFO] [stderr]    Compiling jsonwebtoken v7.2.0
[INFO] [stderr]    Compiling skeptic v0.13.7
[INFO] [stderr]    Compiling tiny-firestore-odm v0.2.6 (/opt/rustwide/workdir)
[INFO] [stderr]    Compiling hyper v0.14.31
[INFO] [stderr]    Compiling hyper-timeout v0.4.1
[INFO] [stderr]    Compiling hyper-rustls v0.22.1
[INFO] [stderr]    Compiling gcemeta v0.2.3
[INFO] [stderr]    Compiling tonic v0.6.2
[INFO] [stderr]    Compiling tonic v0.5.2
[INFO] [stderr]    Compiling google-authz v0.0.2
[INFO] [stderr]    Compiling googapis v0.6.0
[INFO] [stderr]    Compiling googapis v0.5.0
[INFO] [stderr]    Compiling firestore-serde v0.1.2
[INFO] [stdout] error[E0277]: the trait bound `WrappedService: tower_service::Service<http::Request<http_body::combinators::box_body::UnsyncBoxBody<hyper::body::Bytes, tonic::status::Status>>>` is not satisfied
[INFO] [stdout]   --> src/client.rs:30:18
[INFO] [stdout]    |
[INFO] [stdout] 30 |     let client = FirestoreClient::new(WrappedService::new(authorized_channel));
[INFO] [stdout]    |                  ^^^^^^^^^^^^^^^^^^^^^^^^^^^^^^^^^^^^^^^^^^^^^^^^^^^^^^^^^^^^^ the trait `tower_service::Service<http::Request<http_body::combinators::box_body::UnsyncBoxBody<hyper::body::Bytes, tonic::status::Status>>>` is not implemented for `WrappedService`, which is required by `WrappedService: tonic::client::service::GrpcService<http_body::combinators::box_body::UnsyncBoxBody<hyper::body::Bytes, tonic::status::Status>>`
[INFO] [stdout]    |
[INFO] [stdout]    = help: the following other types implement trait `tower_service::Service<Request>`:
[INFO] [stdout]              `&'a mut S` implements `tower_service::Service<Request>`
[INFO] [stdout]              `&Client<C, B>` implements `tower_service::Service<http::Request<B>>`
[INFO] [stdout]              `AddAuthorization<S>` implements `tower_service::Service<http::Request<B>>`
[INFO] [stdout]              `Box<S>` implements `tower_service::Service<Request>`
[INFO] [stdout]              `Channel` implements `tower_service::Service<http::Request<http_body::combinators::box_body::BoxBody<hyper::body::Bytes, tonic::Status>>>`
[INFO] [stdout]              `Client<C, B>` implements `tower_service::Service<http::Request<B>>`
[INFO] [stdout]              `GaiResolver` implements `tower_service::Service<Name>`
[INFO] [stdout]              `HttpConnector<R>` implements `tower_service::Service<Uri>`
[INFO] [stdout]            and 45 others
[INFO] [stdout]    = note: required for `WrappedService` to implement `tonic::client::service::GrpcService<http_body::combinators::box_body::UnsyncBoxBody<hyper::body::Bytes, tonic::status::Status>>`
[INFO] [stdout] 
[INFO] [stdout] 
[INFO] [stdout] error[E0599]: the method `update_document` exists for struct `MutexGuard<'_, FirestoreClient<WrappedService>>`, but its trait bounds were not satisfied
[INFO] [stdout]    --> src/collection.rs:73:14
[INFO] [stdout]     |
[INFO] [stdout] 70  | /         self.db
[INFO] [stdout] 71  | |             .lock()
[INFO] [stdout] 72  | |             .await
[INFO] [stdout] 73  | |             .update_document(UpdateDocumentRequest {
[INFO] [stdout]     | |             -^^^^^^^^^^^^^^^ method cannot be called on `MutexGuard<'_, FirestoreClient<WrappedService>>` due to unsatisfied trait bounds
[INFO] [stdout]     | |_____________|
[INFO] [stdout]     |
[INFO] [stdout]     |
[INFO] [stdout]    ::: src/dynamic_firestore_client.rs:13:1
[INFO] [stdout]     |
[INFO] [stdout] 13  |   pub struct WrappedService {
[INFO] [stdout]     |   ------------------------- doesn't satisfy `_: Service<Request<UnsyncBoxBody<Bytes, Status>>>`
[INFO] [stdout]     |
[INFO] [stdout]     = note: the following trait bounds were not satisfied:
[INFO] [stdout]             `WrappedService: tower_service::Service<http::Request<http_body::combinators::box_body::UnsyncBoxBody<hyper::body::Bytes, tonic::status::Status>>>`
[INFO] [stdout] note: the trait `tower_service::Service` must be implemented
[INFO] [stdout]    --> /opt/rustwide/cargo-home/registry/src/index.crates.io-6f17d22bba15001f/tower-service-0.3.3/src/lib.rs:311:1
[INFO] [stdout]     |
[INFO] [stdout] 311 | pub trait Service<Request> {
[INFO] [stdout]     | ^^^^^^^^^^^^^^^^^^^^^^^^^^
[INFO] [stdout] 
[INFO] [stdout] 
[INFO] [stdout] error[E0599]: the method `update_document` exists for struct `MutexGuard<'_, FirestoreClient<WrappedService>>`, but its trait bounds were not satisfied
[INFO] [stdout]    --> src/collection.rs:93:14
[INFO] [stdout]     |
[INFO] [stdout] 89  |           let result = self
[INFO] [stdout]     |  ______________________-
[INFO] [stdout] 90  | |             .db
[INFO] [stdout] 91  | |             .lock()
[INFO] [stdout] 92  | |             .await
[INFO] [stdout] 93  | |             .update_document(UpdateDocumentRequest {
[INFO] [stdout]     | |             -^^^^^^^^^^^^^^^ method cannot be called on `MutexGuard<'_, FirestoreClient<WrappedService>>` due to unsatisfied trait bounds
[INFO] [stdout]     | |_____________|
[INFO] [stdout]     |
[INFO] [stdout]     |
[INFO] [stdout]    ::: src/dynamic_firestore_client.rs:13:1
[INFO] [stdout]     |
[INFO] [stdout] 13  |   pub struct WrappedService {
[INFO] [stdout]     |   ------------------------- doesn't satisfy `_: Service<Request<UnsyncBoxBody<Bytes, Status>>>`
[INFO] [stdout]     |
[INFO] [stdout]     = note: the following trait bounds were not satisfied:
[INFO] [stdout]             `WrappedService: tower_service::Service<http::Request<http_body::combinators::box_body::UnsyncBoxBody<hyper::body::Bytes, tonic::status::Status>>>`
[INFO] [stdout] note: the trait `tower_service::Service` must be implemented
[INFO] [stdout]    --> /opt/rustwide/cargo-home/registry/src/index.crates.io-6f17d22bba15001f/tower-service-0.3.3/src/lib.rs:311:1
[INFO] [stdout]     |
[INFO] [stdout] 311 | pub trait Service<Request> {
[INFO] [stdout]     | ^^^^^^^^^^^^^^^^^^^^^^^^^^
[INFO] [stdout] 
[INFO] [stdout] 
[INFO] [stdout] error[E0599]: the method `create_document` exists for struct `MutexGuard<'_, FirestoreClient<WrappedService>>`, but its trait bounds were not satisfied
[INFO] [stdout]    --> src/collection.rs:116:14
[INFO] [stdout]     |
[INFO] [stdout] 112 |           let result = self
[INFO] [stdout]     |  ______________________-
[INFO] [stdout] 113 | |             .db
[INFO] [stdout] 114 | |             .lock()
[INFO] [stdout] 115 | |             .await
[INFO] [stdout] 116 | |             .create_document(CreateDocumentRequest {
[INFO] [stdout]     | |             -^^^^^^^^^^^^^^^ method cannot be called on `MutexGuard<'_, FirestoreClient<WrappedService>>` due to unsatisfied trait bounds
[INFO] [stdout]     | |_____________|
[INFO] [stdout]     |
[INFO] [stdout]     |
[INFO] [stdout]    ::: src/dynamic_firestore_client.rs:13:1
[INFO] [stdout]     |
[INFO] [stdout] 13  |   pub struct WrappedService {
[INFO] [stdout]     |   ------------------------- doesn't satisfy `_: Service<Request<UnsyncBoxBody<Bytes, Status>>>`
[INFO] [stdout]     |
[INFO] [stdout]     = note: the following trait bounds were not satisfied:
[INFO] [stdout]             `WrappedService: tower_service::Service<http::Request<http_body::combinators::box_body::UnsyncBoxBody<hyper::body::Bytes, tonic::status::Status>>>`
[INFO] [stdout] note: the trait `tower_service::Service` must be implemented
[INFO] [stdout]    --> /opt/rustwide/cargo-home/registry/src/index.crates.io-6f17d22bba15001f/tower-service-0.3.3/src/lib.rs:311:1
[INFO] [stdout]     |
[INFO] [stdout] 311 | pub trait Service<Request> {
[INFO] [stdout]     | ^^^^^^^^^^^^^^^^^^^^^^^^^^
[INFO] [stdout] 
[INFO] [stdout] 
[INFO] [stdout] error[E0599]: the method `update_document` exists for struct `MutexGuard<'_, FirestoreClient<WrappedService>>`, but its trait bounds were not satisfied
[INFO] [stdout]    --> src/collection.rs:134:14
[INFO] [stdout]     |
[INFO] [stdout] 131 | /         self.db
[INFO] [stdout] 132 | |             .lock()
[INFO] [stdout] 133 | |             .await
[INFO] [stdout] 134 | |             .update_document(UpdateDocumentRequest {
[INFO] [stdout]     | |             -^^^^^^^^^^^^^^^ method cannot be called on `MutexGuard<'_, FirestoreClient<WrappedService>>` due to unsatisfied trait bounds
[INFO] [stdout]     | |_____________|
[INFO] [stdout]     |
[INFO] [stdout]     |
[INFO] [stdout]    ::: src/dynamic_firestore_client.rs:13:1
[INFO] [stdout]     |
[INFO] [stdout] 13  |   pub struct WrappedService {
[INFO] [stdout]     |   ------------------------- doesn't satisfy `_: Service<Request<UnsyncBoxBody<Bytes, Status>>>`
[INFO] [stdout]     |
[INFO] [stdout]     = note: the following trait bounds were not satisfied:
[INFO] [stdout]             `WrappedService: tower_service::Service<http::Request<http_body::combinators::box_body::UnsyncBoxBody<hyper::body::Bytes, tonic::status::Status>>>`
[INFO] [stdout] note: the trait `tower_service::Service` must be implemented
[INFO] [stdout]    --> /opt/rustwide/cargo-home/registry/src/index.crates.io-6f17d22bba15001f/tower-service-0.3.3/src/lib.rs:311:1
[INFO] [stdout]     |
[INFO] [stdout] 311 | pub trait Service<Request> {
[INFO] [stdout]     | ^^^^^^^^^^^^^^^^^^^^^^^^^^
[INFO] [stdout] 
[INFO] [stdout] 
[INFO] [stdout] error[E0599]: the method `update_document` exists for struct `MutexGuard<'_, FirestoreClient<WrappedService>>`, but its trait bounds were not satisfied
[INFO] [stdout]    --> src/collection.rs:149:14
[INFO] [stdout]     |
[INFO] [stdout] 146 | /         self.db
[INFO] [stdout] 147 | |             .lock()
[INFO] [stdout] 148 | |             .await
[INFO] [stdout] 149 | |             .update_document(UpdateDocumentRequest {
[INFO] [stdout]     | |             -^^^^^^^^^^^^^^^ method cannot be called on `MutexGuard<'_, FirestoreClient<WrappedService>>` due to unsatisfied trait bounds
[INFO] [stdout]     | |_____________|
[INFO] [stdout]     |
[INFO] [stdout]     |
[INFO] [stdout]    ::: src/dynamic_firestore_client.rs:13:1
[INFO] [stdout]     |
[INFO] [stdout] 13  |   pub struct WrappedService {
[INFO] [stdout]     |   ------------------------- doesn't satisfy `_: Service<Request<UnsyncBoxBody<Bytes, Status>>>`
[INFO] [stdout]     |
[INFO] [stdout]     = note: the following trait bounds were not satisfied:
[INFO] [stdout]             `WrappedService: tower_service::Service<http::Request<http_body::combinators::box_body::UnsyncBoxBody<hyper::body::Bytes, tonic::status::Status>>>`
[INFO] [stdout] note: the trait `tower_service::Service` must be implemented
[INFO] [stdout]    --> /opt/rustwide/cargo-home/registry/src/index.crates.io-6f17d22bba15001f/tower-service-0.3.3/src/lib.rs:311:1
[INFO] [stdout]     |
[INFO] [stdout] 311 | pub trait Service<Request> {
[INFO] [stdout]     | ^^^^^^^^^^^^^^^^^^^^^^^^^^
[INFO] [stdout] 
[INFO] [stdout] 
[INFO] [stdout] error[E0599]: the method `get_document` exists for struct `MutexGuard<'_, FirestoreClient<WrappedService>>`, but its trait bounds were not satisfied
[INFO] [stdout]    --> src/collection.rs:166:14
[INFO] [stdout]     |
[INFO] [stdout] 162 |           let document = self
[INFO] [stdout]     |  ________________________-
[INFO] [stdout] 163 | |             .db
[INFO] [stdout] 164 | |             .lock()
[INFO] [stdout] 165 | |             .await
[INFO] [stdout] 166 | |             .get_document(GetDocumentRequest {
[INFO] [stdout]     | |             -^^^^^^^^^^^^ method cannot be called on `MutexGuard<'_, FirestoreClient<WrappedService>>` due to unsatisfied trait bounds
[INFO] [stdout]     | |_____________|
[INFO] [stdout]     |
[INFO] [stdout]     |
[INFO] [stdout]    ::: src/dynamic_firestore_client.rs:13:1
[INFO] [stdout]     |
[INFO] [stdout] 13  |   pub struct WrappedService {
[INFO] [stdout]     |   ------------------------- doesn't satisfy `_: Service<Request<UnsyncBoxBody<Bytes, Status>>>`
[INFO] [stdout]     |
[INFO] [stdout]     = note: the following trait bounds were not satisfied:
[INFO] [stdout]             `WrappedService: tower_service::Service<http::Request<http_body::combinators::box_body::UnsyncBoxBody<hyper::body::Bytes, tonic::status::Status>>>`
[INFO] [stdout] note: the trait `tower_service::Service` must be implemented
[INFO] [stdout]    --> /opt/rustwide/cargo-home/registry/src/index.crates.io-6f17d22bba15001f/tower-service-0.3.3/src/lib.rs:311:1
[INFO] [stdout]     |
[INFO] [stdout] 311 | pub trait Service<Request> {
[INFO] [stdout]     | ^^^^^^^^^^^^^^^^^^^^^^^^^^
[INFO] [stdout] 
[INFO] [stdout] 
[INFO] [stdout] error[E0599]: the method `delete_document` exists for struct `MutexGuard<'_, FirestoreClient<WrappedService>>`, but its trait bounds were not satisfied
[INFO] [stdout]    --> src/collection.rs:183:14
[INFO] [stdout]     |
[INFO] [stdout] 180 | /         self.db
[INFO] [stdout] 181 | |             .lock()
[INFO] [stdout] 182 | |             .await
[INFO] [stdout] 183 | |             .delete_document(DeleteDocumentRequest {
[INFO] [stdout]     | |             -^^^^^^^^^^^^^^^ method cannot be called on `MutexGuard<'_, FirestoreClient<WrappedService>>` due to unsatisfied trait bounds
[INFO] [stdout]     | |_____________|
[INFO] [stdout]     |
[INFO] [stdout]     |
[INFO] [stdout]    ::: src/dynamic_firestore_client.rs:13:1
[INFO] [stdout]     |
[INFO] [stdout] 13  |   pub struct WrappedService {
[INFO] [stdout]     |   ------------------------- doesn't satisfy `_: Service<Request<UnsyncBoxBody<Bytes, Status>>>`
[INFO] [stdout]     |
[INFO] [stdout]     = note: the following trait bounds were not satisfied:
[INFO] [stdout]             `WrappedService: tower_service::Service<http::Request<http_body::combinators::box_body::UnsyncBoxBody<hyper::body::Bytes, tonic::status::Status>>>`
[INFO] [stdout] note: the trait `tower_service::Service` must be implemented
[INFO] [stdout]    --> /opt/rustwide/cargo-home/registry/src/index.crates.io-6f17d22bba15001f/tower-service-0.3.3/src/lib.rs:311:1
[INFO] [stdout]     |
[INFO] [stdout] 311 | pub trait Service<Request> {
[INFO] [stdout]     | ^^^^^^^^^^^^^^^^^^^^^^^^^^
[INFO] [stdout] 
[INFO] [stdout] 
[INFO] [stdout] error[E0599]: the method `list_documents` exists for struct `MutexGuard<'_, FirestoreClient<WrappedService>>`, but its trait bounds were not satisfied
[INFO] [stdout]    --> src/list_response.rs:116:14
[INFO] [stdout]     |
[INFO] [stdout] 115 |           let documents = db
[INFO] [stdout]     |  _________________________-
[INFO] [stdout] 116 | |             .list_documents(ListDocumentsRequest {
[INFO] [stdout]     | |             -^^^^^^^^^^^^^^ method cannot be called on `MutexGuard<'_, FirestoreClient<WrappedService>>` due to unsatisfied trait bounds
[INFO] [stdout]     | |_____________|
[INFO] [stdout]     |
[INFO] [stdout]     |
[INFO] [stdout]    ::: src/dynamic_firestore_client.rs:13:1
[INFO] [stdout]     |
[INFO] [stdout] 13  |   pub struct WrappedService {
[INFO] [stdout]     |   ------------------------- doesn't satisfy `_: Service<Request<UnsyncBoxBody<Bytes, Status>>>`
[INFO] [stdout]     |
[INFO] [stdout]     = note: the following trait bounds were not satisfied:
[INFO] [stdout]             `WrappedService: tower_service::Service<http::Request<http_body::combinators::box_body::UnsyncBoxBody<hyper::body::Bytes, tonic::status::Status>>>`
[INFO] [stdout] note: the trait `tower_service::Service` must be implemented
[INFO] [stdout]    --> /opt/rustwide/cargo-home/registry/src/index.crates.io-6f17d22bba15001f/tower-service-0.3.3/src/lib.rs:311:1
[INFO] [stdout]     |
[INFO] [stdout] 311 | pub trait Service<Request> {
[INFO] [stdout]     | ^^^^^^^^^^^^^^^^^^^^^^^^^^
[INFO] [stdout] 
[INFO] [stdout] 
[INFO] [stdout] Some errors have detailed explanations: E0277, E0599.
[INFO] [stdout] 
[INFO] [stdout] For more information about an error, try `rustc --explain E0277`.
[INFO] [stdout] 
[INFO] [stderr] error: could not compile `tiny-firestore-odm` (lib) due to 9 previous errors
[INFO] running `Command { std: "docker" "inspect" "4f90b6f07857b5879657b12f218be2b4867b8905ea76ac7c73f2d4e4fdf14270", kill_on_drop: false }`
[INFO] running `Command { std: "docker" "rm" "-f" "4f90b6f07857b5879657b12f218be2b4867b8905ea76ac7c73f2d4e4fdf14270", kill_on_drop: false }`
[INFO] [stdout] 4f90b6f07857b5879657b12f218be2b4867b8905ea76ac7c73f2d4e4fdf14270
