[INFO] fetching crate timesource 0.1.3...
[INFO] testing timesource-0.1.3 against nightly-2024-10-28+rustflags=-Zrandomize-layout for randomize-layout
[INFO] extracting crate timesource 0.1.3 into /workspace/builds/worker-4-tc2/source
[INFO] validating manifest of crates.io crate timesource 0.1.3 on toolchain nightly-2024-10-28
[INFO] running `Command { std: CARGO_HOME="/workspace/cargo-home" RUSTUP_HOME="/workspace/rustup-home" "/workspace/cargo-home/bin/cargo" "+nightly-2024-10-28" "metadata" "--manifest-path" "Cargo.toml" "--no-deps", kill_on_drop: false }`
[INFO] started tweaking crates.io crate timesource 0.1.3
[INFO] finished tweaking crates.io crate timesource 0.1.3
[INFO] tweaked toml for crates.io crate timesource 0.1.3 written to /workspace/builds/worker-4-tc2/source/Cargo.toml
[INFO] running `Command { std: CARGO_HOME="/workspace/cargo-home" RUSTUP_HOME="/workspace/rustup-home" "/workspace/cargo-home/bin/cargo" "+nightly-2024-10-28" "generate-lockfile" "--manifest-path" "Cargo.toml", kill_on_drop: false }`
[INFO] [stderr]     Updating crates.io index
[INFO] [stderr]      Locking 207 packages to latest compatible versions
[INFO] [stderr]       Adding heapless v0.7.17 (available: v0.8.0)
[INFO] [stderr]       Adding minicbor v0.12.1 (available: v0.25.1)
[INFO] [stderr]       Adding mockall v0.10.2 (available: v0.13.0)
[INFO] [stderr]       Adding sqlx v0.5.13 (available: v0.8.2)
[INFO] [stderr]       Adding test-case v1.2.3 (available: v3.3.1)
[INFO] [stderr]       Adding uuid v0.8.2 (available: v1.11.0)
[INFO] running `Command { std: CARGO_HOME="/workspace/cargo-home" RUSTUP_HOME="/workspace/rustup-home" "/workspace/cargo-home/bin/cargo" "+nightly-2024-10-28" "fetch" "--manifest-path" "Cargo.toml", kill_on_drop: false }`
[INFO] running `Command { std: "docker" "create" "-v" "/var/lib/crater-agent-workspace/builds/worker-4-tc2/target:/opt/rustwide/target:rw,Z" "-v" "/var/lib/crater-agent-workspace/builds/worker-4-tc2/source:/opt/rustwide/workdir:ro,Z" "-v" "/var/lib/crater-agent-workspace/cargo-home:/opt/rustwide/cargo-home:ro,Z" "-v" "/var/lib/crater-agent-workspace/rustup-home:/opt/rustwide/rustup-home:ro,Z" "-e" "SOURCE_DIR=/opt/rustwide/workdir" "-e" "CARGO_TARGET_DIR=/opt/rustwide/target" "-e" "CARGO_HOME=/opt/rustwide/cargo-home" "-e" "RUSTUP_HOME=/opt/rustwide/rustup-home" "-w" "/opt/rustwide/workdir" "-m" "1610612736" "--user" "0:0" "--network" "none" "ghcr.io/rust-lang/crates-build-env/linux@sha256:4a844ea9eb2546a2d2c7022eacef16ef2e8229c7fbb2c7d4d55a9ceca922f72d" "/opt/rustwide/cargo-home/bin/cargo" "+nightly-2024-10-28" "metadata" "--no-deps" "--format-version=1", kill_on_drop: false }`
[INFO] [stdout] dacedf01a86ab4c57eeb4f3468493bfbe19446f14956a8c43a86f18f8985a695
[INFO] running `Command { std: "docker" "start" "-a" "dacedf01a86ab4c57eeb4f3468493bfbe19446f14956a8c43a86f18f8985a695", kill_on_drop: false }`
[INFO] running `Command { std: "docker" "inspect" "dacedf01a86ab4c57eeb4f3468493bfbe19446f14956a8c43a86f18f8985a695", kill_on_drop: false }`
[INFO] running `Command { std: "docker" "rm" "-f" "dacedf01a86ab4c57eeb4f3468493bfbe19446f14956a8c43a86f18f8985a695", kill_on_drop: false }`
[INFO] [stdout] dacedf01a86ab4c57eeb4f3468493bfbe19446f14956a8c43a86f18f8985a695
[INFO] running `Command { std: "docker" "create" "-v" "/var/lib/crater-agent-workspace/builds/worker-4-tc2/target:/opt/rustwide/target:rw,Z" "-v" "/var/lib/crater-agent-workspace/builds/worker-4-tc2/source:/opt/rustwide/workdir:ro,Z" "-v" "/var/lib/crater-agent-workspace/cargo-home:/opt/rustwide/cargo-home:ro,Z" "-v" "/var/lib/crater-agent-workspace/rustup-home:/opt/rustwide/rustup-home:ro,Z" "-e" "SOURCE_DIR=/opt/rustwide/workdir" "-e" "CARGO_TARGET_DIR=/opt/rustwide/target" "-e" "CARGO_INCREMENTAL=0" "-e" "RUST_BACKTRACE=full" "-e" "RUSTFLAGS=--cap-lints=forbid -Zrandomize-layout" "-e" "RUSTDOCFLAGS=--cap-lints=forbid" "-e" "CARGO_HOME=/opt/rustwide/cargo-home" "-e" "RUSTUP_HOME=/opt/rustwide/rustup-home" "-w" "/opt/rustwide/workdir" "-m" "1610612736" "--user" "0:0" "--network" "none" "ghcr.io/rust-lang/crates-build-env/linux@sha256:4a844ea9eb2546a2d2c7022eacef16ef2e8229c7fbb2c7d4d55a9ceca922f72d" "/opt/rustwide/cargo-home/bin/cargo" "+nightly-2024-10-28" "build" "--frozen" "--message-format=json", kill_on_drop: false }`
[INFO] [stdout] cea8c38c8e52541972618979ef56dccfc63f2b6a5845eb7ae4516ab7cf33e42f
[INFO] running `Command { std: "docker" "start" "-a" "cea8c38c8e52541972618979ef56dccfc63f2b6a5845eb7ae4516ab7cf33e42f", kill_on_drop: false }`
[INFO] [stderr]    Compiling libc v0.2.161
[INFO] [stderr]    Compiling version_check v0.9.5
[INFO] [stderr]    Compiling typenum v1.17.0
[INFO] [stderr]    Compiling once_cell v1.20.2
[INFO] [stderr]    Compiling pin-project-lite v0.2.15
[INFO] [stderr]    Compiling shlex v1.3.0
[INFO] [stderr]    Compiling subtle v2.6.1
[INFO] [stderr]    Compiling spin v0.5.2
[INFO] [stderr]    Compiling bytes v1.8.0
[INFO] [stderr]    Compiling untrusted v0.7.1
[INFO] [stderr]    Compiling byteorder v1.5.0
[INFO] [stderr]    Compiling futures-core v0.3.31
[INFO] [stderr]    Compiling serde v1.0.214
[INFO] [stderr]    Compiling base64 v0.13.1
[INFO] [stderr]    Compiling lock_api v0.4.12
[INFO] [stderr]    Compiling syn v2.0.86
[INFO] [stderr]    Compiling scopeguard v1.2.0
[INFO] [stderr]    Compiling tinyvec_macros v0.1.1
[INFO] [stderr]    Compiling log v0.4.22
[INFO] [stderr]    Compiling cc v1.1.31
[INFO] [stderr]    Compiling tinyvec v1.8.0
[INFO] [stderr]    Compiling instant v0.1.13
[INFO] [stderr]    Compiling parking_lot_core v0.8.6
[INFO] [stderr]    Compiling cpufeatures v0.2.14
[INFO] [stderr]    Compiling futures-sink v0.3.31
[INFO] [stderr]    Compiling memchr v2.7.4
[INFO] [stderr]    Compiling unicode-bidi v0.3.17
[INFO] [stderr]    Compiling smallvec v1.13.2
[INFO] [stderr]    Compiling crossbeam-utils v0.8.20
[INFO] [stderr]    Compiling indexmap v1.9.3
[INFO] [stderr]    Compiling minimal-lexical v0.2.1
[INFO] [stderr]    Compiling generic-array v0.14.7
[INFO] [stderr]    Compiling ahash v0.7.8
[INFO] [stderr]    Compiling thiserror v1.0.66
[INFO] [stderr]    Compiling futures-task v0.3.31
[INFO] [stderr]    Compiling paste v1.0.15
[INFO] [stderr]    Compiling percent-encoding v2.3.1
[INFO] [stderr]    Compiling serde_json v1.0.132
[INFO] [stderr]    Compiling pin-utils v0.1.0
[INFO] [stderr]    Compiling futures-util v0.3.31
[INFO] [stderr]    Compiling form_urlencoded v1.2.1
[INFO] [stderr]    Compiling futures-channel v0.3.31
[INFO] [stderr]    Compiling iana-time-zone v0.1.61
[INFO] [stderr]    Compiling unicode-properties v0.1.3
[INFO] [stderr]    Compiling hashbrown v0.12.3
[INFO] [stderr]    Compiling semver v1.0.23
[INFO] [stderr]    Compiling syn v1.0.109
[INFO] [stderr]    Compiling ryu v1.0.18
[INFO] [stderr]    Compiling nom v7.1.3
[INFO] [stderr]    Compiling itoa v1.0.11
[INFO] [stderr]    Compiling crc-catalog v1.1.1
[INFO] [stderr]    Compiling unicode_categories v0.1.1
[INFO] [stderr]    Compiling crc v2.1.0
[INFO] [stderr]    Compiling crossbeam-queue v0.3.11
[INFO] [stderr]    Compiling chrono v0.4.38
[INFO] [stderr]    Compiling socket2 v0.5.7
[INFO] [stderr]    Compiling mio v1.0.2
[INFO] [stderr]    Compiling getrandom v0.2.15
[INFO] [stderr]    Compiling unicode-normalization v0.1.24
[INFO] [stderr]    Compiling dirs-sys v0.3.7
[INFO] [stderr]    Compiling rand_core v0.6.4
[INFO] [stderr]    Compiling parking_lot v0.11.2
[INFO] [stderr]    Compiling dirs v4.0.0
[INFO] [stderr]    Compiling tokio v1.41.0
[INFO] [stderr]    Compiling atoi v0.4.0
[INFO] [stderr]    Compiling hashbrown v0.11.2
[INFO] [stderr]    Compiling futures-intrusive v0.4.2
[INFO] [stderr]    Compiling bitflags v1.3.2
[INFO] [stderr]    Compiling hex v0.4.3
[INFO] [stderr]    Compiling event-listener v2.5.3
[INFO] [stderr]    Compiling idna v0.5.0
[INFO] [stderr]    Compiling stringprep v0.1.5
[INFO] [stderr]    Compiling ring v0.16.20
[INFO] [stderr]    Compiling whoami v1.5.2
[INFO] [stderr]    Compiling uuid v0.8.2
[INFO] [stderr]    Compiling unicode-segmentation v1.12.0
[INFO] [stderr]    Compiling block-buffer v0.10.4
[INFO] [stderr]    Compiling crypto-common v0.1.6
[INFO] [stderr]    Compiling hashlink v0.7.0
[INFO] [stderr]    Compiling rustc_version v0.4.1
[INFO] [stderr]    Compiling digest v0.10.7
[INFO] [stderr]    Compiling dotenv v0.15.0
[INFO] [stderr]    Compiling hmac v0.12.1
[INFO] [stderr]    Compiling url v2.5.2
[INFO] [stderr]    Compiling sha2 v0.10.8
[INFO] [stderr]    Compiling hkdf v0.12.4
[INFO] [stderr]    Compiling sha-1 v0.10.1
[INFO] [stderr]    Compiling md-5 v0.10.6
[INFO] [stderr]    Compiling heck v0.4.1
[INFO] [stderr]    Compiling heapless v0.7.17
[INFO] [stderr]    Compiling spin v0.9.8
[INFO] [stderr]    Compiling hash32 v0.2.1
[INFO] [stderr]    Compiling tracing-core v0.1.32
[INFO] [stderr]    Compiling futures-io v0.3.31
[INFO] [stderr]    Compiling stable_deref_trait v1.2.0
[INFO] [stderr]    Compiling futures v0.3.31
[INFO] [stderr]    Compiling zerocopy-derive v0.7.35
[INFO] [stderr]    Compiling serde_derive v1.0.214
[INFO] [stderr]    Compiling tokio-macros v2.4.0
[INFO] [stderr]    Compiling thiserror-impl v1.0.66
[INFO] [stderr]    Compiling tracing-attributes v0.1.27
[INFO] [stderr]    Compiling async-trait v0.1.83
[INFO] [stderr]    Compiling zerocopy v0.7.35
[INFO] [stderr]    Compiling timesource-derive v0.1.3
[INFO] [stderr]    Compiling tracing v0.1.40
[INFO] [stderr]    Compiling webpki v0.21.4
[INFO] [stderr]    Compiling sct v0.6.1
[INFO] [stderr]    Compiling ppv-lite86 v0.2.20
[INFO] [stderr]    Compiling tokio-stream v0.1.16
[INFO] [stderr]    Compiling rustls v0.19.1
[INFO] [stderr]    Compiling webpki-roots v0.21.1
[INFO] [stderr]    Compiling rand_chacha v0.3.1
[INFO] [stderr]    Compiling rand v0.8.5
[INFO] [stderr]    Compiling tokio-rustls v0.22.0
[INFO] [stderr]    Compiling sqlx-rt v0.5.13
[INFO] [stderr]    Compiling backoff v0.4.0
[INFO] [stderr]    Compiling either v1.13.0
[INFO] [stderr]    Compiling itertools v0.10.5
[INFO] [stderr]    Compiling sqlformat v0.1.8
[INFO] [stderr]    Compiling sqlx-core v0.5.13
[INFO] [stderr]    Compiling sqlx-macros v0.5.13
[INFO] [stderr]    Compiling sqlx v0.5.13
[INFO] [stderr]    Compiling timesource-core v0.1.3
[INFO] [stderr]    Compiling timesource v0.1.3 (/opt/rustwide/workdir)
[INFO] [stdout] warning: use of deprecated method `chrono::DateTime::<Tz>::timestamp_nanos`: use `timestamp_nanos_opt()` instead
[INFO] [stdout]    --> src/store.rs:155:34
[INFO] [stdout]     |
[INFO] [stdout] 155 |             let time = event.utc.timestamp_nanos();
[INFO] [stdout]     |                                  ^^^^^^^^^^^^^^^
[INFO] [stdout]     |
[INFO] [stdout]     = note: `#[warn(deprecated)]` on by default
[INFO] [stdout] 
[INFO] [stdout] 
[INFO] [stdout] warning: use of deprecated method `chrono::DateTime::<Tz>::timestamp_nanos`: use `timestamp_nanos_opt()` instead
[INFO] [stdout]    --> src/store.rs:177:60
[INFO] [stdout]     |
[INFO] [stdout] 177 |             CommitOrder::Following(utc) => (true, Some(utc.timestamp_nanos())),
[INFO] [stdout]     |                                                            ^^^^^^^^^^^^^^^
[INFO] [stdout] 
[INFO] [stdout] 
[INFO] [stderr]     Finished `dev` profile [unoptimized + debuginfo] target(s) in 18.88s
[INFO] running `Command { std: "docker" "inspect" "cea8c38c8e52541972618979ef56dccfc63f2b6a5845eb7ae4516ab7cf33e42f", kill_on_drop: false }`
[INFO] running `Command { std: "docker" "rm" "-f" "cea8c38c8e52541972618979ef56dccfc63f2b6a5845eb7ae4516ab7cf33e42f", kill_on_drop: false }`
[INFO] [stdout] cea8c38c8e52541972618979ef56dccfc63f2b6a5845eb7ae4516ab7cf33e42f
[INFO] running `Command { std: "docker" "create" "-v" "/var/lib/crater-agent-workspace/builds/worker-4-tc2/target:/opt/rustwide/target:rw,Z" "-v" "/var/lib/crater-agent-workspace/builds/worker-4-tc2/source:/opt/rustwide/workdir:ro,Z" "-v" "/var/lib/crater-agent-workspace/cargo-home:/opt/rustwide/cargo-home:ro,Z" "-v" "/var/lib/crater-agent-workspace/rustup-home:/opt/rustwide/rustup-home:ro,Z" "-e" "SOURCE_DIR=/opt/rustwide/workdir" "-e" "CARGO_TARGET_DIR=/opt/rustwide/target" "-e" "CARGO_INCREMENTAL=0" "-e" "RUST_BACKTRACE=full" "-e" "RUSTFLAGS=--cap-lints=forbid -Zrandomize-layout" "-e" "RUSTDOCFLAGS=--cap-lints=forbid" "-e" "CARGO_HOME=/opt/rustwide/cargo-home" "-e" "RUSTUP_HOME=/opt/rustwide/rustup-home" "-w" "/opt/rustwide/workdir" "-m" "1610612736" "--user" "0:0" "--network" "none" "ghcr.io/rust-lang/crates-build-env/linux@sha256:4a844ea9eb2546a2d2c7022eacef16ef2e8229c7fbb2c7d4d55a9ceca922f72d" "/opt/rustwide/cargo-home/bin/cargo" "+nightly-2024-10-28" "test" "--frozen" "--no-run" "--message-format=json", kill_on_drop: false }`
[INFO] [stdout] c3506c4f12303bd63289fdd568a0b2fe4662f5975f91e87f3e66cd744059d3da
[INFO] running `Command { std: "docker" "start" "-a" "c3506c4f12303bd63289fdd568a0b2fe4662f5975f91e87f3e66cd744059d3da", kill_on_drop: false }`
[INFO] [stderr]    Compiling syn v1.0.109
[INFO] [stderr]    Compiling log v0.4.22
[INFO] [stderr]    Compiling aho-corasick v1.1.3
[INFO] [stderr]    Compiling regex-syntax v0.8.5
[INFO] [stderr]    Compiling tracing-core v0.1.32
[INFO] [stderr]    Compiling predicates-core v1.0.8
[INFO] [stderr]    Compiling regex-syntax v0.6.29
[INFO] [stderr]    Compiling lazy_static v1.5.0
[INFO] [stderr]    Compiling float-cmp v0.8.0
[INFO] [stderr]    Compiling test-case v1.2.3
[INFO] [stderr]    Compiling overload v0.1.1
[INFO] [stderr]    Compiling minicbor v0.12.1
[INFO] [stderr]    Compiling difference v2.0.0
[INFO] [stderr]    Compiling fragile v2.0.0
[INFO] [stderr]    Compiling normalize-line-endings v0.3.0
[INFO] [stderr]    Compiling termtree v0.4.1
[INFO] [stderr]    Compiling nu-ansi-term v0.46.0
[INFO] [stderr]    Compiling sharded-slab v0.1.7
[INFO] [stderr]    Compiling thread_local v1.1.8
[INFO] [stderr]    Compiling rustls v0.19.1
[INFO] [stderr]    Compiling predicates-tree v1.0.11
[INFO] [stderr]    Compiling downcast v0.10.0
[INFO] [stderr]    Compiling fragile v1.2.2
[INFO] [stderr]    Compiling gabble v0.1.1
[INFO] [stderr]    Compiling tracing v0.1.40
[INFO] [stderr]    Compiling tracing-log v0.2.0
[INFO] [stderr]    Compiling tokio-rustls v0.22.0
[INFO] [stderr]    Compiling regex-automata v0.4.8
[INFO] [stderr]    Compiling sqlx-rt v0.5.13
[INFO] [stderr]    Compiling regex-automata v0.1.10
[INFO] [stderr]    Compiling sqlx-core v0.5.13
[INFO] [stderr]    Compiling matchers v0.1.0
[INFO] [stderr]    Compiling regex v1.11.1
[INFO] [stderr]    Compiling mockall_derive v0.10.2
[INFO] [stderr]    Compiling timesource-derive v0.1.3
[INFO] [stderr]    Compiling minicbor-derive v0.8.0
[INFO] [stderr]    Compiling predicates v1.0.8
[INFO] [stderr]    Compiling tracing-subscriber v0.3.18
[INFO] [stderr]    Compiling mockall v0.10.2
[INFO] [stderr]    Compiling sqlx-macros v0.5.13
[INFO] [stderr]    Compiling sqlx v0.5.13
[INFO] [stderr]    Compiling timesource-core v0.1.3
[INFO] [stderr]    Compiling timesource v0.1.3 (/opt/rustwide/workdir)
[INFO] [stdout] warning: use of deprecated method `chrono::DateTime::<Tz>::timestamp_nanos`: use `timestamp_nanos_opt()` instead
[INFO] [stdout]    --> src/store.rs:155:34
[INFO] [stdout]     |
[INFO] [stdout] 155 |             let time = event.utc.timestamp_nanos();
[INFO] [stdout]     |                                  ^^^^^^^^^^^^^^^
[INFO] [stdout]     |
[INFO] [stdout]     = note: `#[warn(deprecated)]` on by default
[INFO] [stdout] 
[INFO] [stdout] 
[INFO] [stdout] warning: use of deprecated method `chrono::DateTime::<Tz>::timestamp_nanos`: use `timestamp_nanos_opt()` instead
[INFO] [stdout]    --> src/store.rs:177:60
[INFO] [stdout]     |
[INFO] [stdout] 177 |             CommitOrder::Following(utc) => (true, Some(utc.timestamp_nanos())),
[INFO] [stdout]     |                                                            ^^^^^^^^^^^^^^^
[INFO] [stdout] 
[INFO] [stdout] 
[INFO] [stdout] error[E0599]: no variant or associated item named `MiniCborEncode` found for enum `PersistedError` in the current scope
[INFO] [stdout]   --> src/consumer/notification.rs:90:30
[INFO] [stdout]    |
[INFO] [stdout] 90 |     #[derive(Encode, Decode, TimesourceEvent, PartialEq, Debug)]
[INFO] [stdout]    |                              ^^^^^^^^^^^^^^^ variant or associated item not found in `PersistedError`
[INFO] [stdout]    |
[INFO] [stdout]    = note: this error originates in the derive macro `TimesourceEvent` (in Nightly builds, run with -Z macro-backtrace for more info)
[INFO] [stdout] 
[INFO] [stdout] 
[INFO] [stdout] error[E0277]: the trait bound `PersistedError: From<minicbor::decode::Error>` is not satisfied
[INFO] [stdout]   --> src/consumer/notification.rs:90:30
[INFO] [stdout]    |
[INFO] [stdout] 90 |     #[derive(Encode, Decode, TimesourceEvent, PartialEq, Debug)]
[INFO] [stdout]    |                              ^^^^^^^^^^^^^^^ the trait `From<minicbor::decode::Error>` is not implemented for `PersistedError`
[INFO] [stdout]    |
[INFO] [stdout]    = help: the following other types implement trait `From<T>`:
[INFO] [stdout]              `PersistedError` implements `From<serde_json::Error>`
[INFO] [stdout]              `PersistedError` implements `From<std::num::ParseIntError>`
[INFO] [stdout]              `PersistedError` implements `From<uuid::Error>`
[INFO] [stdout]    = note: this error originates in the derive macro `TimesourceEvent` (in Nightly builds, run with -Z macro-backtrace for more info)
[INFO] [stdout] 
[INFO] [stdout] 
[INFO] [stdout] error[E0599]: no variant or associated item named `BytesMissing` found for enum `PersistedError` in the current scope
[INFO] [stdout]   --> src/consumer/notification.rs:90:30
[INFO] [stdout]    |
[INFO] [stdout] 90 |     #[derive(Encode, Decode, TimesourceEvent, PartialEq, Debug)]
[INFO] [stdout]    |                              ^^^^^^^^^^^^^^^ variant or associated item not found in `PersistedError`
[INFO] [stdout]    |
[INFO] [stdout]    = note: this error originates in the derive macro `TimesourceEvent` (in Nightly builds, run with -Z macro-backtrace for more info)
[INFO] [stdout] 
[INFO] [stdout] 
[INFO] [stdout] warning: use of deprecated method `chrono::DateTime::<Tz>::timestamp_nanos`: use `timestamp_nanos_opt()` instead
[INFO] [stdout]    --> src/consumer/sub/operation.rs:204:72
[INFO] [stdout]     |
[INFO] [stdout] 204 |             event: Persisted::new(Uuid::new_v4(), event, 1, Utc::now().timestamp_nanos()),
[INFO] [stdout]     |                                                                        ^^^^^^^^^^^^^^^
[INFO] [stdout]     |
[INFO] [stdout]     = note: `#[warn(deprecated)]` on by default
[INFO] [stdout] 
[INFO] [stdout] 
[INFO] [stdout] warning: use of deprecated method `chrono::DateTime::<Tz>::timestamp_nanos`: use `timestamp_nanos_opt()` instead
[INFO] [stdout]    --> src/consumer/sub/operation.rs:286:72
[INFO] [stdout]     |
[INFO] [stdout] 286 |             event: Persisted::new(Uuid::new_v4(), event, 4, Utc::now().timestamp_nanos()),
[INFO] [stdout]     |                                                                        ^^^^^^^^^^^^^^^
[INFO] [stdout] 
[INFO] [stdout] 
[INFO] [stdout] warning: use of deprecated method `chrono::DateTime::<Tz>::timestamp_nanos`: use `timestamp_nanos_opt()` instead
[INFO] [stdout]    --> src/consumer/sub/operation.rs:334:72
[INFO] [stdout]     |
[INFO] [stdout] 334 |             event: Persisted::new(Uuid::new_v4(), event, 3, Utc::now().timestamp_nanos()),
[INFO] [stdout]     |                                                                        ^^^^^^^^^^^^^^^
[INFO] [stdout] 
[INFO] [stdout] 
[INFO] [stdout] warning: use of deprecated method `chrono::DateTime::<Tz>::timestamp_nanos`: use `timestamp_nanos_opt()` instead
[INFO] [stdout]   --> src/consumer/test_util.rs:26:30
[INFO] [stdout]    |
[INFO] [stdout] 26 |             time: Utc::now().timestamp_nanos(),
[INFO] [stdout]    |                              ^^^^^^^^^^^^^^^
[INFO] [stdout] 
[INFO] [stdout] 
[INFO] [stdout] warning: use of deprecated method `chrono::DateTime::<Tz>::timestamp_nanos`: use `timestamp_nanos_opt()` instead
[INFO] [stdout]    --> src/store.rs:155:34
[INFO] [stdout]     |
[INFO] [stdout] 155 |             let time = event.utc.timestamp_nanos();
[INFO] [stdout]     |                                  ^^^^^^^^^^^^^^^
[INFO] [stdout] 
[INFO] [stdout] 
[INFO] [stdout] warning: use of deprecated method `chrono::DateTime::<Tz>::timestamp_nanos`: use `timestamp_nanos_opt()` instead
[INFO] [stdout]    --> src/store.rs:177:60
[INFO] [stdout]     |
[INFO] [stdout] 177 |             CommitOrder::Following(utc) => (true, Some(utc.timestamp_nanos())),
[INFO] [stdout]     |                                                            ^^^^^^^^^^^^^^^
[INFO] [stdout] 
[INFO] [stdout] 
[INFO] [stdout] error: failed to find data for query SELECT "offset"
[INFO] [stdout]        FROM aggregate_consumer
[INFO] [stdout]        WHERE name = $1;
[INFO] [stdout]    --> tests/consumer.rs:541:9
[INFO] [stdout]     |
[INFO] [stdout] 541 |         sqlx::query_file_scalar!("tests/queries/consumer_offset.sql", &consumer_name)
[INFO] [stdout]     |         ^^^^^^^^^^^^^^^^^^^^^^^^^^^^^^^^^^^^^^^^^^^^^^^^^^^^^^^^^^^^^^^^^^^^^^^^^^^^^
[INFO] [stdout]     |
[INFO] [stdout]     = note: this error originates in the macro `$crate::sqlx_macros::expand_query` which comes from the expansion of the macro `sqlx::query_file_scalar` (in Nightly builds, run with -Z macro-backtrace for more info)
[INFO] [stdout] 
[INFO] [stdout] 
[INFO] [stdout] error: failed to find data for query SELECT "offset"
[INFO] [stdout]        FROM aggregate_consumer
[INFO] [stdout]        WHERE name = $1;
[INFO] [stdout]    --> tests/consumer.rs:632:9
[INFO] [stdout]     |
[INFO] [stdout] 632 |         sqlx::query_file_scalar!("tests/queries/consumer_offset.sql", &consumer_name)
[INFO] [stdout]     |         ^^^^^^^^^^^^^^^^^^^^^^^^^^^^^^^^^^^^^^^^^^^^^^^^^^^^^^^^^^^^^^^^^^^^^^^^^^^^^
[INFO] [stdout]     |
[INFO] [stdout]     = note: this error originates in the macro `$crate::sqlx_macros::expand_query` which comes from the expansion of the macro `sqlx::query_file_scalar` (in Nightly builds, run with -Z macro-backtrace for more info)
[INFO] [stdout] 
[INFO] [stdout] 
[INFO] [stdout] error: failed to find data for query SELECT "offset"
[INFO] [stdout]        FROM aggregate_consumer
[INFO] [stdout]        WHERE name = $1;
[INFO] [stdout]    --> tests/consumer.rs:690:9
[INFO] [stdout]     |
[INFO] [stdout] 690 |         sqlx::query_file_scalar!("tests/queries/consumer_offset.sql", &consumer_name)
[INFO] [stdout]     |         ^^^^^^^^^^^^^^^^^^^^^^^^^^^^^^^^^^^^^^^^^^^^^^^^^^^^^^^^^^^^^^^^^^^^^^^^^^^^^
[INFO] [stdout]     |
[INFO] [stdout]     = note: this error originates in the macro `$crate::sqlx_macros::expand_query` which comes from the expansion of the macro `sqlx::query_file_scalar` (in Nightly builds, run with -Z macro-backtrace for more info)
[INFO] [stdout] 
[INFO] [stdout] 
[INFO] [stdout] Some errors have detailed explanations: E0277, E0599.
[INFO] [stdout] 
[INFO] [stdout] For more information about an error, try `rustc --explain E0277`.
[INFO] [stdout] 
[INFO] [stderr] error: could not compile `timesource` (lib test) due to 3 previous errors; 6 warnings emitted
[INFO] [stderr] warning: build failed, waiting for other jobs to finish...
[INFO] [stdout] error[E0599]: no variant or associated item named `MiniCborEncode` found for enum `timesource::PersistedError` in the current scope
[INFO] [stdout]   --> tests/common/user_cbor.rs:24:39
[INFO] [stdout]    |
[INFO] [stdout] 24 | #[derive(Debug, Clone, PartialEq, Eq, TimesourceEvent, Decode, Encode)]
[INFO] [stdout]    |                                       ^^^^^^^^^^^^^^^ variant or associated item not found in `PersistedError`
[INFO] [stdout]    |
[INFO] [stdout]    = note: this error originates in the derive macro `TimesourceEvent` (in Nightly builds, run with -Z macro-backtrace for more info)
[INFO] [stdout] 
[INFO] [stdout] 
[INFO] [stdout] error[E0277]: the trait bound `timesource::PersistedError: From<minicbor::decode::Error>` is not satisfied
[INFO] [stdout]   --> tests/common/user_cbor.rs:24:39
[INFO] [stdout]    |
[INFO] [stdout] 24 | #[derive(Debug, Clone, PartialEq, Eq, TimesourceEvent, Decode, Encode)]
[INFO] [stdout]    |                                       ^^^^^^^^^^^^^^^ the trait `From<minicbor::decode::Error>` is not implemented for `timesource::PersistedError`
[INFO] [stdout]    |
[INFO] [stdout]    = help: the following other types implement trait `From<T>`:
[INFO] [stdout]              `timesource::PersistedError` implements `From<serde_json::Error>`
[INFO] [stdout]              `timesource::PersistedError` implements `From<std::num::ParseIntError>`
[INFO] [stdout]              `timesource::PersistedError` implements `From<uuid::Error>`
[INFO] [stdout]    = note: this error originates in the derive macro `TimesourceEvent` (in Nightly builds, run with -Z macro-backtrace for more info)
[INFO] [stdout] 
[INFO] [stdout] 
[INFO] [stdout] error[E0599]: no variant or associated item named `BytesMissing` found for enum `timesource::PersistedError` in the current scope
[INFO] [stdout]   --> tests/common/user_cbor.rs:24:39
[INFO] [stdout]    |
[INFO] [stdout] 24 | #[derive(Debug, Clone, PartialEq, Eq, TimesourceEvent, Decode, Encode)]
[INFO] [stdout]    |                                       ^^^^^^^^^^^^^^^ variant or associated item not found in `PersistedError`
[INFO] [stdout]    |
[INFO] [stdout]    = note: this error originates in the derive macro `TimesourceEvent` (in Nightly builds, run with -Z macro-backtrace for more info)
[INFO] [stdout] 
[INFO] [stdout] 
[INFO] [stdout] error[E0599]: no variant or associated item named `MiniCborEncode` found for enum `timesource::PersistedError` in the current scope
[INFO] [stdout]   --> tests/common/user_cbor.rs:24:39
[INFO] [stdout]    |
[INFO] [stdout] 24 | #[derive(Debug, Clone, PartialEq, Eq, TimesourceEvent, Decode, Encode)]
[INFO] [stdout]    |                                       ^^^^^^^^^^^^^^^ variant or associated item not found in `PersistedError`
[INFO] [stdout]    |
[INFO] [stdout]    = note: this error originates in the derive macro `TimesourceEvent` (in Nightly builds, run with -Z macro-backtrace for more info)
[INFO] [stdout] 
[INFO] [stdout] 
[INFO] [stdout] error[E0277]: the trait bound `timesource::PersistedError: From<minicbor::decode::Error>` is not satisfied
[INFO] [stdout]   --> tests/common/user_cbor.rs:24:39
[INFO] [stdout]    |
[INFO] [stdout] 24 | #[derive(Debug, Clone, PartialEq, Eq, TimesourceEvent, Decode, Encode)]
[INFO] [stdout]    |                                       ^^^^^^^^^^^^^^^ the trait `From<minicbor::decode::Error>` is not implemented for `timesource::PersistedError`
[INFO] [stdout]    |
[INFO] [stdout]    = help: the following other types implement trait `From<T>`:
[INFO] [stdout]              `timesource::PersistedError` implements `From<serde_json::Error>`
[INFO] [stdout]              `timesource::PersistedError` implements `From<std::num::ParseIntError>`
[INFO] [stdout]              `timesource::PersistedError` implements `From<uuid::Error>`
[INFO] [stdout]    = note: this error originates in the derive macro `TimesourceEvent` (in Nightly builds, run with -Z macro-backtrace for more info)
[INFO] [stdout] 
[INFO] [stdout] 
[INFO] [stdout] error[E0599]: no variant or associated item named `BytesMissing` found for enum `timesource::PersistedError` in the current scope
[INFO] [stdout]   --> tests/common/user_cbor.rs:24:39
[INFO] [stdout]    |
[INFO] [stdout] 24 | #[derive(Debug, Clone, PartialEq, Eq, TimesourceEvent, Decode, Encode)]
[INFO] [stdout]    |                                       ^^^^^^^^^^^^^^^ variant or associated item not found in `PersistedError`
[INFO] [stdout]    |
[INFO] [stdout]    = note: this error originates in the derive macro `TimesourceEvent` (in Nightly builds, run with -Z macro-backtrace for more info)
[INFO] [stdout] 
[INFO] [stdout] 
[INFO] [stdout] error[E0599]: no variant or associated item named `MiniCborEncode` found for enum `timesource::PersistedError` in the current scope
[INFO] [stdout]   --> tests/common/user_cbor.rs:24:39
[INFO] [stdout]    |
[INFO] [stdout] 24 | #[derive(Debug, Clone, PartialEq, Eq, TimesourceEvent, Decode, Encode)]
[INFO] [stdout]    |                                       ^^^^^^^^^^^^^^^ variant or associated item not found in `PersistedError`
[INFO] [stdout]    |
[INFO] [stdout]    = note: this error originates in the derive macro `TimesourceEvent` (in Nightly builds, run with -Z macro-backtrace for more info)
[INFO] [stdout] 
[INFO] [stdout] 
[INFO] [stdout] error[E0277]: the trait bound `timesource::PersistedError: From<minicbor::decode::Error>` is not satisfied
[INFO] [stdout]   --> tests/common/user_cbor.rs:24:39
[INFO] [stdout]    |
[INFO] [stdout] 24 | #[derive(Debug, Clone, PartialEq, Eq, TimesourceEvent, Decode, Encode)]
[INFO] [stdout]    |                                       ^^^^^^^^^^^^^^^ the trait `From<minicbor::decode::Error>` is not implemented for `timesource::PersistedError`
[INFO] [stdout]    |
[INFO] [stdout]    = help: the following other types implement trait `From<T>`:
[INFO] [stdout]              `timesource::PersistedError` implements `From<serde_json::Error>`
[INFO] [stdout]              `timesource::PersistedError` implements `From<std::num::ParseIntError>`
[INFO] [stdout]              `timesource::PersistedError` implements `From<uuid::Error>`
[INFO] [stdout]    = note: this error originates in the derive macro `TimesourceEvent` (in Nightly builds, run with -Z macro-backtrace for more info)
[INFO] [stdout] 
[INFO] [stdout] 
[INFO] [stdout] error[E0599]: no variant or associated item named `BytesMissing` found for enum `timesource::PersistedError` in the current scope
[INFO] [stdout]   --> tests/common/user_cbor.rs:24:39
[INFO] [stdout]    |
[INFO] [stdout] 24 | #[derive(Debug, Clone, PartialEq, Eq, TimesourceEvent, Decode, Encode)]
[INFO] [stdout]    |                                       ^^^^^^^^^^^^^^^ variant or associated item not found in `PersistedError`
[INFO] [stdout]    |
[INFO] [stdout]    = note: this error originates in the derive macro `TimesourceEvent` (in Nightly builds, run with -Z macro-backtrace for more info)
[INFO] [stdout] 
[INFO] [stdout] 
[INFO] [stdout] warning: use of deprecated method `chrono::DateTime::<Tz>::timestamp_nanos`: use `timestamp_nanos_opt()` instead
[INFO] [stdout]    --> tests/consumer.rs:364:42
[INFO] [stdout]     |
[INFO] [stdout] 364 |         .events_range(offset, Utc::now().timestamp_nanos() as u64)
[INFO] [stdout]     |                                          ^^^^^^^^^^^^^^^
[INFO] [stdout]     |
[INFO] [stdout]     = note: `#[warn(deprecated)]` on by default
[INFO] [stdout] 
[INFO] [stdout] 
[INFO] [stdout] Some errors have detailed explanations: E0277, E0599.
[INFO] [stdout] 
[INFO] [stdout] For more information about an error, try `rustc --explain E0277`.
[INFO] [stdout] 
[INFO] [stderr] error: could not compile `timesource` (test "read") due to 3 previous errors
[INFO] [stdout] Some errors have detailed explanations: E0277, E0599.
[INFO] [stdout] 
[INFO] [stdout] For more information about an error, try `rustc --explain E0277`.
[INFO] [stdout] 
[INFO] [stderr] error: could not compile `timesource` (test "write") due to 3 previous errors
[INFO] [stdout] Some errors have detailed explanations: E0277, E0599.
[INFO] [stdout] 
[INFO] [stdout] For more information about an error, try `rustc --explain E0277`.
[INFO] [stdout] 
[INFO] [stderr] error: could not compile `timesource` (test "consumer") due to 6 previous errors; 1 warning emitted
[INFO] running `Command { std: "docker" "inspect" "c3506c4f12303bd63289fdd568a0b2fe4662f5975f91e87f3e66cd744059d3da", kill_on_drop: false }`
[INFO] running `Command { std: "docker" "rm" "-f" "c3506c4f12303bd63289fdd568a0b2fe4662f5975f91e87f3e66cd744059d3da", kill_on_drop: false }`
[INFO] [stdout] c3506c4f12303bd63289fdd568a0b2fe4662f5975f91e87f3e66cd744059d3da
