[INFO] fetching crate timesource-derive 0.1.3...
[INFO] testing timesource-derive-0.1.3 against nightly-2024-10-28+rustflags=-Zrandomize-layout for randomize-layout
[INFO] extracting crate timesource-derive 0.1.3 into /workspace/builds/worker-7-tc2/source
[INFO] validating manifest of crates.io crate timesource-derive 0.1.3 on toolchain nightly-2024-10-28
[INFO] running `Command { std: CARGO_HOME="/workspace/cargo-home" RUSTUP_HOME="/workspace/rustup-home" "/workspace/cargo-home/bin/cargo" "+nightly-2024-10-28" "metadata" "--manifest-path" "Cargo.toml" "--no-deps", kill_on_drop: false }`
[INFO] started tweaking crates.io crate timesource-derive 0.1.3
[INFO] removed 0 missing tests
[INFO] finished tweaking crates.io crate timesource-derive 0.1.3
[INFO] tweaked toml for crates.io crate timesource-derive 0.1.3 written to /workspace/builds/worker-7-tc2/source/Cargo.toml
[INFO] running `Command { std: CARGO_HOME="/workspace/cargo-home" RUSTUP_HOME="/workspace/rustup-home" "/workspace/cargo-home/bin/cargo" "+nightly-2024-10-28" "generate-lockfile" "--manifest-path" "Cargo.toml", kill_on_drop: false }`
[INFO] [stderr]     Updating crates.io index
[INFO] [stderr]      Locking 161 packages to latest compatible versions
[INFO] [stderr]       Adding minicbor v0.12.1 (available: v0.25.1)
[INFO] [stderr]       Adding prost v0.9.0 (available: v0.13.3)
[INFO] [stderr]       Adding syn v1.0.109 (available: v2.0.86)
[INFO] [stderr]       Adding test-case v1.2.3 (available: v3.3.1)
[INFO] running `Command { std: CARGO_HOME="/workspace/cargo-home" RUSTUP_HOME="/workspace/rustup-home" "/workspace/cargo-home/bin/cargo" "+nightly-2024-10-28" "fetch" "--manifest-path" "Cargo.toml", kill_on_drop: false }`
[INFO] running `Command { std: "docker" "create" "-v" "/var/lib/crater-agent-workspace/builds/worker-7-tc2/target:/opt/rustwide/target:rw,Z" "-v" "/var/lib/crater-agent-workspace/builds/worker-7-tc2/source:/opt/rustwide/workdir:ro,Z" "-v" "/var/lib/crater-agent-workspace/cargo-home:/opt/rustwide/cargo-home:ro,Z" "-v" "/var/lib/crater-agent-workspace/rustup-home:/opt/rustwide/rustup-home:ro,Z" "-e" "SOURCE_DIR=/opt/rustwide/workdir" "-e" "CARGO_TARGET_DIR=/opt/rustwide/target" "-e" "CARGO_HOME=/opt/rustwide/cargo-home" "-e" "RUSTUP_HOME=/opt/rustwide/rustup-home" "-w" "/opt/rustwide/workdir" "-m" "1610612736" "--user" "0:0" "--network" "none" "ghcr.io/rust-lang/crates-build-env/linux@sha256:4a844ea9eb2546a2d2c7022eacef16ef2e8229c7fbb2c7d4d55a9ceca922f72d" "/opt/rustwide/cargo-home/bin/cargo" "+nightly-2024-10-28" "metadata" "--no-deps" "--format-version=1", kill_on_drop: false }`
[INFO] [stdout] 5736e8ddbd5a45198cbfff360419138b8a5c0492ae59b03339013cd9c7060067
[INFO] running `Command { std: "docker" "start" "-a" "5736e8ddbd5a45198cbfff360419138b8a5c0492ae59b03339013cd9c7060067", kill_on_drop: false }`
[INFO] running `Command { std: "docker" "inspect" "5736e8ddbd5a45198cbfff360419138b8a5c0492ae59b03339013cd9c7060067", kill_on_drop: false }`
[INFO] running `Command { std: "docker" "rm" "-f" "5736e8ddbd5a45198cbfff360419138b8a5c0492ae59b03339013cd9c7060067", kill_on_drop: false }`
[INFO] [stdout] 5736e8ddbd5a45198cbfff360419138b8a5c0492ae59b03339013cd9c7060067
[INFO] running `Command { std: "docker" "create" "-v" "/var/lib/crater-agent-workspace/builds/worker-7-tc2/target:/opt/rustwide/target:rw,Z" "-v" "/var/lib/crater-agent-workspace/builds/worker-7-tc2/source:/opt/rustwide/workdir:ro,Z" "-v" "/var/lib/crater-agent-workspace/cargo-home:/opt/rustwide/cargo-home:ro,Z" "-v" "/var/lib/crater-agent-workspace/rustup-home:/opt/rustwide/rustup-home:ro,Z" "-e" "SOURCE_DIR=/opt/rustwide/workdir" "-e" "CARGO_TARGET_DIR=/opt/rustwide/target" "-e" "CARGO_INCREMENTAL=0" "-e" "RUST_BACKTRACE=full" "-e" "RUSTFLAGS=--cap-lints=forbid -Zrandomize-layout" "-e" "RUSTDOCFLAGS=--cap-lints=forbid" "-e" "CARGO_HOME=/opt/rustwide/cargo-home" "-e" "RUSTUP_HOME=/opt/rustwide/rustup-home" "-w" "/opt/rustwide/workdir" "-m" "1610612736" "--user" "0:0" "--network" "none" "ghcr.io/rust-lang/crates-build-env/linux@sha256:4a844ea9eb2546a2d2c7022eacef16ef2e8229c7fbb2c7d4d55a9ceca922f72d" "/opt/rustwide/cargo-home/bin/cargo" "+nightly-2024-10-28" "build" "--frozen" "--message-format=json", kill_on_drop: false }`
[INFO] [stdout] 6ef2975f22972d74be9ca6bc033189bbbb014f5fa02efcd57a788952fcbedfe4
[INFO] running `Command { std: "docker" "start" "-a" "6ef2975f22972d74be9ca6bc033189bbbb014f5fa02efcd57a788952fcbedfe4", kill_on_drop: false }`
[INFO] [stderr]    Compiling syn v1.0.109
[INFO] [stderr]    Compiling timesource-derive v0.1.3 (/opt/rustwide/workdir)
[INFO] [stderr]     Finished `dev` profile [unoptimized + debuginfo] target(s) in 1.98s
[INFO] running `Command { std: "docker" "inspect" "6ef2975f22972d74be9ca6bc033189bbbb014f5fa02efcd57a788952fcbedfe4", kill_on_drop: false }`
[INFO] running `Command { std: "docker" "rm" "-f" "6ef2975f22972d74be9ca6bc033189bbbb014f5fa02efcd57a788952fcbedfe4", kill_on_drop: false }`
[INFO] [stdout] 6ef2975f22972d74be9ca6bc033189bbbb014f5fa02efcd57a788952fcbedfe4
[INFO] running `Command { std: "docker" "create" "-v" "/var/lib/crater-agent-workspace/builds/worker-7-tc2/target:/opt/rustwide/target:rw,Z" "-v" "/var/lib/crater-agent-workspace/builds/worker-7-tc2/source:/opt/rustwide/workdir:ro,Z" "-v" "/var/lib/crater-agent-workspace/cargo-home:/opt/rustwide/cargo-home:ro,Z" "-v" "/var/lib/crater-agent-workspace/rustup-home:/opt/rustwide/rustup-home:ro,Z" "-e" "SOURCE_DIR=/opt/rustwide/workdir" "-e" "CARGO_TARGET_DIR=/opt/rustwide/target" "-e" "CARGO_INCREMENTAL=0" "-e" "RUST_BACKTRACE=full" "-e" "RUSTFLAGS=--cap-lints=forbid -Zrandomize-layout" "-e" "RUSTDOCFLAGS=--cap-lints=forbid" "-e" "CARGO_HOME=/opt/rustwide/cargo-home" "-e" "RUSTUP_HOME=/opt/rustwide/rustup-home" "-w" "/opt/rustwide/workdir" "-m" "1610612736" "--user" "0:0" "--network" "none" "ghcr.io/rust-lang/crates-build-env/linux@sha256:4a844ea9eb2546a2d2c7022eacef16ef2e8229c7fbb2c7d4d55a9ceca922f72d" "/opt/rustwide/cargo-home/bin/cargo" "+nightly-2024-10-28" "test" "--frozen" "--no-run" "--message-format=json", kill_on_drop: false }`
[INFO] [stdout] 228c20936df3e3171381a371b013cc5b0d575cdad9f636efc957a0fef1347228
[INFO] running `Command { std: "docker" "start" "-a" "228c20936df3e3171381a371b013cc5b0d575cdad9f636efc957a0fef1347228", kill_on_drop: false }`
[INFO] [stderr]    Compiling version_check v0.9.5
[INFO] [stderr]    Compiling unicode-ident v1.0.13
[INFO] [stderr]    Compiling typenum v1.17.0
[INFO] [stderr]    Compiling autocfg v1.4.0
[INFO] [stderr]    Compiling proc-macro2 v1.0.89
[INFO] [stderr]    Compiling subtle v2.6.1
[INFO] [stderr]    Compiling shlex v1.3.0
[INFO] [stderr]    Compiling serde v1.0.214
[INFO] [stderr]    Compiling spin v0.5.2
[INFO] [stderr]    Compiling cc v1.1.31
[INFO] [stderr]    Compiling untrusted v0.7.1
[INFO] [stderr]    Compiling getrandom v0.2.15
[INFO] [stderr]    Compiling syn v1.0.109
[INFO] [stderr]    Compiling bytes v1.8.0
[INFO] [stderr]    Compiling generic-array v0.14.7
[INFO] [stderr]    Compiling tinyvec_macros v0.1.1
[INFO] [stderr]    Compiling pin-project-lite v0.2.15
[INFO] [stderr]    Compiling lock_api v0.4.12
[INFO] [stderr]    Compiling num-traits v0.2.19
[INFO] [stderr]    Compiling tinyvec v1.8.0
[INFO] [stderr]    Compiling ahash v0.7.8
[INFO] [stderr]    Compiling quote v1.0.37
[INFO] [stderr]    Compiling socket2 v0.5.7
[INFO] [stderr]    Compiling mio v1.0.2
[INFO] [stderr]    Compiling syn v2.0.86
[INFO] [stderr]    Compiling byteorder v1.5.0
[INFO] [stderr]    Compiling parking_lot_core v0.8.6
[INFO] [stderr]    Compiling cpufeatures v0.2.14
[INFO] [stderr]    Compiling futures-core v0.3.31
[INFO] [stderr]    Compiling tokio v1.41.0
[INFO] [stderr]    Compiling unicode-normalization v0.1.24
[INFO] [stderr]    Compiling instant v0.1.13
[INFO] [stderr]    Compiling base64 v0.13.1
[INFO] [stderr]    Compiling crossbeam-utils v0.8.20
[INFO] [stderr]    Compiling ring v0.16.20
[INFO] [stderr]    Compiling unicode-bidi v0.3.17
[INFO] [stderr]    Compiling block-buffer v0.10.4
[INFO] [stderr]    Compiling crypto-common v0.1.6
[INFO] [stderr]    Compiling digest v0.10.7
[INFO] [stderr]    Compiling indexmap v1.9.3
[INFO] [stderr]    Compiling rand_core v0.6.4
[INFO] [stderr]    Compiling paste v1.0.15
[INFO] [stderr]    Compiling serde_json v1.0.132
[INFO] [stderr]    Compiling percent-encoding v2.3.1
[INFO] [stderr]    Compiling futures-sink v0.3.31
[INFO] [stderr]    Compiling minimal-lexical v0.2.1
[INFO] [stderr]    Compiling thiserror v1.0.66
[INFO] [stderr]    Compiling form_urlencoded v1.2.1
[INFO] [stderr]    Compiling nom v7.1.3
[INFO] [stderr]    Compiling hashbrown v0.11.2
[INFO] [stderr]    Compiling idna v0.5.0
[INFO] [stderr]    Compiling parking_lot v0.11.2
[INFO] [stderr]    Compiling dirs-sys v0.3.7
[INFO] [stderr]    Compiling hashbrown v0.12.3
[INFO] [stderr]    Compiling serde_derive v1.0.214
[INFO] [stderr]    Compiling zerocopy-derive v0.7.35
[INFO] [stderr]    Compiling thiserror-impl v1.0.66
[INFO] [stderr]    Compiling unicode-properties v0.1.3
[INFO] [stderr]    Compiling crc-catalog v1.1.1
[INFO] [stderr]    Compiling unicode_categories v0.1.1
[INFO] [stderr]    Compiling zerocopy v0.7.35
[INFO] [stderr]    Compiling futures-task v0.3.31
[INFO] [stderr]    Compiling iana-time-zone v0.1.61
[INFO] [stderr]    Compiling futures-util v0.3.31
[INFO] [stderr]    Compiling chrono v0.4.38
[INFO] [stderr]    Compiling crc v2.1.0
[INFO] [stderr]    Compiling stringprep v0.1.5
[INFO] [stderr]    Compiling webpki v0.21.4
[INFO] [stderr]    Compiling sct v0.6.1
[INFO] [stderr]    Compiling ppv-lite86 v0.2.20
[INFO] [stderr]    Compiling rustls v0.19.1
[INFO] [stderr]    Compiling webpki-roots v0.21.1
[INFO] [stderr]    Compiling rand_chacha v0.3.1
[INFO] [stderr]    Compiling tokio-stream v0.1.16
[INFO] [stderr]    Compiling rand v0.8.5
[INFO] [stderr]    Compiling crossbeam-queue v0.3.11
[INFO] [stderr]    Compiling dirs v4.0.0
[INFO] [stderr]    Compiling url v2.5.2
[INFO] [stderr]    Compiling hashlink v0.7.0
[INFO] [stderr]    Compiling futures-intrusive v0.4.2
[INFO] [stderr]    Compiling atoi v0.4.0
[INFO] [stderr]    Compiling futures-channel v0.3.31
[INFO] [stderr]    Compiling hmac v0.12.1
[INFO] [stderr]    Compiling uuid v0.8.2
[INFO] [stderr]    Compiling event-listener v2.5.3
[INFO] [stderr]    Compiling bitflags v1.3.2
[INFO] [stderr]    Compiling hex v0.4.3
[INFO] [stderr]    Compiling tokio-rustls v0.22.0
[INFO] [stderr]    Compiling hkdf v0.12.4
[INFO] [stderr]    Compiling md-5 v0.10.6
[INFO] [stderr]    Compiling sqlx-rt v0.5.13
[INFO] [stderr]    Compiling sha-1 v0.10.1
[INFO] [stderr]    Compiling sha2 v0.10.8
[INFO] [stderr]    Compiling unicode-segmentation v1.12.0
[INFO] [stderr]    Compiling dotenv v0.15.0
[INFO] [stderr]    Compiling anyhow v1.0.92
[INFO] [stderr]    Compiling test-case v1.2.3
[INFO] [stderr]    Compiling heck v0.4.1
[INFO] [stderr]    Compiling minicbor v0.12.1
[INFO] [stderr]    Compiling minicbor-derive v0.8.0
[INFO] [stderr]    Compiling timesource-derive v0.1.3 (/opt/rustwide/workdir)
[INFO] [stderr]    Compiling either v1.13.0
[INFO] [stderr]    Compiling itertools v0.10.5
[INFO] [stderr]    Compiling sqlformat v0.1.8
[INFO] [stderr]    Compiling prost-derive v0.9.0
[INFO] [stderr]    Compiling prost v0.9.0
[INFO] [stderr]    Compiling sqlx-core v0.5.13
[INFO] [stderr]    Compiling sqlx-macros v0.5.13
[INFO] [stderr]    Compiling sqlx v0.5.13
[INFO] [stderr]    Compiling timesource-core v0.1.3
[INFO] [stdout] error[E0277]: the trait bound `PersistedError: From<serde_json::Error>` is not satisfied
[INFO] [stdout]   --> tests/event.rs:12:34
[INFO] [stdout]    |
[INFO] [stdout] 12 | #[derive(Serialize, Deserialize, TimesourceEvent, PartialEq, Debug)]
[INFO] [stdout]    |                                  ^^^^^^^^^^^^^^^ the trait `From<serde_json::Error>` is not implemented for `PersistedError`
[INFO] [stdout]    |
[INFO] [stdout]    = help: the following other types implement trait `From<T>`:
[INFO] [stdout]              `PersistedError` implements `From<std::num::ParseIntError>`
[INFO] [stdout]              `PersistedError` implements `From<uuid::error::Error>`
[INFO] [stdout]    = note: this error originates in the derive macro `TimesourceEvent` (in Nightly builds, run with -Z macro-backtrace for more info)
[INFO] [stdout] 
[INFO] [stdout] 
[INFO] [stdout] error[E0599]: no variant or associated item named `JsonMissing` found for enum `PersistedError` in the current scope
[INFO] [stdout]   --> tests/event.rs:12:34
[INFO] [stdout]    |
[INFO] [stdout] 12 | #[derive(Serialize, Deserialize, TimesourceEvent, PartialEq, Debug)]
[INFO] [stdout]    |                                  ^^^^^^^^^^^^^^^ variant or associated item not found in `PersistedError`
[INFO] [stdout]    |
[INFO] [stdout]    = note: this error originates in the derive macro `TimesourceEvent` (in Nightly builds, run with -Z macro-backtrace for more info)
[INFO] [stdout] 
[INFO] [stdout] 
[INFO] [stdout] error[E0277]: the trait bound `PersistedError: From<serde_json::Error>` is not satisfied
[INFO] [stdout]   --> tests/event.rs:15:34
[INFO] [stdout]    |
[INFO] [stdout] 15 | #[derive(Serialize, Deserialize, TimesourceEvent, PartialEq, Debug)]
[INFO] [stdout]    |                                  ^^^^^^^^^^^^^^^ the trait `From<serde_json::Error>` is not implemented for `PersistedError`
[INFO] [stdout]    |
[INFO] [stdout]    = help: the following other types implement trait `From<T>`:
[INFO] [stdout]              `PersistedError` implements `From<std::num::ParseIntError>`
[INFO] [stdout]              `PersistedError` implements `From<uuid::error::Error>`
[INFO] [stdout]    = note: this error originates in the derive macro `TimesourceEvent` (in Nightly builds, run with -Z macro-backtrace for more info)
[INFO] [stdout] 
[INFO] [stdout] 
[INFO] [stdout] error[E0599]: no variant or associated item named `JsonMissing` found for enum `PersistedError` in the current scope
[INFO] [stdout]   --> tests/event.rs:15:34
[INFO] [stdout]    |
[INFO] [stdout] 15 | #[derive(Serialize, Deserialize, TimesourceEvent, PartialEq, Debug)]
[INFO] [stdout]    |                                  ^^^^^^^^^^^^^^^ variant or associated item not found in `PersistedError`
[INFO] [stdout]    |
[INFO] [stdout]    = note: this error originates in the derive macro `TimesourceEvent` (in Nightly builds, run with -Z macro-backtrace for more info)
[INFO] [stdout] 
[INFO] [stdout] 
[INFO] [stdout] error[E0277]: the trait bound `PersistedError: From<serde_json::Error>` is not satisfied
[INFO] [stdout]   --> tests/event.rs:21:34
[INFO] [stdout]    |
[INFO] [stdout] 21 | #[derive(Serialize, Deserialize, TimesourceEvent, PartialEq, Debug)]
[INFO] [stdout]    |                                  ^^^^^^^^^^^^^^^ the trait `From<serde_json::Error>` is not implemented for `PersistedError`
[INFO] [stdout]    |
[INFO] [stdout]    = help: the following other types implement trait `From<T>`:
[INFO] [stdout]              `PersistedError` implements `From<std::num::ParseIntError>`
[INFO] [stdout]              `PersistedError` implements `From<uuid::error::Error>`
[INFO] [stdout]    = note: this error originates in the derive macro `TimesourceEvent` (in Nightly builds, run with -Z macro-backtrace for more info)
[INFO] [stdout] 
[INFO] [stdout] 
[INFO] [stdout] error[E0599]: no variant or associated item named `JsonMissing` found for enum `PersistedError` in the current scope
[INFO] [stdout]   --> tests/event.rs:21:34
[INFO] [stdout]    |
[INFO] [stdout] 21 | #[derive(Serialize, Deserialize, TimesourceEvent, PartialEq, Debug)]
[INFO] [stdout]    |                                  ^^^^^^^^^^^^^^^ variant or associated item not found in `PersistedError`
[INFO] [stdout]    |
[INFO] [stdout]    = note: this error originates in the derive macro `TimesourceEvent` (in Nightly builds, run with -Z macro-backtrace for more info)
[INFO] [stdout] 
[INFO] [stdout] 
[INFO] [stdout] error[E0599]: no variant or associated item named `MiniCborEncode` found for enum `PersistedError` in the current scope
[INFO] [stdout]   --> tests/event.rs:32:26
[INFO] [stdout]    |
[INFO] [stdout] 32 | #[derive(Encode, Decode, TimesourceEvent, PartialEq, Debug)]
[INFO] [stdout]    |                          ^^^^^^^^^^^^^^^ variant or associated item not found in `PersistedError`
[INFO] [stdout]    |
[INFO] [stdout]    = note: this error originates in the derive macro `TimesourceEvent` (in Nightly builds, run with -Z macro-backtrace for more info)
[INFO] [stdout] 
[INFO] [stdout] 
[INFO] [stdout] error[E0277]: the trait bound `PersistedError: From<minicbor::decode::Error>` is not satisfied
[INFO] [stdout]   --> tests/event.rs:32:26
[INFO] [stdout]    |
[INFO] [stdout] 32 | #[derive(Encode, Decode, TimesourceEvent, PartialEq, Debug)]
[INFO] [stdout]    |                          ^^^^^^^^^^^^^^^ the trait `From<minicbor::decode::Error>` is not implemented for `PersistedError`
[INFO] [stdout]    |
[INFO] [stdout]    = help: the following other types implement trait `From<T>`:
[INFO] [stdout]              `PersistedError` implements `From<std::num::ParseIntError>`
[INFO] [stdout]              `PersistedError` implements `From<uuid::error::Error>`
[INFO] [stdout]    = note: this error originates in the derive macro `TimesourceEvent` (in Nightly builds, run with -Z macro-backtrace for more info)
[INFO] [stdout] 
[INFO] [stdout] 
[INFO] [stdout] error[E0599]: no variant or associated item named `BytesMissing` found for enum `PersistedError` in the current scope
[INFO] [stdout]   --> tests/event.rs:32:26
[INFO] [stdout]    |
[INFO] [stdout] 32 | #[derive(Encode, Decode, TimesourceEvent, PartialEq, Debug)]
[INFO] [stdout]    |                          ^^^^^^^^^^^^^^^ variant or associated item not found in `PersistedError`
[INFO] [stdout]    |
[INFO] [stdout]    = note: this error originates in the derive macro `TimesourceEvent` (in Nightly builds, run with -Z macro-backtrace for more info)
[INFO] [stdout] 
[INFO] [stdout] 
[INFO] [stdout] error[E0277]: the trait bound `PersistedError: From<DecodeError>` is not satisfied
[INFO] [stdout]   --> tests/event.rs:62:41
[INFO] [stdout]    |
[INFO] [stdout] 62 |     #[derive(Clone, PartialEq, Message, TimesourceEvent)]
[INFO] [stdout]    |                                         ^^^^^^^^^^^^^^^ the trait `From<DecodeError>` is not implemented for `PersistedError`
[INFO] [stdout]    |
[INFO] [stdout]    = help: the following other types implement trait `From<T>`:
[INFO] [stdout]              `PersistedError` implements `From<std::num::ParseIntError>`
[INFO] [stdout]              `PersistedError` implements `From<uuid::error::Error>`
[INFO] [stdout]    = note: this error originates in the derive macro `TimesourceEvent` (in Nightly builds, run with -Z macro-backtrace for more info)
[INFO] [stdout] 
[INFO] [stdout] 
[INFO] [stdout] error[E0599]: no variant or associated item named `BytesMissing` found for enum `PersistedError` in the current scope
[INFO] [stdout]   --> tests/event.rs:62:41
[INFO] [stdout]    |
[INFO] [stdout] 62 |     #[derive(Clone, PartialEq, Message, TimesourceEvent)]
[INFO] [stdout]    |                                         ^^^^^^^^^^^^^^^ variant or associated item not found in `PersistedError`
[INFO] [stdout]    |
[INFO] [stdout]    = note: this error originates in the derive macro `TimesourceEvent` (in Nightly builds, run with -Z macro-backtrace for more info)
[INFO] [stdout] 
[INFO] [stdout] 
[INFO] [stdout] Some errors have detailed explanations: E0277, E0599.
[INFO] [stdout] 
[INFO] [stdout] For more information about an error, try `rustc --explain E0277`.
[INFO] [stdout] 
[INFO] [stderr] error: could not compile `timesource-derive` (test "tests") due to 11 previous errors
[INFO] running `Command { std: "docker" "inspect" "228c20936df3e3171381a371b013cc5b0d575cdad9f636efc957a0fef1347228", kill_on_drop: false }`
[INFO] running `Command { std: "docker" "rm" "-f" "228c20936df3e3171381a371b013cc5b0d575cdad9f636efc957a0fef1347228", kill_on_drop: false }`
[INFO] [stdout] 228c20936df3e3171381a371b013cc5b0d575cdad9f636efc957a0fef1347228
