[INFO] fetching crate tiled 0.12.1...
[INFO] testing tiled-0.12.1 against nightly-2024-10-28+rustflags=-Zrandomize-layout for randomize-layout
[INFO] extracting crate tiled 0.12.1 into /workspace/builds/worker-1-tc2/source
[INFO] validating manifest of crates.io crate tiled 0.12.1 on toolchain nightly-2024-10-28
[INFO] running `Command { std: CARGO_HOME="/workspace/cargo-home" RUSTUP_HOME="/workspace/rustup-home" "/workspace/cargo-home/bin/cargo" "+nightly-2024-10-28" "metadata" "--manifest-path" "Cargo.toml" "--no-deps", kill_on_drop: false }`
[INFO] started tweaking crates.io crate tiled 0.12.1
[INFO] removed 3 missing examples
[INFO] finished tweaking crates.io crate tiled 0.12.1
[INFO] tweaked toml for crates.io crate tiled 0.12.1 written to /workspace/builds/worker-1-tc2/source/Cargo.toml
[INFO] crate crates.io crate tiled 0.12.1 already has a lockfile, it will not be regenerated
[INFO] running `Command { std: CARGO_HOME="/workspace/cargo-home" RUSTUP_HOME="/workspace/rustup-home" "/workspace/cargo-home/bin/cargo" "+nightly-2024-10-28" "fetch" "--manifest-path" "Cargo.toml", kill_on_drop: false }`
[INFO] running `Command { std: "docker" "create" "-v" "/var/lib/crater-agent-workspace/builds/worker-1-tc2/target:/opt/rustwide/target:rw,Z" "-v" "/var/lib/crater-agent-workspace/builds/worker-1-tc2/source:/opt/rustwide/workdir:ro,Z" "-v" "/var/lib/crater-agent-workspace/cargo-home:/opt/rustwide/cargo-home:ro,Z" "-v" "/var/lib/crater-agent-workspace/rustup-home:/opt/rustwide/rustup-home:ro,Z" "-e" "SOURCE_DIR=/opt/rustwide/workdir" "-e" "CARGO_TARGET_DIR=/opt/rustwide/target" "-e" "CARGO_HOME=/opt/rustwide/cargo-home" "-e" "RUSTUP_HOME=/opt/rustwide/rustup-home" "-w" "/opt/rustwide/workdir" "-m" "1610612736" "--user" "0:0" "--network" "none" "ghcr.io/rust-lang/crates-build-env/linux@sha256:4a844ea9eb2546a2d2c7022eacef16ef2e8229c7fbb2c7d4d55a9ceca922f72d" "/opt/rustwide/cargo-home/bin/cargo" "+nightly-2024-10-28" "metadata" "--no-deps" "--format-version=1", kill_on_drop: false }`
[INFO] [stdout] 64d2bfbd33cadc8b6dac688ae6af9db9705006faf339ec7431061c0132f04895
[INFO] running `Command { std: "docker" "start" "-a" "64d2bfbd33cadc8b6dac688ae6af9db9705006faf339ec7431061c0132f04895", kill_on_drop: false }`
[INFO] running `Command { std: "docker" "inspect" "64d2bfbd33cadc8b6dac688ae6af9db9705006faf339ec7431061c0132f04895", kill_on_drop: false }`
[INFO] running `Command { std: "docker" "rm" "-f" "64d2bfbd33cadc8b6dac688ae6af9db9705006faf339ec7431061c0132f04895", kill_on_drop: false }`
[INFO] [stdout] 64d2bfbd33cadc8b6dac688ae6af9db9705006faf339ec7431061c0132f04895
[INFO] running `Command { std: "docker" "create" "-v" "/var/lib/crater-agent-workspace/builds/worker-1-tc2/target:/opt/rustwide/target:rw,Z" "-v" "/var/lib/crater-agent-workspace/builds/worker-1-tc2/source:/opt/rustwide/workdir:ro,Z" "-v" "/var/lib/crater-agent-workspace/cargo-home:/opt/rustwide/cargo-home:ro,Z" "-v" "/var/lib/crater-agent-workspace/rustup-home:/opt/rustwide/rustup-home:ro,Z" "-e" "SOURCE_DIR=/opt/rustwide/workdir" "-e" "CARGO_TARGET_DIR=/opt/rustwide/target" "-e" "CARGO_INCREMENTAL=0" "-e" "RUST_BACKTRACE=full" "-e" "RUSTFLAGS=--cap-lints=forbid -Zrandomize-layout" "-e" "RUSTDOCFLAGS=--cap-lints=forbid" "-e" "CARGO_HOME=/opt/rustwide/cargo-home" "-e" "RUSTUP_HOME=/opt/rustwide/rustup-home" "-w" "/opt/rustwide/workdir" "-m" "1610612736" "--user" "0:0" "--network" "none" "ghcr.io/rust-lang/crates-build-env/linux@sha256:4a844ea9eb2546a2d2c7022eacef16ef2e8229c7fbb2c7d4d55a9ceca922f72d" "/opt/rustwide/cargo-home/bin/cargo" "+nightly-2024-10-28" "build" "--frozen" "--message-format=json", kill_on_drop: false }`
[INFO] [stdout] 76fad849c3a1eb4e35ba85fcfe60e07ea80bdd98e53b24983eb4e7590eeb27bd
[INFO] running `Command { std: "docker" "start" "-a" "76fad849c3a1eb4e35ba85fcfe60e07ea80bdd98e53b24983eb4e7590eeb27bd", kill_on_drop: false }`
[INFO] [stderr]    Compiling libc v0.2.155
[INFO] [stderr]    Compiling once_cell v1.19.0
[INFO] [stderr]    Compiling pkg-config v0.3.30
[INFO] [stderr]    Compiling zstd-safe v7.1.0
[INFO] [stderr]    Compiling crc32fast v1.3.2
[INFO] [stderr]    Compiling adler v1.0.2
[INFO] [stderr]    Compiling simd-adler32 v0.3.7
[INFO] [stderr]    Compiling xml-rs v0.8.4
[INFO] [stderr]    Compiling base64 v0.22.1
[INFO] [stderr]    Compiling miniz_oxide v0.7.3
[INFO] [stderr]    Compiling flate2 v1.0.30
[INFO] [stderr]    Compiling jobserver v0.1.31
[INFO] [stderr]    Compiling cc v1.0.99
[INFO] [stderr]    Compiling zstd-sys v2.0.10+zstd.1.5.6
[INFO] [stderr]    Compiling zstd v0.13.1
[INFO] [stderr]    Compiling tiled v0.12.1 (/opt/rustwide/workdir)
[INFO] [stderr]     Finished `dev` profile [unoptimized + debuginfo] target(s) in 12.80s
[INFO] running `Command { std: "docker" "inspect" "76fad849c3a1eb4e35ba85fcfe60e07ea80bdd98e53b24983eb4e7590eeb27bd", kill_on_drop: false }`
[INFO] running `Command { std: "docker" "rm" "-f" "76fad849c3a1eb4e35ba85fcfe60e07ea80bdd98e53b24983eb4e7590eeb27bd", kill_on_drop: false }`
[INFO] [stdout] 76fad849c3a1eb4e35ba85fcfe60e07ea80bdd98e53b24983eb4e7590eeb27bd
[INFO] running `Command { std: "docker" "create" "-v" "/var/lib/crater-agent-workspace/builds/worker-1-tc2/target:/opt/rustwide/target:rw,Z" "-v" "/var/lib/crater-agent-workspace/builds/worker-1-tc2/source:/opt/rustwide/workdir:ro,Z" "-v" "/var/lib/crater-agent-workspace/cargo-home:/opt/rustwide/cargo-home:ro,Z" "-v" "/var/lib/crater-agent-workspace/rustup-home:/opt/rustwide/rustup-home:ro,Z" "-e" "SOURCE_DIR=/opt/rustwide/workdir" "-e" "CARGO_TARGET_DIR=/opt/rustwide/target" "-e" "CARGO_INCREMENTAL=0" "-e" "RUST_BACKTRACE=full" "-e" "RUSTFLAGS=--cap-lints=forbid -Zrandomize-layout" "-e" "RUSTDOCFLAGS=--cap-lints=forbid" "-e" "CARGO_HOME=/opt/rustwide/cargo-home" "-e" "RUSTUP_HOME=/opt/rustwide/rustup-home" "-w" "/opt/rustwide/workdir" "-m" "1610612736" "--user" "0:0" "--network" "none" "ghcr.io/rust-lang/crates-build-env/linux@sha256:4a844ea9eb2546a2d2c7022eacef16ef2e8229c7fbb2c7d4d55a9ceca922f72d" "/opt/rustwide/cargo-home/bin/cargo" "+nightly-2024-10-28" "test" "--frozen" "--no-run" "--message-format=json", kill_on_drop: false }`
[INFO] [stdout] 650d8aaf3ea3081770c8d04f2643769ab47b3d2bbd05ac5361b3b82724e7531b
[INFO] running `Command { std: "docker" "start" "-a" "650d8aaf3ea3081770c8d04f2643769ab47b3d2bbd05ac5361b3b82724e7531b", kill_on_drop: false }`
[INFO] [stderr]    Compiling libc v0.2.155
[INFO] [stderr]    Compiling proc-macro2 v1.0.85
[INFO] [stderr]    Compiling unicode-ident v1.0.12
[INFO] [stderr]    Compiling autocfg v1.3.0
[INFO] [stderr]    Compiling once_cell v1.19.0
[INFO] [stderr]    Compiling bitflags v1.3.2
[INFO] [stderr]    Compiling libm v0.2.8
[INFO] [stderr]    Compiling bitflags v2.5.0
[INFO] [stderr]    Compiling log v0.4.21
[INFO] [stderr]    Compiling arrayvec v0.7.4
[INFO] [stderr]    Compiling lazy_static v1.4.0
[INFO] [stderr]    Compiling libloading v0.8.3
[INFO] [stderr]    Compiling serde v1.0.203
[INFO] [stderr]    Compiling smallvec v1.13.2
[INFO] [stderr]    Compiling thiserror v1.0.61
[INFO] [stderr]    Compiling wayland-sys v0.29.5
[INFO] [stderr]    Compiling num-traits v0.2.19
[INFO] [stderr]    Compiling memoffset v0.6.5
[INFO] [stderr]    Compiling crossbeam-utils v0.8.20
[INFO] [stderr]    Compiling dlib v0.5.2
[INFO] [stderr]    Compiling ahash v0.8.11
[INFO] [stderr]    Compiling ttf-parser v0.21.1
[INFO] [stderr]    Compiling lock_api v0.4.12
[INFO] [stderr]    Compiling quote v1.0.36
[INFO] [stderr]    Compiling syn v2.0.66
[INFO] [stderr]    Compiling wayland-scanner v0.29.5
[INFO] [stderr]    Compiling indexmap v1.9.3
[INFO] [stderr]    Compiling jobserver v0.1.31
[INFO] [stderr]    Compiling nix v0.24.3
[INFO] [stderr]    Compiling slotmap v1.0.7
[INFO] [stderr]    Compiling unicase v2.7.0
[INFO] [stderr]    Compiling rustix v0.38.34
[INFO] [stderr]    Compiling cc v1.0.99
[INFO] [stderr]    Compiling zerocopy v0.7.34
[INFO] [stderr]    Compiling vec_map v0.8.2
[INFO] [stderr]    Compiling rustc-hash v1.1.0
[INFO] [stderr]    Compiling downcast-rs v1.2.1
[INFO] [stderr]    Compiling scoped-tls v1.0.1
[INFO] [stderr]    Compiling parking_lot_core v0.9.10
[INFO] [stderr]    Compiling semver v1.0.23
[INFO] [stderr]    Compiling camino v1.1.7
[INFO] [stderr]    Compiling ab_glyph_rasterizer v0.1.8
[INFO] [stderr]    Compiling serde_json v1.0.117
[INFO] [stderr]    Compiling euclid v0.22.10
[INFO] [stderr]    Compiling getrandom v0.2.15
[INFO] [stderr]    Compiling wayland-client v0.29.5
[INFO] [stderr]    Compiling owned_ttf_parser v0.21.0
[INFO] [stderr]    Compiling wayland-commons v0.29.5
[INFO] [stderr]    Compiling ab_glyph v0.2.26
[INFO] [stderr]    Compiling wayland-protocols v0.29.5
[INFO] [stderr]    Compiling zstd-sys v2.0.10+zstd.1.5.6
[INFO] [stderr]    Compiling crossbeam-epoch v0.9.18
[INFO] [stderr]    Compiling fdeflate v0.3.4
[INFO] [stderr]    Compiling error-chain v0.12.4
[INFO] [stderr]    Compiling khronos-egl v4.1.0
[INFO] [stderr]    Compiling libloading v0.7.4
[INFO] [stderr]    Compiling alsa-sys v0.3.1
[INFO] [stderr]    Compiling bit-vec v0.6.3
[INFO] [stderr]    Compiling ash v0.37.3+1.3.251
[INFO] [stderr]    Compiling linux-raw-sys v0.4.14
[INFO] [stderr]    Compiling hashbrown v0.12.3
[INFO] [stderr]    Compiling itoa v1.0.11
[INFO] [stderr]    Compiling allocator-api2 v0.2.18
[INFO] [stderr]    Compiling unicode-width v0.1.13
[INFO] [stderr]    Compiling scopeguard v1.2.0
[INFO] [stderr]    Compiling rayon-core v1.12.1
[INFO] [stderr]    Compiling cfg_aliases v0.2.1
[INFO] [stderr]    Compiling pulldown-cmark v0.9.6
[INFO] [stderr]    Compiling ryu v1.0.18
[INFO] [stderr]    Compiling hashbrown v0.14.5
[INFO] [stderr]    Compiling nix v0.29.0
[INFO] [stderr]    Compiling codespan-reporting v0.11.1
[INFO] [stderr]    Compiling bit-set v0.5.3
[INFO] [stderr]    Compiling png v0.17.13
[INFO] [stderr]    Compiling crossbeam-deque v0.8.5
[INFO] [stderr]    Compiling bzip2-sys v0.1.11+1.0.8
[INFO] [stderr]    Compiling lyon_geom v1.0.5
[INFO] [stderr]    Compiling rand_core v0.6.4
[INFO] [stderr]    Compiling spirv v0.2.0+1.5.4
[INFO] [stderr]    Compiling nix v0.25.1
[INFO] [stderr]    Compiling gpu-descriptor-types v0.1.2
[INFO] [stderr]    Compiling gpu-alloc-types v0.2.0
[INFO] [stderr]    Compiling libudev-sys v0.1.4
[INFO] [stderr]    Compiling smithay-client-toolkit v0.16.1
[INFO] [stderr]    Compiling encoding_rs v0.8.34
[INFO] [stderr]    Compiling zstd-safe v5.0.2+zstd.1.5.2
[INFO] [stderr]    Compiling arrayref v0.3.7
[INFO] [stderr]    Compiling hexf-parse v0.2.1
[INFO] [stderr]    Compiling strict-num v0.1.1
[INFO] [stderr]    Compiling syn v1.0.109
[INFO] [stderr]    Compiling ppv-lite86 v0.2.17
[INFO] [stderr]    Compiling unicode-xid v0.2.4
[INFO] [stderr]    Compiling raw-window-handle v0.5.2
[INFO] [stderr]    Compiling xcursor v0.3.5
[INFO] [stderr]    Compiling fastrand v2.1.0
[INFO] [stderr]    Compiling bytemuck_derive v1.7.0
[INFO] [stderr]    Compiling serde_derive v1.0.203
[INFO] [stderr]    Compiling thiserror-impl v1.0.61
[INFO] [stderr]    Compiling memchr v2.7.2
[INFO] [stderr]    Compiling bytemuck v1.16.0
[INFO] [stderr]    Compiling symphonia-core v0.5.4
[INFO] [stderr]    Compiling calloop v0.10.6
[INFO] [stderr]    Compiling naga v0.12.3
[INFO] [stderr]    Compiling tiny-skia-path v0.8.4
[INFO] [stderr]    Compiling tempfile v3.10.1
[INFO] [stderr]    Compiling wayland-cursor v0.29.5
[INFO] [stderr]    Compiling rand_chacha v0.3.1
[INFO] [stderr]    Compiling symphonia-metadata v0.5.4
[INFO] [stderr]    Compiling gpu-alloc v0.5.4
[INFO] [stderr]    Compiling gpu-descriptor v0.2.4
[INFO] [stderr]    Compiling parking_lot v0.12.3
[INFO] [stderr]    Compiling lyon_path v1.0.5
[INFO] [stderr]    Compiling link-cplusplus v1.0.9
[INFO] [stderr]    Compiling inotify-sys v0.1.5
[INFO] [stderr]    Compiling memmap2 v0.5.10
[INFO] [stderr]    Compiling wgpu-types v0.16.1
[INFO] [stderr]    Compiling x11-dl v2.21.0
[INFO] [stderr]    Compiling glow v0.12.3
[INFO] [stderr]    Compiling bytecount v0.6.8
[INFO] [stderr]    Compiling cfg_aliases v0.1.1
[INFO] [stderr]    Compiling either v1.12.0
[INFO] [stderr]    Compiling renderdoc-sys v1.1.0
[INFO] [stderr]    Compiling profiling v1.0.15
[INFO] [stderr]    Compiling static_assertions v1.1.0
[INFO] [stderr]    Compiling glob v0.3.1
[INFO] [stderr]    Compiling weezl v0.1.8
[INFO] [stderr]    Compiling tinyvec_macros v0.1.1
[INFO] [stderr]    Compiling cpal v0.15.3
[INFO] [stderr]    Compiling tinyvec v1.6.0
[INFO] [stderr]    Compiling rayon v1.10.0
[INFO] [stderr]    Compiling winit v0.28.7
[INFO] [stderr]    Compiling cargo-platform v0.1.8
[INFO] [stderr]    Compiling inotify v0.10.2
[INFO] [stderr]    Compiling alsa v0.9.0
[INFO] [stderr]    Compiling cargo_metadata v0.14.2
[INFO] [stderr]    Compiling symphonia-bundle-mp3 v0.5.4
[INFO] [stderr]    Compiling rand v0.8.5
[INFO] [stderr]    Compiling skeptic v0.13.7
[INFO] [stderr]    Compiling tiny-skia v0.8.4
[INFO] [stderr]    Compiling ogg v0.8.0
[INFO] [stderr]    Compiling approx v0.5.1
[INFO] [stderr]    Compiling crossbeam-channel v0.5.13
[INFO] [stderr]    Compiling memoffset v0.8.0
[INFO] [stderr]    Compiling gilrs v0.10.7
[INFO] [stderr]    Compiling float_next_after v1.0.0
[INFO] [stderr]    Compiling option-ext v0.2.0
[INFO] [stderr]    Compiling linked-hash-map v0.5.6
[INFO] [stderr]    Compiling color_quant v1.1.0
[INFO] [stderr]    Compiling xi-unicode v0.3.0
[INFO] [stderr]    Compiling mint v0.5.9
[INFO] [stderr]    Compiling dasp_sample v0.11.0
[INFO] [stderr]    Compiling zstd-safe v7.1.0
[INFO] [stderr]    Compiling jpeg-decoder v0.3.1
[INFO] [stderr]    Compiling uuid v1.8.0
[INFO] [stderr]    Compiling zstd v0.11.2+zstd.1.5.2
[INFO] [stderr]    Compiling gilrs-core v0.5.12
[INFO] [stderr]    Compiling tiff v0.9.1
[INFO] [stderr]    Compiling crevice-derive v0.10.0
[INFO] [stderr]    Compiling glyph_brush_layout v0.2.3
[INFO] [stderr]    Compiling gif v0.13.1
[INFO] [stderr]    Compiling glyph_brush_draw_cache v0.1.5
[INFO] [stderr]    Compiling dirs-sys v0.4.1
[INFO] [stderr]    Compiling lyon_tessellation v1.0.15
[INFO] [stderr]    Compiling wgpu-hal v0.16.2
[INFO] [stderr]    Compiling ggez v0.9.3
[INFO] [stderr]    Compiling lewton v0.10.2
[INFO] [stderr]    Compiling twox-hash v1.6.3
[INFO] [stderr]    Compiling symphonia v0.5.4
[INFO] [stderr]    Compiling bzip2 v0.4.4
[INFO] [stderr]    Compiling lyon_algorithms v1.0.4
[INFO] [stderr]    Compiling sfml v0.21.0
[INFO] [stderr]    Compiling ordered-float v4.2.0
[INFO] [stderr]    Compiling mio v0.8.11
[INFO] [stderr]    Compiling instant v0.1.13
[INFO] [stderr]    Compiling percent-encoding v2.3.1
[INFO] [stderr]    Compiling hound v3.5.1
[INFO] [stderr]    Compiling fnv v1.0.7
[INFO] [stderr]    Compiling claxon v0.4.3
[INFO] [stderr]    Compiling glyph_brush v0.7.8
[INFO] [stderr]    Compiling lyon v1.0.1
[INFO] [stderr]    Compiling rodio v0.17.3
[INFO] [stderr]    Compiling zip v0.6.6
[INFO] [stderr]    Compiling image v0.24.9
[INFO] [stderr]    Compiling wgpu-core v0.16.1
[INFO] [stderr]    Compiling directories v5.0.1
[INFO] [stderr]    Compiling crevice v0.13.0
[INFO] [stderr]    Compiling zstd v0.13.1
[INFO] [stderr]    Compiling glam v0.24.2
[INFO] [stderr]    Compiling toml v0.5.11
[INFO] [stderr]    Compiling smart-default v0.7.1
[INFO] [stderr]    Compiling ordered-float v3.9.2
[INFO] [stderr]    Compiling typed-arena v2.0.2
[INFO] [stderr]    Compiling pollster v0.3.0
[INFO] [stderr]    Compiling widestring v1.1.0
[INFO] [stderr]    Compiling tiled v0.12.1 (/opt/rustwide/workdir)
[INFO] [stderr]    Compiling wgpu v0.16.3
[INFO] [stderr] The following warnings were emitted during compilation:
[INFO] [stderr] 
[INFO] [stderr] warning: sfml@0.21.0: CSFML/src/Graphics/Font.cpp: In function 'float sfFont_getBoldKerning(const sf::Font*, uint32_t, uint32_t, unsigned int)':
[INFO] [stderr] warning: sfml@0.21.0: CSFML/src/Graphics/Font.cpp:65:28: error: no matching function for call to 'sf::Font::getKerning(uint32_t&, uint32_t&, unsigned int&, bool) const'
[INFO] [stderr] warning: sfml@0.21.0:    65 |     return font->getKerning(first, second, characterSize, true);
[INFO] [stderr] warning: sfml@0.21.0:       |            ~~~~~~~~~~~~~~~~^~~~~~~~~~~~~~~~~~~~~~~~~~~~~~~~~~~~
[INFO] [stderr] warning: sfml@0.21.0: In file included from CSFML/src/Graphics/Font.cpp:3:
[INFO] [stderr] warning: sfml@0.21.0: /usr/include/SFML/Graphics/Font.hpp:198:11: note: candidate: 'float sf::Font::getKerning(sf::Uint32, sf::Uint32, unsigned int) const'
[INFO] [stderr] warning: sfml@0.21.0:   198 |     float getKerning(Uint32 first, Uint32 second, unsigned int characterSize) const;
[INFO] [stderr] warning: sfml@0.21.0:       |           ^~~~~~~~~~
[INFO] [stderr] warning: sfml@0.21.0: /usr/include/SFML/Graphics/Font.hpp:198:11: note:   candidate expects 3 arguments, 4 provided
[INFO] [stderr] warning: sfml@0.21.0: CSFML/src/Graphics/Font.cpp: In function 'bool sfFont_isSmooth(const sf::Font*)':
[INFO] [stderr] warning: sfml@0.21.0: CSFML/src/Graphics/Font.cpp:85:18: error: 'const class sf::Font' has no member named 'isSmooth'
[INFO] [stderr] warning: sfml@0.21.0:    85 |     return font->isSmooth();
[INFO] [stderr] warning: sfml@0.21.0:       |                  ^~~~~~~~
[INFO] [stderr] warning: sfml@0.21.0: CSFML/src/Graphics/Font.cpp: In function 'void sfFont_setSmooth(sf::Font*, bool)':
[INFO] [stderr] warning: sfml@0.21.0: CSFML/src/Graphics/Font.cpp:89:11: error: 'class sf::Font' has no member named 'setSmooth'
[INFO] [stderr] warning: sfml@0.21.0:    89 |     font->setSmooth(smooth);
[INFO] [stderr] warning: sfml@0.21.0:       |           ^~~~~~~~~
[INFO] [stderr] warning: sfml@0.21.0: ToolExecError: Command "c++" "-O0" "-ffunction-sections" "-fdata-sections" "-fPIC" "-gdwarf-4" "-fno-omit-frame-pointer" "-m64" "-I" "CSFML/src/" "-Wall" "-Wextra" "--std=c++17" "-DCSFML_SYSTEM_EXPORTS" "-DCSFML_AUDIO_EXPORTS" "-DCSFML_WINDOW_EXPORTS" "-DCSFML_GRAPHICS_EXPORTS" "-o" "/opt/rustwide/target/debug/build/sfml-5e04625368c5879b/out/5917fbe0e43a59d0-Font.o" "-c" "CSFML/src/Graphics/Font.cpp" with args c++ did not execute successfully (status code exit status: 1).
[INFO] [stderr] 
[INFO] [stderr] error: failed to run custom build command for `sfml v0.21.0`
[INFO] [stderr] note: To improve backtraces for build dependencies, set the CARGO_PROFILE_TEST_BUILD_OVERRIDE_DEBUG=true environment variable to enable debug information generation.
[INFO] [stderr] 
[INFO] [stderr] Caused by:
[INFO] [stderr]   process didn't exit successfully: `/opt/rustwide/target/debug/build/sfml-9827d68206c50df9/build-script-build` (exit status: 1)
[INFO] [stderr]   --- stdout
[INFO] [stderr]   cargo:rerun-if-changed=CSFML
[INFO] [stderr]   cargo:rerun-if-env-changed=SFML_INCLUDE_DIR
[INFO] [stderr]   cargo:rerun-if-env-changed=SFML_LIBS_DIR
[INFO] [stderr]   cargo:rerun-if-env-changed=SFML_STATIC
[INFO] [stderr]   TARGET = Some("x86_64-unknown-linux-gnu")
[INFO] [stderr]   OPT_LEVEL = Some("0")
[INFO] [stderr]   HOST = Some("x86_64-unknown-linux-gnu")
[INFO] [stderr]   cargo:rerun-if-env-changed=CXX_x86_64-unknown-linux-gnu
[INFO] [stderr]   CXX_x86_64-unknown-linux-gnu = None
[INFO] [stderr]   cargo:rerun-if-env-changed=CXX_x86_64_unknown_linux_gnu
[INFO] [stderr]   CXX_x86_64_unknown_linux_gnu = None
[INFO] [stderr]   cargo:rerun-if-env-changed=HOST_CXX
[INFO] [stderr]   HOST_CXX = None
[INFO] [stderr]   cargo:rerun-if-env-changed=CXX
[INFO] [stderr]   CXX = None
[INFO] [stderr]   cargo:rerun-if-env-changed=CC_ENABLE_DEBUG_OUTPUT
[INFO] [stderr]   cargo:rerun-if-env-changed=CRATE_CC_NO_DEFAULTS
[INFO] [stderr]   CRATE_CC_NO_DEFAULTS = None
[INFO] [stderr]   DEBUG = Some("true")
[INFO] [stderr]   CARGO_CFG_TARGET_FEATURE = Some("fxsr,sse,sse2")
[INFO] [stderr]   cargo:rerun-if-env-changed=CXXFLAGS_x86_64-unknown-linux-gnu
[INFO] [stderr]   CXXFLAGS_x86_64-unknown-linux-gnu = None
[INFO] [stderr]   cargo:rerun-if-env-changed=CXXFLAGS_x86_64_unknown_linux_gnu
[INFO] [stderr]   CXXFLAGS_x86_64_unknown_linux_gnu = None
[INFO] [stderr]   cargo:rerun-if-env-changed=HOST_CXXFLAGS
[INFO] [stderr]   HOST_CXXFLAGS = None
[INFO] [stderr]   cargo:rerun-if-env-changed=CXXFLAGS
[INFO] [stderr]   CXXFLAGS = None
[INFO] [stderr]   cargo:rerun-if-env-changed=CC_ENABLE_DEBUG_OUTPUT
[INFO] [stderr]   cargo:rerun-if-env-changed=CRATE_CC_NO_DEFAULTS
[INFO] [stderr]   CRATE_CC_NO_DEFAULTS = None
[INFO] [stderr]   CARGO_CFG_TARGET_FEATURE = Some("fxsr,sse,sse2")
[INFO] [stderr]   cargo:rerun-if-env-changed=CXXFLAGS_x86_64-unknown-linux-gnu
[INFO] [stderr]   CXXFLAGS_x86_64-unknown-linux-gnu = None
[INFO] [stderr]   cargo:rerun-if-env-changed=CXXFLAGS_x86_64_unknown_linux_gnu
[INFO] [stderr]   CXXFLAGS_x86_64_unknown_linux_gnu = None
[INFO] [stderr]   cargo:rerun-if-env-changed=HOST_CXXFLAGS
[INFO] [stderr]   HOST_CXXFLAGS = None
[INFO] [stderr]   cargo:rerun-if-env-changed=CXXFLAGS
[INFO] [stderr]   CXXFLAGS = None
[INFO] [stderr]   exit status: 0
[INFO] [stderr]   exit status: 0
[INFO] [stderr]   exit status: 0
[INFO] [stderr]   exit status: 0
[INFO] [stderr]   exit status: 0
[INFO] [stderr]   exit status: 0
[INFO] [stderr]   exit status: 0
[INFO] [stderr]   exit status: 0
[INFO] [stderr]   exit status: 0
[INFO] [stderr]   exit status: 0
[INFO] [stderr]   exit status: 0
[INFO] [stderr]   exit status: 0
[INFO] [stderr]   exit status: 0
[INFO] [stderr]   exit status: 0
[INFO] [stderr]   exit status: 0
[INFO] [stderr]   exit status: 0
[INFO] [stderr]   cargo:warning=CSFML/src/Graphics/Font.cpp: In function 'float sfFont_getBoldKerning(const sf::Font*, uint32_t, uint32_t, unsigned int)':
[INFO] [stderr]   cargo:warning=CSFML/src/Graphics/Font.cpp:65:28: error: no matching function for call to 'sf::Font::getKerning(uint32_t&, uint32_t&, unsigned int&, bool) const'
[INFO] [stderr]   cargo:warning=   65 |     return font->getKerning(first, second, characterSize, true);
[INFO] [stderr]   cargo:warning=      |            ~~~~~~~~~~~~~~~~^~~~~~~~~~~~~~~~~~~~~~~~~~~~~~~~~~~~
[INFO] [stderr]   cargo:warning=In file included from CSFML/src/Graphics/Font.cpp:3:
[INFO] [stderr]   cargo:warning=/usr/include/SFML/Graphics/Font.hpp:198:11: note: candidate: 'float sf::Font::getKerning(sf::Uint32, sf::Uint32, unsigned int) const'
[INFO] [stderr]   cargo:warning=  198 |     float getKerning(Uint32 first, Uint32 second, unsigned int characterSize) const;
[INFO] [stderr]   cargo:warning=      |           ^~~~~~~~~~
[INFO] [stderr]   cargo:warning=/usr/include/SFML/Graphics/Font.hpp:198:11: note:   candidate expects 3 arguments, 4 provided
[INFO] [stderr]   cargo:warning=CSFML/src/Graphics/Font.cpp: In function 'bool sfFont_isSmooth(const sf::Font*)':
[INFO] [stderr]   cargo:warning=CSFML/src/Graphics/Font.cpp:85:18: error: 'const class sf::Font' has no member named 'isSmooth'
[INFO] [stderr]   cargo:warning=   85 |     return font->isSmooth();
[INFO] [stderr]   cargo:warning=      |                  ^~~~~~~~
[INFO] [stderr]   cargo:warning=CSFML/src/Graphics/Font.cpp: In function 'void sfFont_setSmooth(sf::Font*, bool)':
[INFO] [stderr]   cargo:warning=CSFML/src/Graphics/Font.cpp:89:11: error: 'class sf::Font' has no member named 'setSmooth'
[INFO] [stderr]   cargo:warning=   89 |     font->setSmooth(smooth);
[INFO] [stderr]   cargo:warning=      |           ^~~~~~~~~
[INFO] [stderr]   exit status: 0
[INFO] [stderr]   exit status: 0
[INFO] [stderr]   exit status: 0
[INFO] [stderr]   exit status: 0
[INFO] [stderr]   exit status: 0
[INFO] [stderr]   exit status: 0
[INFO] [stderr]   exit status: 0
[INFO] [stderr]   exit status: 0
[INFO] [stderr]   exit status: 1
[INFO] [stderr]   cargo:warning=ToolExecError: Command "c++" "-O0" "-ffunction-sections" "-fdata-sections" "-fPIC" "-gdwarf-4" "-fno-omit-frame-pointer" "-m64" "-I" "CSFML/src/" "-Wall" "-Wextra" "--std=c++17" "-DCSFML_SYSTEM_EXPORTS" "-DCSFML_AUDIO_EXPORTS" "-DCSFML_WINDOW_EXPORTS" "-DCSFML_GRAPHICS_EXPORTS" "-o" "/opt/rustwide/target/debug/build/sfml-5e04625368c5879b/out/5917fbe0e43a59d0-Font.o" "-c" "CSFML/src/Graphics/Font.cpp" with args c++ did not execute successfully (status code exit status: 1).
[INFO] [stderr]   exit status: 0
[INFO] [stderr]   exit status: 0
[INFO] [stderr]   exit status: 0
[INFO] [stderr]   exit status: 0
[INFO] [stderr]   exit status: 0
[INFO] [stderr]   exit status: 0
[INFO] [stderr]   exit status: 0
[INFO] [stderr]   exit status: 0
[INFO] [stderr]   exit status: 0
[INFO] [stderr]   exit status: 0
[INFO] [stderr]   exit status: 0
[INFO] [stderr]   exit status: 0
[INFO] [stderr] 
[INFO] [stderr]   --- stderr
[INFO] [stderr] 
[INFO] [stderr] 
[INFO] [stderr]   error occurred: Command "c++" "-O0" "-ffunction-sections" "-fdata-sections" "-fPIC" "-gdwarf-4" "-fno-omit-frame-pointer" "-m64" "-I" "CSFML/src/" "-Wall" "-Wextra" "--std=c++17" "-DCSFML_SYSTEM_EXPORTS" "-DCSFML_AUDIO_EXPORTS" "-DCSFML_WINDOW_EXPORTS" "-DCSFML_GRAPHICS_EXPORTS" "-o" "/opt/rustwide/target/debug/build/sfml-5e04625368c5879b/out/5917fbe0e43a59d0-Font.o" "-c" "CSFML/src/Graphics/Font.cpp" with args c++ did not execute successfully (status code exit status: 1).
[INFO] [stderr] 
[INFO] [stderr] 
[INFO] [stderr] warning: build failed, waiting for other jobs to finish...
[INFO] running `Command { std: "docker" "inspect" "650d8aaf3ea3081770c8d04f2643769ab47b3d2bbd05ac5361b3b82724e7531b", kill_on_drop: false }`
[INFO] running `Command { std: "docker" "rm" "-f" "650d8aaf3ea3081770c8d04f2643769ab47b3d2bbd05ac5361b3b82724e7531b", kill_on_drop: false }`
[INFO] [stdout] 650d8aaf3ea3081770c8d04f2643769ab47b3d2bbd05ac5361b3b82724e7531b
